[INFO] cloning repository https://github.com/daniel-j-anderson-dev/chip8_colab
[INFO] running `Command { std: "git" "-c" "credential.helper=" "-c" "credential.helper=/workspace/cargo-home/bin/git-credential-null" "clone" "--bare" "https://github.com/daniel-j-anderson-dev/chip8_colab" "/workspace/cache/git-repos/https%3A%2F%2Fgithub.com%2Fdaniel-j-anderson-dev%2Fchip8_colab", kill_on_drop: false }`
[INFO] [stderr] Cloning into bare repository '/workspace/cache/git-repos/https%3A%2F%2Fgithub.com%2Fdaniel-j-anderson-dev%2Fchip8_colab'...
[INFO] running `Command { std: "git" "rev-parse" "HEAD", kill_on_drop: false }`
[INFO] [stdout] 09b9da3798d7036bcaafbe2c1cc84df804a01a18
[INFO] testing daniel-j-anderson-dev/chip8_colab against nightly-2025-01-18 for randomize-layout-2
[INFO] running `Command { std: "git" "clone" "/workspace/cache/git-repos/https%3A%2F%2Fgithub.com%2Fdaniel-j-anderson-dev%2Fchip8_colab" "/workspace/builds/worker-3-tc1/source", kill_on_drop: false }`
[INFO] [stderr] Cloning into '/workspace/builds/worker-3-tc1/source'...
[INFO] [stderr] done.
[INFO] validating manifest of git repo https://github.com/daniel-j-anderson-dev/chip8_colab on toolchain nightly-2025-01-18
[INFO] running `Command { std: CARGO_HOME="/workspace/cargo-home" RUSTUP_HOME="/workspace/rustup-home" "/workspace/cargo-home/bin/cargo" "+nightly-2025-01-18" "metadata" "--manifest-path" "Cargo.toml" "--no-deps", kill_on_drop: false }`
[INFO] started tweaking git repo https://github.com/daniel-j-anderson-dev/chip8_colab
[INFO] finished tweaking git repo https://github.com/daniel-j-anderson-dev/chip8_colab
[INFO] tweaked toml for git repo https://github.com/daniel-j-anderson-dev/chip8_colab written to /workspace/builds/worker-3-tc1/source/Cargo.toml
[INFO] crate git repo https://github.com/daniel-j-anderson-dev/chip8_colab already has a lockfile, it will not be regenerated
[INFO] running `Command { std: CARGO_HOME="/workspace/cargo-home" RUSTUP_HOME="/workspace/rustup-home" "/workspace/cargo-home/bin/cargo" "+nightly-2025-01-18" "fetch" "--manifest-path" "Cargo.toml", kill_on_drop: false }`
[INFO] running `Command { std: "docker" "create" "-v" "/var/lib/crater-agent-workspace/builds/worker-3-tc1/target:/opt/rustwide/target:rw,Z" "-v" "/var/lib/crater-agent-workspace/builds/worker-3-tc1/source:/opt/rustwide/workdir:ro,Z" "-v" "/var/lib/crater-agent-workspace/cargo-home:/opt/rustwide/cargo-home:ro,Z" "-v" "/var/lib/crater-agent-workspace/rustup-home:/opt/rustwide/rustup-home:ro,Z" "-e" "SOURCE_DIR=/opt/rustwide/workdir" "-e" "CARGO_TARGET_DIR=/opt/rustwide/target" "-e" "CARGO_HOME=/opt/rustwide/cargo-home" "-e" "RUSTUP_HOME=/opt/rustwide/rustup-home" "-w" "/opt/rustwide/workdir" "-m" "1610612736" "--user" "0:0" "--network" "none" "ghcr.io/rust-lang/crates-build-env/linux@sha256:819108c5571ea2e421544af4d832f968d213c87fbe3707a016657f43d2f853bc" "/opt/rustwide/cargo-home/bin/cargo" "+nightly-2025-01-18" "metadata" "--no-deps" "--format-version=1", kill_on_drop: false }`
[INFO] [stdout] 7b7b3f7def9ef5e040c79a83d6d61c0a0e12f1f1f3d0f2d1b53e852a9668c019
[INFO] running `Command { std: "docker" "start" "-a" "7b7b3f7def9ef5e040c79a83d6d61c0a0e12f1f1f3d0f2d1b53e852a9668c019", kill_on_drop: false }`
[INFO] running `Command { std: "docker" "inspect" "7b7b3f7def9ef5e040c79a83d6d61c0a0e12f1f1f3d0f2d1b53e852a9668c019", kill_on_drop: false }`
[INFO] running `Command { std: "docker" "rm" "-f" "7b7b3f7def9ef5e040c79a83d6d61c0a0e12f1f1f3d0f2d1b53e852a9668c019", kill_on_drop: false }`
[INFO] [stdout] 7b7b3f7def9ef5e040c79a83d6d61c0a0e12f1f1f3d0f2d1b53e852a9668c019
[INFO] running `Command { std: "docker" "create" "-v" "/var/lib/crater-agent-workspace/builds/worker-3-tc1/target:/opt/rustwide/target:rw,Z" "-v" "/var/lib/crater-agent-workspace/builds/worker-3-tc1/source:/opt/rustwide/workdir:ro,Z" "-v" "/var/lib/crater-agent-workspace/cargo-home:/opt/rustwide/cargo-home:ro,Z" "-v" "/var/lib/crater-agent-workspace/rustup-home:/opt/rustwide/rustup-home:ro,Z" "-e" "SOURCE_DIR=/opt/rustwide/workdir" "-e" "CARGO_TARGET_DIR=/opt/rustwide/target" "-e" "CARGO_INCREMENTAL=0" "-e" "RUST_BACKTRACE=full" "-e" "RUSTFLAGS=--cap-lints=forbid" "-e" "RUSTDOCFLAGS=--cap-lints=forbid" "-e" "CARGO_HOME=/opt/rustwide/cargo-home" "-e" "RUSTUP_HOME=/opt/rustwide/rustup-home" "-w" "/opt/rustwide/workdir" "-m" "1610612736" "--user" "0:0" "--network" "none" "ghcr.io/rust-lang/crates-build-env/linux@sha256:819108c5571ea2e421544af4d832f968d213c87fbe3707a016657f43d2f853bc" "/opt/rustwide/cargo-home/bin/cargo" "+nightly-2025-01-18" "build" "--frozen" "--message-format=json", kill_on_drop: false }`
[INFO] [stdout] f8fb8df6cc6f3ee10ff9711958b90237518d9afef2045623673ff1a87378271a
[INFO] running `Command { std: "docker" "start" "-a" "f8fb8df6cc6f3ee10ff9711958b90237518d9afef2045623673ff1a87378271a", kill_on_drop: false }`
[INFO] [stderr]    Compiling chip8 v0.1.0 (/opt/rustwide/workdir)
[INFO] [stderr]     Finished `dev` profile [unoptimized + debuginfo] target(s) in 0.24s
[INFO] running `Command { std: "docker" "inspect" "f8fb8df6cc6f3ee10ff9711958b90237518d9afef2045623673ff1a87378271a", kill_on_drop: false }`
[INFO] running `Command { std: "docker" "rm" "-f" "f8fb8df6cc6f3ee10ff9711958b90237518d9afef2045623673ff1a87378271a", kill_on_drop: false }`
[INFO] [stdout] f8fb8df6cc6f3ee10ff9711958b90237518d9afef2045623673ff1a87378271a
[INFO] running `Command { std: "docker" "create" "-v" "/var/lib/crater-agent-workspace/builds/worker-3-tc1/target:/opt/rustwide/target:rw,Z" "-v" "/var/lib/crater-agent-workspace/builds/worker-3-tc1/source:/opt/rustwide/workdir:ro,Z" "-v" "/var/lib/crater-agent-workspace/cargo-home:/opt/rustwide/cargo-home:ro,Z" "-v" "/var/lib/crater-agent-workspace/rustup-home:/opt/rustwide/rustup-home:ro,Z" "-e" "SOURCE_DIR=/opt/rustwide/workdir" "-e" "CARGO_TARGET_DIR=/opt/rustwide/target" "-e" "CARGO_INCREMENTAL=0" "-e" "RUST_BACKTRACE=full" "-e" "RUSTFLAGS=--cap-lints=forbid" "-e" "RUSTDOCFLAGS=--cap-lints=forbid" "-e" "CARGO_HOME=/opt/rustwide/cargo-home" "-e" "RUSTUP_HOME=/opt/rustwide/rustup-home" "-w" "/opt/rustwide/workdir" "-m" "1610612736" "--user" "0:0" "--network" "none" "ghcr.io/rust-lang/crates-build-env/linux@sha256:819108c5571ea2e421544af4d832f968d213c87fbe3707a016657f43d2f853bc" "/opt/rustwide/cargo-home/bin/cargo" "+nightly-2025-01-18" "test" "--frozen" "--no-run" "--message-format=json", kill_on_drop: false }`
[INFO] [stdout] 3c8806aeb7ac69d7ae0348ab1bbf0fdaf2c86e2d276397032f49a014f08b9055
[INFO] running `Command { std: "docker" "start" "-a" "3c8806aeb7ac69d7ae0348ab1bbf0fdaf2c86e2d276397032f49a014f08b9055", kill_on_drop: false }`
[INFO] [stderr]    Compiling libc v0.2.169
[INFO] [stderr]    Compiling autocfg v1.4.0
[INFO] [stderr]    Compiling version_check v0.9.5
[INFO] [stderr]    Compiling simd-adler32 v0.3.7
[INFO] [stderr]    Compiling adler2 v2.0.0
[INFO] [stderr]    Compiling crc32fast v1.4.2
[INFO] [stderr]    Compiling parking_lot_core v0.9.10
[INFO] [stderr]    Compiling once_cell v1.20.2
[INFO] [stderr]    Compiling signal-hook v0.3.17
[INFO] [stderr]    Compiling zerocopy v0.7.35
[INFO] [stderr]    Compiling smallvec v1.13.2
[INFO] [stderr]    Compiling log v0.4.22
[INFO] [stderr]    Compiling bitflags v1.3.2
[INFO] [stderr]    Compiling miniquad v0.4.6
[INFO] [stderr]    Compiling rustix v0.38.42
[INFO] [stderr]    Compiling scopeguard v1.2.0
[INFO] [stderr]    Compiling ttf-parser v0.15.2
[INFO] [stderr]    Compiling bitflags v2.6.0
[INFO] [stderr]    Compiling bytemuck v1.21.0
[INFO] [stderr]    Compiling miniz_oxide v0.8.2
[INFO] [stderr]    Compiling fdeflate v0.3.7
[INFO] [stderr]    Compiling color_quant v1.1.0
[INFO] [stderr]    Compiling linux-raw-sys v0.4.14
[INFO] [stderr]    Compiling byteorder v1.5.0
[INFO] [stderr]    Compiling quad-rand v0.2.3
[INFO] [stderr]    Compiling glam v0.27.0
[INFO] [stderr]    Compiling macroquad_macro v0.1.8
[INFO] [stderr]    Compiling ahash v0.8.11
[INFO] [stderr]    Compiling slotmap v1.0.7
[INFO] [stderr]    Compiling num-traits v0.2.19
[INFO] [stderr]    Compiling lock_api v0.4.12
[INFO] [stderr]    Compiling hashbrown v0.13.2
[INFO] [stderr]    Compiling flate2 v1.0.35
[INFO] [stderr]    Compiling png v0.17.16
[INFO] [stderr]    Compiling signal-hook-registry v1.4.2
[INFO] [stderr]    Compiling mio v1.0.3
[INFO] [stderr]    Compiling parking_lot v0.12.3
[INFO] [stderr]    Compiling fontdue v0.7.3
[INFO] [stderr]    Compiling signal-hook-mio v0.2.4
[INFO] [stderr]    Compiling crossterm v0.28.1
[INFO] [stderr]    Compiling image v0.24.9
[INFO] [stderr]    Compiling macroquad v0.4.13
[INFO] [stderr]    Compiling chip8 v0.1.0 (/opt/rustwide/workdir)
[INFO] [stderr]     Finished `test` profile [unoptimized + debuginfo] target(s) in 11.21s
[INFO] running `Command { std: "docker" "inspect" "3c8806aeb7ac69d7ae0348ab1bbf0fdaf2c86e2d276397032f49a014f08b9055", kill_on_drop: false }`
[INFO] running `Command { std: "docker" "rm" "-f" "3c8806aeb7ac69d7ae0348ab1bbf0fdaf2c86e2d276397032f49a014f08b9055", kill_on_drop: false }`
[INFO] [stdout] 3c8806aeb7ac69d7ae0348ab1bbf0fdaf2c86e2d276397032f49a014f08b9055
[INFO] running `Command { std: "docker" "create" "-v" "/var/lib/crater-agent-workspace/builds/worker-3-tc1/target:/opt/rustwide/target:rw,Z" "-v" "/var/lib/crater-agent-workspace/builds/worker-3-tc1/source:/opt/rustwide/workdir:ro,Z" "-v" "/var/lib/crater-agent-workspace/cargo-home:/opt/rustwide/cargo-home:ro,Z" "-v" "/var/lib/crater-agent-workspace/rustup-home:/opt/rustwide/rustup-home:ro,Z" "-e" "SOURCE_DIR=/opt/rustwide/workdir" "-e" "CARGO_TARGET_DIR=/opt/rustwide/target" "-e" "CARGO_INCREMENTAL=0" "-e" "RUST_BACKTRACE=full" "-e" "RUSTFLAGS=--cap-lints=forbid" "-e" "RUSTDOCFLAGS=--cap-lints=forbid" "-e" "CARGO_HOME=/opt/rustwide/cargo-home" "-e" "RUSTUP_HOME=/opt/rustwide/rustup-home" "-w" "/opt/rustwide/workdir" "-m" "1610612736" "--user" "0:0" "--network" "none" "ghcr.io/rust-lang/crates-build-env/linux@sha256:819108c5571ea2e421544af4d832f968d213c87fbe3707a016657f43d2f853bc" "/opt/rustwide/cargo-home/bin/cargo" "+nightly-2025-01-18" "test" "--frozen", kill_on_drop: false }`
[INFO] [stdout] c782608bbc12d80b5738c7bf5ebdcc4c41c79717022b6769ce3e921ed0dbb151
[INFO] running `Command { std: "docker" "start" "-a" "c782608bbc12d80b5738c7bf5ebdcc4c41c79717022b6769ce3e921ed0dbb151", kill_on_drop: false }`
[INFO] [stderr]     Finished `test` profile [unoptimized + debuginfo] target(s) in 0.07s
[INFO] [stderr]      Running unittests src/lib.rs (/opt/rustwide/target/debug/deps/chip8-bb5181c5b8f85a7d)
[INFO] [stdout] 
[INFO] [stdout] running 112 tests
[INFO] [stdout] test nibbles::test_combine_three_nibbles ... ok
[INFO] [stdout] test nibbles::test_combine_two_nibbles ... ok
[INFO] [stdout] test nibbles::test_get_first_nibble ... ok
[INFO] [stdout] test test::airplane ... ok
[INFO] [stdout] test test::animal_race ... ok
[INFO] [stdout] test test::astro_dodge_hires ... ok
[INFO] [stdout] test test::astro_dodge ... ok
[INFO] [stdout] test test::blitz ... ok
[INFO] [stdout] test test::bmp_viewer_hello ... ok
[INFO] [stdout] test test::breakout ... ok
[INFO] [stdout] test test::blinky ... ok
[INFO] [stdout] test test::blinky_alt ... ok
[INFO] [stdout] test test::biorhythm ... ok
[INFO] [stdout] test test::ch8_picture ... ok
[INFO] [stdout] test test::bowling ... ok
[INFO] [stdout] test nibbles::test_get_second_nibble ... ok
[INFO] [stdout] test test::addition_problems ... ok
[INFO] [stdout] test test::coin_flip ... ok
[INFO] [stdout] test test::breakout_brix ... ok
[INFO] [stdout] test test::brick_brix ... ok
[INFO] [stdout] test test::connect_4 ... ok
[INFO] [stdout] test test::craps ... ok
[INFO] [stdout] test test::cave ... ok
[INFO] [stdout] test test::figures ... ok
[INFO] [stdout] test test::ch8_logo ... ok
[INFO] [stdout] test test::division_test ... ok
[INFO] [stdout] test test::clock ... ok
[INFO] [stdout] test test::filter ... ok
[INFO] [stdout] test test::fishie ... ok
[INFO] [stdout] test test::framed_mk1 ... ok
[INFO] [stdout] test test::brix ... ok
[INFO] [stdout] test test::delay_timer_test ... ok
[INFO] [stdout] test test::deflection ... ok
[INFO] [stdout] test test::framed_mk2 ... ok
[INFO] [stdout] test test::guess ... ok
[INFO] [stdout] test test::hi_lo ... ok
[INFO] [stdout] test test::hidden ... ok
[INFO] [stdout] test test::guess_alt ... ok
[INFO] [stdout] test test::hires_stars ... ok
[INFO] [stdout] test test::hires_worm_v4 ... ok
[INFO] [stdout] test test::hires_test ... ok
[INFO] [stdout] test test::hires_particle_demo ... ok
[INFO] [stdout] test test::jumping_x_and_o ... ok
[INFO] [stdout] test test::keypad_test ... ok
[INFO] [stdout] test test::life ... ok
[INFO] [stdout] test test::lunar_lander ... ok
[INFO] [stdout] test test::landing ... ok
[INFO] [stdout] test test::kaleidoscope ... ok
[INFO] [stdout] test test::ibm_logo ... ok
[INFO] [stdout] test test::maze_alt ... ok
[INFO] [stdout] test test::mastermind_4_row ... ok
[INFO] [stdout] test test::merlin ... ok
[INFO] [stdout] test test::min_game ... ok
[INFO] [stdout] test test::maze ... ok
[INFO] [stdout] test test::missile ... ok
[INFO] [stdout] test test::most_dangerous_game ... ok
[INFO] [stdout] test test::reversi ... ok
[INFO] [stdout] test test::paddles ... ok
[INFO] [stdout] test test::hires_s_triangle ... ok
[INFO] [stdout] test test::pong_2 ... ok
[INFO] [stdout] test test::programmable_space_fighters ... ok
[INFO] [stdout] test test::nim ... ok
[INFO] [stdout] test test::pong_1_player ... ok
[INFO] [stdout] test test::pong_alt ... ok
[INFO] [stdout] test test::puzzle_15 ... ok
[INFO] [stdout] test test::pong ... ok
[INFO] [stdout] test test::puzzle ... ok
[INFO] [stdout] test test::random_number_test ... ok
[INFO] [stdout] test test::puzzle_15_alt ... ok
[INFO] [stdout] test test::rocket ... ok
[INFO] [stdout] test test::rocket_launch ... ok
[INFO] [stdout] test test::particle_demo ... ok
[INFO] [stdout] test test::slide ... ok
[INFO] [stdout] test test::space_flight ... ok
[INFO] [stdout] test test::space_intercept ... ok
[INFO] [stdout] test test::space_invaders ... ok
[INFO] [stdout] test test::space_invaders_alt ... ok
[INFO] [stdout] test test::rush_hour ... ok
[INFO] [stdout] test test::rocket_launcher ... ok
[INFO] [stdout] test test::spooky_spot ... ok
[INFO] [stdout] test test::rush_hour_alt ... ok
[INFO] [stdout] test test::russian_roulette ... ok
[INFO] [stdout] test test::sequence_shoot ... ok
[INFO] [stdout] test test::shooting_stars ... ok
[INFO] [stdout] test test::sierpinski ... ok
[INFO] [stdout] test test::sierpinski_alt ... ok
[INFO] [stdout] test test::soccer ... ok
[INFO] [stdout] test test::submarine ... ok
[INFO] [stdout] test test::squash ... ok
[INFO] [stdout] Enter path to a Chip8 program: test test::stars ... ok
[INFO] [stdout] test test::sum_fun ... ok
[INFO] [stdout] test test::syzygy ... ok
[INFO] [stdout] test test::tank ... ok
[INFO] [stdout] test test::sqrt_test ... ok
[INFO] [stdout] test test::tetris ... ok
[INFO] [stdout] test test::tic_tac_toe ... ok
[INFO] [stdout] test test::time_bomb ... ok
[INFO] [stdout] test test::tapeworm ... ok
[INFO] [stdout] test test::hires_maze ... ok
[INFO] [stdout] test test::trip_8_demo ... ok
[INFO] [stdout] test test::vers ... ok
[INFO] [stdout] test test::vertical_brix ... ok
[INFO] [stdout] test test::wall ... ok
[INFO] [stdout] test test::ufo ... ok
[INFO] [stdout] test test::worm_v4 ... ok
[INFO] [stdout] test test::x_mirror ... ok
[INFO] [stdout] test test::zero_demo ... ok
[INFO] [stdout] test test::zero_pong ... ok
[INFO] [stdout] test test::wipe_off ... ok
[INFO] [stdout] test test::trip_8_hires_demo ... ok
[INFO] [stdout] test test::tron ... ok
[INFO] [stdout] test test::user_program ... FAILED
[INFO] [stdout] 
[INFO] [stdout] failures:
[INFO] [stdout] 
[INFO] [stdout] ---- test::user_program stdout ----
[INFO] [stdout] 
[INFO] [stdout] thread 'test::user_program' panicked at src/test.rs:23:54:
[INFO] [stdout] called `Result::unwrap()` on an `Err` value: Os { code: 2, kind: NotFound, message: "No such file or directory" }
[INFO] [stdout] stack backtrace:
[INFO] [stdout]    0:     0x60a2ffa1a62a - std::backtrace_rs::backtrace::libunwind::trace::hb059275cfc8d6126
[INFO] [stdout]                                at /rustc/6067b36314ab5eb2eb47cecc464545ba58e1ad24/library/std/src/../../backtrace/src/backtrace/libunwind.rs:116:5
[INFO] [stdout]    1:     0x60a2ffa1a62a - std::backtrace_rs::backtrace::trace_unsynchronized::h2da071e4327ce3ee
[INFO] [stdout]                                at /rustc/6067b36314ab5eb2eb47cecc464545ba58e1ad24/library/std/src/../../backtrace/src/backtrace/mod.rs:66:5
[INFO] [stdout]    2:     0x60a2ffa1a62a - std::sys::backtrace::_print_fmt::h842a1474e6f8d23f
[INFO] [stdout]                                at /rustc/6067b36314ab5eb2eb47cecc464545ba58e1ad24/library/std/src/sys/backtrace.rs:66:9
[INFO] [stdout]    3:     0x60a2ffa1a62a - <std::sys::backtrace::BacktraceLock::print::DisplayBacktrace as core::fmt::Display>::fmt::h71a62eb3b9696b12
[INFO] [stdout]                                at /rustc/6067b36314ab5eb2eb47cecc464545ba58e1ad24/library/std/src/sys/backtrace.rs:39:26
[INFO] [stdout]    4:     0x60a2ffa41f63 - core::fmt::rt::Argument::fmt::hdb6b616786b41dc1
[INFO] [stdout]                                at /rustc/6067b36314ab5eb2eb47cecc464545ba58e1ad24/library/core/src/fmt/rt.rs:177:76
[INFO] [stdout]    5:     0x60a2ffa41f63 - core::fmt::write::h2cc1698af7e2d686
[INFO] [stdout]                                at /rustc/6067b36314ab5eb2eb47cecc464545ba58e1ad24/library/core/src/fmt/mod.rs:1440:21
[INFO] [stdout]    6:     0x60a2ffa16703 - std::io::Write::write_fmt::hab1b4cd059a79022
[INFO] [stdout]                                at /rustc/6067b36314ab5eb2eb47cecc464545ba58e1ad24/library/std/src/io/mod.rs:1887:15
[INFO] [stdout]    7:     0x60a2ffa1a472 - std::sys::backtrace::BacktraceLock::print::h147fe35b4ea13b08
[INFO] [stdout]                                at /rustc/6067b36314ab5eb2eb47cecc464545ba58e1ad24/library/std/src/sys/backtrace.rs:42:9
[INFO] [stdout]    8:     0x60a2ffa1ba4f - std::panicking::default_hook::{{closure}}::hbd44223dbdc0d208
[INFO] [stdout]                                at /rustc/6067b36314ab5eb2eb47cecc464545ba58e1ad24/library/std/src/panicking.rs:298:22
[INFO] [stdout]    9:     0x60a2ffa1b868 - std::panicking::default_hook::h20f81eb0576efcec
[INFO] [stdout]                                at /rustc/6067b36314ab5eb2eb47cecc464545ba58e1ad24/library/std/src/panicking.rs:322:9
[INFO] [stdout]   10:     0x60a2ff98e973 - <alloc::boxed::Box<F,A> as core::ops::function::Fn<Args>>::call::hdb53814c496a4d34
[INFO] [stdout]                                at /rustc/6067b36314ab5eb2eb47cecc464545ba58e1ad24/library/alloc/src/boxed.rs:2027:9
[INFO] [stdout]   11:     0x60a2ff98e973 - test::test_main::{{closure}}::hc0a4963c59427c24
[INFO] [stdout]                                at /rustc/6067b36314ab5eb2eb47cecc464545ba58e1ad24/library/test/src/lib.rs:134:21
[INFO] [stdout]   12:     0x60a2ffa1c543 - <alloc::boxed::Box<F,A> as core::ops::function::Fn<Args>>::call::h591b2225413a77e9
[INFO] [stdout]                                at /rustc/6067b36314ab5eb2eb47cecc464545ba58e1ad24/library/alloc/src/boxed.rs:2027:9
[INFO] [stdout]   13:     0x60a2ffa1c543 - std::panicking::rust_panic_with_hook::h625eea43051b2edc
[INFO] [stdout]                                at /rustc/6067b36314ab5eb2eb47cecc464545ba58e1ad24/library/std/src/panicking.rs:839:13
[INFO] [stdout]   14:     0x60a2ffa1c1fa - std::panicking::begin_panic_handler::{{closure}}::h4f9159cfbc3f6bd3
[INFO] [stdout]                                at /rustc/6067b36314ab5eb2eb47cecc464545ba58e1ad24/library/std/src/panicking.rs:704:13
[INFO] [stdout]   15:     0x60a2ffa1ab29 - std::sys::backtrace::__rust_end_short_backtrace::h0390abce48353151
[INFO] [stdout]                                at /rustc/6067b36314ab5eb2eb47cecc464545ba58e1ad24/library/std/src/sys/backtrace.rs:168:18
[INFO] [stdout]   16:     0x60a2ffa1be8d - rust_begin_unwind
[INFO] [stdout]                                at /rustc/6067b36314ab5eb2eb47cecc464545ba58e1ad24/library/std/src/panicking.rs:695:5
[INFO] [stdout]   17:     0x60a2ffa40900 - core::panicking::panic_fmt::h9e7c637e9e5f29c9
[INFO] [stdout]                                at /rustc/6067b36314ab5eb2eb47cecc464545ba58e1ad24/library/core/src/panicking.rs:75:14
[INFO] [stdout]   18:     0x60a2ffa40d76 - core::result::unwrap_failed::h7979f09313fe1849
[INFO] [stdout]                                at /rustc/6067b36314ab5eb2eb47cecc464545ba58e1ad24/library/core/src/result.rs:1704:5
[INFO] [stdout]   19:     0x60a2ff9475b9 - core::result::Result<T,E>::unwrap::heea432ecce203f84
[INFO] [stdout]                                at /rustc/6067b36314ab5eb2eb47cecc464545ba58e1ad24/library/core/src/result.rs:1109:23
[INFO] [stdout]   20:     0x60a2ff9475b9 - chip8::test::user_program::h947906009cd684a6
[INFO] [stdout]                                at /opt/rustwide/workdir/src/test.rs:23:5
[INFO] [stdout]   21:     0x60a2ff947427 - chip8::test::user_program::{{closure}}::he452199ecaa789ac
[INFO] [stdout]                                at /opt/rustwide/workdir/src/test.rs:19:18
[INFO] [stdout]   22:     0x60a2ff9443e6 - core::ops::function::FnOnce::call_once::h4f56511c58df5067
[INFO] [stdout]                                at /rustc/6067b36314ab5eb2eb47cecc464545ba58e1ad24/library/core/src/ops/function.rs:250:5
[INFO] [stdout]   23:     0x60a2ff9940cb - core::ops::function::FnOnce::call_once::he27718dfdd183f43
[INFO] [stdout]                                at /rustc/6067b36314ab5eb2eb47cecc464545ba58e1ad24/library/core/src/ops/function.rs:250:5
[INFO] [stdout]   24:     0x60a2ff9940cb - test::__rust_begin_short_backtrace::h4e84902998457a5d
[INFO] [stdout]                                at /rustc/6067b36314ab5eb2eb47cecc464545ba58e1ad24/library/test/src/lib.rs:632:18
[INFO] [stdout]   25:     0x60a2ff993003 - test::run_test_in_process::{{closure}}::h7176fd18fc1feca0
[INFO] [stdout]                                at /rustc/6067b36314ab5eb2eb47cecc464545ba58e1ad24/library/test/src/lib.rs:655:60
[INFO] [stdout]   26:     0x60a2ff993003 - <core::panic::unwind_safe::AssertUnwindSafe<F> as core::ops::function::FnOnce<()>>::call_once::hf79cff2a624d8cf7
[INFO] [stdout]                                at /rustc/6067b36314ab5eb2eb47cecc464545ba58e1ad24/library/core/src/panic/unwind_safe.rs:272:9
[INFO] [stdout]   27:     0x60a2ff993003 - std::panicking::try::do_call::h3da0561d9ab99c25
[INFO] [stdout]                                at /rustc/6067b36314ab5eb2eb47cecc464545ba58e1ad24/library/std/src/panicking.rs:587:40
[INFO] [stdout]   28:     0x60a2ff993003 - std::panicking::try::h41c9fa508bc61df6
[INFO] [stdout]                                at /rustc/6067b36314ab5eb2eb47cecc464545ba58e1ad24/library/std/src/panicking.rs:550:19
[INFO] [stdout]   29:     0x60a2ff993003 - std::panic::catch_unwind::h6b3ff07bb5afad93
[INFO] [stdout]                                at /rustc/6067b36314ab5eb2eb47cecc464545ba58e1ad24/library/std/src/panic.rs:358:14
[INFO] [stdout]   30:     0x60a2ff993003 - test::run_test_in_process::hc7253dd11b39b9f4
[INFO] [stdout]                                at /rustc/6067b36314ab5eb2eb47cecc464545ba58e1ad24/library/test/src/lib.rs:655:27
[INFO] [stdout]   31:     0x60a2ff993003 - test::run_test::{{closure}}::hfb2007f8649c30bb
[INFO] [stdout]                                at /rustc/6067b36314ab5eb2eb47cecc464545ba58e1ad24/library/test/src/lib.rs:576:43
[INFO] [stdout]   32:     0x60a2ff9560e5 - test::run_test::{{closure}}::h56a17aa7a282a9f4
[INFO] [stdout]                                at /rustc/6067b36314ab5eb2eb47cecc464545ba58e1ad24/library/test/src/lib.rs:606:41
[INFO] [stdout]   33:     0x60a2ff9560e5 - std::sys::backtrace::__rust_begin_short_backtrace::hd2d2d2fb8e8c6aac
[INFO] [stdout]                                at /rustc/6067b36314ab5eb2eb47cecc464545ba58e1ad24/library/std/src/sys/backtrace.rs:152:18
[INFO] [stdout]   34:     0x60a2ff9599ca - std::thread::Builder::spawn_unchecked_::{{closure}}::{{closure}}::h4faa3f9db6133423
[INFO] [stdout]                                at /rustc/6067b36314ab5eb2eb47cecc464545ba58e1ad24/library/std/src/thread/mod.rs:559:17
[INFO] [stdout]   35:     0x60a2ff9599ca - <core::panic::unwind_safe::AssertUnwindSafe<F> as core::ops::function::FnOnce<()>>::call_once::hf2e855a36a4ea846
[INFO] [stdout]                                at /rustc/6067b36314ab5eb2eb47cecc464545ba58e1ad24/library/core/src/panic/unwind_safe.rs:272:9
[INFO] [stdout]   36:     0x60a2ff9599ca - std::panicking::try::do_call::h2f73af3616c35465
[INFO] [stdout]                                at /rustc/6067b36314ab5eb2eb47cecc464545ba58e1ad24/library/std/src/panicking.rs:587:40
[INFO] [stdout]   37:     0x60a2ff9599ca - std::panicking::try::hd1660ce9efadef5a
[INFO] [stdout]                                at /rustc/6067b36314ab5eb2eb47cecc464545ba58e1ad24/library/std/src/panicking.rs:550:19
[INFO] [stdout]   38:     0x60a2ff9599ca - std::panic::catch_unwind::h5ee8d7823b8ca744
[INFO] [stdout]                                at /rustc/6067b36314ab5eb2eb47cecc464545ba58e1ad24/library/std/src/panic.rs:358:14
[INFO] [stdout]   39:     0x60a2ff9599ca - std::thread::Builder::spawn_unchecked_::{{closure}}::h53c3a1894dce8407
[INFO] [stdout]                                at /rustc/6067b36314ab5eb2eb47cecc464545ba58e1ad24/library/std/src/thread/mod.rs:557:30
[INFO] [stdout]   40:     0x60a2ff9599ca - core::ops::function::FnOnce::call_once{{vtable.shim}}::h048ce291ad4f62bf
[INFO] [stdout]                                at /rustc/6067b36314ab5eb2eb47cecc464545ba58e1ad24/library/core/src/ops/function.rs:250:5
[INFO] [stdout]   41:     0x60a2ffa205cb - <alloc::boxed::Box<F,A> as core::ops::function::FnOnce<Args>>::call_once::ha52bedf99a3b4981
[INFO] [stdout]                                at /rustc/6067b36314ab5eb2eb47cecc464545ba58e1ad24/library/alloc/src/boxed.rs:2013:9
[INFO] [stderr] error: test failed, to rerun pass `--lib`
[INFO] [stdout]   42:     0x60a2ffa205cb - <alloc::boxed::Box<F,A> as core::ops::function::FnOnce<Args>>::call_once::h567748934d80ccf8
[INFO] [stdout]                                at /rustc/6067b36314ab5eb2eb47cecc464545ba58e1ad24/library/alloc/src/boxed.rs:2013:9
[INFO] [stdout]   43:     0x60a2ffa205cb - std::sys::pal::unix::thread::Thread::new::thread_start::h2d970728ae887adc
[INFO] [stdout]                                at /rustc/6067b36314ab5eb2eb47cecc464545ba58e1ad24/library/std/src/sys/pal/unix/thread.rs:106:17
[INFO] [stdout]   44:     0x761d003e8ac3 - <unknown>
[INFO] [stdout]   45:     0x761d00479a04 - clone
[INFO] [stdout]   46:                0x0 - <unknown>
[INFO] [stdout] 
[INFO] [stdout] 
[INFO] [stdout] failures:
[INFO] [stdout]     test::user_program
[INFO] [stdout] 
[INFO] [stdout] test result: FAILED. 111 passed; 1 failed; 0 ignored; 0 measured; 0 filtered out; finished in 0.05s
[INFO] [stdout] 
[INFO] running `Command { std: "docker" "inspect" "c782608bbc12d80b5738c7bf5ebdcc4c41c79717022b6769ce3e921ed0dbb151", kill_on_drop: false }`
[INFO] running `Command { std: "docker" "rm" "-f" "c782608bbc12d80b5738c7bf5ebdcc4c41c79717022b6769ce3e921ed0dbb151", kill_on_drop: false }`
[INFO] [stdout] c782608bbc12d80b5738c7bf5ebdcc4c41c79717022b6769ce3e921ed0dbb151
