[INFO] cloning repository https://github.com/daniel-j-anderson-dev/advent_of_code
[INFO] running `Command { std: "git" "-c" "credential.helper=" "-c" "credential.helper=/workspace/cargo-home/bin/git-credential-null" "clone" "--bare" "https://github.com/daniel-j-anderson-dev/advent_of_code" "/workspace/cache/git-repos/https%3A%2F%2Fgithub.com%2Fdaniel-j-anderson-dev%2Fadvent_of_code", kill_on_drop: false }`
[INFO] [stderr] Cloning into bare repository '/workspace/cache/git-repos/https%3A%2F%2Fgithub.com%2Fdaniel-j-anderson-dev%2Fadvent_of_code'...
[INFO] running `Command { std: "git" "rev-parse" "HEAD", kill_on_drop: false }`
[INFO] [stdout] d92239803de8dac7b19af4d6d4aeeeaa0927c918
[INFO] testing daniel-j-anderson-dev/advent_of_code against nightly-2025-01-18 for randomize-layout-2
[INFO] running `Command { std: "git" "clone" "/workspace/cache/git-repos/https%3A%2F%2Fgithub.com%2Fdaniel-j-anderson-dev%2Fadvent_of_code" "/workspace/builds/worker-0-tc1/source", kill_on_drop: false }`
[INFO] [stderr] Cloning into '/workspace/builds/worker-0-tc1/source'...
[INFO] [stderr] done.
[INFO] validating manifest of git repo https://github.com/daniel-j-anderson-dev/advent_of_code on toolchain nightly-2025-01-18
[INFO] running `Command { std: CARGO_HOME="/workspace/cargo-home" RUSTUP_HOME="/workspace/rustup-home" "/workspace/cargo-home/bin/cargo" "+nightly-2025-01-18" "metadata" "--manifest-path" "Cargo.toml" "--no-deps", kill_on_drop: false }`
[INFO] started tweaking git repo https://github.com/daniel-j-anderson-dev/advent_of_code
[INFO] finished tweaking git repo https://github.com/daniel-j-anderson-dev/advent_of_code
[INFO] tweaked toml for git repo https://github.com/daniel-j-anderson-dev/advent_of_code written to /workspace/builds/worker-0-tc1/source/Cargo.toml
[INFO] crate git repo https://github.com/daniel-j-anderson-dev/advent_of_code already has a lockfile, it will not be regenerated
[INFO] running `Command { std: CARGO_HOME="/workspace/cargo-home" RUSTUP_HOME="/workspace/rustup-home" "/workspace/cargo-home/bin/cargo" "+nightly-2025-01-18" "fetch" "--manifest-path" "Cargo.toml", kill_on_drop: false }`
[INFO] running `Command { std: "docker" "create" "-v" "/var/lib/crater-agent-workspace/builds/worker-0-tc1/target:/opt/rustwide/target:rw,Z" "-v" "/var/lib/crater-agent-workspace/builds/worker-0-tc1/source:/opt/rustwide/workdir:ro,Z" "-v" "/var/lib/crater-agent-workspace/cargo-home:/opt/rustwide/cargo-home:ro,Z" "-v" "/var/lib/crater-agent-workspace/rustup-home:/opt/rustwide/rustup-home:ro,Z" "-e" "SOURCE_DIR=/opt/rustwide/workdir" "-e" "CARGO_TARGET_DIR=/opt/rustwide/target" "-e" "CARGO_HOME=/opt/rustwide/cargo-home" "-e" "RUSTUP_HOME=/opt/rustwide/rustup-home" "-w" "/opt/rustwide/workdir" "-m" "1610612736" "--user" "0:0" "--network" "none" "ghcr.io/rust-lang/crates-build-env/linux@sha256:819108c5571ea2e421544af4d832f968d213c87fbe3707a016657f43d2f853bc" "/opt/rustwide/cargo-home/bin/cargo" "+nightly-2025-01-18" "metadata" "--no-deps" "--format-version=1", kill_on_drop: false }`
[INFO] [stdout] 441133068d362ee02757dec2054862d2b050279251cdf065f80950d0eb03d164
[INFO] running `Command { std: "docker" "start" "-a" "441133068d362ee02757dec2054862d2b050279251cdf065f80950d0eb03d164", kill_on_drop: false }`
[INFO] running `Command { std: "docker" "inspect" "441133068d362ee02757dec2054862d2b050279251cdf065f80950d0eb03d164", kill_on_drop: false }`
[INFO] running `Command { std: "docker" "rm" "-f" "441133068d362ee02757dec2054862d2b050279251cdf065f80950d0eb03d164", kill_on_drop: false }`
[INFO] [stdout] 441133068d362ee02757dec2054862d2b050279251cdf065f80950d0eb03d164
[INFO] running `Command { std: "docker" "create" "-v" "/var/lib/crater-agent-workspace/builds/worker-0-tc1/target:/opt/rustwide/target:rw,Z" "-v" "/var/lib/crater-agent-workspace/builds/worker-0-tc1/source:/opt/rustwide/workdir:ro,Z" "-v" "/var/lib/crater-agent-workspace/cargo-home:/opt/rustwide/cargo-home:ro,Z" "-v" "/var/lib/crater-agent-workspace/rustup-home:/opt/rustwide/rustup-home:ro,Z" "-e" "SOURCE_DIR=/opt/rustwide/workdir" "-e" "CARGO_TARGET_DIR=/opt/rustwide/target" "-e" "CARGO_INCREMENTAL=0" "-e" "RUST_BACKTRACE=full" "-e" "RUSTFLAGS=--cap-lints=forbid" "-e" "RUSTDOCFLAGS=--cap-lints=forbid" "-e" "CARGO_HOME=/opt/rustwide/cargo-home" "-e" "RUSTUP_HOME=/opt/rustwide/rustup-home" "-w" "/opt/rustwide/workdir" "-m" "1610612736" "--user" "0:0" "--network" "none" "ghcr.io/rust-lang/crates-build-env/linux@sha256:819108c5571ea2e421544af4d832f968d213c87fbe3707a016657f43d2f853bc" "/opt/rustwide/cargo-home/bin/cargo" "+nightly-2025-01-18" "build" "--frozen" "--message-format=json", kill_on_drop: false }`
[INFO] [stdout] 35174eb6a6d9c48c996b492839410f16dddd45512b31bff031f67b11cf4bc70b
[INFO] running `Command { std: "docker" "start" "-a" "35174eb6a6d9c48c996b492839410f16dddd45512b31bff031f67b11cf4bc70b", kill_on_drop: false }`
[INFO] [stderr]    Compiling proc-macro2 v1.0.81
[INFO] [stderr]    Compiling unicode-ident v1.0.12
[INFO] [stderr]    Compiling thiserror v1.0.58
[INFO] [stderr]    Compiling ucd-trie v0.1.6
[INFO] [stderr]    Compiling memchr v2.7.2
[INFO] [stderr]    Compiling once_cell v1.19.0
[INFO] [stderr]    Compiling day_1_trebuchet v0.1.0 (/opt/rustwide/workdir/day_1_trebuchet)
[INFO] [stderr]    Compiling day_2_cubes v0.1.0 (/opt/rustwide/workdir/day_2_cubes)
[INFO] [stderr]    Compiling day_3_gear v0.1.0 (/opt/rustwide/workdir/day_3_gear)
[INFO] [stdout] warning: elided lifetime has a name
[INFO] [stdout]   --> day_3_gear/src/lexer.rs:14:37
[INFO] [stdout]    |
[INFO] [stdout] 13 | impl<'a> Lexer<'a> {
[INFO] [stdout]    |      -- lifetime `'a` declared here
[INFO] [stdout] 14 |     pub fn new(content: &'a str) -> Lexer {
[INFO] [stdout]    |                                     ^^^^^ this elided lifetime gets resolved as `'a`
[INFO] [stdout]    |
[INFO] [stdout]    = note: `#[warn(elided_named_lifetimes)]` on by default
[INFO] [stdout] 
[INFO] [stdout] 
[INFO] [stdout] warning: unused imports: `Grid` and `TokenKind`
[INFO] [stdout]  --> day_3_gear/src/main.rs:4:12
[INFO] [stdout]   |
[INFO] [stdout] 4 | use grid::{Grid, TokenKind};
[INFO] [stdout]   |            ^^^^  ^^^^^^^^^
[INFO] [stdout]   |
[INFO] [stdout]   = note: `#[warn(unused_imports)]` on by default
[INFO] [stdout] 
[INFO] [stdout] 
[INFO] [stdout] warning: field `id` is never read
[INFO] [stdout]   --> day_2_cubes/src/game.rs:20:5
[INFO] [stdout]    |
[INFO] [stdout] 19 | pub struct Game {
[INFO] [stdout]    |            ---- field in this struct
[INFO] [stdout] 20 |     id: usize,
[INFO] [stdout]    |     ^^
[INFO] [stdout]    |
[INFO] [stdout]    = note: `Game` has a derived impl for the trait `Debug`, but this is intentionally ignored during dead code analysis
[INFO] [stdout]    = note: `#[warn(dead_code)]` on by default
[INFO] [stdout] 
[INFO] [stdout] 
[INFO] [stdout] warning: method `id` is never used
[INFO] [stdout]   --> day_2_cubes/src/game.rs:53:12
[INFO] [stdout]    |
[INFO] [stdout] 23 | impl Game {
[INFO] [stdout]    | --------- method in this implementation
[INFO] [stdout] ...
[INFO] [stdout] 53 |     pub fn id(&self) -> usize {
[INFO] [stdout]    |            ^^
[INFO] [stdout] 
[INFO] [stdout] 
[INFO] [stdout] warning: variant `Number` is never constructed
[INFO] [stdout]  --> day_3_gear/src/grid.rs:3:5
[INFO] [stdout]   |
[INFO] [stdout] 2 | pub enum TokenKind {
[INFO] [stdout]   |          --------- variant in this enum
[INFO] [stdout] 3 |     Number,
[INFO] [stdout]   |     ^^^^^^
[INFO] [stdout]   |
[INFO] [stdout]   = note: `TokenKind` has derived impls for the traits `Clone` and `Debug`, but these are intentionally ignored during dead code analysis
[INFO] [stdout]   = note: `#[warn(dead_code)]` on by default
[INFO] [stdout] 
[INFO] [stdout] 
[INFO] [stdout] warning: methods `is_number`, `is_symbol`, `is_separator`, and `is_initialized` are never used
[INFO] [stdout]   --> day_3_gear/src/grid.rs:11:12
[INFO] [stdout]    |
[INFO] [stdout] 10 | impl TokenKind {
[INFO] [stdout]    | -------------- methods in this implementation
[INFO] [stdout] 11 |     pub fn is_number(&self) -> bool {
[INFO] [stdout]    |            ^^^^^^^^^
[INFO] [stdout] ...
[INFO] [stdout] 18 |     pub fn is_symbol(&self) -> bool {
[INFO] [stdout]    |            ^^^^^^^^^
[INFO] [stdout] ...
[INFO] [stdout] 25 |     pub fn is_separator(&self) -> bool {
[INFO] [stdout]    |            ^^^^^^^^^^^^
[INFO] [stdout] ...
[INFO] [stdout] 32 |     pub fn is_initialized(&self) -> bool {
[INFO] [stdout]    |            ^^^^^^^^^^^^^^
[INFO] [stdout] 
[INFO] [stdout] 
[INFO] [stdout] warning: fields `value` and `kind` are never read
[INFO] [stdout]   --> day_3_gear/src/grid.rs:43:5
[INFO] [stdout]    |
[INFO] [stdout] 42 | pub struct Token {
[INFO] [stdout]    |            ----- fields in this struct
[INFO] [stdout] 43 |     value: char,
[INFO] [stdout]    |     ^^^^^
[INFO] [stdout] 44 |     kind: TokenKind,
[INFO] [stdout]    |     ^^^^
[INFO] [stdout]    |
[INFO] [stdout]    = note: `Token` has derived impls for the traits `Clone` and `Debug`, but these are intentionally ignored during dead code analysis
[INFO] [stdout] 
[INFO] [stdout] 
[INFO] [stdout] warning: methods `value` and `kind` are never used
[INFO] [stdout]   --> day_3_gear/src/grid.rs:47:12
[INFO] [stdout]    |
[INFO] [stdout] 46 | impl Token {
[INFO] [stdout]    | ---------- methods in this implementation
[INFO] [stdout] 47 |     pub fn value(&self) -> &char {
[INFO] [stdout]    |            ^^^^^
[INFO] [stdout] ...
[INFO] [stdout] 50 |     pub fn kind(&self) -> TokenKind {
[INFO] [stdout]    |            ^^^^
[INFO] [stdout] 
[INFO] [stdout] 
[INFO] [stdout] warning: field `tokens` is never read
[INFO] [stdout]   --> day_3_gear/src/grid.rs:71:5
[INFO] [stdout]    |
[INFO] [stdout] 70 | pub struct Grid<const W: usize, const H: usize> {
[INFO] [stdout]    |            ---- field in this struct
[INFO] [stdout] 71 |     tokens: [[Token; W]; H],
[INFO] [stdout]    |     ^^^^^^
[INFO] [stdout]    |
[INFO] [stdout]    = note: `Grid` has a derived impl for the trait `Debug`, but this is intentionally ignored during dead code analysis
[INFO] [stdout] 
[INFO] [stdout] 
[INFO] [stdout] warning: methods `rows`, `get_token`, and `is_token_a_part_number` are never used
[INFO] [stdout]   --> day_3_gear/src/grid.rs:74:12
[INFO] [stdout]    |
[INFO] [stdout] 73 | impl<const W: usize, const H: usize> Grid<W, H> {
[INFO] [stdout]    | ----------------------------------------------- methods in this implementation
[INFO] [stdout] 74 |     pub fn rows(&self) -> &[[Token; W]; H] {
[INFO] [stdout]    |            ^^^^
[INFO] [stdout] ...
[INFO] [stdout] 77 |     pub fn get_token(&self, row_index: isize, col_index: isize) -> Option<&Token> {
[INFO] [stdout]    |            ^^^^^^^^^
[INFO] [stdout] ...
[INFO] [stdout] 92 |     pub fn is_token_a_part_number(&self, row_index: usize, col_index: usize) -> bool {
[INFO] [stdout]    |            ^^^^^^^^^^^^^^^^^^^^^^
[INFO] [stdout] 
[INFO] [stdout] 
[INFO] [stderr]    Compiling quote v1.0.36
[INFO] [stderr]    Compiling syn v2.0.60
[INFO] [stderr]    Compiling thiserror-impl v1.0.58
[INFO] [stderr]    Compiling pest v2.7.9
[INFO] [stderr]    Compiling pest_meta v2.7.9
[INFO] [stderr]    Compiling pest_generator v2.7.9
[INFO] [stderr]    Compiling pest_derive v2.7.9
[INFO] [stderr]    Compiling day4 v0.1.0 (/opt/rustwide/workdir/day4)
[INFO] [stderr]    Compiling day5 v0.1.0 (/opt/rustwide/workdir/day5)
[INFO] [stdout] warning: unused imports: `DerefMut` and `Deref`
[INFO] [stdout]  --> day4/src/card.rs:2:11
[INFO] [stdout]   |
[INFO] [stdout] 2 |     ops::{Deref, DerefMut},
[INFO] [stdout]   |           ^^^^^  ^^^^^^^^
[INFO] [stdout]   |
[INFO] [stdout]   = note: `#[warn(unused_imports)]` on by default
[INFO] [stdout] 
[INFO] [stdout] 
[INFO] [stdout] warning: unused import: `CardParser`
[INFO] [stdout]  --> day4/src/card.rs:8:20
[INFO] [stdout]   |
[INFO] [stdout] 8 | use self::parser::{CardParser, Rule};
[INFO] [stdout]   |                    ^^^^^^^^^^
[INFO] [stdout] 
[INFO] [stdout] 
[INFO] [stdout] warning: unused import: `Card`
[INFO] [stdout]  --> day4/src/main.rs:2:27
[INFO] [stdout]   |
[INFO] [stdout] 2 | use card::{parser::Cards, Card};
[INFO] [stdout]   |                           ^^^^
[INFO] [stdout] 
[INFO] [stdout] 
[INFO] [stdout] warning: unused import: `pest::Parser`
[INFO] [stdout]  --> day5/src/main.rs:1:5
[INFO] [stdout]   |
[INFO] [stdout] 1 | use pest::Parser;
[INFO] [stdout]   |     ^^^^^^^^^^^^
[INFO] [stdout]   |
[INFO] [stdout]   = note: `#[warn(unused_imports)]` on by default
[INFO] [stdout] 
[INFO] [stdout] 
[INFO] [stdout] warning: unused imports: `AlmanacParser`, `Rule`, and `ast::Almanac`
[INFO] [stdout]  --> day5/src/main.rs:6:5
[INFO] [stdout]   |
[INFO] [stdout] 6 |     ast::Almanac,
[INFO] [stdout]   |     ^^^^^^^^^^^^
[INFO] [stdout] 7 |     parser::{AlmanacParser, Rule},
[INFO] [stdout]   |              ^^^^^^^^^^^^^  ^^^^
[INFO] [stdout] 
[INFO] [stdout] 
[INFO] [stdout] warning: unused import: `Parser`
[INFO] [stdout]  --> day4/src/card.rs:6:29
[INFO] [stdout]   |
[INFO] [stdout] 6 | use pest::{iterators::Pair, Parser};
[INFO] [stdout]   |                             ^^^^^^
[INFO] [stdout] 
[INFO] [stdout] 
[INFO] [stdout] warning: constant `INPUT` is never used
[INFO] [stdout]   --> day5/src/main.rs:10:7
[INFO] [stdout]    |
[INFO] [stdout] 10 | const INPUT: &str = include_str!("../input.txt");
[INFO] [stdout]    |       ^^^^^
[INFO] [stdout]    |
[INFO] [stdout]    = note: `#[warn(dead_code)]` on by default
[INFO] [stdout] 
[INFO] [stdout] 
[INFO] [stdout] warning: method `points` is never used
[INFO] [stdout]   --> day4/src/card.rs:28:12
[INFO] [stdout]    |
[INFO] [stdout] 18 | impl Card {
[INFO] [stdout]    | --------- method in this implementation
[INFO] [stdout] ...
[INFO] [stdout] 28 |     pub fn points(&self) -> usize {
[INFO] [stdout]    |            ^^^^^^
[INFO] [stdout]    |
[INFO] [stdout]    = note: `#[warn(dead_code)]` on by default
[INFO] [stdout] 
[INFO] [stdout] 
[INFO] [stderr]     Finished `dev` profile [unoptimized + debuginfo] target(s) in 10.81s
[INFO] running `Command { std: "docker" "inspect" "35174eb6a6d9c48c996b492839410f16dddd45512b31bff031f67b11cf4bc70b", kill_on_drop: false }`
[INFO] running `Command { std: "docker" "rm" "-f" "35174eb6a6d9c48c996b492839410f16dddd45512b31bff031f67b11cf4bc70b", kill_on_drop: false }`
[INFO] [stdout] 35174eb6a6d9c48c996b492839410f16dddd45512b31bff031f67b11cf4bc70b
[INFO] running `Command { std: "docker" "create" "-v" "/var/lib/crater-agent-workspace/builds/worker-0-tc1/target:/opt/rustwide/target:rw,Z" "-v" "/var/lib/crater-agent-workspace/builds/worker-0-tc1/source:/opt/rustwide/workdir:ro,Z" "-v" "/var/lib/crater-agent-workspace/cargo-home:/opt/rustwide/cargo-home:ro,Z" "-v" "/var/lib/crater-agent-workspace/rustup-home:/opt/rustwide/rustup-home:ro,Z" "-e" "SOURCE_DIR=/opt/rustwide/workdir" "-e" "CARGO_TARGET_DIR=/opt/rustwide/target" "-e" "CARGO_INCREMENTAL=0" "-e" "RUST_BACKTRACE=full" "-e" "RUSTFLAGS=--cap-lints=forbid" "-e" "RUSTDOCFLAGS=--cap-lints=forbid" "-e" "CARGO_HOME=/opt/rustwide/cargo-home" "-e" "RUSTUP_HOME=/opt/rustwide/rustup-home" "-w" "/opt/rustwide/workdir" "-m" "1610612736" "--user" "0:0" "--network" "none" "ghcr.io/rust-lang/crates-build-env/linux@sha256:819108c5571ea2e421544af4d832f968d213c87fbe3707a016657f43d2f853bc" "/opt/rustwide/cargo-home/bin/cargo" "+nightly-2025-01-18" "test" "--frozen" "--no-run" "--message-format=json", kill_on_drop: false }`
[INFO] [stdout] 3447a92ce512b7dd7d0b824b4c1bcf183e71c788e006c80f881b8beaad1de41c
[INFO] running `Command { std: "docker" "start" "-a" "3447a92ce512b7dd7d0b824b4c1bcf183e71c788e006c80f881b8beaad1de41c", kill_on_drop: false }`
[INFO] [stderr]    Compiling day_3_gear v0.1.0 (/opt/rustwide/workdir/day_3_gear)
[INFO] [stderr]    Compiling day_1_trebuchet v0.1.0 (/opt/rustwide/workdir/day_1_trebuchet)
[INFO] [stderr]    Compiling day_2_cubes v0.1.0 (/opt/rustwide/workdir/day_2_cubes)
[INFO] [stderr]    Compiling day4 v0.1.0 (/opt/rustwide/workdir/day4)
[INFO] [stderr]    Compiling day5 v0.1.0 (/opt/rustwide/workdir/day5)
[INFO] [stdout] warning: elided lifetime has a name
[INFO] [stdout]   --> day_3_gear/src/lexer.rs:14:37
[INFO] [stdout]    |
[INFO] [stdout] 13 | impl<'a> Lexer<'a> {
[INFO] [stdout]    |      -- lifetime `'a` declared here
[INFO] [stdout] 14 |     pub fn new(content: &'a str) -> Lexer {
[INFO] [stdout]    |                                     ^^^^^ this elided lifetime gets resolved as `'a`
[INFO] [stdout]    |
[INFO] [stdout]    = note: `#[warn(elided_named_lifetimes)]` on by default
[INFO] [stdout] 
[INFO] [stdout] 
[INFO] [stdout] warning: unused imports: `Grid` and `TokenKind`
[INFO] [stdout]  --> day_3_gear/src/main.rs:4:12
[INFO] [stdout]   |
[INFO] [stdout] 4 | use grid::{Grid, TokenKind};
[INFO] [stdout]   |            ^^^^  ^^^^^^^^^
[INFO] [stdout]   |
[INFO] [stdout]   = note: `#[warn(unused_imports)]` on by default
[INFO] [stdout] 
[INFO] [stdout] 
[INFO] [stdout] warning: unused imports: `DerefMut` and `Deref`
[INFO] [stdout]  --> day4/src/card.rs:2:11
[INFO] [stdout]   |
[INFO] [stdout] 2 |     ops::{Deref, DerefMut},
[INFO] [stdout]   |           ^^^^^  ^^^^^^^^
[INFO] [stdout]   |
[INFO] [stdout]   = note: `#[warn(unused_imports)]` on by default
[INFO] [stdout] 
[INFO] [stdout] 
[INFO] [stdout] warning: unused import: `CardParser`
[INFO] [stdout]  --> day4/src/card.rs:8:20
[INFO] [stdout]   |
[INFO] [stdout] 8 | use self::parser::{CardParser, Rule};
[INFO] [stdout]   |                    ^^^^^^^^^^
[INFO] [stdout] 
[INFO] [stdout] 
[INFO] [stdout] warning: variant `Number` is never constructed
[INFO] [stdout]  --> day_3_gear/src/grid.rs:3:5
[INFO] [stdout]   |
[INFO] [stdout] 2 | pub enum TokenKind {
[INFO] [stdout]   |          --------- variant in this enum
[INFO] [stdout] 3 |     Number,
[INFO] [stdout]   |     ^^^^^^
[INFO] [stdout]   |
[INFO] [stdout]   = note: `TokenKind` has derived impls for the traits `Clone` and `Debug`, but these are intentionally ignored during dead code analysis
[INFO] [stdout]   = note: `#[warn(dead_code)]` on by default
[INFO] [stdout] 
[INFO] [stdout] 
[INFO] [stdout] warning: methods `is_number`, `is_symbol`, `is_separator`, and `is_initialized` are never used
[INFO] [stdout]   --> day_3_gear/src/grid.rs:11:12
[INFO] [stdout]    |
[INFO] [stdout] 10 | impl TokenKind {
[INFO] [stdout]    | -------------- methods in this implementation
[INFO] [stdout] 11 |     pub fn is_number(&self) -> bool {
[INFO] [stdout]    |            ^^^^^^^^^
[INFO] [stdout] ...
[INFO] [stdout] 18 |     pub fn is_symbol(&self) -> bool {
[INFO] [stdout]    |            ^^^^^^^^^
[INFO] [stdout] ...
[INFO] [stdout] 25 |     pub fn is_separator(&self) -> bool {
[INFO] [stdout]    |            ^^^^^^^^^^^^
[INFO] [stdout] ...
[INFO] [stdout] 32 |     pub fn is_initialized(&self) -> bool {
[INFO] [stdout]    |            ^^^^^^^^^^^^^^
[INFO] [stdout] 
[INFO] [stdout] 
[INFO] [stdout] warning: fields `value` and `kind` are never read
[INFO] [stdout]   --> day_3_gear/src/grid.rs:43:5
[INFO] [stdout]    |
[INFO] [stdout] 42 | pub struct Token {
[INFO] [stdout]    |            ----- fields in this struct
[INFO] [stdout] 43 |     value: char,
[INFO] [stdout]    |     ^^^^^
[INFO] [stdout] 44 |     kind: TokenKind,
[INFO] [stdout]    |     ^^^^
[INFO] [stdout]    |
[INFO] [stdout]    = note: `Token` has derived impls for the traits `Clone` and `Debug`, but these are intentionally ignored during dead code analysis
[INFO] [stdout] 
[INFO] [stdout] 
[INFO] [stdout] warning: methods `value` and `kind` are never used
[INFO] [stdout]   --> day_3_gear/src/grid.rs:47:12
[INFO] [stdout]    |
[INFO] [stdout] 46 | impl Token {
[INFO] [stdout]    | ---------- methods in this implementation
[INFO] [stdout] 47 |     pub fn value(&self) -> &char {
[INFO] [stdout]    |            ^^^^^
[INFO] [stdout] ...
[INFO] [stdout] 50 |     pub fn kind(&self) -> TokenKind {
[INFO] [stdout]    |            ^^^^
[INFO] [stdout] 
[INFO] [stdout] 
[INFO] [stdout] warning: field `tokens` is never read
[INFO] [stdout]   --> day_3_gear/src/grid.rs:71:5
[INFO] [stdout]    |
[INFO] [stdout] 70 | pub struct Grid<const W: usize, const H: usize> {
[INFO] [stdout]    |            ---- field in this struct
[INFO] [stdout] 71 |     tokens: [[Token; W]; H],
[INFO] [stdout]    |     ^^^^^^
[INFO] [stdout]    |
[INFO] [stdout]    = note: `Grid` has a derived impl for the trait `Debug`, but this is intentionally ignored during dead code analysis
[INFO] [stdout] 
[INFO] [stdout] 
[INFO] [stdout] warning: methods `rows`, `get_token`, and `is_token_a_part_number` are never used
[INFO] [stdout]   --> day_3_gear/src/grid.rs:74:12
[INFO] [stdout]    |
[INFO] [stdout] 73 | impl<const W: usize, const H: usize> Grid<W, H> {
[INFO] [stdout]    | ----------------------------------------------- methods in this implementation
[INFO] [stdout] 74 |     pub fn rows(&self) -> &[[Token; W]; H] {
[INFO] [stdout]    |            ^^^^
[INFO] [stdout] ...
[INFO] [stdout] 77 |     pub fn get_token(&self, row_index: isize, col_index: isize) -> Option<&Token> {
[INFO] [stdout]    |            ^^^^^^^^^
[INFO] [stdout] ...
[INFO] [stdout] 92 |     pub fn is_token_a_part_number(&self, row_index: usize, col_index: usize) -> bool {
[INFO] [stdout]    |            ^^^^^^^^^^^^^^^^^^^^^^
[INFO] [stdout] 
[INFO] [stdout] 
[INFO] [stdout] warning: unused import: `Parser`
[INFO] [stdout]  --> day4/src/card.rs:6:29
[INFO] [stdout]   |
[INFO] [stdout] 6 | use pest::{iterators::Pair, Parser};
[INFO] [stdout]   |                             ^^^^^^
[INFO] [stdout] 
[INFO] [stdout] 
[INFO] [stdout] warning: field `id` is never read
[INFO] [stdout]   --> day_2_cubes/src/game.rs:20:5
[INFO] [stdout]    |
[INFO] [stdout] 19 | pub struct Game {
[INFO] [stdout]    |            ---- field in this struct
[INFO] [stdout] 20 |     id: usize,
[INFO] [stdout]    |     ^^
[INFO] [stdout]    |
[INFO] [stdout]    = note: `Game` has a derived impl for the trait `Debug`, but this is intentionally ignored during dead code analysis
[INFO] [stdout]    = note: `#[warn(dead_code)]` on by default
[INFO] [stdout] 
[INFO] [stdout] 
[INFO] [stdout] warning: method `id` is never used
[INFO] [stdout]   --> day_2_cubes/src/game.rs:53:12
[INFO] [stdout]    |
[INFO] [stdout] 23 | impl Game {
[INFO] [stdout]    | --------- method in this implementation
[INFO] [stdout] ...
[INFO] [stdout] 53 |     pub fn id(&self) -> usize {
[INFO] [stdout]    |            ^^
[INFO] [stdout] 
[INFO] [stdout] 
[INFO] [stderr]     Finished `test` profile [unoptimized + debuginfo] target(s) in 1.51s
[INFO] running `Command { std: "docker" "inspect" "3447a92ce512b7dd7d0b824b4c1bcf183e71c788e006c80f881b8beaad1de41c", kill_on_drop: false }`
[INFO] running `Command { std: "docker" "rm" "-f" "3447a92ce512b7dd7d0b824b4c1bcf183e71c788e006c80f881b8beaad1de41c", kill_on_drop: false }`
[INFO] [stdout] 3447a92ce512b7dd7d0b824b4c1bcf183e71c788e006c80f881b8beaad1de41c
[INFO] running `Command { std: "docker" "create" "-v" "/var/lib/crater-agent-workspace/builds/worker-0-tc1/target:/opt/rustwide/target:rw,Z" "-v" "/var/lib/crater-agent-workspace/builds/worker-0-tc1/source:/opt/rustwide/workdir:ro,Z" "-v" "/var/lib/crater-agent-workspace/cargo-home:/opt/rustwide/cargo-home:ro,Z" "-v" "/var/lib/crater-agent-workspace/rustup-home:/opt/rustwide/rustup-home:ro,Z" "-e" "SOURCE_DIR=/opt/rustwide/workdir" "-e" "CARGO_TARGET_DIR=/opt/rustwide/target" "-e" "CARGO_INCREMENTAL=0" "-e" "RUST_BACKTRACE=full" "-e" "RUSTFLAGS=--cap-lints=forbid" "-e" "RUSTDOCFLAGS=--cap-lints=forbid" "-e" "CARGO_HOME=/opt/rustwide/cargo-home" "-e" "RUSTUP_HOME=/opt/rustwide/rustup-home" "-w" "/opt/rustwide/workdir" "-m" "1610612736" "--user" "0:0" "--network" "none" "ghcr.io/rust-lang/crates-build-env/linux@sha256:819108c5571ea2e421544af4d832f968d213c87fbe3707a016657f43d2f853bc" "/opt/rustwide/cargo-home/bin/cargo" "+nightly-2025-01-18" "test" "--frozen", kill_on_drop: false }`
[INFO] [stdout] b818b11ea1e6574f79c46058448f1a80437467776f9e9b9089d3b0cd96e2082e
[INFO] running `Command { std: "docker" "start" "-a" "b818b11ea1e6574f79c46058448f1a80437467776f9e9b9089d3b0cd96e2082e", kill_on_drop: false }`
[INFO] [stderr] warning: field `id` is never read
[INFO] [stderr]   --> day_2_cubes/src/game.rs:20:5
[INFO] [stderr]    |
[INFO] [stderr] 19 | pub struct Game {
[INFO] [stderr]    |            ---- field in this struct
[INFO] [stderr] 20 |     id: usize,
[INFO] [stderr]    |     ^^
[INFO] [stderr]    |
[INFO] [stderr]    = note: `Game` has a derived impl for the trait `Debug`, but this is intentionally ignored during dead code analysis
[INFO] [stderr]    = note: `#[warn(dead_code)]` on by default
[INFO] [stderr] 
[INFO] [stderr] warning: method `id` is never used
[INFO] [stderr]   --> day_2_cubes/src/game.rs:53:12
[INFO] [stderr]    |
[INFO] [stderr] 23 | impl Game {
[INFO] [stderr]    | --------- method in this implementation
[INFO] [stderr] ...
[INFO] [stderr] 53 |     pub fn id(&self) -> usize {
[INFO] [stderr]    |            ^^
[INFO] [stderr] 
[INFO] [stderr] warning: elided lifetime has a name
[INFO] [stderr]   --> day_3_gear/src/lexer.rs:14:37
[INFO] [stderr]    |
[INFO] [stderr] 13 | impl<'a> Lexer<'a> {
[INFO] [stderr]    |      -- lifetime `'a` declared here
[INFO] [stderr] 14 |     pub fn new(content: &'a str) -> Lexer {
[INFO] [stderr]    |                                     ^^^^^ this elided lifetime gets resolved as `'a`
[INFO] [stderr]    |
[INFO] [stderr]    = note: `#[warn(elided_named_lifetimes)]` on by default
[INFO] [stderr] 
[INFO] [stderr] warning: unused imports: `Grid` and `TokenKind`
[INFO] [stderr]  --> day_3_gear/src/main.rs:4:12
[INFO] [stderr]   |
[INFO] [stderr] 4 | use grid::{Grid, TokenKind};
[INFO] [stderr]   |            ^^^^  ^^^^^^^^^
[INFO] [stderr]   |
[INFO] [stderr]   = note: `#[warn(unused_imports)]` on by default
[INFO] [stderr] 
[INFO] [stderr] warning: variant `Number` is never constructed
[INFO] [stderr]  --> day_3_gear/src/grid.rs:3:5
[INFO] [stderr]   |
[INFO] [stderr] 2 | pub enum TokenKind {
[INFO] [stderr]   |          --------- variant in this enum
[INFO] [stderr] 3 |     Number,
[INFO] [stderr]   |     ^^^^^^
[INFO] [stderr]   |
[INFO] [stdout] 
[INFO] [stderr]   = note: `TokenKind` has derived impls for the traits `Clone` and `Debug`, but these are intentionally ignored during dead code analysis
[INFO] [stdout] running 4 tests
[INFO] [stderr]   = note: `#[warn(dead_code)]` on by default
[INFO] [stderr] 
[INFO] [stderr] warning: methods `is_number`, `is_symbol`, `is_separator`, and `is_initialized` are never used
[INFO] [stderr]   --> day_3_gear/src/grid.rs:11:12
[INFO] [stderr]    |
[INFO] [stderr] 10 | impl TokenKind {
[INFO] [stderr]    | -------------- methods in this implementation
[INFO] [stderr] 11 |     pub fn is_number(&self) -> bool {
[INFO] [stderr]    |            ^^^^^^^^^
[INFO] [stderr] ...
[INFO] [stderr] 18 |     pub fn is_symbol(&self) -> bool {
[INFO] [stderr]    |            ^^^^^^^^^
[INFO] [stderr] ...
[INFO] [stderr] 25 |     pub fn is_separator(&self) -> bool {
[INFO] [stderr]    |            ^^^^^^^^^^^^
[INFO] [stderr] ...
[INFO] [stderr] 32 |     pub fn is_initialized(&self) -> bool {
[INFO] [stderr]    |            ^^^^^^^^^^^^^^
[INFO] [stderr] 
[INFO] [stderr] warning: fields `value` and `kind` are never read
[INFO] [stderr]   --> day_3_gear/src/grid.rs:43:5
[INFO] [stderr]    |
[INFO] [stderr] 42 | pub struct Token {
[INFO] [stderr]    |            ----- fields in this struct
[INFO] [stderr] 43 |     value: char,
[INFO] [stderr]    |     ^^^^^
[INFO] [stderr] 44 |     kind: TokenKind,
[INFO] [stderr]    |     ^^^^
[INFO] [stderr]    |
[INFO] [stderr]    = note: `Token` has derived impls for the traits `Clone` and `Debug`, but these are intentionally ignored during dead code analysis
[INFO] [stderr] 
[INFO] [stderr] warning: methods `value` and `kind` are never used
[INFO] [stderr]   --> day_3_gear/src/grid.rs:47:12
[INFO] [stderr]    |
[INFO] [stderr] 46 | impl Token {
[INFO] [stderr]    | ---------- methods in this implementation
[INFO] [stderr] 47 |     pub fn value(&self) -> &char {
[INFO] [stderr]    |            ^^^^^
[INFO] [stderr] ...
[INFO] [stderr] 50 |     pub fn kind(&self) -> TokenKind {
[INFO] [stderr]    |            ^^^^
[INFO] [stderr] 
[INFO] [stderr] warning: field `tokens` is never read
[INFO] [stderr]   --> day_3_gear/src/grid.rs:71:5
[INFO] [stderr]    |
[INFO] [stderr] 70 | pub struct Grid<const W: usize, const H: usize> {
[INFO] [stderr]    |            ---- field in this struct
[INFO] [stderr] 71 |     tokens: [[Token; W]; H],
[INFO] [stderr]    |     ^^^^^^
[INFO] [stderr]    |
[INFO] [stderr]    = note: `Grid` has a derived impl for the trait `Debug`, but this is intentionally ignored during dead code analysis
[INFO] [stderr] 
[INFO] [stderr] warning: methods `rows`, `get_token`, and `is_token_a_part_number` are never used
[INFO] [stderr]   --> day_3_gear/src/grid.rs:74:12
[INFO] [stderr]    |
[INFO] [stderr] 73 | impl<const W: usize, const H: usize> Grid<W, H> {
[INFO] [stderr]    | ----------------------------------------------- methods in this implementation
[INFO] [stderr] 74 |     pub fn rows(&self) -> &[[Token; W]; H] {
[INFO] [stderr]    |            ^^^^
[INFO] [stderr] ...
[INFO] [stderr] 77 |     pub fn get_token(&self, row_index: isize, col_index: isize) -> Option<&Token> {
[INFO] [stderr]    |            ^^^^^^^^^
[INFO] [stderr] ...
[INFO] [stderr] 92 |     pub fn is_token_a_part_number(&self, row_index: usize, col_index: usize) -> bool {
[INFO] [stderr]    |            ^^^^^^^^^^^^^^^^^^^^^^
[INFO] [stderr] 
[INFO] [stderr] warning: `day_2_cubes` (bin "day_2_cubes" test) generated 2 warnings
[INFO] [stderr] warning: `day_3_gear` (bin "day_3_gear" test) generated 8 warnings (run `cargo fix --bin "day_3_gear" --tests` to apply 1 suggestion)
[INFO] [stderr] warning: unused imports: `DerefMut` and `Deref`
[INFO] [stderr]  --> day4/src/card.rs:2:11
[INFO] [stderr]   |
[INFO] [stderr] 2 |     ops::{Deref, DerefMut},
[INFO] [stderr]   |           ^^^^^  ^^^^^^^^
[INFO] [stderr]   |
[INFO] [stderr]   = note: `#[warn(unused_imports)]` on by default
[INFO] [stderr] 
[INFO] [stderr] warning: unused import: `CardParser`
[INFO] [stderr]  --> day4/src/card.rs:8:20
[INFO] [stderr]   |
[INFO] [stderr] 8 | use self::parser::{CardParser, Rule};
[INFO] [stderr]   |                    ^^^^^^^^^^
[INFO] [stderr] 
[INFO] [stderr] warning: unused import: `Parser`
[INFO] [stderr]  --> day4/src/card.rs:6:29
[INFO] [stderr]   |
[INFO] [stderr] 6 | use pest::{iterators::Pair, Parser};
[INFO] [stderr]   |                             ^^^^^^
[INFO] [stderr] 
[INFO] [stderr] warning: `day4` (bin "day4" test) generated 3 warnings (run `cargo fix --bin "day4" --tests` to apply 2 suggestions)
[INFO] [stderr]     Finished `test` profile [unoptimized + debuginfo] target(s) in 0.05s
[INFO] [stderr]      Running unittests src/main.rs (/opt/rustwide/target/debug/deps/day4-d95cb25b5255fe0c)
[INFO] [stdout] test card::test_points ... ok
[INFO] [stdout] test card::card_from_str ... ok
[INFO] [stdout] test f ... ok
[INFO] [stdout] test card::parser::f ... ok
[INFO] [stderr]      Running unittests src/main.rs (/opt/rustwide/target/debug/deps/day5-474216d819148e71)
[INFO] [stdout] 
[INFO] [stdout] test result: ok. 4 passed; 0 failed; 0 ignored; 0 measured; 0 filtered out; finished in 0.06s
[INFO] [stdout] 
[INFO] [stdout] 
[INFO] [stdout] running 2 tests
[INFO] [stdout] test print_parse_output ... ok
[INFO] [stdout] test ast ... ok
[INFO] [stdout] 
[INFO] [stdout] test result: ok. 2 passed; 0 failed; 0 ignored; 0 measured; 0 filtered out; finished in 0.01s
[INFO] [stdout] 
[INFO] [stderr]      Running unittests src/main.rs (/opt/rustwide/target/debug/deps/day_1_trebuchet-ba270f8c6115762c)
[INFO] [stdout] 
[INFO] [stdout] running 3 tests
[INFO] [stdout] test lexer::alpha_ending_in_num ... ok
[INFO] [stdout] test lexer::number_tokens ... ok
[INFO] [stdout] test lexer::test ... ok
[INFO] [stdout] 
[INFO] [stdout] test result: ok. 3 passed; 0 failed; 0 ignored; 0 measured; 0 filtered out; finished in 0.00s
[INFO] [stdout] 
[INFO] [stderr]      Running unittests src/main.rs (/opt/rustwide/target/debug/deps/day_2_cubes-2a4c413ed4050e8d)
[INFO] [stdout] 
[INFO] [stdout] running 1 test
[INFO] [stdout] test lexer::test ... FAILED
[INFO] [stdout] 
[INFO] [stdout] failures:
[INFO] [stdout] 
[INFO] [stdout] ---- lexer::test stdout ----
[INFO] [stdout] 
[INFO] [stdout] thread 'lexer::test' panicked at day_2_cubes/src/lexer.rs:131:56:
[INFO] [stdout] called `Result::unwrap()` on an `Err` value: Os { code: 2, kind: NotFound, message: "No such file or directory" }
[INFO] [stdout] stack backtrace:
[INFO] [stdout]    0:     0x5beba7bae21a - std::backtrace_rs::backtrace::libunwind::trace::hb059275cfc8d6126
[INFO] [stdout]                                at /rustc/6067b36314ab5eb2eb47cecc464545ba58e1ad24/library/std/src/../../backtrace/src/backtrace/libunwind.rs:116:5
[INFO] [stdout]    1:     0x5beba7bae21a - std::backtrace_rs::backtrace::trace_unsynchronized::h2da071e4327ce3ee
[INFO] [stdout]                                at /rustc/6067b36314ab5eb2eb47cecc464545ba58e1ad24/library/std/src/../../backtrace/src/backtrace/mod.rs:66:5
[INFO] [stdout]    2:     0x5beba7bae21a - std::sys::backtrace::_print_fmt::h842a1474e6f8d23f
[INFO] [stdout]                                at /rustc/6067b36314ab5eb2eb47cecc464545ba58e1ad24/library/std/src/sys/backtrace.rs:66:9
[INFO] [stdout]    3:     0x5beba7bae21a - <std::sys::backtrace::BacktraceLock::print::DisplayBacktrace as core::fmt::Display>::fmt::h71a62eb3b9696b12
[INFO] [stdout]                                at /rustc/6067b36314ab5eb2eb47cecc464545ba58e1ad24/library/std/src/sys/backtrace.rs:39:26
[INFO] [stdout]    4:     0x5beba7bd59d3 - core::fmt::rt::Argument::fmt::hdb6b616786b41dc1
[INFO] [stdout]                                at /rustc/6067b36314ab5eb2eb47cecc464545ba58e1ad24/library/core/src/fmt/rt.rs:177:76
[INFO] [stdout]    5:     0x5beba7bd59d3 - core::fmt::write::h2cc1698af7e2d686
[INFO] [stdout]                                at /rustc/6067b36314ab5eb2eb47cecc464545ba58e1ad24/library/core/src/fmt/mod.rs:1440:21
[INFO] [stdout]    6:     0x5beba7baad73 - std::io::Write::write_fmt::hab1b4cd059a79022
[INFO] [stdout]                                at /rustc/6067b36314ab5eb2eb47cecc464545ba58e1ad24/library/std/src/io/mod.rs:1887:15
[INFO] [stdout]    7:     0x5beba7bae062 - std::sys::backtrace::BacktraceLock::print::h147fe35b4ea13b08
[INFO] [stdout]                                at /rustc/6067b36314ab5eb2eb47cecc464545ba58e1ad24/library/std/src/sys/backtrace.rs:42:9
[INFO] [stdout]    8:     0x5beba7baf63f - std::panicking::default_hook::{{closure}}::hbd44223dbdc0d208
[INFO] [stdout]                                at /rustc/6067b36314ab5eb2eb47cecc464545ba58e1ad24/library/std/src/panicking.rs:298:22
[INFO] [stdout]    9:     0x5beba7baf458 - std::panicking::default_hook::h20f81eb0576efcec
[INFO] [stdout]                                at /rustc/6067b36314ab5eb2eb47cecc464545ba58e1ad24/library/std/src/panicking.rs:322:9
[INFO] [stdout]   10:     0x5beba7b77b23 - <alloc::boxed::Box<F,A> as core::ops::function::Fn<Args>>::call::hdb53814c496a4d34
[INFO] [stdout]                                at /rustc/6067b36314ab5eb2eb47cecc464545ba58e1ad24/library/alloc/src/boxed.rs:2027:9
[INFO] [stdout]   11:     0x5beba7b77b23 - test::test_main::{{closure}}::hc0a4963c59427c24
[INFO] [stdout]                                at /rustc/6067b36314ab5eb2eb47cecc464545ba58e1ad24/library/test/src/lib.rs:134:21
[INFO] [stdout]   12:     0x5beba7bb0133 - <alloc::boxed::Box<F,A> as core::ops::function::Fn<Args>>::call::h591b2225413a77e9
[INFO] [stdout]                                at /rustc/6067b36314ab5eb2eb47cecc464545ba58e1ad24/library/alloc/src/boxed.rs:2027:9
[INFO] [stdout]   13:     0x5beba7bb0133 - std::panicking::rust_panic_with_hook::h625eea43051b2edc
[INFO] [stdout]                                at /rustc/6067b36314ab5eb2eb47cecc464545ba58e1ad24/library/std/src/panicking.rs:839:13
[INFO] [stdout]   14:     0x5beba7bafdea - std::panicking::begin_panic_handler::{{closure}}::h4f9159cfbc3f6bd3
[INFO] [stdout]                                at /rustc/6067b36314ab5eb2eb47cecc464545ba58e1ad24/library/std/src/panicking.rs:704:13
[INFO] [stdout]   15:     0x5beba7bae719 - std::sys::backtrace::__rust_end_short_backtrace::h0390abce48353151
[INFO] [stdout]                                at /rustc/6067b36314ab5eb2eb47cecc464545ba58e1ad24/library/std/src/sys/backtrace.rs:168:18
[INFO] [stdout]   16:     0x5beba7bafa7d - rust_begin_unwind
[INFO] [stdout]                                at /rustc/6067b36314ab5eb2eb47cecc464545ba58e1ad24/library/std/src/panicking.rs:695:5
[INFO] [stdout]   17:     0x5beba7bd4480 - core::panicking::panic_fmt::h9e7c637e9e5f29c9
[INFO] [stdout]                                at /rustc/6067b36314ab5eb2eb47cecc464545ba58e1ad24/library/core/src/panicking.rs:75:14
[INFO] [stdout]   18:     0x5beba7bd4826 - core::result::unwrap_failed::h7979f09313fe1849
[INFO] [stdout]                                at /rustc/6067b36314ab5eb2eb47cecc464545ba58e1ad24/library/core/src/result.rs:1704:5
[INFO] [stdout]   19:     0x5beba7b3937a - core::result::Result<T,E>::unwrap::h9face2282905f511
[INFO] [stdout]                                at /rustc/6067b36314ab5eb2eb47cecc464545ba58e1ad24/library/core/src/result.rs:1109:23
[INFO] [stdout]   20:     0x5beba7b3937a - day_2_cubes::lexer::test::he44c24148971508c
[INFO] [stdout]                                at /opt/rustwide/workdir/day_2_cubes/src/lexer.rs:131:17
[INFO] [stdout]   21:     0x5beba7b392d7 - day_2_cubes::lexer::test::{{closure}}::hbca0db70a2400082
[INFO] [stdout]                                at /opt/rustwide/workdir/day_2_cubes/src/lexer.rs:128:10
[INFO] [stdout]   22:     0x5beba7b3ada6 - core::ops::function::FnOnce::call_once::h49c602376a95fd69
[INFO] [stdout]                                at /rustc/6067b36314ab5eb2eb47cecc464545ba58e1ad24/library/core/src/ops/function.rs:250:5
[INFO] [stdout]   23:     0x5beba7b7d27b - core::ops::function::FnOnce::call_once::he27718dfdd183f43
[INFO] [stdout]                                at /rustc/6067b36314ab5eb2eb47cecc464545ba58e1ad24/library/core/src/ops/function.rs:250:5
[INFO] [stdout]   24:     0x5beba7b7d27b - test::__rust_begin_short_backtrace::h4e84902998457a5d
[INFO] [stdout]                                at /rustc/6067b36314ab5eb2eb47cecc464545ba58e1ad24/library/test/src/lib.rs:632:18
[INFO] [stdout]   25:     0x5beba7b7c1b3 - test::run_test_in_process::{{closure}}::h7176fd18fc1feca0
[INFO] [stdout]                                at /rustc/6067b36314ab5eb2eb47cecc464545ba58e1ad24/library/test/src/lib.rs:655:60
[INFO] [stdout]   26:     0x5beba7b7c1b3 - <core::panic::unwind_safe::AssertUnwindSafe<F> as core::ops::function::FnOnce<()>>::call_once::hf79cff2a624d8cf7
[INFO] [stdout]                                at /rustc/6067b36314ab5eb2eb47cecc464545ba58e1ad24/library/core/src/panic/unwind_safe.rs:272:9
[INFO] [stdout]   27:     0x5beba7b7c1b3 - std::panicking::try::do_call::h3da0561d9ab99c25
[INFO] [stdout]                                at /rustc/6067b36314ab5eb2eb47cecc464545ba58e1ad24/library/std/src/panicking.rs:587:40
[INFO] [stdout]   28:     0x5beba7b7c1b3 - std::panicking::try::h41c9fa508bc61df6
[INFO] [stderr] error: test failed, to rerun pass `-p day_2_cubes --bin day_2_cubes`
[INFO] [stdout]                                at /rustc/6067b36314ab5eb2eb47cecc464545ba58e1ad24/library/std/src/panicking.rs:550:19
[INFO] [stdout]   29:     0x5beba7b7c1b3 - std::panic::catch_unwind::h6b3ff07bb5afad93
[INFO] [stdout]                                at /rustc/6067b36314ab5eb2eb47cecc464545ba58e1ad24/library/std/src/panic.rs:358:14
[INFO] [stdout]   30:     0x5beba7b7c1b3 - test::run_test_in_process::hc7253dd11b39b9f4
[INFO] [stdout]                                at /rustc/6067b36314ab5eb2eb47cecc464545ba58e1ad24/library/test/src/lib.rs:655:27
[INFO] [stdout]   31:     0x5beba7b7c1b3 - test::run_test::{{closure}}::hfb2007f8649c30bb
[INFO] [stdout]                                at /rustc/6067b36314ab5eb2eb47cecc464545ba58e1ad24/library/test/src/lib.rs:576:43
[INFO] [stdout]   32:     0x5beba7b3f295 - test::run_test::{{closure}}::h56a17aa7a282a9f4
[INFO] [stdout]                                at /rustc/6067b36314ab5eb2eb47cecc464545ba58e1ad24/library/test/src/lib.rs:606:41
[INFO] [stdout]   33:     0x5beba7b3f295 - std::sys::backtrace::__rust_begin_short_backtrace::hd2d2d2fb8e8c6aac
[INFO] [stdout]                                at /rustc/6067b36314ab5eb2eb47cecc464545ba58e1ad24/library/std/src/sys/backtrace.rs:152:18
[INFO] [stdout]   34:     0x5beba7b42b7a - std::thread::Builder::spawn_unchecked_::{{closure}}::{{closure}}::h4faa3f9db6133423
[INFO] [stdout]                                at /rustc/6067b36314ab5eb2eb47cecc464545ba58e1ad24/library/std/src/thread/mod.rs:559:17
[INFO] [stdout]   35:     0x5beba7b42b7a - <core::panic::unwind_safe::AssertUnwindSafe<F> as core::ops::function::FnOnce<()>>::call_once::hf2e855a36a4ea846
[INFO] [stdout]                                at /rustc/6067b36314ab5eb2eb47cecc464545ba58e1ad24/library/core/src/panic/unwind_safe.rs:272:9
[INFO] [stdout]   36:     0x5beba7b42b7a - std::panicking::try::do_call::h2f73af3616c35465
[INFO] [stdout]                                at /rustc/6067b36314ab5eb2eb47cecc464545ba58e1ad24/library/std/src/panicking.rs:587:40
[INFO] [stdout]   37:     0x5beba7b42b7a - std::panicking::try::hd1660ce9efadef5a
[INFO] [stdout]                                at /rustc/6067b36314ab5eb2eb47cecc464545ba58e1ad24/library/std/src/panicking.rs:550:19
[INFO] [stdout]   38:     0x5beba7b42b7a - std::panic::catch_unwind::h5ee8d7823b8ca744
[INFO] [stdout]                                at /rustc/6067b36314ab5eb2eb47cecc464545ba58e1ad24/library/std/src/panic.rs:358:14
[INFO] [stdout]   39:     0x5beba7b42b7a - std::thread::Builder::spawn_unchecked_::{{closure}}::h53c3a1894dce8407
[INFO] [stdout]                                at /rustc/6067b36314ab5eb2eb47cecc464545ba58e1ad24/library/std/src/thread/mod.rs:557:30
[INFO] [stdout]   40:     0x5beba7b42b7a - core::ops::function::FnOnce::call_once{{vtable.shim}}::h048ce291ad4f62bf
[INFO] [stdout]                                at /rustc/6067b36314ab5eb2eb47cecc464545ba58e1ad24/library/core/src/ops/function.rs:250:5
[INFO] [stdout]   41:     0x5beba7bb406b - <alloc::boxed::Box<F,A> as core::ops::function::FnOnce<Args>>::call_once::ha52bedf99a3b4981
[INFO] [stdout]                                at /rustc/6067b36314ab5eb2eb47cecc464545ba58e1ad24/library/alloc/src/boxed.rs:2013:9
[INFO] [stdout]   42:     0x5beba7bb406b - <alloc::boxed::Box<F,A> as core::ops::function::FnOnce<Args>>::call_once::h567748934d80ccf8
[INFO] [stdout]                                at /rustc/6067b36314ab5eb2eb47cecc464545ba58e1ad24/library/alloc/src/boxed.rs:2013:9
[INFO] [stdout]   43:     0x5beba7bb406b - std::sys::pal::unix::thread::Thread::new::thread_start::h2d970728ae887adc
[INFO] [stdout]                                at /rustc/6067b36314ab5eb2eb47cecc464545ba58e1ad24/library/std/src/sys/pal/unix/thread.rs:106:17
[INFO] [stdout]   44:     0x762c07c45ac3 - <unknown>
[INFO] [stdout]   45:     0x762c07cd6a04 - clone
[INFO] [stdout]   46:                0x0 - <unknown>
[INFO] [stdout] 
[INFO] [stdout] 
[INFO] [stdout] failures:
[INFO] [stdout]     lexer::test
[INFO] [stdout] 
[INFO] [stdout] test result: FAILED. 0 passed; 1 failed; 0 ignored; 0 measured; 0 filtered out; finished in 0.02s
[INFO] [stdout] 
[INFO] running `Command { std: "docker" "inspect" "b818b11ea1e6574f79c46058448f1a80437467776f9e9b9089d3b0cd96e2082e", kill_on_drop: false }`
[INFO] running `Command { std: "docker" "rm" "-f" "b818b11ea1e6574f79c46058448f1a80437467776f9e9b9089d3b0cd96e2082e", kill_on_drop: false }`
[INFO] [stdout] b818b11ea1e6574f79c46058448f1a80437467776f9e9b9089d3b0cd96e2082e
