[INFO] cloning repository https://github.com/daBatmanCoder/circomTest
[INFO] running `Command { std: "git" "-c" "credential.helper=" "-c" "credential.helper=/workspace/cargo-home/bin/git-credential-null" "clone" "--bare" "https://github.com/daBatmanCoder/circomTest" "/workspace/cache/git-repos/https%3A%2F%2Fgithub.com%2FdaBatmanCoder%2FcircomTest", kill_on_drop: false }`
[INFO] [stderr] Cloning into bare repository '/workspace/cache/git-repos/https%3A%2F%2Fgithub.com%2FdaBatmanCoder%2FcircomTest'...
[INFO] running `Command { std: "git" "rev-parse" "HEAD", kill_on_drop: false }`
[INFO] [stdout] 05e63a6e283c562dc006899af4cb9eabf4bb29e8
[INFO] testing daBatmanCoder/circomTest against nightly-2025-01-18+rustflags=-Zrandomize-layout for randomize-layout-2
[INFO] running `Command { std: "git" "clone" "/workspace/cache/git-repos/https%3A%2F%2Fgithub.com%2FdaBatmanCoder%2FcircomTest" "/workspace/builds/worker-4-tc2/source", kill_on_drop: false }`
[INFO] [stderr] Cloning into '/workspace/builds/worker-4-tc2/source'...
[INFO] [stderr] done.
[INFO] validating manifest of git repo https://github.com/daBatmanCoder/circomTest on toolchain nightly-2025-01-18
[INFO] running `Command { std: CARGO_HOME="/workspace/cargo-home" RUSTUP_HOME="/workspace/rustup-home" "/workspace/cargo-home/bin/cargo" "+nightly-2025-01-18" "metadata" "--manifest-path" "Cargo.toml" "--no-deps", kill_on_drop: false }`
[INFO] started tweaking git repo https://github.com/daBatmanCoder/circomTest
[INFO] finished tweaking git repo https://github.com/daBatmanCoder/circomTest
[INFO] tweaked toml for git repo https://github.com/daBatmanCoder/circomTest written to /workspace/builds/worker-4-tc2/source/Cargo.toml
[INFO] crate git repo https://github.com/daBatmanCoder/circomTest already has a lockfile, it will not be regenerated
[INFO] running `Command { std: CARGO_HOME="/workspace/cargo-home" RUSTUP_HOME="/workspace/rustup-home" "/workspace/cargo-home/bin/cargo" "+nightly-2025-01-18" "fetch" "--manifest-path" "Cargo.toml", kill_on_drop: false }`
[INFO] running `Command { std: "docker" "create" "-v" "/var/lib/crater-agent-workspace/builds/worker-4-tc2/target:/opt/rustwide/target:rw,Z" "-v" "/var/lib/crater-agent-workspace/builds/worker-4-tc2/source:/opt/rustwide/workdir:ro,Z" "-v" "/var/lib/crater-agent-workspace/cargo-home:/opt/rustwide/cargo-home:ro,Z" "-v" "/var/lib/crater-agent-workspace/rustup-home:/opt/rustwide/rustup-home:ro,Z" "-e" "SOURCE_DIR=/opt/rustwide/workdir" "-e" "CARGO_TARGET_DIR=/opt/rustwide/target" "-e" "CARGO_HOME=/opt/rustwide/cargo-home" "-e" "RUSTUP_HOME=/opt/rustwide/rustup-home" "-w" "/opt/rustwide/workdir" "-m" "1610612736" "--user" "0:0" "--network" "none" "ghcr.io/rust-lang/crates-build-env/linux@sha256:819108c5571ea2e421544af4d832f968d213c87fbe3707a016657f43d2f853bc" "/opt/rustwide/cargo-home/bin/cargo" "+nightly-2025-01-18" "metadata" "--no-deps" "--format-version=1", kill_on_drop: false }`
[INFO] [stdout] 1154b4444037ce70f8b0298dc95897e8bbb6475ee6d7c91ce34a91561289d94a
[INFO] running `Command { std: "docker" "start" "-a" "1154b4444037ce70f8b0298dc95897e8bbb6475ee6d7c91ce34a91561289d94a", kill_on_drop: false }`
[INFO] running `Command { std: "docker" "inspect" "1154b4444037ce70f8b0298dc95897e8bbb6475ee6d7c91ce34a91561289d94a", kill_on_drop: false }`
[INFO] running `Command { std: "docker" "rm" "-f" "1154b4444037ce70f8b0298dc95897e8bbb6475ee6d7c91ce34a91561289d94a", kill_on_drop: false }`
[INFO] [stdout] 1154b4444037ce70f8b0298dc95897e8bbb6475ee6d7c91ce34a91561289d94a
[INFO] running `Command { std: "docker" "create" "-v" "/var/lib/crater-agent-workspace/builds/worker-4-tc2/target:/opt/rustwide/target:rw,Z" "-v" "/var/lib/crater-agent-workspace/builds/worker-4-tc2/source:/opt/rustwide/workdir:ro,Z" "-v" "/var/lib/crater-agent-workspace/cargo-home:/opt/rustwide/cargo-home:ro,Z" "-v" "/var/lib/crater-agent-workspace/rustup-home:/opt/rustwide/rustup-home:ro,Z" "-e" "SOURCE_DIR=/opt/rustwide/workdir" "-e" "CARGO_TARGET_DIR=/opt/rustwide/target" "-e" "CARGO_INCREMENTAL=0" "-e" "RUST_BACKTRACE=full" "-e" "RUSTFLAGS=--cap-lints=forbid -Zrandomize-layout" "-e" "RUSTDOCFLAGS=--cap-lints=forbid" "-e" "CARGO_HOME=/opt/rustwide/cargo-home" "-e" "RUSTUP_HOME=/opt/rustwide/rustup-home" "-w" "/opt/rustwide/workdir" "-m" "1610612736" "--user" "0:0" "--network" "none" "ghcr.io/rust-lang/crates-build-env/linux@sha256:819108c5571ea2e421544af4d832f968d213c87fbe3707a016657f43d2f853bc" "/opt/rustwide/cargo-home/bin/cargo" "+nightly-2025-01-18" "build" "--frozen" "--message-format=json", kill_on_drop: false }`
[INFO] [stdout] 0f2f8c44f630fb86589f6a13160423cd7ac6239b4af304d38bf421bb91bb1bf1
[INFO] running `Command { std: "docker" "start" "-a" "0f2f8c44f630fb86589f6a13160423cd7ac6239b4af304d38bf421bb91bb1bf1", kill_on_drop: false }`
[INFO] [stderr]    Compiling libc v0.2.144
[INFO] [stderr]    Compiling proc-macro2 v1.0.42
[INFO] [stderr]    Compiling quote v1.0.20
[INFO] [stderr]    Compiling unicode-ident v1.0.2
[INFO] [stderr]    Compiling syn v1.0.98
[INFO] [stderr]    Compiling getrandom v0.1.16
[INFO] [stderr]    Compiling serde v1.0.141
[INFO] [stderr]    Compiling smallvec v1.9.0
[INFO] [stderr]    Compiling num-traits v0.2.15
[INFO] [stderr]    Compiling num-integer v0.1.45
[INFO] [stderr]    Compiling autocfg v0.1.8
[INFO] [stderr]    Compiling num-iter v0.1.43
[INFO] [stderr]    Compiling libm v0.2.3
[INFO] [stderr]    Compiling ppv-lite86 v0.2.16
[INFO] [stderr]    Compiling num-bigint-dig v0.6.1
[INFO] [stderr]    Compiling spin v0.5.2
[INFO] [stderr]    Compiling lazy_static v1.4.0
[INFO] [stderr]    Compiling byteorder v1.4.3
[INFO] [stderr]    Compiling aho-corasick v0.7.18
[INFO] [stderr]    Compiling once_cell v1.13.0
[INFO] [stderr]    Compiling unicode-width v0.1.9
[INFO] [stderr]    Compiling regex-syntax v0.6.27
[INFO] [stderr]    Compiling rustc-hex v2.1.0
[INFO] [stderr]    Compiling termcolor v1.1.3
[INFO] [stderr]    Compiling serde_derive v1.0.141
[INFO] [stderr]    Compiling codespan-reporting v0.9.5
[INFO] [stderr]    Compiling io-lifetimes v1.0.10
[INFO] [stderr]    Compiling parking_lot_core v0.9.7
[INFO] [stderr]    Compiling ucd-trie v0.1.4
[INFO] [stderr]    Compiling rand_core v0.5.1
[INFO] [stderr]    Compiling codespan v0.9.5
[INFO] [stderr]    Compiling dirs-sys-next v0.1.2
[INFO] [stderr]    Compiling rand_chacha v0.2.2
[INFO] [stderr]    Compiling lock_api v0.4.9
[INFO] [stderr]    Compiling indexmap v1.9.3
[INFO] [stderr]    Compiling rand v0.7.3
[INFO] [stderr]    Compiling crunchy v0.2.2
[INFO] [stderr]    Compiling scopeguard v1.1.0
[INFO] [stderr]    Compiling rustix v0.37.19
[INFO] [stderr]    Compiling dirs-next v2.0.0
[INFO] [stderr]    Compiling regex v1.6.0
[INFO] [stderr]    Compiling siphasher v0.3.10
[INFO] [stderr]    Compiling hashbrown v0.12.3
[INFO] [stderr]    Compiling constant_tracking v2.0.0 (/opt/rustwide/workdir/constant_tracking)
[INFO] [stderr]    Compiling serde_json v1.0.82
[INFO] [stderr]    Compiling tiny-keccak v2.0.2
[INFO] [stderr]    Compiling linux-raw-sys v0.3.7
[INFO] [stderr]    Compiling parking_lot v0.12.1
[INFO] [stderr]    Compiling phf_shared v0.10.0
[INFO] [stderr]    Compiling term v0.7.0
[INFO] [stderr]    Compiling itoa v1.0.2
[INFO] [stderr]    Compiling new_debug_unreachable v1.0.4
[INFO] [stderr]    Compiling ryu v1.0.10
[INFO] [stderr]    Compiling bit-vec v0.6.3
[INFO] [stderr]    Compiling either v1.7.0
[INFO] [stderr]    Compiling precomputed-hash v0.1.1
[INFO] [stderr]    Compiling fixedbitset v0.4.2
[INFO] [stderr]    Compiling string_cache v0.8.7
[INFO] [stderr]    Compiling itertools v0.10.5
[INFO] [stderr]    Compiling bit-set v0.5.3
[INFO] [stderr]    Compiling petgraph v0.6.3
[INFO] [stderr]    Compiling ascii-canvas v3.0.0
[INFO] [stderr]    Compiling lalrpop-util v0.19.12
[INFO] [stderr]    Compiling circom_algebra v2.1.4 (/opt/rustwide/workdir/circom_algebra)
[INFO] [stderr]    Compiling thiserror-impl v1.0.31
[INFO] [stderr]    Compiling is-terminal v0.4.7
[INFO] [stderr]    Compiling num_cpus v1.13.1
[INFO] [stderr]    Compiling ena v0.14.2
[INFO] [stderr]    Compiling unicode-xid v0.2.3
[INFO] [stderr]    Compiling json v0.12.4
[INFO] [stderr]    Compiling diff v0.1.13
[INFO] [stderr]    Compiling threadpool v1.8.1
[INFO] [stderr]    Compiling lz_fnv v0.1.2
[INFO] [stderr]    Compiling thiserror v1.0.31
[INFO] [stderr]    Compiling ansi_term v0.12.1
[INFO] [stderr]    Compiling pest v2.2.1
[INFO] [stderr]    Compiling lalrpop v0.19.12
[INFO] [stderr]    Compiling atty v0.2.14
[INFO] [stderr]    Compiling textwrap v0.11.0
[INFO] [stderr]    Compiling leb128 v0.2.5
[INFO] [stderr]    Compiling vec_map v0.8.2
[INFO] [stderr]    Compiling constraint_writers v2.1.8 (/opt/rustwide/workdir/constraint_writers)
[INFO] [stderr]    Compiling clap v2.34.0
[INFO] [stderr]    Compiling wast v39.0.0
[INFO] [stderr]    Compiling exitcode v1.1.2
[INFO] [stderr]    Compiling pest_meta v2.2.1
[INFO] [stderr]    Compiling pest_generator v2.2.1
[INFO] [stderr]    Compiling program_structure v2.1.8 (/opt/rustwide/workdir/program_structure)
[INFO] [stderr]    Compiling constraint_list v2.1.8 (/opt/rustwide/workdir/constraint_list)
[INFO] [stderr]    Compiling type_analysis v2.1.8 (/opt/rustwide/workdir/type_analysis)
[INFO] [stderr]    Compiling pest_derive v2.2.1
[INFO] [stderr]    Compiling dag v2.1.8 (/opt/rustwide/workdir/dag)
[INFO] [stderr]    Compiling handlebars v4.3.3
[INFO] [stderr]    Compiling code_producers v2.1.8 (/opt/rustwide/workdir/code_producers)
[INFO] [stderr]    Compiling compiler v2.1.8 (/opt/rustwide/workdir/compiler)
[INFO] [stdout] warning: unused imports: `InstructionPointer` and `Instruction`
[INFO] [stdout]   --> compiler/src/intermediate_representation/mod.rs:18:24
[INFO] [stdout]    |
[INFO] [stdout] 18 | pub use ir_interface::{Instruction, InstructionList, InstructionPointer};
[INFO] [stdout]    |                        ^^^^^^^^^^^                   ^^^^^^^^^^^^^^^^^^
[INFO] [stdout]    |
[INFO] [stdout]    = note: `#[warn(unused_imports)]` on by default
[INFO] [stdout] 
[INFO] [stdout] 
[INFO] [stdout] warning: method `has_compute_in` is never used
[INFO] [stdout]   --> compiler/src/intermediate_representation/ir_interface.rs:34:8
[INFO] [stdout]    |
[INFO] [stdout] 33 | pub trait CheckCompute {
[INFO] [stdout]    |           ------------ method in this trait
[INFO] [stdout] 34 |     fn has_compute_in(&self) -> bool;
[INFO] [stdout]    |        ^^^^^^^^^^^^^^
[INFO] [stdout]    |
[INFO] [stdout]    = note: `#[warn(dead_code)]` on by default
[INFO] [stdout] 
[INFO] [stdout] 
[INFO] [stdout] warning: field `name` is never read
[INFO] [stdout]   --> compiler/src/hir/analysis_utilities.rs:10:9
[INFO] [stdout]    |
[INFO] [stdout] 9  | pub struct GenericFunction {
[INFO] [stdout]    |            --------------- field in this struct
[INFO] [stdout] 10 |     pub name: String,
[INFO] [stdout]    |         ^^^^
[INFO] [stdout] 
[INFO] [stdout] 
[INFO] [stderr]    Compiling constraint_generation v2.1.8 (/opt/rustwide/workdir/constraint_generation)
[INFO] [stderr]    Compiling parser v2.1.8 (/opt/rustwide/workdir/parser)
[INFO] [stderr]    Compiling circom v2.1.8 (/opt/rustwide/workdir/circom)
[INFO] [stderr]     Finished `dev` profile [unoptimized + debuginfo] target(s) in 1m 46s
[INFO] running `Command { std: "docker" "inspect" "0f2f8c44f630fb86589f6a13160423cd7ac6239b4af304d38bf421bb91bb1bf1", kill_on_drop: false }`
[INFO] running `Command { std: "docker" "rm" "-f" "0f2f8c44f630fb86589f6a13160423cd7ac6239b4af304d38bf421bb91bb1bf1", kill_on_drop: false }`
[INFO] [stdout] 0f2f8c44f630fb86589f6a13160423cd7ac6239b4af304d38bf421bb91bb1bf1
[INFO] running `Command { std: "docker" "create" "-v" "/var/lib/crater-agent-workspace/builds/worker-4-tc2/target:/opt/rustwide/target:rw,Z" "-v" "/var/lib/crater-agent-workspace/builds/worker-4-tc2/source:/opt/rustwide/workdir:ro,Z" "-v" "/var/lib/crater-agent-workspace/cargo-home:/opt/rustwide/cargo-home:ro,Z" "-v" "/var/lib/crater-agent-workspace/rustup-home:/opt/rustwide/rustup-home:ro,Z" "-e" "SOURCE_DIR=/opt/rustwide/workdir" "-e" "CARGO_TARGET_DIR=/opt/rustwide/target" "-e" "CARGO_INCREMENTAL=0" "-e" "RUST_BACKTRACE=full" "-e" "RUSTFLAGS=--cap-lints=forbid -Zrandomize-layout" "-e" "RUSTDOCFLAGS=--cap-lints=forbid" "-e" "CARGO_HOME=/opt/rustwide/cargo-home" "-e" "RUSTUP_HOME=/opt/rustwide/rustup-home" "-w" "/opt/rustwide/workdir" "-m" "1610612736" "--user" "0:0" "--network" "none" "ghcr.io/rust-lang/crates-build-env/linux@sha256:819108c5571ea2e421544af4d832f968d213c87fbe3707a016657f43d2f853bc" "/opt/rustwide/cargo-home/bin/cargo" "+nightly-2025-01-18" "test" "--frozen" "--no-run" "--message-format=json", kill_on_drop: false }`
[INFO] [stdout] 58bb7428c420d0786eeea6df99a579d50427217109a15db00efe758d184ea250
[INFO] running `Command { std: "docker" "start" "-a" "58bb7428c420d0786eeea6df99a579d50427217109a15db00efe758d184ea250", kill_on_drop: false }`
[INFO] [stderr]    Compiling constraint_generation v2.1.8 (/opt/rustwide/workdir/constraint_generation)
[INFO] [stderr]    Compiling dag v2.1.8 (/opt/rustwide/workdir/dag)
[INFO] [stderr]    Compiling compiler v2.1.8 (/opt/rustwide/workdir/compiler)
[INFO] [stdout] warning: unused imports: `InstructionPointer` and `Instruction`
[INFO] [stdout]   --> compiler/src/intermediate_representation/mod.rs:18:24
[INFO] [stdout]    |
[INFO] [stdout] 18 | pub use ir_interface::{Instruction, InstructionList, InstructionPointer};
[INFO] [stdout]    |                        ^^^^^^^^^^^                   ^^^^^^^^^^^^^^^^^^
[INFO] [stdout]    |
[INFO] [stdout]    = note: `#[warn(unused_imports)]` on by default
[INFO] [stdout] 
[INFO] [stdout] 
[INFO] [stdout] warning: method `has_compute_in` is never used
[INFO] [stdout]   --> compiler/src/intermediate_representation/ir_interface.rs:34:8
[INFO] [stdout]    |
[INFO] [stdout] 33 | pub trait CheckCompute {
[INFO] [stdout]    |           ------------ method in this trait
[INFO] [stdout] 34 |     fn has_compute_in(&self) -> bool;
[INFO] [stdout]    |        ^^^^^^^^^^^^^^
[INFO] [stdout]    |
[INFO] [stdout]    = note: `#[warn(dead_code)]` on by default
[INFO] [stdout] 
[INFO] [stdout] 
[INFO] [stdout] warning: field `name` is never read
[INFO] [stdout]   --> compiler/src/hir/analysis_utilities.rs:10:9
[INFO] [stdout]    |
[INFO] [stdout] 9  | pub struct GenericFunction {
[INFO] [stdout]    |            --------------- field in this struct
[INFO] [stdout] 10 |     pub name: String,
[INFO] [stdout]    |         ^^^^
[INFO] [stdout] 
[INFO] [stdout] 
[INFO] [stderr]    Compiling code_producers v2.1.8 (/opt/rustwide/workdir/code_producers)
[INFO] [stderr]    Compiling constraint_list v2.1.8 (/opt/rustwide/workdir/constraint_list)
[INFO] [stderr]    Compiling parser v2.1.8 (/opt/rustwide/workdir/parser)
[INFO] [stderr]    Compiling constraint_writers v2.1.8 (/opt/rustwide/workdir/constraint_writers)
[INFO] [stderr]    Compiling circom v2.1.8 (/opt/rustwide/workdir/circom)
[INFO] [stdout] warning: unused imports: `InstructionPointer` and `Instruction`
[INFO] [stdout]   --> compiler/src/intermediate_representation/mod.rs:18:24
[INFO] [stdout]    |
[INFO] [stdout] 18 | pub use ir_interface::{Instruction, InstructionList, InstructionPointer};
[INFO] [stdout]    |                        ^^^^^^^^^^^                   ^^^^^^^^^^^^^^^^^^
[INFO] [stdout]    |
[INFO] [stdout]    = note: `#[warn(unused_imports)]` on by default
[INFO] [stdout] 
[INFO] [stdout] 
[INFO] [stderr]    Compiling circom_algebra v2.1.4 (/opt/rustwide/workdir/circom_algebra)
[INFO] [stderr]    Compiling type_analysis v2.1.8 (/opt/rustwide/workdir/type_analysis)
[INFO] [stderr]    Compiling program_structure v2.1.8 (/opt/rustwide/workdir/program_structure)
[INFO] [stderr]    Compiling constant_tracking v2.0.0 (/opt/rustwide/workdir/constant_tracking)
[INFO] [stdout] warning: method `has_compute_in` is never used
[INFO] [stdout]   --> compiler/src/intermediate_representation/ir_interface.rs:34:8
[INFO] [stdout]    |
[INFO] [stdout] 33 | pub trait CheckCompute {
[INFO] [stdout]    |           ------------ method in this trait
[INFO] [stdout] 34 |     fn has_compute_in(&self) -> bool;
[INFO] [stdout]    |        ^^^^^^^^^^^^^^
[INFO] [stdout]    |
[INFO] [stdout]    = note: `#[warn(dead_code)]` on by default
[INFO] [stdout] 
[INFO] [stdout] 
[INFO] [stdout] warning: field `name` is never read
[INFO] [stdout]   --> compiler/src/hir/analysis_utilities.rs:10:9
[INFO] [stdout]    |
[INFO] [stdout] 9  | pub struct GenericFunction {
[INFO] [stdout]    |            --------------- field in this struct
[INFO] [stdout] 10 |     pub name: String,
[INFO] [stdout]    |         ^^^^
[INFO] [stdout] 
[INFO] [stdout] 
[INFO] [stderr]     Finished `test` profile [unoptimized + debuginfo] target(s) in 9.66s
[INFO] running `Command { std: "docker" "inspect" "58bb7428c420d0786eeea6df99a579d50427217109a15db00efe758d184ea250", kill_on_drop: false }`
[INFO] running `Command { std: "docker" "rm" "-f" "58bb7428c420d0786eeea6df99a579d50427217109a15db00efe758d184ea250", kill_on_drop: false }`
[INFO] [stdout] 58bb7428c420d0786eeea6df99a579d50427217109a15db00efe758d184ea250
[INFO] running `Command { std: "docker" "create" "-v" "/var/lib/crater-agent-workspace/builds/worker-4-tc2/target:/opt/rustwide/target:rw,Z" "-v" "/var/lib/crater-agent-workspace/builds/worker-4-tc2/source:/opt/rustwide/workdir:ro,Z" "-v" "/var/lib/crater-agent-workspace/cargo-home:/opt/rustwide/cargo-home:ro,Z" "-v" "/var/lib/crater-agent-workspace/rustup-home:/opt/rustwide/rustup-home:ro,Z" "-e" "SOURCE_DIR=/opt/rustwide/workdir" "-e" "CARGO_TARGET_DIR=/opt/rustwide/target" "-e" "CARGO_INCREMENTAL=0" "-e" "RUST_BACKTRACE=full" "-e" "RUSTFLAGS=--cap-lints=forbid -Zrandomize-layout" "-e" "RUSTDOCFLAGS=--cap-lints=forbid" "-e" "CARGO_HOME=/opt/rustwide/cargo-home" "-e" "RUSTUP_HOME=/opt/rustwide/rustup-home" "-w" "/opt/rustwide/workdir" "-m" "1610612736" "--user" "0:0" "--network" "none" "ghcr.io/rust-lang/crates-build-env/linux@sha256:819108c5571ea2e421544af4d832f968d213c87fbe3707a016657f43d2f853bc" "/opt/rustwide/cargo-home/bin/cargo" "+nightly-2025-01-18" "test" "--frozen", kill_on_drop: false }`
[INFO] [stdout] a03c6e802011f232cb0f616fe5c6a381343fdcb815d6527aa3be66e152de7c81
[INFO] running `Command { std: "docker" "start" "-a" "a03c6e802011f232cb0f616fe5c6a381343fdcb815d6527aa3be66e152de7c81", kill_on_drop: false }`
[INFO] [stderr] warning: unused imports: `InstructionPointer` and `Instruction`
[INFO] [stderr]   --> compiler/src/intermediate_representation/mod.rs:18:24
[INFO] [stderr]    |
[INFO] [stderr] 18 | pub use ir_interface::{Instruction, InstructionList, InstructionPointer};
[INFO] [stderr]    |                        ^^^^^^^^^^^                   ^^^^^^^^^^^^^^^^^^
[INFO] [stderr]    |
[INFO] [stderr]    = note: `#[warn(unused_imports)]` on by default
[INFO] [stderr] 
[INFO] [stderr] warning: method `has_compute_in` is never used
[INFO] [stderr]   --> compiler/src/intermediate_representation/ir_interface.rs:34:8
[INFO] [stderr]    |
[INFO] [stderr] 33 | pub trait CheckCompute {
[INFO] [stderr]    |           ------------ method in this trait
[INFO] [stderr] 34 |     fn has_compute_in(&self) -> bool;
[INFO] [stderr]    |        ^^^^^^^^^^^^^^
[INFO] [stderr]    |
[INFO] [stderr]    = note: `#[warn(dead_code)]` on by default
[INFO] [stderr] 
[INFO] [stderr] warning: field `name` is never read
[INFO] [stderr]   --> compiler/src/hir/analysis_utilities.rs:10:9
[INFO] [stderr]    |
[INFO] [stderr] 9  | pub struct GenericFunction {
[INFO] [stderr]    |            --------------- field in this struct
[INFO] [stderr] 10 |     pub name: String,
[INFO] [stderr]    |         ^^^^
[INFO] [stderr] 
[INFO] [stderr] warning: `compiler` (lib) generated 3 warnings (run `cargo fix --lib -p compiler` to apply 1 suggestion)
[INFO] [stderr] warning: `compiler` (lib test) generated 3 warnings (3 duplicates)
[INFO] [stderr]     Finished `test` profile [unoptimized + debuginfo] target(s) in 0.18s
[INFO] [stderr]      Running unittests src/main.rs (/opt/rustwide/target/debug/deps/circom-977fff201a63cefb)
[INFO] [stdout] 
[INFO] [stdout] running 0 tests
[INFO] [stdout] 
[INFO] [stdout] test result: ok. 0 passed; 0 failed; 0 ignored; 0 measured; 0 filtered out; finished in 0.00s
[INFO] [stderr]      Running unittests src/lib.rs (/opt/rustwide/target/debug/deps/circom_algebra-22b3ea3f28813b5f)
[INFO] [stdout] 
[INFO] [stdout] 
[INFO] [stdout] running 8 tests
[INFO] [stdout] test algebra::test::algebra_constraint_offset ... ok
[INFO] [stdout] test algebra::test::algebra_constraint_clear_signal ... ok
[INFO] [stdout] test modular_arithmetic::tests::lesser_eq_test ... ok
[INFO] [stdout] test modular_arithmetic::tests::comparison_check ... ok
[INFO] [stdout] test modular_arithmetic::tests::mod_check ... ok
[INFO] [stdout] test modular_arithmetic::tests::mod_operation_check ... ok
[INFO] [stdout] test modular_arithmetic::tests::complement_of_complement_is_the_original_test ... ok
[INFO] [stdout] test algebra::test::algebra_constraint_apply_substitution ... FAILED
[INFO] [stdout] 
[INFO] [stdout] failures:
[INFO] [stdout] 
[INFO] [stdout] ---- algebra::test::algebra_constraint_apply_substitution stdout ----
[INFO] [stdout] 
[INFO] [stdout] thread 'algebra::test::algebra_constraint_apply_substitution' panicked at circom_algebra/src/algebra.rs:1489:9:
[INFO] [stdout] assertion failed: constraint.a.is_empty()
[INFO] [stdout] stack backtrace:
[INFO] [stdout]    0:     0x619d2645a00a - std::backtrace_rs::backtrace::libunwind::trace::hb059275cfc8d6126
[INFO] [stdout]                                at /rustc/6067b36314ab5eb2eb47cecc464545ba58e1ad24/library/std/src/../../backtrace/src/backtrace/libunwind.rs:116:5
[INFO] [stdout]    1:     0x619d2645a00a - std::backtrace_rs::backtrace::trace_unsynchronized::h2da071e4327ce3ee
[INFO] [stdout]                                at /rustc/6067b36314ab5eb2eb47cecc464545ba58e1ad24/library/std/src/../../backtrace/src/backtrace/mod.rs:66:5
[INFO] [stdout]    2:     0x619d2645a00a - std::sys::backtrace::_print_fmt::h842a1474e6f8d23f
[INFO] [stdout]                                at /rustc/6067b36314ab5eb2eb47cecc464545ba58e1ad24/library/std/src/sys/backtrace.rs:66:9
[INFO] [stdout]    3:     0x619d2645a00a - <std::sys::backtrace::BacktraceLock::print::DisplayBacktrace as core::fmt::Display>::fmt::h71a62eb3b9696b12
[INFO] [stdout]                                at /rustc/6067b36314ab5eb2eb47cecc464545ba58e1ad24/library/std/src/sys/backtrace.rs:39:26
[INFO] [stdout]    4:     0x619d264816e3 - core::fmt::rt::Argument::fmt::hdb6b616786b41dc1
[INFO] [stdout]                                at /rustc/6067b36314ab5eb2eb47cecc464545ba58e1ad24/library/core/src/fmt/rt.rs:177:76
[INFO] [stdout]    5:     0x619d264816e3 - core::fmt::write::h2cc1698af7e2d686
[INFO] [stdout]                                at /rustc/6067b36314ab5eb2eb47cecc464545ba58e1ad24/library/core/src/fmt/mod.rs:1440:21
[INFO] [stdout]    6:     0x619d26456b63 - std::io::Write::write_fmt::hab1b4cd059a79022
[INFO] [stdout]                                at /rustc/6067b36314ab5eb2eb47cecc464545ba58e1ad24/library/std/src/io/mod.rs:1887:15
[INFO] [stdout]    7:     0x619d26459e52 - std::sys::backtrace::BacktraceLock::print::h147fe35b4ea13b08
[INFO] [stdout]                                at /rustc/6067b36314ab5eb2eb47cecc464545ba58e1ad24/library/std/src/sys/backtrace.rs:42:9
[INFO] [stdout]    8:     0x619d2645b42f - std::panicking::default_hook::{{closure}}::hbd44223dbdc0d208
[INFO] [stdout]                                at /rustc/6067b36314ab5eb2eb47cecc464545ba58e1ad24/library/std/src/panicking.rs:298:22
[INFO] [stdout]    9:     0x619d2645b248 - std::panicking::default_hook::h20f81eb0576efcec
[INFO] [stdout]                                at /rustc/6067b36314ab5eb2eb47cecc464545ba58e1ad24/library/std/src/panicking.rs:322:9
[INFO] [stdout]   10:     0x619d26405493 - <alloc::boxed::Box<F,A> as core::ops::function::Fn<Args>>::call::hdb53814c496a4d34
[INFO] [stdout]                                at /rustc/6067b36314ab5eb2eb47cecc464545ba58e1ad24/library/alloc/src/boxed.rs:2027:9
[INFO] [stdout]   11:     0x619d26405493 - test::test_main::{{closure}}::hc0a4963c59427c24
[INFO] [stdout]                                at /rustc/6067b36314ab5eb2eb47cecc464545ba58e1ad24/library/test/src/lib.rs:134:21
[INFO] [stdout]   12:     0x619d2645bf23 - <alloc::boxed::Box<F,A> as core::ops::function::Fn<Args>>::call::h591b2225413a77e9
[INFO] [stdout]                                at /rustc/6067b36314ab5eb2eb47cecc464545ba58e1ad24/library/alloc/src/boxed.rs:2027:9
[INFO] [stdout]   13:     0x619d2645bf23 - std::panicking::rust_panic_with_hook::h625eea43051b2edc
[INFO] [stdout]                                at /rustc/6067b36314ab5eb2eb47cecc464545ba58e1ad24/library/std/src/panicking.rs:839:13
[INFO] [stdout]   14:     0x619d2645bba6 - std::panicking::begin_panic_handler::{{closure}}::h4f9159cfbc3f6bd3
[INFO] [stdout]                                at /rustc/6067b36314ab5eb2eb47cecc464545ba58e1ad24/library/std/src/panicking.rs:697:13
[INFO] [stdout]   15:     0x619d2645a509 - std::sys::backtrace::__rust_end_short_backtrace::h0390abce48353151
[INFO] [stdout]                                at /rustc/6067b36314ab5eb2eb47cecc464545ba58e1ad24/library/std/src/sys/backtrace.rs:168:18
[INFO] [stdout]   16:     0x619d2645b86d - rust_begin_unwind
[INFO] [stdout]                                at /rustc/6067b36314ab5eb2eb47cecc464545ba58e1ad24/library/std/src/panicking.rs:695:5
[INFO] [stdout]   17:     0x619d264800c0 - core::panicking::panic_fmt::h9e7c637e9e5f29c9
[INFO] [stdout]                                at /rustc/6067b36314ab5eb2eb47cecc464545ba58e1ad24/library/core/src/panicking.rs:75:14
[INFO] [stdout]   18:     0x619d2648014c - core::panicking::panic::haa3255ea20181a33
[INFO] [stdout]                                at /rustc/6067b36314ab5eb2eb47cecc464545ba58e1ad24/library/core/src/panicking.rs:145:5
[INFO] [stdout]   19:     0x619d263c4183 - circom_algebra::algebra::test::algebra_constraint_apply_substitution::h8c20e66e26d71736
[INFO] [stdout]                                at /opt/rustwide/workdir/circom_algebra/src/algebra.rs:1489:9
[INFO] [stdout]   20:     0x619d263c37f7 - circom_algebra::algebra::test::algebra_constraint_apply_substitution::{{closure}}::h4d3a24593dd46bea
[INFO] [stdout]                                at /opt/rustwide/workdir/circom_algebra/src/algebra.rs:1453:47
[INFO] [stdout]   21:     0x619d263be5d6 - core::ops::function::FnOnce::call_once::hc6916c2a7dc1bcaa
[INFO] [stdout]                                at /rustc/6067b36314ab5eb2eb47cecc464545ba58e1ad24/library/core/src/ops/function.rs:250:5
[INFO] [stdout]   22:     0x619d2640abeb - core::ops::function::FnOnce::call_once::he27718dfdd183f43
[INFO] [stdout]                                at /rustc/6067b36314ab5eb2eb47cecc464545ba58e1ad24/library/core/src/ops/function.rs:250:5
[INFO] [stdout]   23:     0x619d2640abeb - test::__rust_begin_short_backtrace::h4e84902998457a5d
[INFO] [stdout]                                at /rustc/6067b36314ab5eb2eb47cecc464545ba58e1ad24/library/test/src/lib.rs:632:18
[INFO] [stdout]   24:     0x619d26409b23 - test::run_test_in_process::{{closure}}::h7176fd18fc1feca0
[INFO] [stdout]                                at /rustc/6067b36314ab5eb2eb47cecc464545ba58e1ad24/library/test/src/lib.rs:655:60
[INFO] [stdout]   25:     0x619d26409b23 - <core::panic::unwind_safe::AssertUnwindSafe<F> as core::ops::function::FnOnce<()>>::call_once::hf79cff2a624d8cf7
[INFO] [stdout]                                at /rustc/6067b36314ab5eb2eb47cecc464545ba58e1ad24/library/core/src/panic/unwind_safe.rs:272:9
[INFO] [stdout]   26:     0x619d26409b23 - std::panicking::try::do_call::h3da0561d9ab99c25
[INFO] [stdout]                                at /rustc/6067b36314ab5eb2eb47cecc464545ba58e1ad24/library/std/src/panicking.rs:587:40
[INFO] [stdout]   27:     0x619d26409b23 - std::panicking::try::h41c9fa508bc61df6
[INFO] [stdout]                                at /rustc/6067b36314ab5eb2eb47cecc464545ba58e1ad24/library/std/src/panicking.rs:550:19
[INFO] [stdout]   28:     0x619d26409b23 - std::panic::catch_unwind::h6b3ff07bb5afad93
[INFO] [stdout]                                at /rustc/6067b36314ab5eb2eb47cecc464545ba58e1ad24/library/std/src/panic.rs:358:14
[INFO] [stdout]   29:     0x619d26409b23 - test::run_test_in_process::hc7253dd11b39b9f4
[INFO] [stdout]                                at /rustc/6067b36314ab5eb2eb47cecc464545ba58e1ad24/library/test/src/lib.rs:655:27
[INFO] [stdout]   30:     0x619d26409b23 - test::run_test::{{closure}}::hfb2007f8649c30bb
[INFO] [stdout]                                at /rustc/6067b36314ab5eb2eb47cecc464545ba58e1ad24/library/test/src/lib.rs:576:43
[INFO] [stdout]   31:     0x619d263ccc05 - test::run_test::{{closure}}::h56a17aa7a282a9f4
[INFO] [stdout]                                at /rustc/6067b36314ab5eb2eb47cecc464545ba58e1ad24/library/test/src/lib.rs:606:41
[INFO] [stdout]   32:     0x619d263ccc05 - std::sys::backtrace::__rust_begin_short_backtrace::hd2d2d2fb8e8c6aac
[INFO] [stdout]                                at /rustc/6067b36314ab5eb2eb47cecc464545ba58e1ad24/library/std/src/sys/backtrace.rs:152:18
[INFO] [stdout]   33:     0x619d263d04ea - std::thread::Builder::spawn_unchecked_::{{closure}}::{{closure}}::h4faa3f9db6133423
[INFO] [stdout]                                at /rustc/6067b36314ab5eb2eb47cecc464545ba58e1ad24/library/std/src/thread/mod.rs:559:17
[INFO] [stdout]   34:     0x619d263d04ea - <core::panic::unwind_safe::AssertUnwindSafe<F> as core::ops::function::FnOnce<()>>::call_once::hf2e855a36a4ea846
[INFO] [stdout]                                at /rustc/6067b36314ab5eb2eb47cecc464545ba58e1ad24/library/core/src/panic/unwind_safe.rs:272:9
[INFO] [stdout]   35:     0x619d263d04ea - std::panicking::try::do_call::h2f73af3616c35465
[INFO] [stdout]                                at /rustc/6067b36314ab5eb2eb47cecc464545ba58e1ad24/library/std/src/panicking.rs:587:40
[INFO] [stdout]   36:     0x619d263d04ea - std::panicking::try::hd1660ce9efadef5a
[INFO] [stdout]                                at /rustc/6067b36314ab5eb2eb47cecc464545ba58e1ad24/library/std/src/panicking.rs:550:19
[INFO] [stdout]   37:     0x619d263d04ea - std::panic::catch_unwind::h5ee8d7823b8ca744
[INFO] [stdout]                                at /rustc/6067b36314ab5eb2eb47cecc464545ba58e1ad24/library/std/src/panic.rs:358:14
[INFO] [stdout]   38:     0x619d263d04ea - std::thread::Builder::spawn_unchecked_::{{closure}}::h53c3a1894dce8407
[INFO] [stdout]                                at /rustc/6067b36314ab5eb2eb47cecc464545ba58e1ad24/library/std/src/thread/mod.rs:557:30
[INFO] [stdout]   39:     0x619d263d04ea - core::ops::function::FnOnce::call_once{{vtable.shim}}::h048ce291ad4f62bf
[INFO] [stdout]                                at /rustc/6067b36314ab5eb2eb47cecc464545ba58e1ad24/library/core/src/ops/function.rs:250:5
[INFO] [stdout]   40:     0x619d2645fe5b - <alloc::boxed::Box<F,A> as core::ops::function::FnOnce<Args>>::call_once::ha52bedf99a3b4981
[INFO] [stdout]                                at /rustc/6067b36314ab5eb2eb47cecc464545ba58e1ad24/library/alloc/src/boxed.rs:2013:9
[INFO] [stdout]   41:     0x619d2645fe5b - <alloc::boxed::Box<F,A> as core::ops::function::FnOnce<Args>>::call_once::h567748934d80ccf8
[INFO] [stdout]                                at /rustc/6067b36314ab5eb2eb47cecc464545ba58e1ad24/library/alloc/src/boxed.rs:2013:9
[INFO] [stdout]   42:     0x619d2645fe5b - std::sys::pal::unix::thread::Thread::new::thread_start::h2d970728ae887adc
[INFO] [stdout]                                at /rustc/6067b36314ab5eb2eb47cecc464545ba58e1ad24/library/std/src/sys/pal/unix/thread.rs:106:17
[INFO] [stdout]   43:     0x767eaa03dac3 - <unknown>
[INFO] [stdout]   44:     0x767eaa0cea04 - clone
[INFO] [stdout]   45:                0x0 - <unknown>
[INFO] [stdout] 
[INFO] [stdout] 
[INFO] [stdout] failures:
[INFO] [stdout]     algebra::test::algebra_constraint_apply_substitution
[INFO] [stdout] 
[INFO] [stdout] test result: FAILED. 7 passed; 1 failed; 0 ignored; 0 measured; 0 filtered out; finished in 0.03s
[INFO] [stdout] 
[INFO] [stderr] error: test failed, to rerun pass `-p circom_algebra --lib`
[INFO] running `Command { std: "docker" "inspect" "a03c6e802011f232cb0f616fe5c6a381343fdcb815d6527aa3be66e152de7c81", kill_on_drop: false }`
[INFO] running `Command { std: "docker" "rm" "-f" "a03c6e802011f232cb0f616fe5c6a381343fdcb815d6527aa3be66e152de7c81", kill_on_drop: false }`
[INFO] [stdout] a03c6e802011f232cb0f616fe5c6a381343fdcb815d6527aa3be66e152de7c81
