[INFO] cloning repository https://github.com/d1agnozzz/os-lab4
[INFO] running `Command { std: "git" "-c" "credential.helper=" "-c" "credential.helper=/workspace/cargo-home/bin/git-credential-null" "clone" "--bare" "https://github.com/d1agnozzz/os-lab4" "/workspace/cache/git-repos/https%3A%2F%2Fgithub.com%2Fd1agnozzz%2Fos-lab4", kill_on_drop: false }`
[INFO] [stderr] Cloning into bare repository '/workspace/cache/git-repos/https%3A%2F%2Fgithub.com%2Fd1agnozzz%2Fos-lab4'...
[INFO] running `Command { std: "git" "rev-parse" "HEAD", kill_on_drop: false }`
[INFO] [stdout] 11dc9790209aaaeee2d4b46e35c322bf61c668b4
[INFO] testing d1agnozzz/os-lab4 against nightly-2025-01-18 for randomize-layout-2
[INFO] running `Command { std: "git" "clone" "/workspace/cache/git-repos/https%3A%2F%2Fgithub.com%2Fd1agnozzz%2Fos-lab4" "/workspace/builds/worker-1-tc1/source", kill_on_drop: false }`
[INFO] [stderr] Cloning into '/workspace/builds/worker-1-tc1/source'...
[INFO] [stderr] done.
[INFO] validating manifest of git repo https://github.com/d1agnozzz/os-lab4 on toolchain nightly-2025-01-18
[INFO] running `Command { std: CARGO_HOME="/workspace/cargo-home" RUSTUP_HOME="/workspace/rustup-home" "/workspace/cargo-home/bin/cargo" "+nightly-2025-01-18" "metadata" "--manifest-path" "Cargo.toml" "--no-deps", kill_on_drop: false }`
[INFO] started tweaking git repo https://github.com/d1agnozzz/os-lab4
[INFO] finished tweaking git repo https://github.com/d1agnozzz/os-lab4
[INFO] tweaked toml for git repo https://github.com/d1agnozzz/os-lab4 written to /workspace/builds/worker-1-tc1/source/Cargo.toml
[INFO] crate git repo https://github.com/d1agnozzz/os-lab4 already has a lockfile, it will not be regenerated
[INFO] running `Command { std: CARGO_HOME="/workspace/cargo-home" RUSTUP_HOME="/workspace/rustup-home" "/workspace/cargo-home/bin/cargo" "+nightly-2025-01-18" "fetch" "--manifest-path" "Cargo.toml", kill_on_drop: false }`
[INFO] [stderr]     Updating crates.io index
[INFO] [stderr]      Locking 103 packages to latest compatible versions
[INFO] [stderr]       Adding async-channel v2.3.1
[INFO] [stderr]       Adding async-task v4.7.1
[INFO] [stderr]       Adding atomic-waker v1.1.2
[INFO] [stderr]       Adding autocfg v1.4.0
[INFO] [stderr]       Adding bincode v1.3.3
[INFO] [stderr]       Adding bitflags v1.3.2
[INFO] [stderr]       Adding bitflags v2.8.0
[INFO] [stderr]       Adding blocking v1.6.1
[INFO] [stderr]       Adding byteorder v1.5.0
[INFO] [stderr]       Adding cc v1.2.10
[INFO] [stderr]       Adding cfg-if v0.1.10
[INFO] [stderr]       Adding cfg-if v1.0.0
[INFO] [stderr]       Adding concurrent-queue v2.5.0
[INFO] [stderr]       Adding crossbeam-channel v0.5.14
[INFO] [stderr]       Adding crossbeam-utils v0.8.21
[INFO] [stderr]       Adding errno v0.3.10
[INFO] [stderr]       Adding event-listener v5.4.0
[INFO] [stderr]       Adding event-listener-strategy v0.5.3
[INFO] [stderr]       Adding fastrand v2.3.0
[INFO] [stderr]       Adding fnv v1.0.7
[INFO] [stderr]       Adding fuchsia-zircon v0.3.3
[INFO] [stderr]       Adding fuchsia-zircon-sys v0.3.3
[INFO] [stderr]       Adding futures-core v0.3.31
[INFO] [stderr]       Adding futures-io v0.3.31
[INFO] [stderr]       Adding futures-lite v2.6.0
[INFO] [stderr]       Adding getrandom v0.1.16
[INFO] [stderr]       Adding getrandom v0.2.15
[INFO] [stderr]       Adding interprocess v1.2.1 (available: v2.2.2)
[INFO] [stderr]       Adding intmap v0.7.1
[INFO] [stderr]       Adding iovec v0.1.4
[INFO] [stderr]       Adding ipc-channel v0.16.1 (available: v0.19.0)
[INFO] [stderr]       Adding kernel32-sys v0.2.2
[INFO] [stderr]       Adding lazy_static v1.5.0
[INFO] [stderr]       Adding libc v0.2.169
[INFO] [stderr]       Adding linux-raw-sys v0.4.15
[INFO] [stderr]       Adding lock_api v0.4.12
[INFO] [stderr]       Adding log v0.4.25
[INFO] [stderr]       Adding memoffset v0.6.5
[INFO] [stderr]       Adding memoffset v0.7.1
[INFO] [stderr]       Adding mio v0.6.23
[INFO] [stderr]       Adding miow v0.2.2
[INFO] [stderr]       Adding net2 v0.2.39
[INFO] [stderr]       Adding nix v0.23.2
[INFO] [stderr]       Adding nix v0.26.4 (available: v0.29.0)
[INFO] [stderr]       Adding once_cell v1.20.2
[INFO] [stderr]       Adding parking v2.2.1
[INFO] [stderr]       Adding pin-project-lite v0.2.16
[INFO] [stderr]       Adding pin-utils v0.1.0
[INFO] [stderr]       Adding piper v0.2.4
[INFO] [stderr]       Adding ppv-lite86 v0.2.20
[INFO] [stderr]       Adding proc-macro2 v1.0.93
[INFO] [stderr]       Adding quote v1.0.38
[INFO] [stderr]       Adding rand v0.7.3
[INFO] [stderr]       Adding rand v0.8.5
[INFO] [stderr]       Adding rand_chacha v0.2.2
[INFO] [stderr]       Adding rand_chacha v0.3.1
[INFO] [stderr]       Adding rand_core v0.5.1
[INFO] [stderr]       Adding rand_core v0.6.4
[INFO] [stderr]       Adding rand_hc v0.2.0
[INFO] [stderr]       Adding rustc_version v0.4.1
[INFO] [stderr]       Adding rustix v0.38.43
[INFO] [stderr]       Adding scopeguard v1.2.0
[INFO] [stderr]       Adding semver v1.0.25
[INFO] [stderr]       Adding serde v1.0.217
[INFO] [stderr]       Adding serde_derive v1.0.217
[INFO] [stderr]       Adding shared_memory v0.12.4
[INFO] [stderr]       Adding shlex v1.3.0
[INFO] [stderr]       Adding slab v0.4.9
[INFO] [stderr]       Adding spinning v0.1.0
[INFO] [stderr]       Adding syn v2.0.96
[INFO] [stderr]       Adding tempfile v3.15.0
[INFO] [stderr]       Adding thiserror v1.0.69
[INFO] [stderr]       Adding thiserror-impl v1.0.69
[INFO] [stderr]       Adding to_method v1.1.0
[INFO] [stderr]       Adding unicode-ident v1.0.14
[INFO] [stderr]       Adding uuid v1.12.0
[INFO] [stderr]       Adding wasi v0.9.0+wasi-snapshot-preview1
[INFO] [stderr]       Adding wasi v0.11.0+wasi-snapshot-preview1
[INFO] [stderr]       Adding win-sys v0.3.1
[INFO] [stderr]       Adding winapi v0.2.8
[INFO] [stderr]       Adding winapi v0.3.9
[INFO] [stderr]       Adding winapi-build v0.1.1
[INFO] [stderr]       Adding winapi-i686-pc-windows-gnu v0.4.0
[INFO] [stderr]       Adding winapi-x86_64-pc-windows-gnu v0.4.0
[INFO] [stderr]       Adding windows v0.34.0
[INFO] [stderr]       Adding windows-sys v0.59.0
[INFO] [stderr]       Adding windows-targets v0.52.6
[INFO] [stderr]       Adding windows_aarch64_gnullvm v0.52.6
[INFO] [stderr]       Adding windows_aarch64_msvc v0.34.0
[INFO] [stderr]       Adding windows_aarch64_msvc v0.52.6
[INFO] [stderr]       Adding windows_i686_gnu v0.34.0
[INFO] [stderr]       Adding windows_i686_gnu v0.52.6
[INFO] [stderr]       Adding windows_i686_gnullvm v0.52.6
[INFO] [stderr]       Adding windows_i686_msvc v0.34.0
[INFO] [stderr]       Adding windows_i686_msvc v0.52.6
[INFO] [stderr]       Adding windows_x86_64_gnu v0.34.0
[INFO] [stderr]       Adding windows_x86_64_gnu v0.52.6
[INFO] [stderr]       Adding windows_x86_64_gnullvm v0.52.6
[INFO] [stderr]       Adding windows_x86_64_msvc v0.34.0
[INFO] [stderr]       Adding windows_x86_64_msvc v0.52.6
[INFO] [stderr]       Adding ws2_32-sys v0.2.1
[INFO] [stderr]       Adding zerocopy v0.7.35
[INFO] [stderr]       Adding zerocopy-derive v0.7.35
[INFO] [stderr]  Downloading crates ...
[INFO] [stderr]   Downloaded shared_memory v0.12.4
[INFO] [stderr]   Downloaded win-sys v0.3.1
[INFO] [stderr]   Downloaded ipc-channel v0.16.1
[INFO] running `Command { std: "docker" "create" "-v" "/var/lib/crater-agent-workspace/builds/worker-1-tc1/target:/opt/rustwide/target:rw,Z" "-v" "/var/lib/crater-agent-workspace/builds/worker-1-tc1/source:/opt/rustwide/workdir:ro,Z" "-v" "/var/lib/crater-agent-workspace/cargo-home:/opt/rustwide/cargo-home:ro,Z" "-v" "/var/lib/crater-agent-workspace/rustup-home:/opt/rustwide/rustup-home:ro,Z" "-e" "SOURCE_DIR=/opt/rustwide/workdir" "-e" "CARGO_TARGET_DIR=/opt/rustwide/target" "-e" "CARGO_HOME=/opt/rustwide/cargo-home" "-e" "RUSTUP_HOME=/opt/rustwide/rustup-home" "-w" "/opt/rustwide/workdir" "-m" "1610612736" "--user" "0:0" "--network" "none" "ghcr.io/rust-lang/crates-build-env/linux@sha256:819108c5571ea2e421544af4d832f968d213c87fbe3707a016657f43d2f853bc" "/opt/rustwide/cargo-home/bin/cargo" "+nightly-2025-01-18" "metadata" "--no-deps" "--format-version=1", kill_on_drop: false }`
[INFO] [stdout] 8777be6391e0305b0a5a52d97e3e4753bdffbf1d854e333777789d5849dfb639
[INFO] running `Command { std: "docker" "start" "-a" "8777be6391e0305b0a5a52d97e3e4753bdffbf1d854e333777789d5849dfb639", kill_on_drop: false }`
[INFO] running `Command { std: "docker" "inspect" "8777be6391e0305b0a5a52d97e3e4753bdffbf1d854e333777789d5849dfb639", kill_on_drop: false }`
[INFO] running `Command { std: "docker" "rm" "-f" "8777be6391e0305b0a5a52d97e3e4753bdffbf1d854e333777789d5849dfb639", kill_on_drop: false }`
[INFO] [stdout] 8777be6391e0305b0a5a52d97e3e4753bdffbf1d854e333777789d5849dfb639
[INFO] running `Command { std: "docker" "create" "-v" "/var/lib/crater-agent-workspace/builds/worker-1-tc1/target:/opt/rustwide/target:rw,Z" "-v" "/var/lib/crater-agent-workspace/builds/worker-1-tc1/source:/opt/rustwide/workdir:ro,Z" "-v" "/var/lib/crater-agent-workspace/cargo-home:/opt/rustwide/cargo-home:ro,Z" "-v" "/var/lib/crater-agent-workspace/rustup-home:/opt/rustwide/rustup-home:ro,Z" "-e" "SOURCE_DIR=/opt/rustwide/workdir" "-e" "CARGO_TARGET_DIR=/opt/rustwide/target" "-e" "CARGO_INCREMENTAL=0" "-e" "RUST_BACKTRACE=full" "-e" "RUSTFLAGS=--cap-lints=forbid" "-e" "RUSTDOCFLAGS=--cap-lints=forbid" "-e" "CARGO_HOME=/opt/rustwide/cargo-home" "-e" "RUSTUP_HOME=/opt/rustwide/rustup-home" "-w" "/opt/rustwide/workdir" "-m" "1610612736" "--user" "0:0" "--network" "none" "ghcr.io/rust-lang/crates-build-env/linux@sha256:819108c5571ea2e421544af4d832f968d213c87fbe3707a016657f43d2f853bc" "/opt/rustwide/cargo-home/bin/cargo" "+nightly-2025-01-18" "build" "--frozen" "--message-format=json", kill_on_drop: false }`
[INFO] [stdout] 8c1320e2ef118c80adc9515152e822727b6dfd43daaed930db669d614ef1e723
[INFO] running `Command { std: "docker" "start" "-a" "8c1320e2ef118c80adc9515152e822727b6dfd43daaed930db669d614ef1e723", kill_on_drop: false }`
[INFO] [stderr]    Compiling libc v0.2.169
[INFO] [stderr]    Compiling autocfg v1.4.0
[INFO] [stderr]    Compiling proc-macro2 v1.0.93
[INFO] [stderr]    Compiling cfg-if v1.0.0
[INFO] [stderr]    Compiling unicode-ident v1.0.14
[INFO] [stderr]    Compiling crossbeam-utils v0.8.21
[INFO] [stderr]    Compiling byteorder v1.5.0
[INFO] [stderr]    Compiling getrandom v0.1.16
[INFO] [stderr]    Compiling semver v1.0.25
[INFO] [stderr]    Compiling pin-project-lite v0.2.16
[INFO] [stderr]    Compiling parking v2.2.1
[INFO] [stderr]    Compiling fastrand v2.3.0
[INFO] [stderr]    Compiling futures-core v0.3.31
[INFO] [stderr]    Compiling serde v1.0.217
[INFO] [stderr]    Compiling rustix v0.38.43
[INFO] [stderr]    Compiling lock_api v0.4.12
[INFO] [stderr]    Compiling memoffset v0.6.5
[INFO] [stderr]    Compiling slab v0.4.9
[INFO] [stderr]    Compiling memoffset v0.7.1
[INFO] [stderr]    Compiling rustc_version v0.4.1
[INFO] [stderr]    Compiling bitflags v1.3.2
[INFO] [stderr]    Compiling atomic-waker v1.1.2
[INFO] [stderr]    Compiling scopeguard v1.2.0
[INFO] [stderr]    Compiling linux-raw-sys v0.4.15
[INFO] [stderr]    Compiling bitflags v2.8.0
[INFO] [stderr]    Compiling once_cell v1.20.2
[INFO] [stderr]    Compiling concurrent-queue v2.5.0
[INFO] [stderr]    Compiling cfg-if v0.1.10
[INFO] [stderr]    Compiling thiserror v1.0.69
[INFO] [stderr]    Compiling futures-io v0.3.31
[INFO] [stderr]    Compiling interprocess v1.2.1
[INFO] [stderr]    Compiling event-listener v5.4.0
[INFO] [stderr]    Compiling piper v0.2.4
[INFO] [stderr]    Compiling quote v1.0.38
[INFO] [stderr]    Compiling event-listener-strategy v0.5.3
[INFO] [stderr]    Compiling syn v2.0.96
[INFO] [stderr]    Compiling futures-lite v2.6.0
[INFO] [stderr]    Compiling log v0.4.25
[INFO] [stderr]    Compiling async-channel v2.3.1
[INFO] [stderr]    Compiling async-task v4.7.1
[INFO] [stderr]    Compiling spinning v0.1.0
[INFO] [stderr]    Compiling crossbeam-channel v0.5.14
[INFO] [stderr]    Compiling to_method v1.1.0
[INFO] [stderr]    Compiling fnv v1.0.7
[INFO] [stderr]    Compiling pin-utils v0.1.0
[INFO] [stderr]    Compiling intmap v0.7.1
[INFO] [stderr]    Compiling lazy_static v1.5.0
[INFO] [stderr]    Compiling blocking v1.6.1
[INFO] [stderr]    Compiling getrandom v0.2.15
[INFO] [stderr]    Compiling iovec v0.1.4
[INFO] [stderr]    Compiling net2 v0.2.39
[INFO] [stderr]    Compiling nix v0.23.2
[INFO] [stderr]    Compiling rand_core v0.5.1
[INFO] [stderr]    Compiling rand_core v0.6.4
[INFO] [stderr]    Compiling uuid v1.12.0
[INFO] [stderr]    Compiling mio v0.6.23
[INFO] [stderr]    Compiling nix v0.26.4
[INFO] [stderr]    Compiling tempfile v3.15.0
[INFO] [stderr]    Compiling zerocopy-derive v0.7.35
[INFO] [stderr]    Compiling thiserror-impl v1.0.69
[INFO] [stderr]    Compiling zerocopy v0.7.35
[INFO] [stderr]    Compiling bincode v1.3.3
[INFO] [stderr]    Compiling ppv-lite86 v0.2.20
[INFO] [stderr]    Compiling rand_chacha v0.2.2
[INFO] [stderr]    Compiling rand_chacha v0.3.1
[INFO] [stderr]    Compiling rand v0.7.3
[INFO] [stderr]    Compiling rand v0.8.5
[INFO] [stderr]    Compiling shared_memory v0.12.4
[INFO] [stderr]    Compiling ipc-channel v0.16.1
[INFO] [stderr]    Compiling lab4 v0.1.0 (/opt/rustwide/workdir)
[INFO] [stdout] warning: unused import: `std::fmt::Error`
[INFO] [stdout]  --> src/lib.rs:2:9
[INFO] [stdout]   |
[INFO] [stdout] 2 |     use std::fmt::Error;
[INFO] [stdout]   |         ^^^^^^^^^^^^^^^
[INFO] [stdout]   |
[INFO] [stdout]   = note: `#[warn(unused_imports)]` on by default
[INFO] [stdout] 
[INFO] [stdout] 
[INFO] [stdout] warning: unused import: `WaitPidFlag`
[INFO] [stdout]  --> src/lib.rs:5:21
[INFO] [stdout]   |
[INFO] [stdout] 5 |         sys::wait::{WaitPidFlag, WaitStatus},
[INFO] [stdout]   |                     ^^^^^^^^^^^
[INFO] [stdout] 
[INFO] [stdout] 
[INFO] [stdout] warning: unused import: `Read`
[INFO] [stdout]   --> src/lib.rs:46:19
[INFO] [stdout]    |
[INFO] [stdout] 46 |     use std::io::{Read, Write};
[INFO] [stdout]    |                   ^^^^
[INFO] [stdout] 
[INFO] [stdout] 
[INFO] [stdout] warning: unused import: `UnixListener`
[INFO] [stdout]   --> src/lib.rs:47:30
[INFO] [stdout]    |
[INFO] [stdout] 47 |     use std::os::unix::net::{UnixListener, UnixStream};
[INFO] [stdout]    |                              ^^^^^^^^^^^^
[INFO] [stdout] 
[INFO] [stdout] 
[INFO] [stdout] warning: unused variable: `child`
[INFO] [stdout]   --> src/lib.rs:93:37
[INFO] [stdout]    |
[INFO] [stdout] 93 |             Ok(ForkResult::Parent { child }) => match unsafe { fork() } {
[INFO] [stdout]    |                                     ^^^^^ help: try ignoring the field: `child: _`
[INFO] [stdout]    |
[INFO] [stdout]    = note: `#[warn(unused_variables)]` on by default
[INFO] [stdout] 
[INFO] [stdout] 
[INFO] [stdout] warning: unused variable: `child`
[INFO] [stdout]   --> src/lib.rs:94:41
[INFO] [stdout]    |
[INFO] [stdout] 94 |                 Ok(ForkResult::Parent { child }) => (),
[INFO] [stdout]    |                                         ^^^^^ help: try ignoring the field: `child: _`
[INFO] [stdout] 
[INFO] [stdout] 
[INFO] [stdout] warning: unused variable: `val`
[INFO] [stdout]    --> src/lib.rs:268:31
[INFO] [stdout]     |
[INFO] [stdout] 268 |                     for (col, val) in matrix.iter().enumerate() {
[INFO] [stdout]     |                               ^^^ help: if this is intentional, prefix it with an underscore: `_val`
[INFO] [stdout] 
[INFO] [stdout] 
[INFO] [stdout] warning: variable does not need to be mutable
[INFO] [stdout]    --> src/lib.rs:323:13
[INFO] [stdout]     |
[INFO] [stdout] 323 |         let mut f = BufReader::new(File::open(path).unwrap());
[INFO] [stdout]     |             ----^
[INFO] [stdout]     |             |
[INFO] [stdout]     |             help: remove this `mut`
[INFO] [stdout]     |
[INFO] [stdout]     = note: `#[warn(unused_mut)]` on by default
[INFO] [stdout] 
[INFO] [stdout] 
[INFO] [stdout] warning: unused import: `nix::sys::wait::WaitStatus`
[INFO] [stdout]  --> src/main.rs:3:5
[INFO] [stdout]   |
[INFO] [stdout] 3 | use nix::sys::wait::WaitStatus;
[INFO] [stdout]   |     ^^^^^^^^^^^^^^^^^^^^^^^^^^
[INFO] [stdout]   |
[INFO] [stdout]   = note: `#[warn(unused_imports)]` on by default
[INFO] [stdout] 
[INFO] [stdout] 
[INFO] [stdout] warning: unused imports: `ForkResult` and `fork`
[INFO] [stdout]  --> src/main.rs:4:19
[INFO] [stdout]   |
[INFO] [stdout] 4 | use nix::unistd::{fork, ForkResult};
[INFO] [stdout]   |                   ^^^^  ^^^^^^^^^^
[INFO] [stdout] 
[INFO] [stdout] 
[INFO] [stdout] warning: unused import: `SocketAddr`
[INFO] [stdout]   --> src/main.rs:64:26
[INFO] [stdout]    |
[INFO] [stdout] 64 | use std::os::unix::net::{SocketAddr, UnixListener};
[INFO] [stdout]    |                          ^^^^^^^^^^
[INFO] [stdout] 
[INFO] [stdout] 
[INFO] [stdout] warning: unused import: `std::sync::mpsc::channel`
[INFO] [stdout]   --> src/main.rs:65:5
[INFO] [stdout]    |
[INFO] [stdout] 65 | use std::sync::mpsc::channel;
[INFO] [stdout]    |     ^^^^^^^^^^^^^^^^^^^^^^^^
[INFO] [stdout] 
[INFO] [stdout] 
[INFO] [stdout] warning: unused import: `std::sync::Arc`
[INFO] [stdout]   --> src/main.rs:66:5
[INFO] [stdout]    |
[INFO] [stdout] 66 | use std::sync::Arc;
[INFO] [stdout]    |     ^^^^^^^^^^^^^^
[INFO] [stdout] 
[INFO] [stdout] 
[INFO] [stdout] warning: unused import: `std::thread`
[INFO] [stdout]   --> src/main.rs:67:5
[INFO] [stdout]    |
[INFO] [stdout] 67 | use std::thread;
[INFO] [stdout]    |     ^^^^^^^^^^^
[INFO] [stdout] 
[INFO] [stdout] 
[INFO] [stdout] warning: unused variable: `matrix_2`
[INFO] [stdout]   --> src/main.rs:14:9
[INFO] [stdout]    |
[INFO] [stdout] 14 |     let matrix_2 = vec![vec![1, 2, 3], vec![4, 5, 6], vec![7, 8, 9]];
[INFO] [stdout]    |         ^^^^^^^^ help: if this is intentional, prefix it with an underscore: `_matrix_2`
[INFO] [stdout]    |
[INFO] [stdout]    = note: `#[warn(unused_variables)]` on by default
[INFO] [stdout] 
[INFO] [stdout] 
[INFO] [stdout] warning: unused variable: `shmem`
[INFO] [stdout]   --> src/main.rs:19:9
[INFO] [stdout]    |
[INFO] [stdout] 19 |     let shmem = match shared_memory::ShmemConf::new().size(8).create() {
[INFO] [stdout]    |         ^^^^^ help: if this is intentional, prefix it with an underscore: `_shmem`
[INFO] [stdout] 
[INFO] [stdout] 
[INFO] [stdout] warning: unused variable: `unix_listener`
[INFO] [stdout]    --> src/main.rs:119:9
[INFO] [stdout]     |
[INFO] [stdout] 119 |     let unix_listener = UnixListener::bind(socket_path).expect("bind error");
[INFO] [stdout]     |         ^^^^^^^^^^^^^ help: if this is intentional, prefix it with an underscore: `_unix_listener`
[INFO] [stdout] 
[INFO] [stdout] 
[INFO] [stdout] warning: function `unix_socket` is never used
[INFO] [stdout]    --> src/main.rs:114:4
[INFO] [stdout]     |
[INFO] [stdout] 114 | fn unix_socket() {
[INFO] [stdout]     |    ^^^^^^^^^^^
[INFO] [stdout]     |
[INFO] [stdout]     = note: `#[warn(dead_code)]` on by default
[INFO] [stdout] 
[INFO] [stdout] 
[INFO] [stdout] warning: function `delete_existing_socket` is never used
[INFO] [stdout]    --> src/main.rs:124:4
[INFO] [stdout]     |
[INFO] [stdout] 124 | fn delete_existing_socket(socket_path: &str) {
[INFO] [stdout]     |    ^^^^^^^^^^^^^^^^^^^^^^
[INFO] [stdout] 
[INFO] [stdout] 
[INFO] [stderr]     Finished `dev` profile [unoptimized + debuginfo] target(s) in 36.57s
[INFO] running `Command { std: "docker" "inspect" "8c1320e2ef118c80adc9515152e822727b6dfd43daaed930db669d614ef1e723", kill_on_drop: false }`
[INFO] running `Command { std: "docker" "rm" "-f" "8c1320e2ef118c80adc9515152e822727b6dfd43daaed930db669d614ef1e723", kill_on_drop: false }`
[INFO] [stdout] 8c1320e2ef118c80adc9515152e822727b6dfd43daaed930db669d614ef1e723
[INFO] running `Command { std: "docker" "create" "-v" "/var/lib/crater-agent-workspace/builds/worker-1-tc1/target:/opt/rustwide/target:rw,Z" "-v" "/var/lib/crater-agent-workspace/builds/worker-1-tc1/source:/opt/rustwide/workdir:ro,Z" "-v" "/var/lib/crater-agent-workspace/cargo-home:/opt/rustwide/cargo-home:ro,Z" "-v" "/var/lib/crater-agent-workspace/rustup-home:/opt/rustwide/rustup-home:ro,Z" "-e" "SOURCE_DIR=/opt/rustwide/workdir" "-e" "CARGO_TARGET_DIR=/opt/rustwide/target" "-e" "CARGO_INCREMENTAL=0" "-e" "RUST_BACKTRACE=full" "-e" "RUSTFLAGS=--cap-lints=forbid" "-e" "RUSTDOCFLAGS=--cap-lints=forbid" "-e" "CARGO_HOME=/opt/rustwide/cargo-home" "-e" "RUSTUP_HOME=/opt/rustwide/rustup-home" "-w" "/opt/rustwide/workdir" "-m" "1610612736" "--user" "0:0" "--network" "none" "ghcr.io/rust-lang/crates-build-env/linux@sha256:819108c5571ea2e421544af4d832f968d213c87fbe3707a016657f43d2f853bc" "/opt/rustwide/cargo-home/bin/cargo" "+nightly-2025-01-18" "test" "--frozen" "--no-run" "--message-format=json", kill_on_drop: false }`
[INFO] [stdout] 3512c6ea56079651ba0e971459baff6880876fc7f3aa9484486b059f6fb490a7
[INFO] running `Command { std: "docker" "start" "-a" "3512c6ea56079651ba0e971459baff6880876fc7f3aa9484486b059f6fb490a7", kill_on_drop: false }`
[INFO] [stderr]    Compiling lab4 v0.1.0 (/opt/rustwide/workdir)
[INFO] [stdout] warning: unused import: `std::fmt::Error`
[INFO] [stdout]  --> src/lib.rs:2:9
[INFO] [stdout]   |
[INFO] [stdout] 2 |     use std::fmt::Error;
[INFO] [stdout]   |         ^^^^^^^^^^^^^^^
[INFO] [stdout]   |
[INFO] [stdout]   = note: `#[warn(unused_imports)]` on by default
[INFO] [stdout] 
[INFO] [stdout] 
[INFO] [stdout] warning: unused import: `WaitPidFlag`
[INFO] [stdout]  --> src/lib.rs:5:21
[INFO] [stdout]   |
[INFO] [stdout] 5 |         sys::wait::{WaitPidFlag, WaitStatus},
[INFO] [stdout]   |                     ^^^^^^^^^^^
[INFO] [stdout] 
[INFO] [stdout] 
[INFO] [stdout] warning: unused import: `Read`
[INFO] [stdout]   --> src/lib.rs:46:19
[INFO] [stdout]    |
[INFO] [stdout] 46 |     use std::io::{Read, Write};
[INFO] [stdout]    |                   ^^^^
[INFO] [stdout] 
[INFO] [stdout] 
[INFO] [stdout] warning: unused import: `UnixListener`
[INFO] [stdout]   --> src/lib.rs:47:30
[INFO] [stdout]    |
[INFO] [stdout] 47 |     use std::os::unix::net::{UnixListener, UnixStream};
[INFO] [stdout]    |                              ^^^^^^^^^^^^
[INFO] [stdout] 
[INFO] [stdout] 
[INFO] [stdout] warning: unused variable: `child`
[INFO] [stdout]   --> src/lib.rs:93:37
[INFO] [stdout]    |
[INFO] [stdout] 93 |             Ok(ForkResult::Parent { child }) => match unsafe { fork() } {
[INFO] [stdout]    |                                     ^^^^^ help: try ignoring the field: `child: _`
[INFO] [stdout]    |
[INFO] [stdout]    = note: `#[warn(unused_variables)]` on by default
[INFO] [stdout] 
[INFO] [stdout] 
[INFO] [stdout] warning: unused variable: `child`
[INFO] [stdout]   --> src/lib.rs:94:41
[INFO] [stdout]    |
[INFO] [stdout] 94 |                 Ok(ForkResult::Parent { child }) => (),
[INFO] [stdout]    |                                         ^^^^^ help: try ignoring the field: `child: _`
[INFO] [stdout] 
[INFO] [stdout] 
[INFO] [stdout] warning: unused variable: `val`
[INFO] [stdout]    --> src/lib.rs:268:31
[INFO] [stdout]     |
[INFO] [stdout] 268 |                     for (col, val) in matrix.iter().enumerate() {
[INFO] [stdout]     |                               ^^^ help: if this is intentional, prefix it with an underscore: `_val`
[INFO] [stdout] 
[INFO] [stdout] 
[INFO] [stdout] warning: variable does not need to be mutable
[INFO] [stdout]    --> src/lib.rs:323:13
[INFO] [stdout]     |
[INFO] [stdout] 323 |         let mut f = BufReader::new(File::open(path).unwrap());
[INFO] [stdout]     |             ----^
[INFO] [stdout]     |             |
[INFO] [stdout]     |             help: remove this `mut`
[INFO] [stdout]     |
[INFO] [stdout]     = note: `#[warn(unused_mut)]` on by default
[INFO] [stdout] 
[INFO] [stdout] 
[INFO] [stdout] warning: unused import: `nix::sys::wait::WaitStatus`
[INFO] [stdout]  --> src/main.rs:3:5
[INFO] [stdout]   |
[INFO] [stdout] 3 | use nix::sys::wait::WaitStatus;
[INFO] [stdout]   |     ^^^^^^^^^^^^^^^^^^^^^^^^^^
[INFO] [stdout]   |
[INFO] [stdout]   = note: `#[warn(unused_imports)]` on by default
[INFO] [stdout] 
[INFO] [stdout] 
[INFO] [stdout] warning: unused imports: `ForkResult` and `fork`
[INFO] [stdout]  --> src/main.rs:4:19
[INFO] [stdout]   |
[INFO] [stdout] 4 | use nix::unistd::{fork, ForkResult};
[INFO] [stdout]   |                   ^^^^  ^^^^^^^^^^
[INFO] [stdout] 
[INFO] [stdout] 
[INFO] [stdout] warning: unused import: `SocketAddr`
[INFO] [stdout]   --> src/main.rs:64:26
[INFO] [stdout]    |
[INFO] [stdout] 64 | use std::os::unix::net::{SocketAddr, UnixListener};
[INFO] [stdout]    |                          ^^^^^^^^^^
[INFO] [stdout] 
[INFO] [stdout] 
[INFO] [stdout] warning: unused import: `std::sync::mpsc::channel`
[INFO] [stdout]   --> src/main.rs:65:5
[INFO] [stdout]    |
[INFO] [stdout] 65 | use std::sync::mpsc::channel;
[INFO] [stdout]    |     ^^^^^^^^^^^^^^^^^^^^^^^^
[INFO] [stdout] 
[INFO] [stdout] 
[INFO] [stdout] warning: unused import: `std::sync::Arc`
[INFO] [stdout]   --> src/main.rs:66:5
[INFO] [stdout]    |
[INFO] [stdout] 66 | use std::sync::Arc;
[INFO] [stdout]    |     ^^^^^^^^^^^^^^
[INFO] [stdout] 
[INFO] [stdout] 
[INFO] [stdout] warning: unused import: `std::thread`
[INFO] [stdout]   --> src/main.rs:67:5
[INFO] [stdout]    |
[INFO] [stdout] 67 | use std::thread;
[INFO] [stdout]    |     ^^^^^^^^^^^
[INFO] [stdout] 
[INFO] [stdout] 
[INFO] [stdout] warning: unused variable: `matrix_2`
[INFO] [stdout]   --> src/main.rs:14:9
[INFO] [stdout]    |
[INFO] [stdout] 14 |     let matrix_2 = vec![vec![1, 2, 3], vec![4, 5, 6], vec![7, 8, 9]];
[INFO] [stdout]    |         ^^^^^^^^ help: if this is intentional, prefix it with an underscore: `_matrix_2`
[INFO] [stdout]    |
[INFO] [stdout]    = note: `#[warn(unused_variables)]` on by default
[INFO] [stdout] 
[INFO] [stdout] 
[INFO] [stdout] warning: unused variable: `shmem`
[INFO] [stdout]   --> src/main.rs:19:9
[INFO] [stdout]    |
[INFO] [stdout] 19 |     let shmem = match shared_memory::ShmemConf::new().size(8).create() {
[INFO] [stdout]    |         ^^^^^ help: if this is intentional, prefix it with an underscore: `_shmem`
[INFO] [stdout] 
[INFO] [stdout] 
[INFO] [stdout] warning: unused variable: `unix_listener`
[INFO] [stdout]    --> src/main.rs:119:9
[INFO] [stdout]     |
[INFO] [stdout] 119 |     let unix_listener = UnixListener::bind(socket_path).expect("bind error");
[INFO] [stdout]     |         ^^^^^^^^^^^^^ help: if this is intentional, prefix it with an underscore: `_unix_listener`
[INFO] [stdout] 
[INFO] [stdout] 
[INFO] [stdout] warning: function `unix_socket` is never used
[INFO] [stdout]    --> src/main.rs:114:4
[INFO] [stdout]     |
[INFO] [stdout] 114 | fn unix_socket() {
[INFO] [stdout]     |    ^^^^^^^^^^^
[INFO] [stdout]     |
[INFO] [stdout]     = note: `#[warn(dead_code)]` on by default
[INFO] [stdout] 
[INFO] [stdout] 
[INFO] [stdout] warning: function `delete_existing_socket` is never used
[INFO] [stdout]    --> src/main.rs:124:4
[INFO] [stdout]     |
[INFO] [stdout] 124 | fn delete_existing_socket(socket_path: &str) {
[INFO] [stdout]     |    ^^^^^^^^^^^^^^^^^^^^^^
[INFO] [stdout] 
[INFO] [stdout] 
[INFO] [stdout] warning: unused import: `std::fmt::Error`
[INFO] [stdout]  --> src/lib.rs:2:9
[INFO] [stdout]   |
[INFO] [stdout] 2 |     use std::fmt::Error;
[INFO] [stdout]   |         ^^^^^^^^^^^^^^^
[INFO] [stdout]   |
[INFO] [stdout]   = note: `#[warn(unused_imports)]` on by default
[INFO] [stdout] 
[INFO] [stdout] 
[INFO] [stdout] warning: unused import: `WaitPidFlag`
[INFO] [stdout]  --> src/lib.rs:5:21
[INFO] [stdout]   |
[INFO] [stdout] 5 |         sys::wait::{WaitPidFlag, WaitStatus},
[INFO] [stdout]   |                     ^^^^^^^^^^^
[INFO] [stdout] 
[INFO] [stdout] 
[INFO] [stdout] warning: unused import: `Read`
[INFO] [stdout]   --> src/lib.rs:46:19
[INFO] [stdout]    |
[INFO] [stdout] 46 |     use std::io::{Read, Write};
[INFO] [stdout]    |                   ^^^^
[INFO] [stdout] 
[INFO] [stdout] 
[INFO] [stdout] warning: unused import: `UnixListener`
[INFO] [stdout]   --> src/lib.rs:47:30
[INFO] [stdout]    |
[INFO] [stdout] 47 |     use std::os::unix::net::{UnixListener, UnixStream};
[INFO] [stdout]    |                              ^^^^^^^^^^^^
[INFO] [stdout] 
[INFO] [stdout] 
[INFO] [stdout] warning: unused variable: `child`
[INFO] [stdout]   --> src/lib.rs:93:37
[INFO] [stdout]    |
[INFO] [stdout] 93 |             Ok(ForkResult::Parent { child }) => match unsafe { fork() } {
[INFO] [stdout]    |                                     ^^^^^ help: try ignoring the field: `child: _`
[INFO] [stdout]    |
[INFO] [stdout]    = note: `#[warn(unused_variables)]` on by default
[INFO] [stdout] 
[INFO] [stdout] 
[INFO] [stdout] warning: unused variable: `child`
[INFO] [stdout]   --> src/lib.rs:94:41
[INFO] [stdout]    |
[INFO] [stdout] 94 |                 Ok(ForkResult::Parent { child }) => (),
[INFO] [stdout]    |                                         ^^^^^ help: try ignoring the field: `child: _`
[INFO] [stdout] 
[INFO] [stdout] 
[INFO] [stdout] warning: unused variable: `val`
[INFO] [stdout]    --> src/lib.rs:268:31
[INFO] [stdout]     |
[INFO] [stdout] 268 |                     for (col, val) in matrix.iter().enumerate() {
[INFO] [stdout]     |                               ^^^ help: if this is intentional, prefix it with an underscore: `_val`
[INFO] [stdout] 
[INFO] [stdout] 
[INFO] [stdout] warning: variable does not need to be mutable
[INFO] [stdout]    --> src/lib.rs:323:13
[INFO] [stdout]     |
[INFO] [stdout] 323 |         let mut f = BufReader::new(File::open(path).unwrap());
[INFO] [stdout]     |             ----^
[INFO] [stdout]     |             |
[INFO] [stdout]     |             help: remove this `mut`
[INFO] [stdout]     |
[INFO] [stdout]     = note: `#[warn(unused_mut)]` on by default
[INFO] [stdout] 
[INFO] [stdout] 
[INFO] [stderr]     Finished `test` profile [unoptimized + debuginfo] target(s) in 1.34s
[INFO] running `Command { std: "docker" "inspect" "3512c6ea56079651ba0e971459baff6880876fc7f3aa9484486b059f6fb490a7", kill_on_drop: false }`
[INFO] running `Command { std: "docker" "rm" "-f" "3512c6ea56079651ba0e971459baff6880876fc7f3aa9484486b059f6fb490a7", kill_on_drop: false }`
[INFO] [stdout] 3512c6ea56079651ba0e971459baff6880876fc7f3aa9484486b059f6fb490a7
[INFO] running `Command { std: "docker" "create" "-v" "/var/lib/crater-agent-workspace/builds/worker-1-tc1/target:/opt/rustwide/target:rw,Z" "-v" "/var/lib/crater-agent-workspace/builds/worker-1-tc1/source:/opt/rustwide/workdir:ro,Z" "-v" "/var/lib/crater-agent-workspace/cargo-home:/opt/rustwide/cargo-home:ro,Z" "-v" "/var/lib/crater-agent-workspace/rustup-home:/opt/rustwide/rustup-home:ro,Z" "-e" "SOURCE_DIR=/opt/rustwide/workdir" "-e" "CARGO_TARGET_DIR=/opt/rustwide/target" "-e" "CARGO_INCREMENTAL=0" "-e" "RUST_BACKTRACE=full" "-e" "RUSTFLAGS=--cap-lints=forbid" "-e" "RUSTDOCFLAGS=--cap-lints=forbid" "-e" "CARGO_HOME=/opt/rustwide/cargo-home" "-e" "RUSTUP_HOME=/opt/rustwide/rustup-home" "-w" "/opt/rustwide/workdir" "-m" "1610612736" "--user" "0:0" "--network" "none" "ghcr.io/rust-lang/crates-build-env/linux@sha256:819108c5571ea2e421544af4d832f968d213c87fbe3707a016657f43d2f853bc" "/opt/rustwide/cargo-home/bin/cargo" "+nightly-2025-01-18" "test" "--frozen", kill_on_drop: false }`
[INFO] [stdout] 1d3466416294ec9a736e51ac6e4e99f752d8fca703b22a2055a42d38e083c89b
[INFO] running `Command { std: "docker" "start" "-a" "1d3466416294ec9a736e51ac6e4e99f752d8fca703b22a2055a42d38e083c89b", kill_on_drop: false }`
[INFO] [stderr] warning: unused import: `std::fmt::Error`
[INFO] [stderr]  --> src/lib.rs:2:9
[INFO] [stderr]   |
[INFO] [stderr] 2 |     use std::fmt::Error;
[INFO] [stderr]   |         ^^^^^^^^^^^^^^^
[INFO] [stderr]   |
[INFO] [stderr]   = note: `#[warn(unused_imports)]` on by default
[INFO] [stderr] 
[INFO] [stderr] warning: unused import: `WaitPidFlag`
[INFO] [stderr]  --> src/lib.rs:5:21
[INFO] [stderr]   |
[INFO] [stderr] 5 |         sys::wait::{WaitPidFlag, WaitStatus},
[INFO] [stderr]   |                     ^^^^^^^^^^^
[INFO] [stderr] 
[INFO] [stderr] warning: unused import: `Read`
[INFO] [stderr]   --> src/lib.rs:46:19
[INFO] [stderr]    |
[INFO] [stderr] 46 |     use std::io::{Read, Write};
[INFO] [stderr]    |                   ^^^^
[INFO] [stderr] 
[INFO] [stderr] warning: unused import: `UnixListener`
[INFO] [stderr]   --> src/lib.rs:47:30
[INFO] [stderr]    |
[INFO] [stderr] 47 |     use std::os::unix::net::{UnixListener, UnixStream};
[INFO] [stderr]    |                              ^^^^^^^^^^^^
[INFO] [stderr] 
[INFO] [stderr] warning: unused variable: `child`
[INFO] [stderr]   --> src/lib.rs:93:37
[INFO] [stderr]    |
[INFO] [stderr] 93 |             Ok(ForkResult::Parent { child }) => match unsafe { fork() } {
[INFO] [stderr]    |                                     ^^^^^ help: try ignoring the field: `child: _`
[INFO] [stderr]    |
[INFO] [stderr]    = note: `#[warn(unused_variables)]` on by default
[INFO] [stderr] 
[INFO] [stderr] warning: unused variable: `child`
[INFO] [stderr]   --> src/lib.rs:94:41
[INFO] [stderr]    |
[INFO] [stderr] 94 |                 Ok(ForkResult::Parent { child }) => (),
[INFO] [stderr]    |                                         ^^^^^ help: try ignoring the field: `child: _`
[INFO] [stderr] 
[INFO] [stderr] warning: unused variable: `val`
[INFO] [stderr]    --> src/lib.rs:268:31
[INFO] [stderr]     |
[INFO] [stderr] 268 |                     for (col, val) in matrix.iter().enumerate() {
[INFO] [stderr]     |                               ^^^ help: if this is intentional, prefix it with an underscore: `_val`
[INFO] [stderr] 
[INFO] [stderr] warning: variable does not need to be mutable
[INFO] [stderr]    --> src/lib.rs:323:13
[INFO] [stderr]     |
[INFO] [stderr] 323 |         let mut f = BufReader::new(File::open(path).unwrap());
[INFO] [stderr]     |             ----^
[INFO] [stderr]     |             |
[INFO] [stderr]     |             help: remove this `mut`
[INFO] [stderr]     |
[INFO] [stderr]     = note: `#[warn(unused_mut)]` on by default
[INFO] [stderr] 
[INFO] [stderr] warning: `lab4` (lib) generated 8 warnings (run `cargo fix --lib -p lab4` to apply 5 suggestions)
[INFO] [stderr] warning: `lab4` (lib test) generated 8 warnings (8 duplicates)
[INFO] [stderr] warning: unused import: `nix::sys::wait::WaitStatus`
[INFO] [stderr]  --> src/main.rs:3:5
[INFO] [stderr]   |
[INFO] [stderr] 3 | use nix::sys::wait::WaitStatus;
[INFO] [stderr]   |     ^^^^^^^^^^^^^^^^^^^^^^^^^^
[INFO] [stderr]   |
[INFO] [stderr]   = note: `#[warn(unused_imports)]` on by default
[INFO] [stderr] 
[INFO] [stderr] warning: unused imports: `ForkResult` and `fork`
[INFO] [stderr]  --> src/main.rs:4:19
[INFO] [stderr]   |
[INFO] [stderr] 4 | use nix::unistd::{fork, ForkResult};
[INFO] [stderr]   |                   ^^^^  ^^^^^^^^^^
[INFO] [stderr] 
[INFO] [stderr] warning: unused import: `SocketAddr`
[INFO] [stderr]   --> src/main.rs:64:26
[INFO] [stderr]    |
[INFO] [stderr] 64 | use std::os::unix::net::{SocketAddr, UnixListener};
[INFO] [stderr]    |                          ^^^^^^^^^^
[INFO] [stderr] 
[INFO] [stderr] warning: unused import: `std::sync::mpsc::channel`
[INFO] [stderr]   --> src/main.rs:65:5
[INFO] [stderr]    |
[INFO] [stderr] 65 | use std::sync::mpsc::channel;
[INFO] [stderr]    |     ^^^^^^^^^^^^^^^^^^^^^^^^
[INFO] [stderr] 
[INFO] [stderr] warning: unused import: `std::sync::Arc`
[INFO] [stderr]   --> src/main.rs:66:5
[INFO] [stderr]    |
[INFO] [stderr] 66 | use std::sync::Arc;
[INFO] [stderr]    |     ^^^^^^^^^^^^^^
[INFO] [stderr] 
[INFO] [stderr] warning: unused import: `std::thread`
[INFO] [stderr]   --> src/main.rs:67:5
[INFO] [stderr]    |
[INFO] [stderr] 67 | use std::thread;
[INFO] [stderr]    |     ^^^^^^^^^^^
[INFO] [stderr] 
[INFO] [stderr] warning: unused variable: `matrix_2`
[INFO] [stderr]   --> src/main.rs:14:9
[INFO] [stderr]    |
[INFO] [stderr] 14 |     let matrix_2 = vec![vec![1, 2, 3], vec![4, 5, 6], vec![7, 8, 9]];
[INFO] [stderr]    |         ^^^^^^^^ help: if this is intentional, prefix it with an underscore: `_matrix_2`
[INFO] [stderr]    |
[INFO] [stderr]    = note: `#[warn(unused_variables)]` on by default
[INFO] [stderr] 
[INFO] [stderr] warning: unused variable: `shmem`
[INFO] [stderr]   --> src/main.rs:19:9
[INFO] [stderr]    |
[INFO] [stderr] 19 |     let shmem = match shared_memory::ShmemConf::new().size(8).create() {
[INFO] [stderr]    |         ^^^^^ help: if this is intentional, prefix it with an underscore: `_shmem`
[INFO] [stderr] 
[INFO] [stderr] warning: unused variable: `unix_listener`
[INFO] [stderr]    --> src/main.rs:119:9
[INFO] [stderr]     |
[INFO] [stderr] 119 |     let unix_listener = UnixListener::bind(socket_path).expect("bind error");
[INFO] [stderr]     |         ^^^^^^^^^^^^^ help: if this is intentional, prefix it with an underscore: `_unix_listener`
[INFO] [stderr] 
[INFO] [stderr] warning: function `unix_socket` is never used
[INFO] [stderr]    --> src/main.rs:114:4
[INFO] [stderr]     |
[INFO] [stderr] 114 | fn unix_socket() {
[INFO] [stderr]     |    ^^^^^^^^^^^
[INFO] [stderr]     |
[INFO] [stderr]     = note: `#[warn(dead_code)]` on by default
[INFO] [stderr] 
[INFO] [stderr] warning: function `delete_existing_socket` is never used
[INFO] [stderr]    --> src/main.rs:124:4
[INFO] [stderr]     |
[INFO] [stderr] 124 | fn delete_existing_socket(socket_path: &str) {
[INFO] [stderr]     |    ^^^^^^^^^^^^^^^^^^^^^^
[INFO] [stderr] 
[INFO] [stderr] warning: `lab4` (bin "lab4" test) generated 11 warnings (run `cargo fix --bin "lab4" --tests` to apply 6 suggestions)
[INFO] [stderr]     Finished `test` profile [unoptimized + debuginfo] target(s) in 0.14s
[INFO] [stderr]      Running unittests src/lib.rs (/opt/rustwide/target/debug/deps/lab4-dc0a17c978fd0395)
[INFO] [stdout] 
[INFO] [stdout] running 4 tests
[INFO] [stdout] test tests::test_minor ... ok
[INFO] [stdout] test tests::test_read_write_shm ... ok
[INFO] [stdout] test tests::test_reading_matrix_from_file ... FAILED
[INFO] [stdout] test tests::test_slice_calculation ... FAILED
[INFO] [stdout] 
[INFO] [stdout] failures:
[INFO] [stdout] 
[INFO] [stdout] ---- tests::test_reading_matrix_from_file stdout ----
[INFO] [stdout] 
[INFO] [stdout] thread 'tests::test_reading_matrix_from_file' panicked at src/lib.rs:323:53:
[INFO] [stdout] called `Result::unwrap()` on an `Err` value: Os { code: 2, kind: NotFound, message: "No such file or directory" }
[INFO] [stdout] stack backtrace:
[INFO] [stdout]    0:     0x60069d398b0a - std::backtrace_rs::backtrace::libunwind::trace::hb059275cfc8d6126
[INFO] [stdout]                                at /rustc/6067b36314ab5eb2eb47cecc464545ba58e1ad24/library/std/src/../../backtrace/src/backtrace/libunwind.rs:116:5
[INFO] [stdout]    1:     0x60069d398b0a - std::backtrace_rs::backtrace::trace_unsynchronized::h2da071e4327ce3ee
[INFO] [stdout]                                at /rustc/6067b36314ab5eb2eb47cecc464545ba58e1ad24/library/std/src/../../backtrace/src/backtrace/mod.rs:66:5
[INFO] [stdout]    2:     0x60069d398b0a - std::sys::backtrace::_print_fmt::h842a1474e6f8d23f
[INFO] [stdout]                                at /rustc/6067b36314ab5eb2eb47cecc464545ba58e1ad24/library/std/src/sys/backtrace.rs:66:9
[INFO] [stdout]    3:     0x60069d398b0a - <std::sys::backtrace::BacktraceLock::print::DisplayBacktrace as core::fmt::Display>::fmt::h71a62eb3b9696b12
[INFO] [stdout]                                at /rustc/6067b36314ab5eb2eb47cecc464545ba58e1ad24/library/std/src/sys/backtrace.rs:39:26
[INFO] [stdout]    4:     0x60069d3c08e3 - core::fmt::rt::Argument::fmt::hdb6b616786b41dc1
[INFO] [stdout]                                at /rustc/6067b36314ab5eb2eb47cecc464545ba58e1ad24/library/core/src/fmt/rt.rs:177:76
[INFO] [stdout]    5:     0x60069d3c08e3 - core::fmt::write::h2cc1698af7e2d686
[INFO] [stdout]                                at /rustc/6067b36314ab5eb2eb47cecc464545ba58e1ad24/library/core/src/fmt/mod.rs:1440:21
[INFO] [stdout]    6:     0x60069d3955b3 - std::io::Write::write_fmt::hab1b4cd059a79022
[INFO] [stdout]                                at /rustc/6067b36314ab5eb2eb47cecc464545ba58e1ad24/library/std/src/io/mod.rs:1887:15
[INFO] [stdout]    7:     0x60069d398952 - std::sys::backtrace::BacktraceLock::print::h147fe35b4ea13b08
[INFO] [stdout]                                at /rustc/6067b36314ab5eb2eb47cecc464545ba58e1ad24/library/std/src/sys/backtrace.rs:42:9
[INFO] [stdout]    8:     0x60069d399f2f - std::panicking::default_hook::{{closure}}::hbd44223dbdc0d208
[INFO] [stdout]                                at /rustc/6067b36314ab5eb2eb47cecc464545ba58e1ad24/library/std/src/panicking.rs:298:22
[INFO] [stdout]    9:     0x60069d399d48 - std::panicking::default_hook::h20f81eb0576efcec
[INFO] [stdout]                                at /rustc/6067b36314ab5eb2eb47cecc464545ba58e1ad24/library/std/src/panicking.rs:322:9
[INFO] [stdout]   10:     0x60069d35b7b3 - <alloc::boxed::Box<F,A> as core::ops::function::Fn<Args>>::call::hdb53814c496a4d34
[INFO] [stdout]                                at /rustc/6067b36314ab5eb2eb47cecc464545ba58e1ad24/library/alloc/src/boxed.rs:2027:9
[INFO] [stdout]   11:     0x60069d35b7b3 - test::test_main::{{closure}}::hc0a4963c59427c24
[INFO] [stdout]                                at /rustc/6067b36314ab5eb2eb47cecc464545ba58e1ad24/library/test/src/lib.rs:134:21
[INFO] [stdout]   12:     0x60069d39aa23 - <alloc::boxed::Box<F,A> as core::ops::function::Fn<Args>>::call::h591b2225413a77e9
[INFO] [stdout]                                at /rustc/6067b36314ab5eb2eb47cecc464545ba58e1ad24/library/alloc/src/boxed.rs:2027:9
[INFO] [stdout]   13:     0x60069d39aa23 - std::panicking::rust_panic_with_hook::h625eea43051b2edc
[INFO] [stdout]                                at /rustc/6067b36314ab5eb2eb47cecc464545ba58e1ad24/library/std/src/panicking.rs:839:13
[INFO] [stdout]   14:     0x60069d39a6da - std::panicking::begin_panic_handler::{{closure}}::h4f9159cfbc3f6bd3
[INFO] [stdout]                                at /rustc/6067b36314ab5eb2eb47cecc464545ba58e1ad24/library/std/src/panicking.rs:704:13
[INFO] [stdout]   15:     0x60069d399009 - std::sys::backtrace::__rust_end_short_backtrace::h0390abce48353151
[INFO] [stdout]                                at /rustc/6067b36314ab5eb2eb47cecc464545ba58e1ad24/library/std/src/sys/backtrace.rs:168:18
[INFO] [stdout]   16:     0x60069d39a36d - rust_begin_unwind
[INFO] [stdout]                                at /rustc/6067b36314ab5eb2eb47cecc464545ba58e1ad24/library/std/src/panicking.rs:695:5
[INFO] [stdout]   17:     0x60069d3bf2c0 - core::panicking::panic_fmt::h9e7c637e9e5f29c9
[INFO] [stdout]                                at /rustc/6067b36314ab5eb2eb47cecc464545ba58e1ad24/library/core/src/panicking.rs:75:14
[INFO] [stdout]   18:     0x60069d3bf736 - core::result::unwrap_failed::h7979f09313fe1849
[INFO] [stdout]                                at /rustc/6067b36314ab5eb2eb47cecc464545ba58e1ad24/library/core/src/result.rs:1704:5
[INFO] [stdout]   19:     0x60069d2e253d - core::result::Result<T,E>::unwrap::h2b93094f144bc4b5
[INFO] [stdout]                                at /rustc/6067b36314ab5eb2eb47cecc464545ba58e1ad24/library/core/src/result.rs:1109:23
[INFO] [stdout]   20:     0x60069d2e253d - lab4::matrix::read_matrix::h9dfa5176cfe84732
[INFO] [stdout]                                at /opt/rustwide/workdir/src/lib.rs:323:36
[INFO] [stdout]   21:     0x60069d2e549d - lab4::tests::test_reading_matrix_from_file::h6e16d11602e293c6
[INFO] [stdout]                                at /opt/rustwide/workdir/src/lib.rs:385:20
[INFO] [stdout]   22:     0x60069d2e5117 - lab4::tests::test_reading_matrix_from_file::{{closure}}::hfda2ac3df79c3b7e
[INFO] [stdout]                                at /opt/rustwide/workdir/src/lib.rs:377:39
[INFO] [stdout]   23:     0x60069d2dbfe6 - core::ops::function::FnOnce::call_once::hbe3fa7d1d4cc33c0
[INFO] [stdout]                                at /rustc/6067b36314ab5eb2eb47cecc464545ba58e1ad24/library/core/src/ops/function.rs:250:5
[INFO] [stdout]   24:     0x60069d360f0b - core::ops::function::FnOnce::call_once::he27718dfdd183f43
[INFO] [stdout]                                at /rustc/6067b36314ab5eb2eb47cecc464545ba58e1ad24/library/core/src/ops/function.rs:250:5
[INFO] [stdout]   25:     0x60069d360f0b - test::__rust_begin_short_backtrace::h4e84902998457a5d
[INFO] [stdout]                                at /rustc/6067b36314ab5eb2eb47cecc464545ba58e1ad24/library/test/src/lib.rs:632:18
[INFO] [stdout]   26:     0x60069d35fe43 - test::run_test_in_process::{{closure}}::h7176fd18fc1feca0
[INFO] [stdout]                                at /rustc/6067b36314ab5eb2eb47cecc464545ba58e1ad24/library/test/src/lib.rs:655:60
[INFO] [stdout]   27:     0x60069d35fe43 - <core::panic::unwind_safe::AssertUnwindSafe<F> as core::ops::function::FnOnce<()>>::call_once::hf79cff2a624d8cf7
[INFO] [stdout]                                at /rustc/6067b36314ab5eb2eb47cecc464545ba58e1ad24/library/core/src/panic/unwind_safe.rs:272:9
[INFO] [stdout]   28:     0x60069d35fe43 - std::panicking::try::do_call::h3da0561d9ab99c25
[INFO] [stdout]                                at /rustc/6067b36314ab5eb2eb47cecc464545ba58e1ad24/library/std/src/panicking.rs:587:40
[INFO] [stdout]   29:     0x60069d35fe43 - std::panicking::try::h41c9fa508bc61df6
[INFO] [stdout]                                at /rustc/6067b36314ab5eb2eb47cecc464545ba58e1ad24/library/std/src/panicking.rs:550:19
[INFO] [stdout]   30:     0x60069d35fe43 - std::panic::catch_unwind::h6b3ff07bb5afad93
[INFO] [stdout]                                at /rustc/6067b36314ab5eb2eb47cecc464545ba58e1ad24/library/std/src/panic.rs:358:14
[INFO] [stdout]   31:     0x60069d35fe43 - test::run_test_in_process::hc7253dd11b39b9f4
[INFO] [stdout]                                at /rustc/6067b36314ab5eb2eb47cecc464545ba58e1ad24/library/test/src/lib.rs:655:27
[INFO] [stdout]   32:     0x60069d35fe43 - test::run_test::{{closure}}::hfb2007f8649c30bb
[INFO] [stdout]                                at /rustc/6067b36314ab5eb2eb47cecc464545ba58e1ad24/library/test/src/lib.rs:576:43
[INFO] [stdout]   33:     0x60069d322f25 - test::run_test::{{closure}}::h56a17aa7a282a9f4
[INFO] [stdout]                                at /rustc/6067b36314ab5eb2eb47cecc464545ba58e1ad24/library/test/src/lib.rs:606:41
[INFO] [stdout]   34:     0x60069d322f25 - std::sys::backtrace::__rust_begin_short_backtrace::hd2d2d2fb8e8c6aac
[INFO] [stdout]                                at /rustc/6067b36314ab5eb2eb47cecc464545ba58e1ad24/library/std/src/sys/backtrace.rs:152:18
[INFO] [stdout]   35:     0x60069d32680a - std::thread::Builder::spawn_unchecked_::{{closure}}::{{closure}}::h4faa3f9db6133423
[INFO] [stdout]                                at /rustc/6067b36314ab5eb2eb47cecc464545ba58e1ad24/library/std/src/thread/mod.rs:559:17
[INFO] [stdout]   36:     0x60069d32680a - <core::panic::unwind_safe::AssertUnwindSafe<F> as core::ops::function::FnOnce<()>>::call_once::hf2e855a36a4ea846
[INFO] [stdout]                                at /rustc/6067b36314ab5eb2eb47cecc464545ba58e1ad24/library/core/src/panic/unwind_safe.rs:272:9
[INFO] [stdout]   37:     0x60069d32680a - std::panicking::try::do_call::h2f73af3616c35465
[INFO] [stdout]                                at /rustc/6067b36314ab5eb2eb47cecc464545ba58e1ad24/library/std/src/panicking.rs:587:40
[INFO] [stdout]   38:     0x60069d32680a - std::panicking::try::hd1660ce9efadef5a
[INFO] [stdout]                                at /rustc/6067b36314ab5eb2eb47cecc464545ba58e1ad24/library/std/src/panicking.rs:550:19
[INFO] [stdout]   39:     0x60069d32680a - std::panic::catch_unwind::h5ee8d7823b8ca744
[INFO] [stdout]                                at /rustc/6067b36314ab5eb2eb47cecc464545ba58e1ad24/library/std/src/panic.rs:358:14
[INFO] [stdout]   40:     0x60069d32680a - std::thread::Builder::spawn_unchecked_::{{closure}}::h53c3a1894dce8407
[INFO] [stdout]                                at /rustc/6067b36314ab5eb2eb47cecc464545ba58e1ad24/library/std/src/thread/mod.rs:557:30
[INFO] [stdout]   41:     0x60069d32680a - core::ops::function::FnOnce::call_once{{vtable.shim}}::h048ce291ad4f62bf
[INFO] [stdout]                                at /rustc/6067b36314ab5eb2eb47cecc464545ba58e1ad24/library/core/src/ops/function.rs:250:5
[INFO] [stdout]   42:     0x60069d39ea4b - <alloc::boxed::Box<F,A> as core::ops::function::FnOnce<Args>>::call_once::ha52bedf99a3b4981
[INFO] [stdout]                                at /rustc/6067b36314ab5eb2eb47cecc464545ba58e1ad24/library/alloc/src/boxed.rs:2013:9
[INFO] [stdout]   43:     0x60069d39ea4b - <alloc::boxed::Box<F,A> as core::ops::function::FnOnce<Args>>::call_once::h567748934d80ccf8
[INFO] [stdout]                                at /rustc/6067b36314ab5eb2eb47cecc464545ba58e1ad24/library/alloc/src/boxed.rs:2013:9
[INFO] [stdout]   44:     0x60069d39ea4b - std::sys::pal::unix::thread::Thread::new::thread_start::h2d970728ae887adc
[INFO] [stdout]                                at /rustc/6067b36314ab5eb2eb47cecc464545ba58e1ad24/library/std/src/sys/pal/unix/thread.rs:106:17
[INFO] [stdout]   45:     0x7fd731d6bac3 - <unknown>
[INFO] [stdout]   46:     0x7fd731dfca04 - clone
[INFO] [stdout]   47:                0x0 - <unknown>
[INFO] [stdout] 
[INFO] [stdout] ---- tests::test_slice_calculation stdout ----
[INFO] [stdout] 
[INFO] [stdout] thread 'tests::test_slice_calculation' panicked at src/lib.rs:323:53:
[INFO] [stdout] called `Result::unwrap()` on an `Err` value: Os { code: 2, kind: NotFound, message: "No such file or directory" }
[INFO] [stdout] stack backtrace:
[INFO] [stdout]    0:     0x60069d398b0a - std::backtrace_rs::backtrace::libunwind::trace::hb059275cfc8d6126
[INFO] [stdout]                                at /rustc/6067b36314ab5eb2eb47cecc464545ba58e1ad24/library/std/src/../../backtrace/src/backtrace/libunwind.rs:116:5
[INFO] [stdout]    1:     0x60069d398b0a - std::backtrace_rs::backtrace::trace_unsynchronized::h2da071e4327ce3ee
[INFO] [stdout]                                at /rustc/6067b36314ab5eb2eb47cecc464545ba58e1ad24/library/std/src/../../backtrace/src/backtrace/mod.rs:66:5
[INFO] [stdout]    2:     0x60069d398b0a - std::sys::backtrace::_print_fmt::h842a1474e6f8d23f
[INFO] [stdout]                                at /rustc/6067b36314ab5eb2eb47cecc464545ba58e1ad24/library/std/src/sys/backtrace.rs:66:9
[INFO] [stdout]    3:     0x60069d398b0a - <std::sys::backtrace::BacktraceLock::print::DisplayBacktrace as core::fmt::Display>::fmt::h71a62eb3b9696b12
[INFO] [stdout]                                at /rustc/6067b36314ab5eb2eb47cecc464545ba58e1ad24/library/std/src/sys/backtrace.rs:39:26
[INFO] [stdout]    4:     0x60069d3c08e3 - core::fmt::rt::Argument::fmt::hdb6b616786b41dc1
[INFO] [stdout]                                at /rustc/6067b36314ab5eb2eb47cecc464545ba58e1ad24/library/core/src/fmt/rt.rs:177:76
[INFO] [stdout]    5:     0x60069d3c08e3 - core::fmt::write::h2cc1698af7e2d686
[INFO] [stdout]                                at /rustc/6067b36314ab5eb2eb47cecc464545ba58e1ad24/library/core/src/fmt/mod.rs:1440:21
[INFO] [stdout]    6:     0x60069d3955b3 - std::io::Write::write_fmt::hab1b4cd059a79022
[INFO] [stdout]                                at /rustc/6067b36314ab5eb2eb47cecc464545ba58e1ad24/library/std/src/io/mod.rs:1887:15
[INFO] [stdout]    7:     0x60069d398952 - std::sys::backtrace::BacktraceLock::print::h147fe35b4ea13b08
[INFO] [stdout]                                at /rustc/6067b36314ab5eb2eb47cecc464545ba58e1ad24/library/std/src/sys/backtrace.rs:42:9
[INFO] [stdout]    8:     0x60069d399f2f - std::panicking::default_hook::{{closure}}::hbd44223dbdc0d208
[INFO] [stdout]                                at /rustc/6067b36314ab5eb2eb47cecc464545ba58e1ad24/library/std/src/panicking.rs:298:22
[INFO] [stdout]    9:     0x60069d399d48 - std::panicking::default_hook::h20f81eb0576efcec
[INFO] [stdout]                                at /rustc/6067b36314ab5eb2eb47cecc464545ba58e1ad24/library/std/src/panicking.rs:322:9
[INFO] [stdout]   10:     0x60069d35b7b3 - <alloc::boxed::Box<F,A> as core::ops::function::Fn<Args>>::call::hdb53814c496a4d34
[INFO] [stdout]                                at /rustc/6067b36314ab5eb2eb47cecc464545ba58e1ad24/library/alloc/src/boxed.rs:2027:9
[INFO] [stdout]   11:     0x60069d35b7b3 - test::test_main::{{closure}}::hc0a4963c59427c24
[INFO] [stdout]                                at /rustc/6067b36314ab5eb2eb47cecc464545ba58e1ad24/library/test/src/lib.rs:134:21
[INFO] [stdout]   12:     0x60069d39aa23 - <alloc::boxed::Box<F,A> as core::ops::function::Fn<Args>>::call::h591b2225413a77e9
[INFO] [stdout]                                at /rustc/6067b36314ab5eb2eb47cecc464545ba58e1ad24/library/alloc/src/boxed.rs:2027:9
[INFO] [stdout]   13:     0x60069d39aa23 - std::panicking::rust_panic_with_hook::h625eea43051b2edc
[INFO] [stdout]                                at /rustc/6067b36314ab5eb2eb47cecc464545ba58e1ad24/library/std/src/panicking.rs:839:13
[INFO] [stdout]   14:     0x60069d39a6da - std::panicking::begin_panic_handler::{{closure}}::h4f9159cfbc3f6bd3
[INFO] [stdout]                                at /rustc/6067b36314ab5eb2eb47cecc464545ba58e1ad24/library/std/src/panicking.rs:704:13
[INFO] [stdout]   15:     0x60069d399009 - std::sys::backtrace::__rust_end_short_backtrace::h0390abce48353151
[INFO] [stdout]                                at /rustc/6067b36314ab5eb2eb47cecc464545ba58e1ad24/library/std/src/sys/backtrace.rs:168:18
[INFO] [stdout]   16:     0x60069d39a36d - rust_begin_unwind
[INFO] [stdout]                                at /rustc/6067b36314ab5eb2eb47cecc464545ba58e1ad24/library/std/src/panicking.rs:695:5
[INFO] [stdout]   17:     0x60069d3bf2c0 - core::panicking::panic_fmt::h9e7c637e9e5f29c9
[INFO] [stdout]                                at /rustc/6067b36314ab5eb2eb47cecc464545ba58e1ad24/library/core/src/panicking.rs:75:14
[INFO] [stdout]   18:     0x60069d3bf736 - core::result::unwrap_failed::h7979f09313fe1849
[INFO] [stdout]                                at /rustc/6067b36314ab5eb2eb47cecc464545ba58e1ad24/library/core/src/result.rs:1704:5
[INFO] [stdout]   19:     0x60069d2e253d - core::result::Result<T,E>::unwrap::h2b93094f144bc4b5
[INFO] [stdout]                                at /rustc/6067b36314ab5eb2eb47cecc464545ba58e1ad24/library/core/src/result.rs:1109:23
[INFO] [stdout]   20:     0x60069d2e253d - lab4::matrix::read_matrix::h9dfa5176cfe84732
[INFO] [stdout]                                at /opt/rustwide/workdir/src/lib.rs:323:36
[INFO] [stdout]   21:     0x60069d2e48cf - lab4::tests::get_test_data::h33a1113f466d346a
[INFO] [stdout]                                at /opt/rustwide/workdir/src/lib.rs:356:13
[INFO] [stdout]   22:     0x60069d2e4e61 - lab4::tests::test_slice_calculation::h776ca5399be14ba5
[INFO] [stdout]                                at /opt/rustwide/workdir/src/lib.rs:365:25
[INFO] [stdout]   23:     0x60069d2e4e37 - lab4::tests::test_slice_calculation::{{closure}}::h18bf15581ad739dd
[INFO] [stdout]                                at /opt/rustwide/workdir/src/lib.rs:364:32
[INFO] [stdout]   24:     0x60069d2dbfa6 - core::ops::function::FnOnce::call_once::h8b6f914bcc982bd9
[INFO] [stdout]                                at /rustc/6067b36314ab5eb2eb47cecc464545ba58e1ad24/library/core/src/ops/function.rs:250:5
[INFO] [stdout]   25:     0x60069d360f0b - core::ops::function::FnOnce::call_once::he27718dfdd183f43
[INFO] [stdout]                                at /rustc/6067b36314ab5eb2eb47cecc464545ba58e1ad24/library/core/src/ops/function.rs:250:5
[INFO] [stdout]   26:     0x60069d360f0b - test::__rust_begin_short_backtrace::h4e84902998457a5d
[INFO] [stdout]                                at /rustc/6067b36314ab5eb2eb47cecc464545ba58e1ad24/library/test/src/lib.rs:632:18
[INFO] [stdout]   27:     0x60069d35fe43 - test::run_test_in_process::{{closure}}::h7176fd18fc1feca0
[INFO] [stdout]                                at /rustc/6067b36314ab5eb2eb47cecc464545ba58e1ad24/library/test/src/lib.rs:655:60
[INFO] [stdout]   28:     0x60069d35fe43 - <core::panic::unwind_safe::AssertUnwindSafe<F> as core::ops::function::FnOnce<()>>::call_once::hf79cff2a624d8cf7
[INFO] [stdout]                                at /rustc/6067b36314ab5eb2eb47cecc464545ba58e1ad24/library/core/src/panic/unwind_safe.rs:272:9
[INFO] [stdout]   29:     0x60069d35fe43 - std::panicking::try::do_call::h3da0561d9ab99c25
[INFO] [stdout]                                at /rustc/6067b36314ab5eb2eb47cecc464545ba58e1ad24/library/std/src/panicking.rs:587:40
[INFO] [stdout]   30:     0x60069d35fe43 - std::panicking::try::h41c9fa508bc61df6
[INFO] [stdout]                                at /rustc/6067b36314ab5eb2eb47cecc464545ba58e1ad24/library/std/src/panicking.rs:550:19
[INFO] [stdout]   31:     0x60069d35fe43 - std::panic::catch_unwind::h6b3ff07bb5afad93
[INFO] [stdout]                                at /rustc/6067b36314ab5eb2eb47cecc464545ba58e1ad24/library/std/src/panic.rs:358:14
[INFO] [stdout]   32:     0x60069d35fe43 - test::run_test_in_process::hc7253dd11b39b9f4
[INFO] [stdout]                                at /rustc/6067b36314ab5eb2eb47cecc464545ba58e1ad24/library/test/src/lib.rs:655:27
[INFO] [stdout]   33:     0x60069d35fe43 - test::run_test::{{closure}}::hfb2007f8649c30bb
[INFO] [stdout]                                at /rustc/6067b36314ab5eb2eb47cecc464545ba58e1ad24/library/test/src/lib.rs:576:43
[INFO] [stdout]   34:     0x60069d322f25 - test::run_test::{{closure}}::h56a17aa7a282a9f4
[INFO] [stdout]                                at /rustc/6067b36314ab5eb2eb47cecc464545ba58e1ad24/library/test/src/lib.rs:606:41
[INFO] [stdout]   35:     0x60069d322f25 - std::sys::backtrace::__rust_begin_short_backtrace::hd2d2d2fb8e8c6aac
[INFO] [stdout]                                at /rustc/6067b36314ab5eb2eb47cecc464545ba58e1ad24/library/std/src/sys/backtrace.rs:152:18
[INFO] [stdout]   36:     0x60069d32680a - std::thread::Builder::spawn_unchecked_::{{closure}}::{{closure}}::h4faa3f9db6133423
[INFO] [stdout]                                at /rustc/6067b36314ab5eb2eb47cecc464545ba58e1ad24/library/std/src/thread/mod.rs:559:17
[INFO] [stdout]   37:     0x60069d32680a - <core::panic::unwind_safe::AssertUnwindSafe<F> as core::ops::function::FnOnce<()>>::call_once::hf2e855a36a4ea846
[INFO] [stdout]                                at /rustc/6067b36314ab5eb2eb47cecc464545ba58e1ad24/library/core/src/panic/unwind_safe.rs:272:9
[INFO] [stdout]   38:     0x60069d32680a - std::panicking::try::do_call::h2f73af3616c35465
[INFO] [stdout]                                at /rustc/6067b36314ab5eb2eb47cecc464545ba58e1ad24/library/std/src/panicking.rs:587:40
[INFO] [stdout]   39:     0x60069d32680a - std::panicking::try::hd1660ce9efadef5a
[INFO] [stdout]                                at /rustc/6067b36314ab5eb2eb47cecc464545ba58e1ad24/library/std/src/panicking.rs:550:19
[INFO] [stdout]   40:     0x60069d32680a - std::panic::catch_unwind::h5ee8d7823b8ca744
[INFO] [stdout]                                at /rustc/6067b36314ab5eb2eb47cecc464545ba58e1ad24/library/std/src/panic.rs:358:14
[INFO] [stdout]   41:     0x60069d32680a - std::thread::Builder::spawn_unchecked_::{{closure}}::h53c3a1894dce8407
[INFO] [stdout]                                at /rustc/6067b36314ab5eb2eb47cecc464545ba58e1ad24/library/std/src/thread/mod.rs:557:30
[INFO] [stdout]   42:     0x60069d32680a - core::ops::function::FnOnce::call_once{{vtable.shim}}::h048ce291ad4f62bf
[INFO] [stdout]                                at /rustc/6067b36314ab5eb2eb47cecc464545ba58e1ad24/library/core/src/ops/function.rs:250:5
[INFO] [stdout]   43:     0x60069d39ea4b - <alloc::boxed::Box<F,A> as core::ops::function::FnOnce<Args>>::call_once::ha52bedf99a3b4981
[INFO] [stdout]                                at /rustc/6067b36314ab5eb2eb47cecc464545ba58e1ad24/library/alloc/src/boxed.rs:2013:9
[INFO] [stdout]   44:     0x60069d39ea4b - <alloc::boxed::Box<F,A> as core::ops::function::FnOnce<Args>>::call_once::h567748934d80ccf8
[INFO] [stdout]                                at /rustc/6067b36314ab5eb2eb47cecc464545ba58e1ad24/library/alloc/src/boxed.rs:2013:9
[INFO] [stdout]   45:     0x60069d39ea4b - std::sys::pal::unix::thread::Thread::new::thread_start::h2d970728ae887adc
[INFO] [stdout]                                at /rustc/6067b36314ab5eb2eb47cecc464545ba58e1ad24/library/std/src/sys/pal/unix/thread.rs:106:17
[INFO] [stdout]   46:     0x7fd731d6bac3 - <unknown>
[INFO] [stdout]   47:     0x7fd731dfca04 - clone
[INFO] [stdout]   48:                0x0 - <unknown>
[INFO] [stdout] 
[INFO] [stdout] 
[INFO] [stdout] failures:
[INFO] [stdout]     tests::test_reading_matrix_from_file
[INFO] [stdout]     tests::test_slice_calculation
[INFO] [stdout] 
[INFO] [stdout] test result: FAILED. 2 passed; 2 failed; 0 ignored; 0 measured; 0 filtered out; finished in 0.05s
[INFO] [stdout] 
[INFO] [stderr] error: test failed, to rerun pass `--lib`
[INFO] running `Command { std: "docker" "inspect" "1d3466416294ec9a736e51ac6e4e99f752d8fca703b22a2055a42d38e083c89b", kill_on_drop: false }`
[INFO] running `Command { std: "docker" "rm" "-f" "1d3466416294ec9a736e51ac6e4e99f752d8fca703b22a2055a42d38e083c89b", kill_on_drop: false }`
[INFO] [stdout] 1d3466416294ec9a736e51ac6e4e99f752d8fca703b22a2055a42d38e083c89b
