[INFO] cloning repository https://github.com/czn574775237/dify-client-rust
[INFO] running `Command { std: "git" "-c" "credential.helper=" "-c" "credential.helper=/workspace/cargo-home/bin/git-credential-null" "clone" "--bare" "https://github.com/czn574775237/dify-client-rust" "/workspace/cache/git-repos/https%3A%2F%2Fgithub.com%2Fczn574775237%2Fdify-client-rust", kill_on_drop: false }`
[INFO] [stderr] Cloning into bare repository '/workspace/cache/git-repos/https%3A%2F%2Fgithub.com%2Fczn574775237%2Fdify-client-rust'...
[INFO] running `Command { std: "git" "rev-parse" "HEAD", kill_on_drop: false }`
[INFO] [stdout] fa0ecd2db4573fdc733b68d3f39298fed811e724
[INFO] testing czn574775237/dify-client-rust against nightly-2025-01-18 for randomize-layout-2
[INFO] running `Command { std: "git" "clone" "/workspace/cache/git-repos/https%3A%2F%2Fgithub.com%2Fczn574775237%2Fdify-client-rust" "/workspace/builds/worker-6-tc1/source", kill_on_drop: false }`
[INFO] [stderr] Cloning into '/workspace/builds/worker-6-tc1/source'...
[INFO] [stderr] done.
[INFO] validating manifest of git repo https://github.com/czn574775237/dify-client-rust on toolchain nightly-2025-01-18
[INFO] running `Command { std: CARGO_HOME="/workspace/cargo-home" RUSTUP_HOME="/workspace/rustup-home" "/workspace/cargo-home/bin/cargo" "+nightly-2025-01-18" "metadata" "--manifest-path" "Cargo.toml" "--no-deps", kill_on_drop: false }`
[INFO] started tweaking git repo https://github.com/czn574775237/dify-client-rust
[INFO] finished tweaking git repo https://github.com/czn574775237/dify-client-rust
[INFO] tweaked toml for git repo https://github.com/czn574775237/dify-client-rust written to /workspace/builds/worker-6-tc1/source/Cargo.toml
[INFO] crate git repo https://github.com/czn574775237/dify-client-rust already has a lockfile, it will not be regenerated
[INFO] running `Command { std: CARGO_HOME="/workspace/cargo-home" RUSTUP_HOME="/workspace/rustup-home" "/workspace/cargo-home/bin/cargo" "+nightly-2025-01-18" "fetch" "--manifest-path" "Cargo.toml", kill_on_drop: false }`
[INFO] running `Command { std: "docker" "create" "-v" "/var/lib/crater-agent-workspace/builds/worker-6-tc1/target:/opt/rustwide/target:rw,Z" "-v" "/var/lib/crater-agent-workspace/builds/worker-6-tc1/source:/opt/rustwide/workdir:ro,Z" "-v" "/var/lib/crater-agent-workspace/cargo-home:/opt/rustwide/cargo-home:ro,Z" "-v" "/var/lib/crater-agent-workspace/rustup-home:/opt/rustwide/rustup-home:ro,Z" "-e" "SOURCE_DIR=/opt/rustwide/workdir" "-e" "CARGO_TARGET_DIR=/opt/rustwide/target" "-e" "CARGO_HOME=/opt/rustwide/cargo-home" "-e" "RUSTUP_HOME=/opt/rustwide/rustup-home" "-w" "/opt/rustwide/workdir" "-m" "1610612736" "--user" "0:0" "--network" "none" "ghcr.io/rust-lang/crates-build-env/linux@sha256:819108c5571ea2e421544af4d832f968d213c87fbe3707a016657f43d2f853bc" "/opt/rustwide/cargo-home/bin/cargo" "+nightly-2025-01-18" "metadata" "--no-deps" "--format-version=1", kill_on_drop: false }`
[INFO] [stdout] 98568bacf0f87144b55fe9d670f6681f608bf6f8b751fbe9401beb6b5315cadf
[INFO] running `Command { std: "docker" "start" "-a" "98568bacf0f87144b55fe9d670f6681f608bf6f8b751fbe9401beb6b5315cadf", kill_on_drop: false }`
[INFO] running `Command { std: "docker" "inspect" "98568bacf0f87144b55fe9d670f6681f608bf6f8b751fbe9401beb6b5315cadf", kill_on_drop: false }`
[INFO] running `Command { std: "docker" "rm" "-f" "98568bacf0f87144b55fe9d670f6681f608bf6f8b751fbe9401beb6b5315cadf", kill_on_drop: false }`
[INFO] [stdout] 98568bacf0f87144b55fe9d670f6681f608bf6f8b751fbe9401beb6b5315cadf
[INFO] running `Command { std: "docker" "create" "-v" "/var/lib/crater-agent-workspace/builds/worker-6-tc1/target:/opt/rustwide/target:rw,Z" "-v" "/var/lib/crater-agent-workspace/builds/worker-6-tc1/source:/opt/rustwide/workdir:ro,Z" "-v" "/var/lib/crater-agent-workspace/cargo-home:/opt/rustwide/cargo-home:ro,Z" "-v" "/var/lib/crater-agent-workspace/rustup-home:/opt/rustwide/rustup-home:ro,Z" "-e" "SOURCE_DIR=/opt/rustwide/workdir" "-e" "CARGO_TARGET_DIR=/opt/rustwide/target" "-e" "CARGO_INCREMENTAL=0" "-e" "RUST_BACKTRACE=full" "-e" "RUSTFLAGS=--cap-lints=forbid" "-e" "RUSTDOCFLAGS=--cap-lints=forbid" "-e" "CARGO_HOME=/opt/rustwide/cargo-home" "-e" "RUSTUP_HOME=/opt/rustwide/rustup-home" "-w" "/opt/rustwide/workdir" "-m" "1610612736" "--user" "0:0" "--network" "none" "ghcr.io/rust-lang/crates-build-env/linux@sha256:819108c5571ea2e421544af4d832f968d213c87fbe3707a016657f43d2f853bc" "/opt/rustwide/cargo-home/bin/cargo" "+nightly-2025-01-18" "build" "--frozen" "--message-format=json", kill_on_drop: false }`
[INFO] [stdout] c25fcfaa421ca61569a1825f4ad31d9d4ec469f4914df2a6b707cf7c8f5529b0
[INFO] running `Command { std: "docker" "start" "-a" "c25fcfaa421ca61569a1825f4ad31d9d4ec469f4914df2a6b707cf7c8f5529b0", kill_on_drop: false }`
[INFO] [stderr]    Compiling proc-macro2 v1.0.89
[INFO] [stderr]    Compiling unicode-ident v1.0.13
[INFO] [stderr]    Compiling libc v0.2.161
[INFO] [stderr]    Compiling once_cell v1.20.2
[INFO] [stderr]    Compiling pin-project-lite v0.2.15
[INFO] [stderr]    Compiling bytes v1.8.0
[INFO] [stderr]    Compiling shlex v1.3.0
[INFO] [stderr]    Compiling pkg-config v0.3.31
[INFO] [stderr]    Compiling autocfg v1.4.0
[INFO] [stderr]    Compiling futures-core v0.3.31
[INFO] [stderr]    Compiling vcpkg v0.2.15
[INFO] [stderr]    Compiling cc v1.1.34
[INFO] [stderr]    Compiling itoa v1.0.11
[INFO] [stderr]    Compiling tracing-core v0.1.32
[INFO] [stderr]    Compiling slab v0.4.9
[INFO] [stderr]    Compiling fnv v1.0.7
[INFO] [stderr]    Compiling cfg-if v1.0.0
[INFO] [stderr]    Compiling http v1.1.0
[INFO] [stderr]    Compiling pin-utils v0.1.0
[INFO] [stderr]    Compiling futures-sink v0.3.31
[INFO] [stderr]    Compiling foreign-types-shared v0.1.1
[INFO] [stderr]    Compiling log v0.4.22
[INFO] [stderr]    Compiling httparse v1.9.5
[INFO] [stderr]    Compiling futures-task v0.3.31
[INFO] [stderr]    Compiling equivalent v1.0.1
[INFO] [stderr]    Compiling quote v1.0.37
[INFO] [stderr]    Compiling openssl v0.10.68
[INFO] [stderr]    Compiling hashbrown v0.15.0
[INFO] [stderr]    Compiling syn v2.0.87
[INFO] [stderr]    Compiling socket2 v0.5.7
[INFO] [stderr]    Compiling mio v1.0.2
[INFO] [stderr]    Compiling http-body v1.0.1
[INFO] [stderr]    Compiling foreign-types v0.3.2
[INFO] [stderr]    Compiling native-tls v0.2.12
[INFO] [stderr]    Compiling serde v1.0.214
[INFO] [stderr]    Compiling smallvec v1.13.2
[INFO] [stderr]    Compiling tinyvec_macros v0.1.1
[INFO] [stderr]    Compiling atomic-waker v1.1.2
[INFO] [stderr]    Compiling try-lock v0.2.5
[INFO] [stderr]    Compiling bitflags v2.6.0
[INFO] [stderr]    Compiling indexmap v2.6.0
[INFO] [stderr]    Compiling want v0.3.1
[INFO] [stderr]    Compiling tinyvec v1.8.0
[INFO] [stderr]    Compiling futures-channel v0.3.31
[INFO] [stderr]    Compiling openssl-probe v0.1.5
[INFO] [stderr]    Compiling percent-encoding v2.3.1
[INFO] [stderr]    Compiling openssl-sys v0.9.104
[INFO] [stderr]    Compiling unicase v2.8.0
[INFO] [stderr]    Compiling form_urlencoded v1.2.1
[INFO] [stderr]    Compiling tower-service v0.3.3
[INFO] [stderr]    Compiling regex-syntax v0.8.5
[INFO] [stderr]    Compiling regex-syntax v0.6.29
[INFO] [stderr]    Compiling mime_guess v2.0.5
[INFO] [stderr]    Compiling serde_json v1.0.132
[INFO] [stderr]    Compiling unicode-bidi v0.3.17
[INFO] [stderr]    Compiling ryu v1.0.18
[INFO] [stderr]    Compiling mime v0.3.17
[INFO] [stderr]    Compiling rustls-pki-types v1.10.0
[INFO] [stderr]    Compiling unicode-normalization v0.1.24
[INFO] [stderr]    Compiling overload v0.1.1
[INFO] [stderr]    Compiling anyhow v1.0.92
[INFO] [stderr]    Compiling memchr v2.7.4
[INFO] [stderr]    Compiling idna v0.5.0
[INFO] [stderr]    Compiling lazy_static v1.5.0
[INFO] [stderr]    Compiling sharded-slab v0.1.7
[INFO] [stderr]    Compiling rustls-pemfile v2.2.0
[INFO] [stderr]    Compiling nu-ansi-term v0.46.0
[INFO] [stderr]    Compiling regex-automata v0.4.8
[INFO] [stderr]    Compiling url v2.5.2
[INFO] [stderr]    Compiling tracing-log v0.2.0
[INFO] [stderr]    Compiling encoding_rs v0.8.35
[INFO] [stderr]    Compiling regex-automata v0.1.10
[INFO] [stderr]    Compiling thread_local v1.1.8
[INFO] [stderr]    Compiling sync_wrapper v1.0.1
[INFO] [stderr]    Compiling ipnet v2.10.1
[INFO] [stderr]    Compiling base64 v0.22.1
[INFO] [stderr]    Compiling matchers v0.1.0
[INFO] [stderr]    Compiling regex v1.11.1
[INFO] [stderr]    Compiling tokio-macros v2.4.0
[INFO] [stderr]    Compiling tracing-attributes v0.1.27
[INFO] [stderr]    Compiling futures-macro v0.3.31
[INFO] [stderr]    Compiling openssl-macros v0.1.1
[INFO] [stderr]    Compiling serde_derive v1.0.214
[INFO] [stderr]    Compiling tokio v1.41.0
[INFO] [stderr]    Compiling futures-util v0.3.31
[INFO] [stderr]    Compiling tracing v0.1.40
[INFO] [stderr]    Compiling tracing-subscriber v0.3.18
[INFO] [stderr]    Compiling http-body-util v0.1.2
[INFO] [stderr]    Compiling tokio-util v0.7.12
[INFO] [stderr]    Compiling tokio-native-tls v0.3.1
[INFO] [stderr]    Compiling h2 v0.4.6
[INFO] [stderr]    Compiling serde_urlencoded v0.7.1
[INFO] [stderr]    Compiling hyper v1.5.0
[INFO] [stderr]    Compiling hyper-util v0.1.10
[INFO] [stderr]    Compiling hyper-tls v0.6.0
[INFO] [stderr]    Compiling reqwest v0.12.9
[INFO] [stderr]    Compiling dify-client-rust v0.1.0 (/opt/rustwide/workdir)
[INFO] [stdout] warning: unused variable: `stream`
[INFO] [stdout]   --> src/lib.rs:47:9
[INFO] [stdout]    |
[INFO] [stdout] 47 |         stream: bool,
[INFO] [stdout]    |         ^^^^^^ help: if this is intentional, prefix it with an underscore: `_stream`
[INFO] [stdout]    |
[INFO] [stdout]    = note: `#[warn(unused_variables)]` on by default
[INFO] [stdout] 
[INFO] [stdout] 
[INFO] [stdout] warning: unused import: `str::FromStr`
[INFO] [stdout]  --> src/lib.rs:5:23
[INFO] [stdout]   |
[INFO] [stdout] 5 | use std::{path::Path, str::FromStr};
[INFO] [stdout]   |                       ^^^^^^^^^^^^
[INFO] [stdout]   |
[INFO] [stdout]   = note: `#[warn(unused_imports)]` on by default
[INFO] [stdout] 
[INFO] [stdout] 
[INFO] [stdout] warning: field `dataset_id` is never read
[INFO] [stdout]    --> src/lib.rs:303:5
[INFO] [stdout]     |
[INFO] [stdout] 301 | pub struct KnowledgeBaseClient {
[INFO] [stdout]     |            ------------------- field in this struct
[INFO] [stdout] 302 |     dify_client: DifyClient,
[INFO] [stdout] 303 |     dataset_id: Option<String>,
[INFO] [stdout]     |     ^^^^^^^^^^
[INFO] [stdout]     |
[INFO] [stdout]     = note: `#[warn(dead_code)]` on by default
[INFO] [stdout] 
[INFO] [stdout] 
[INFO] [stdout] warning: method `get_dataset_id` is never used
[INFO] [stdout]    --> src/lib.rs:314:8
[INFO] [stdout]     |
[INFO] [stdout] 306 | impl KnowledgeBaseClient {
[INFO] [stdout]     | ------------------------ method in this implementation
[INFO] [stdout] ...
[INFO] [stdout] 314 |     fn get_dataset_id(&self) -> Result<&str> {
[INFO] [stdout]     |        ^^^^^^^^^^^^^^
[INFO] [stdout] 
[INFO] [stdout] 
[INFO] [stderr]     Finished `dev` profile [unoptimized + debuginfo] target(s) in 1m 18s
[INFO] running `Command { std: "docker" "inspect" "c25fcfaa421ca61569a1825f4ad31d9d4ec469f4914df2a6b707cf7c8f5529b0", kill_on_drop: false }`
[INFO] running `Command { std: "docker" "rm" "-f" "c25fcfaa421ca61569a1825f4ad31d9d4ec469f4914df2a6b707cf7c8f5529b0", kill_on_drop: false }`
[INFO] [stdout] c25fcfaa421ca61569a1825f4ad31d9d4ec469f4914df2a6b707cf7c8f5529b0
[INFO] running `Command { std: "docker" "create" "-v" "/var/lib/crater-agent-workspace/builds/worker-6-tc1/target:/opt/rustwide/target:rw,Z" "-v" "/var/lib/crater-agent-workspace/builds/worker-6-tc1/source:/opt/rustwide/workdir:ro,Z" "-v" "/var/lib/crater-agent-workspace/cargo-home:/opt/rustwide/cargo-home:ro,Z" "-v" "/var/lib/crater-agent-workspace/rustup-home:/opt/rustwide/rustup-home:ro,Z" "-e" "SOURCE_DIR=/opt/rustwide/workdir" "-e" "CARGO_TARGET_DIR=/opt/rustwide/target" "-e" "CARGO_INCREMENTAL=0" "-e" "RUST_BACKTRACE=full" "-e" "RUSTFLAGS=--cap-lints=forbid" "-e" "RUSTDOCFLAGS=--cap-lints=forbid" "-e" "CARGO_HOME=/opt/rustwide/cargo-home" "-e" "RUSTUP_HOME=/opt/rustwide/rustup-home" "-w" "/opt/rustwide/workdir" "-m" "1610612736" "--user" "0:0" "--network" "none" "ghcr.io/rust-lang/crates-build-env/linux@sha256:819108c5571ea2e421544af4d832f968d213c87fbe3707a016657f43d2f853bc" "/opt/rustwide/cargo-home/bin/cargo" "+nightly-2025-01-18" "test" "--frozen" "--no-run" "--message-format=json", kill_on_drop: false }`
[INFO] [stdout] d8901ac13569c01fbc6bfc73b89e4cf1c7b0a9fd9b034bd6485b19f3a2e96d4e
[INFO] running `Command { std: "docker" "start" "-a" "d8901ac13569c01fbc6bfc73b89e4cf1c7b0a9fd9b034bd6485b19f3a2e96d4e", kill_on_drop: false }`
[INFO] [stdout] warning: unused variable: `stream`
[INFO] [stdout]   --> src/lib.rs:47:9
[INFO] [stdout]    |
[INFO] [stdout] 47 |         stream: bool,
[INFO] [stdout]    |         ^^^^^^ help: if this is intentional, prefix it with an underscore: `_stream`
[INFO] [stdout]    |
[INFO] [stdout]    = note: `#[warn(unused_variables)]` on by default
[INFO] [stdout] 
[INFO] [stdout] 
[INFO] [stdout] warning: unused import: `str::FromStr`
[INFO] [stdout]  --> src/lib.rs:5:23
[INFO] [stdout]   |
[INFO] [stdout] 5 | use std::{path::Path, str::FromStr};
[INFO] [stdout]   |                       ^^^^^^^^^^^^
[INFO] [stdout]   |
[INFO] [stdout]   = note: `#[warn(unused_imports)]` on by default
[INFO] [stdout] 
[INFO] [stdout] 
[INFO] [stderr]    Compiling dotenvy v0.15.7
[INFO] [stdout] warning: field `dataset_id` is never read
[INFO] [stdout]    --> src/lib.rs:303:5
[INFO] [stdout]     |
[INFO] [stdout] 301 | pub struct KnowledgeBaseClient {
[INFO] [stdout]     |            ------------------- field in this struct
[INFO] [stdout] 302 |     dify_client: DifyClient,
[INFO] [stdout] 303 |     dataset_id: Option<String>,
[INFO] [stdout]     |     ^^^^^^^^^^
[INFO] [stdout]     |
[INFO] [stdout]     = note: `#[warn(dead_code)]` on by default
[INFO] [stdout] 
[INFO] [stdout] 
[INFO] [stdout] warning: method `get_dataset_id` is never used
[INFO] [stdout]    --> src/lib.rs:314:8
[INFO] [stdout]     |
[INFO] [stdout] 306 | impl KnowledgeBaseClient {
[INFO] [stdout]     | ------------------------ method in this implementation
[INFO] [stdout] ...
[INFO] [stdout] 314 |     fn get_dataset_id(&self) -> Result<&str> {
[INFO] [stdout]     |        ^^^^^^^^^^^^^^
[INFO] [stdout] 
[INFO] [stdout] 
[INFO] [stderr]    Compiling dify-client-rust v0.1.0 (/opt/rustwide/workdir)
[INFO] [stdout] warning: unused variable: `stream`
[INFO] [stdout]   --> src/lib.rs:47:9
[INFO] [stdout]    |
[INFO] [stdout] 47 |         stream: bool,
[INFO] [stdout]    |         ^^^^^^ help: if this is intentional, prefix it with an underscore: `_stream`
[INFO] [stdout]    |
[INFO] [stdout]    = note: `#[warn(unused_variables)]` on by default
[INFO] [stdout] 
[INFO] [stdout] 
[INFO] [stdout] warning: unused import: `str::FromStr`
[INFO] [stdout]  --> src/lib.rs:5:23
[INFO] [stdout]   |
[INFO] [stdout] 5 | use std::{path::Path, str::FromStr};
[INFO] [stdout]   |                       ^^^^^^^^^^^^
[INFO] [stdout]   |
[INFO] [stdout]   = note: `#[warn(unused_imports)]` on by default
[INFO] [stdout] 
[INFO] [stdout] 
[INFO] [stdout] warning: field `dataset_id` is never read
[INFO] [stdout]    --> src/lib.rs:303:5
[INFO] [stdout]     |
[INFO] [stdout] 301 | pub struct KnowledgeBaseClient {
[INFO] [stdout]     |            ------------------- field in this struct
[INFO] [stdout] 302 |     dify_client: DifyClient,
[INFO] [stdout] 303 |     dataset_id: Option<String>,
[INFO] [stdout]     |     ^^^^^^^^^^
[INFO] [stdout]     |
[INFO] [stdout]     = note: `#[warn(dead_code)]` on by default
[INFO] [stdout] 
[INFO] [stdout] 
[INFO] [stdout] warning: method `get_dataset_id` is never used
[INFO] [stdout]    --> src/lib.rs:314:8
[INFO] [stdout]     |
[INFO] [stdout] 306 | impl KnowledgeBaseClient {
[INFO] [stdout]     | ------------------------ method in this implementation
[INFO] [stdout] ...
[INFO] [stdout] 314 |     fn get_dataset_id(&self) -> Result<&str> {
[INFO] [stdout]     |        ^^^^^^^^^^^^^^
[INFO] [stdout] 
[INFO] [stdout] 
[INFO] [stderr]     Finished `test` profile [unoptimized + debuginfo] target(s) in 3.41s
[INFO] running `Command { std: "docker" "inspect" "d8901ac13569c01fbc6bfc73b89e4cf1c7b0a9fd9b034bd6485b19f3a2e96d4e", kill_on_drop: false }`
[INFO] running `Command { std: "docker" "rm" "-f" "d8901ac13569c01fbc6bfc73b89e4cf1c7b0a9fd9b034bd6485b19f3a2e96d4e", kill_on_drop: false }`
[INFO] [stdout] d8901ac13569c01fbc6bfc73b89e4cf1c7b0a9fd9b034bd6485b19f3a2e96d4e
[INFO] running `Command { std: "docker" "create" "-v" "/var/lib/crater-agent-workspace/builds/worker-6-tc1/target:/opt/rustwide/target:rw,Z" "-v" "/var/lib/crater-agent-workspace/builds/worker-6-tc1/source:/opt/rustwide/workdir:ro,Z" "-v" "/var/lib/crater-agent-workspace/cargo-home:/opt/rustwide/cargo-home:ro,Z" "-v" "/var/lib/crater-agent-workspace/rustup-home:/opt/rustwide/rustup-home:ro,Z" "-e" "SOURCE_DIR=/opt/rustwide/workdir" "-e" "CARGO_TARGET_DIR=/opt/rustwide/target" "-e" "CARGO_INCREMENTAL=0" "-e" "RUST_BACKTRACE=full" "-e" "RUSTFLAGS=--cap-lints=forbid" "-e" "RUSTDOCFLAGS=--cap-lints=forbid" "-e" "CARGO_HOME=/opt/rustwide/cargo-home" "-e" "RUSTUP_HOME=/opt/rustwide/rustup-home" "-w" "/opt/rustwide/workdir" "-m" "1610612736" "--user" "0:0" "--network" "none" "ghcr.io/rust-lang/crates-build-env/linux@sha256:819108c5571ea2e421544af4d832f968d213c87fbe3707a016657f43d2f853bc" "/opt/rustwide/cargo-home/bin/cargo" "+nightly-2025-01-18" "test" "--frozen", kill_on_drop: false }`
[INFO] [stdout] 222b69d9411fe5ddbe04896cbcb134a61ea3d37aff15dece0ba38e074fc14906
[INFO] running `Command { std: "docker" "start" "-a" "222b69d9411fe5ddbe04896cbcb134a61ea3d37aff15dece0ba38e074fc14906", kill_on_drop: false }`
[INFO] [stderr] warning: unused variable: `stream`
[INFO] [stderr]   --> src/lib.rs:47:9
[INFO] [stderr]    |
[INFO] [stderr] 47 |         stream: bool,
[INFO] [stderr]    |         ^^^^^^ help: if this is intentional, prefix it with an underscore: `_stream`
[INFO] [stderr]    |
[INFO] [stderr]    = note: `#[warn(unused_variables)]` on by default
[INFO] [stderr] 
[INFO] [stderr] warning: unused import: `str::FromStr`
[INFO] [stderr]  --> src/lib.rs:5:23
[INFO] [stderr]   |
[INFO] [stderr] 5 | use std::{path::Path, str::FromStr};
[INFO] [stderr]   |                       ^^^^^^^^^^^^
[INFO] [stderr]   |
[INFO] [stderr]   = note: `#[warn(unused_imports)]` on by default
[INFO] [stderr] 
[INFO] [stderr] warning: field `dataset_id` is never read
[INFO] [stderr]    --> src/lib.rs:303:5
[INFO] [stderr]     |
[INFO] [stderr] 301 | pub struct KnowledgeBaseClient {
[INFO] [stderr]     |            ------------------- field in this struct
[INFO] [stderr] 302 |     dify_client: DifyClient,
[INFO] [stderr] 303 |     dataset_id: Option<String>,
[INFO] [stderr]     |     ^^^^^^^^^^
[INFO] [stderr]     |
[INFO] [stderr]     = note: `#[warn(dead_code)]` on by default
[INFO] [stderr] 
[INFO] [stderr] warning: method `get_dataset_id` is never used
[INFO] [stderr]    --> src/lib.rs:314:8
[INFO] [stderr]     |
[INFO] [stderr] 306 | impl KnowledgeBaseClient {
[INFO] [stderr]     | ------------------------ method in this implementation
[INFO] [stderr] ...
[INFO] [stderr] 314 |     fn get_dataset_id(&self) -> Result<&str> {
[INFO] [stderr]     |        ^^^^^^^^^^^^^^
[INFO] [stderr] 
[INFO] [stderr] warning: `dify-client-rust` (lib) generated 4 warnings
[INFO] [stderr] warning: `dify-client-rust` (lib test) generated 4 warnings (4 duplicates)
[INFO] [stderr]     Finished `test` profile [unoptimized + debuginfo] target(s) in 0.19s
[INFO] [stderr]      Running unittests src/lib.rs (/opt/rustwide/target/debug/deps/dify_client_rust-5e3b0a1c891556d8)
[INFO] [stdout] 
[INFO] [stdout] running 0 tests
[INFO] [stdout] 
[INFO] [stdout] test result: ok. 0 passed; 0 failed; 0 ignored; 0 measured; 0 filtered out; finished in 0.00s
[INFO] [stdout] 
[INFO] [stderr]      Running tests/chat.rs (/opt/rustwide/target/debug/deps/chat-dcba656b66d3a31f)
[INFO] [stdout] 
[INFO] [stdout] running 2 tests
[INFO] [stdout] test test_streaming_chat ... FAILED
[INFO] [stdout] test test_blocking_chat ... FAILED
[INFO] [stdout] 
[INFO] [stdout] failures:
[INFO] [stdout] 
[INFO] [stdout] ---- test_streaming_chat stdout ----
[INFO] [stdout] 
[INFO] [stdout] thread 'test_streaming_chat' panicked at tests/chat.rs:10:23:
[INFO] [stdout] failed to load .env: Io(Custom { kind: NotFound, error: "path not found" })
[INFO] [stdout] stack backtrace:
[INFO] [stdout]    0:     0x63fe7ba1d9ea - std::backtrace_rs::backtrace::libunwind::trace::hb059275cfc8d6126
[INFO] [stdout]                                at /rustc/6067b36314ab5eb2eb47cecc464545ba58e1ad24/library/std/src/../../backtrace/src/backtrace/libunwind.rs:116:5
[INFO] [stdout]    1:     0x63fe7ba1d9ea - std::backtrace_rs::backtrace::trace_unsynchronized::h2da071e4327ce3ee
[INFO] [stdout]                                at /rustc/6067b36314ab5eb2eb47cecc464545ba58e1ad24/library/std/src/../../backtrace/src/backtrace/mod.rs:66:5
[INFO] [stdout]    2:     0x63fe7ba1d9ea - std::sys::backtrace::_print_fmt::h842a1474e6f8d23f
[INFO] [stdout]                                at /rustc/6067b36314ab5eb2eb47cecc464545ba58e1ad24/library/std/src/sys/backtrace.rs:66:9
[INFO] [stdout]    3:     0x63fe7ba1d9ea - <std::sys::backtrace::BacktraceLock::print::DisplayBacktrace as core::fmt::Display>::fmt::h71a62eb3b9696b12
[INFO] [stdout]                                at /rustc/6067b36314ab5eb2eb47cecc464545ba58e1ad24/library/std/src/sys/backtrace.rs:39:26
[INFO] [stdout]    4:     0x63fe7ba4a393 - core::fmt::rt::Argument::fmt::hdb6b616786b41dc1
[INFO] [stdout]                                at /rustc/6067b36314ab5eb2eb47cecc464545ba58e1ad24/library/core/src/fmt/rt.rs:177:76
[INFO] [stdout]    5:     0x63fe7ba4a393 - core::fmt::write::h2cc1698af7e2d686
[INFO] [stdout]                                at /rustc/6067b36314ab5eb2eb47cecc464545ba58e1ad24/library/core/src/fmt/mod.rs:1440:21
[INFO] [stdout]    6:     0x63fe7ba19643 - std::io::Write::write_fmt::hab1b4cd059a79022
[INFO] [stdout]                                at /rustc/6067b36314ab5eb2eb47cecc464545ba58e1ad24/library/std/src/io/mod.rs:1887:15
[INFO] [stdout]    7:     0x63fe7ba1d832 - std::sys::backtrace::BacktraceLock::print::h147fe35b4ea13b08
[INFO] [stdout]                                at /rustc/6067b36314ab5eb2eb47cecc464545ba58e1ad24/library/std/src/sys/backtrace.rs:42:9
[INFO] [stdout]    8:     0x63fe7ba1ee0f - std::panicking::default_hook::{{closure}}::hbd44223dbdc0d208
[INFO] [stdout]                                at /rustc/6067b36314ab5eb2eb47cecc464545ba58e1ad24/library/std/src/panicking.rs:298:22
[INFO] [stdout]    9:     0x63fe7ba1ec28 - std::panicking::default_hook::h20f81eb0576efcec
[INFO] [stdout]                                at /rustc/6067b36314ab5eb2eb47cecc464545ba58e1ad24/library/std/src/panicking.rs:322:9
[INFO] [stdout]   10:     0x63fe7b67d1e3 - <alloc::boxed::Box<F,A> as core::ops::function::Fn<Args>>::call::hdb53814c496a4d34
[INFO] [stdout]                                at /rustc/6067b36314ab5eb2eb47cecc464545ba58e1ad24/library/alloc/src/boxed.rs:2027:9
[INFO] [stdout]   11:     0x63fe7b67d1e3 - test::test_main::{{closure}}::hc0a4963c59427c24
[INFO] [stdout]                                at /rustc/6067b36314ab5eb2eb47cecc464545ba58e1ad24/library/test/src/lib.rs:134:21
[INFO] [stdout]   12:     0x63fe7ba1f903 - <alloc::boxed::Box<F,A> as core::ops::function::Fn<Args>>::call::h591b2225413a77e9
[INFO] [stdout]                                at /rustc/6067b36314ab5eb2eb47cecc464545ba58e1ad24/library/alloc/src/boxed.rs:2027:9
[INFO] [stdout]   13:     0x63fe7ba1f903 - std::panicking::rust_panic_with_hook::h625eea43051b2edc
[INFO] [stdout]                                at /rustc/6067b36314ab5eb2eb47cecc464545ba58e1ad24/library/std/src/panicking.rs:839:13
[INFO] [stdout]   14:     0x63fe7ba1f5ba - std::panicking::begin_panic_handler::{{closure}}::h4f9159cfbc3f6bd3
[INFO] [stdout]                                at /rustc/6067b36314ab5eb2eb47cecc464545ba58e1ad24/library/std/src/panicking.rs:704:13
[INFO] [stdout]   15:     0x63fe7ba1dee9 - std::sys::backtrace::__rust_end_short_backtrace::h0390abce48353151
[INFO] [stdout]                                at /rustc/6067b36314ab5eb2eb47cecc464545ba58e1ad24/library/std/src/sys/backtrace.rs:168:18
[INFO] [stdout]   16:     0x63fe7ba1f24d - rust_begin_unwind
[INFO] [stdout]                                at /rustc/6067b36314ab5eb2eb47cecc464545ba58e1ad24/library/std/src/panicking.rs:695:5
[INFO] [stdout]   17:     0x63fe7ba47ca0 - core::panicking::panic_fmt::h9e7c637e9e5f29c9
[INFO] [stdout]                                at /rustc/6067b36314ab5eb2eb47cecc464545ba58e1ad24/library/core/src/panicking.rs:75:14
[INFO] [stdout]   18:     0x63fe7ba48116 - core::result::unwrap_failed::h7979f09313fe1849
[INFO] [stdout]                                at /rustc/6067b36314ab5eb2eb47cecc464545ba58e1ad24/library/core/src/result.rs:1704:5
[INFO] [stdout]   19:     0x63fe7b4151dd - core::result::Result<T,E>::expect::hd84ea9905eebc2b2
[INFO] [stdout]                                at /rustc/6067b36314ab5eb2eb47cecc464545ba58e1ad24/library/core/src/result.rs:1061:23
[INFO] [stdout]   20:     0x63fe7b40050e - chat::get_client::h2860d8cd8ddc03ea
[INFO] [stdout]                                at /opt/rustwide/workdir/tests/chat.rs:10:5
[INFO] [stdout]   21:     0x63fe7b401bcb - chat::test_streaming_chat::{{closure}}::h3bc8896c252dcf5f
[INFO] [stdout]                                at /opt/rustwide/workdir/tests/chat.rs:54:35
[INFO] [stdout]   22:     0x63fe7b41b172 - <core::pin::Pin<P> as core::future::future::Future>::poll::h9bc671a29973737c
[INFO] [stdout]                                at /rustc/6067b36314ab5eb2eb47cecc464545ba58e1ad24/library/core/src/future/future.rs:124:9
[INFO] [stdout]   23:     0x63fe7b41b1ad - <core::pin::Pin<P> as core::future::future::Future>::poll::hacc5a485d3bc6f52
[INFO] [stdout]                                at /rustc/6067b36314ab5eb2eb47cecc464545ba58e1ad24/library/core/src/future/future.rs:124:9
[INFO] [stdout]   24:     0x63fe7b3f7fbf - tokio::runtime::scheduler::current_thread::CoreGuard::block_on::{{closure}}::{{closure}}::{{closure}}::hb122074f51bc3808
[INFO] [stdout]                                at /opt/rustwide/cargo-home/registry/src/index.crates.io-1949cf8c6b5b557f/tokio-1.41.0/src/runtime/scheduler/current_thread/mod.rs:729:57
[INFO] [stdout]   25:     0x63fe7b3f7d15 - tokio::runtime::coop::with_budget::h00abfbee3835a3ab
[INFO] [stdout]                                at /opt/rustwide/cargo-home/registry/src/index.crates.io-1949cf8c6b5b557f/tokio-1.41.0/src/runtime/coop.rs:107:5
[INFO] [stdout]   26:     0x63fe7b3f7d15 - tokio::runtime::coop::budget::h227be20d33c375ab
[INFO] [stdout]                                at /opt/rustwide/cargo-home/registry/src/index.crates.io-1949cf8c6b5b557f/tokio-1.41.0/src/runtime/coop.rs:73:5
[INFO] [stdout]   27:     0x63fe7b3f7d15 - tokio::runtime::scheduler::current_thread::CoreGuard::block_on::{{closure}}::{{closure}}::h40a5749e5143e1d1
[INFO] [stdout]                                at /opt/rustwide/cargo-home/registry/src/index.crates.io-1949cf8c6b5b557f/tokio-1.41.0/src/runtime/scheduler/current_thread/mod.rs:729:25
[INFO] [stdout]   28:     0x63fe7b3f5250 - tokio::runtime::scheduler::current_thread::Context::enter::ha6a2790fad8297ed
[INFO] [stdout]                                at /opt/rustwide/cargo-home/registry/src/index.crates.io-1949cf8c6b5b557f/tokio-1.41.0/src/runtime/scheduler/current_thread/mod.rs:428:19
[INFO] [stdout]   29:     0x63fe7b3f758b - tokio::runtime::scheduler::current_thread::CoreGuard::block_on::{{closure}}::hebc5ec09819722b2
[INFO] [stdout]                                at /opt/rustwide/cargo-home/registry/src/index.crates.io-1949cf8c6b5b557f/tokio-1.41.0/src/runtime/scheduler/current_thread/mod.rs:728:36
[INFO] [stdout]   30:     0x63fe7b3f6a04 - tokio::runtime::scheduler::current_thread::CoreGuard::enter::{{closure}}::h1d7e0ac89c6fa1af
[INFO] [stdout]                                at /opt/rustwide/cargo-home/registry/src/index.crates.io-1949cf8c6b5b557f/tokio-1.41.0/src/runtime/scheduler/current_thread/mod.rs:807:68
[INFO] [stdout]   31:     0x63fe7b3f42fb - tokio::runtime::context::scoped::Scoped<T>::set::ha5a1bb1711a43929
[INFO] [stdout]                                at /opt/rustwide/cargo-home/registry/src/index.crates.io-1949cf8c6b5b557f/tokio-1.41.0/src/runtime/context/scoped.rs:40:9
[INFO] [stdout]   32:     0x63fe7b3fd579 - tokio::runtime::context::set_scheduler::{{closure}}::h3ce5a619c6c3b699
[INFO] [stdout]                                at /opt/rustwide/cargo-home/registry/src/index.crates.io-1949cf8c6b5b557f/tokio-1.41.0/src/runtime/context.rs:180:26
[INFO] [stdout]   33:     0x63fe7b3fe7e2 - std::thread::local::LocalKey<T>::try_with::h97349a809bef61f4
[INFO] [stdout]                                at /rustc/6067b36314ab5eb2eb47cecc464545ba58e1ad24/library/std/src/thread/local.rs:308:12
[INFO] [stdout]   34:     0x63fe7b3fe21a - std::thread::local::LocalKey<T>::with::h5e2476729246bcc0
[INFO] [stdout]                                at /rustc/6067b36314ab5eb2eb47cecc464545ba58e1ad24/library/std/src/thread/local.rs:272:9
[INFO] [stdout]   35:     0x63fe7b3fd52d - tokio::runtime::context::set_scheduler::hffa51f27b2e58118
[INFO] [stdout]                                at /opt/rustwide/cargo-home/registry/src/index.crates.io-1949cf8c6b5b557f/tokio-1.41.0/src/runtime/context.rs:180:9
[INFO] [stdout]   36:     0x63fe7b3f6390 - tokio::runtime::scheduler::current_thread::CoreGuard::enter::h0a598e1c681b39f7
[INFO] [stdout]                                at /opt/rustwide/cargo-home/registry/src/index.crates.io-1949cf8c6b5b557f/tokio-1.41.0/src/runtime/scheduler/current_thread/mod.rs:807:27
[INFO] [stdout]   37:     0x63fe7b3f6aa3 - tokio::runtime::scheduler::current_thread::CoreGuard::block_on::hcde06491f783fce9
[INFO] [stdout]                                at /opt/rustwide/cargo-home/registry/src/index.crates.io-1949cf8c6b5b557f/tokio-1.41.0/src/runtime/scheduler/current_thread/mod.rs:716:19
[INFO] [stdout]   38:     0x63fe7b3f484d - tokio::runtime::scheduler::current_thread::CurrentThread::block_on::{{closure}}::h82072f59c5a4c086
[INFO] [stdout]                                at /opt/rustwide/cargo-home/registry/src/index.crates.io-1949cf8c6b5b557f/tokio-1.41.0/src/runtime/scheduler/current_thread/mod.rs:196:28
[INFO] [stdout]   39:     0x63fe7b3ffe27 - tokio::runtime::context::runtime::enter_runtime::he92e5d7eaec6aff6
[INFO] [stdout]                                at /opt/rustwide/cargo-home/registry/src/index.crates.io-1949cf8c6b5b557f/tokio-1.41.0/src/runtime/context/runtime.rs:65:16
[INFO] [stdout]   40:     0x63fe7b3f4621 - tokio::runtime::scheduler::current_thread::CurrentThread::block_on::hce0ceafd3ca7d680
[INFO] [stdout]                                at /opt/rustwide/cargo-home/registry/src/index.crates.io-1949cf8c6b5b557f/tokio-1.41.0/src/runtime/scheduler/current_thread/mod.rs:184:9
[INFO] [stdout]   41:     0x63fe7b4161aa - tokio::runtime::runtime::Runtime::block_on_inner::h5a7a0b380f7dcca8
[INFO] [stdout]                                at /opt/rustwide/cargo-home/registry/src/index.crates.io-1949cf8c6b5b557f/tokio-1.41.0/src/runtime/runtime.rs:368:47
[INFO] [stdout]   42:     0x63fe7b416457 - tokio::runtime::runtime::Runtime::block_on::hd9b173c0803e2de3
[INFO] [stdout]                                at /opt/rustwide/cargo-home/registry/src/index.crates.io-1949cf8c6b5b557f/tokio-1.41.0/src/runtime/runtime.rs:342:13
[INFO] [stdout]   43:     0x63fe7b401a4a - chat::test_streaming_chat::h554f04027a8e4c7c
[INFO] [stdout]                                at /opt/rustwide/workdir/tests/chat.rs:71:5
[INFO] [stdout]   44:     0x63fe7b4018f7 - chat::test_streaming_chat::{{closure}}::he3fbc9499e7b93a3
[INFO] [stdout]                                at /opt/rustwide/workdir/tests/chat.rs:50:31
[INFO] [stdout]   45:     0x63fe7b411106 - core::ops::function::FnOnce::call_once::ha87fca441d1e2e87
[INFO] [stdout]                                at /rustc/6067b36314ab5eb2eb47cecc464545ba58e1ad24/library/core/src/ops/function.rs:250:5
[INFO] [stdout]   46:     0x63fe7b68293b - core::ops::function::FnOnce::call_once::he27718dfdd183f43
[INFO] [stdout]                                at /rustc/6067b36314ab5eb2eb47cecc464545ba58e1ad24/library/core/src/ops/function.rs:250:5
[INFO] [stdout]   47:     0x63fe7b68293b - test::__rust_begin_short_backtrace::h4e84902998457a5d
[INFO] [stdout]                                at /rustc/6067b36314ab5eb2eb47cecc464545ba58e1ad24/library/test/src/lib.rs:632:18
[INFO] [stdout]   48:     0x63fe7b681873 - test::run_test_in_process::{{closure}}::h7176fd18fc1feca0
[INFO] [stdout]                                at /rustc/6067b36314ab5eb2eb47cecc464545ba58e1ad24/library/test/src/lib.rs:655:60
[INFO] [stdout]   49:     0x63fe7b681873 - <core::panic::unwind_safe::AssertUnwindSafe<F> as core::ops::function::FnOnce<()>>::call_once::hf79cff2a624d8cf7
[INFO] [stdout]                                at /rustc/6067b36314ab5eb2eb47cecc464545ba58e1ad24/library/core/src/panic/unwind_safe.rs:272:9
[INFO] [stdout]   50:     0x63fe7b681873 - std::panicking::try::do_call::h3da0561d9ab99c25
[INFO] [stdout]                                at /rustc/6067b36314ab5eb2eb47cecc464545ba58e1ad24/library/std/src/panicking.rs:587:40
[INFO] [stdout]   51:     0x63fe7b681873 - std::panicking::try::h41c9fa508bc61df6
[INFO] [stdout]                                at /rustc/6067b36314ab5eb2eb47cecc464545ba58e1ad24/library/std/src/panicking.rs:550:19
[INFO] [stdout]   52:     0x63fe7b681873 - std::panic::catch_unwind::h6b3ff07bb5afad93
[INFO] [stdout]                                at /rustc/6067b36314ab5eb2eb47cecc464545ba58e1ad24/library/std/src/panic.rs:358:14
[INFO] [stdout]   53:     0x63fe7b681873 - test::run_test_in_process::hc7253dd11b39b9f4
[INFO] [stdout]                                at /rustc/6067b36314ab5eb2eb47cecc464545ba58e1ad24/library/test/src/lib.rs:655:27
[INFO] [stdout]   54:     0x63fe7b681873 - test::run_test::{{closure}}::hfb2007f8649c30bb
[INFO] [stdout]                                at /rustc/6067b36314ab5eb2eb47cecc464545ba58e1ad24/library/test/src/lib.rs:576:43
[INFO] [stdout]   55:     0x63fe7b644955 - test::run_test::{{closure}}::h56a17aa7a282a9f4
[INFO] [stdout]                                at /rustc/6067b36314ab5eb2eb47cecc464545ba58e1ad24/library/test/src/lib.rs:606:41
[INFO] [stdout]   56:     0x63fe7b644955 - std::sys::backtrace::__rust_begin_short_backtrace::hd2d2d2fb8e8c6aac
[INFO] [stdout]                                at /rustc/6067b36314ab5eb2eb47cecc464545ba58e1ad24/library/std/src/sys/backtrace.rs:152:18
[INFO] [stdout]   57:     0x63fe7b64823a - std::thread::Builder::spawn_unchecked_::{{closure}}::{{closure}}::h4faa3f9db6133423
[INFO] [stdout]                                at /rustc/6067b36314ab5eb2eb47cecc464545ba58e1ad24/library/std/src/thread/mod.rs:559:17
[INFO] [stdout]   58:     0x63fe7b64823a - <core::panic::unwind_safe::AssertUnwindSafe<F> as core::ops::function::FnOnce<()>>::call_once::hf2e855a36a4ea846
[INFO] [stdout]                                at /rustc/6067b36314ab5eb2eb47cecc464545ba58e1ad24/library/core/src/panic/unwind_safe.rs:272:9
[INFO] [stdout]   59:     0x63fe7b64823a - std::panicking::try::do_call::h2f73af3616c35465
[INFO] [stdout]                                at /rustc/6067b36314ab5eb2eb47cecc464545ba58e1ad24/library/std/src/panicking.rs:587:40
[INFO] [stdout]   60:     0x63fe7b64823a - std::panicking::try::hd1660ce9efadef5a
[INFO] [stdout]                                at /rustc/6067b36314ab5eb2eb47cecc464545ba58e1ad24/library/std/src/panicking.rs:550:19
[INFO] [stdout]   61:     0x63fe7b64823a - std::panic::catch_unwind::h5ee8d7823b8ca744
[INFO] [stdout]                                at /rustc/6067b36314ab5eb2eb47cecc464545ba58e1ad24/library/std/src/panic.rs:358:14
[INFO] [stdout]   62:     0x63fe7b64823a - std::thread::Builder::spawn_unchecked_::{{closure}}::h53c3a1894dce8407
[INFO] [stdout]                                at /rustc/6067b36314ab5eb2eb47cecc464545ba58e1ad24/library/std/src/thread/mod.rs:557:30
[INFO] [stdout]   63:     0x63fe7b64823a - core::ops::function::FnOnce::call_once{{vtable.shim}}::h048ce291ad4f62bf
[INFO] [stdout]                                at /rustc/6067b36314ab5eb2eb47cecc464545ba58e1ad24/library/core/src/ops/function.rs:250:5
[INFO] [stdout]   64:     0x63fe7ba23c7b - <alloc::boxed::Box<F,A> as core::ops::function::FnOnce<Args>>::call_once::ha52bedf99a3b4981
[INFO] [stdout]                                at /rustc/6067b36314ab5eb2eb47cecc464545ba58e1ad24/library/alloc/src/boxed.rs:2013:9
[INFO] [stdout]   65:     0x63fe7ba23c7b - <alloc::boxed::Box<F,A> as core::ops::function::FnOnce<Args>>::call_once::h567748934d80ccf8
[INFO] [stdout]                                at /rustc/6067b36314ab5eb2eb47cecc464545ba58e1ad24/library/alloc/src/boxed.rs:2013:9
[INFO] [stdout]   66:     0x63fe7ba23c7b - std::sys::pal::unix::thread::Thread::new::thread_start::h2d970728ae887adc
[INFO] [stdout]                                at /rustc/6067b36314ab5eb2eb47cecc464545ba58e1ad24/library/std/src/sys/pal/unix/thread.rs:106:17
[INFO] [stdout]   67:     0x7804fd0a3ac3 - <unknown>
[INFO] [stdout]   68:     0x7804fd134a04 - clone
[INFO] [stdout]   69:                0x0 - <unknown>
[INFO] [stdout] 
[INFO] [stdout] ---- test_blocking_chat stdout ----
[INFO] [stdout] 
[INFO] [stdout] thread 'test_blocking_chat' panicked at tests/chat.rs:10:23:
[INFO] [stdout] failed to load .env: Io(Custom { kind: NotFound, error: "path not found" })
[INFO] [stdout] stack backtrace:
[INFO] [stdout]    0:     0x63fe7ba1d9ea - std::backtrace_rs::backtrace::libunwind::trace::hb059275cfc8d6126
[INFO] [stdout]                                at /rustc/6067b36314ab5eb2eb47cecc464545ba58e1ad24/library/std/src/../../backtrace/src/backtrace/libunwind.rs:116:5
[INFO] [stdout]    1:     0x63fe7ba1d9ea - std::backtrace_rs::backtrace::trace_unsynchronized::h2da071e4327ce3ee
[INFO] [stdout]                                at /rustc/6067b36314ab5eb2eb47cecc464545ba58e1ad24/library/std/src/../../backtrace/src/backtrace/mod.rs:66:5
[INFO] [stdout]    2:     0x63fe7ba1d9ea - std::sys::backtrace::_print_fmt::h842a1474e6f8d23f
[INFO] [stdout]                                at /rustc/6067b36314ab5eb2eb47cecc464545ba58e1ad24/library/std/src/sys/backtrace.rs:66:9
[INFO] [stdout]    3:     0x63fe7ba1d9ea - <std::sys::backtrace::BacktraceLock::print::DisplayBacktrace as core::fmt::Display>::fmt::h71a62eb3b9696b12
[INFO] [stdout]                                at /rustc/6067b36314ab5eb2eb47cecc464545ba58e1ad24/library/std/src/sys/backtrace.rs:39:26
[INFO] [stdout]    4:     0x63fe7ba4a393 - core::fmt::rt::Argument::fmt::hdb6b616786b41dc1
[INFO] [stdout]                                at /rustc/6067b36314ab5eb2eb47cecc464545ba58e1ad24/library/core/src/fmt/rt.rs:177:76
[INFO] [stdout]    5:     0x63fe7ba4a393 - core::fmt::write::h2cc1698af7e2d686
[INFO] [stdout]                                at /rustc/6067b36314ab5eb2eb47cecc464545ba58e1ad24/library/core/src/fmt/mod.rs:1440:21
[INFO] [stdout]    6:     0x63fe7ba19643 - std::io::Write::write_fmt::hab1b4cd059a79022
[INFO] [stdout]                                at /rustc/6067b36314ab5eb2eb47cecc464545ba58e1ad24/library/std/src/io/mod.rs:1887:15
[INFO] [stdout]    7:     0x63fe7ba1d832 - std::sys::backtrace::BacktraceLock::print::h147fe35b4ea13b08
[INFO] [stdout]                                at /rustc/6067b36314ab5eb2eb47cecc464545ba58e1ad24/library/std/src/sys/backtrace.rs:42:9
[INFO] [stdout]    8:     0x63fe7ba1ee0f - std::panicking::default_hook::{{closure}}::hbd44223dbdc0d208
[INFO] [stdout]                                at /rustc/6067b36314ab5eb2eb47cecc464545ba58e1ad24/library/std/src/panicking.rs:298:22
[INFO] [stdout]    9:     0x63fe7ba1ec28 - std::panicking::default_hook::h20f81eb0576efcec
[INFO] [stdout]                                at /rustc/6067b36314ab5eb2eb47cecc464545ba58e1ad24/library/std/src/panicking.rs:322:9
[INFO] [stdout]   10:     0x63fe7b67d1e3 - <alloc::boxed::Box<F,A> as core::ops::function::Fn<Args>>::call::hdb53814c496a4d34
[INFO] [stdout]                                at /rustc/6067b36314ab5eb2eb47cecc464545ba58e1ad24/library/alloc/src/boxed.rs:2027:9
[INFO] [stdout]   11:     0x63fe7b67d1e3 - test::test_main::{{closure}}::hc0a4963c59427c24
[INFO] [stdout]                                at /rustc/6067b36314ab5eb2eb47cecc464545ba58e1ad24/library/test/src/lib.rs:134:21
[INFO] [stdout]   12:     0x63fe7ba1f903 - <alloc::boxed::Box<F,A> as core::ops::function::Fn<Args>>::call::h591b2225413a77e9
[INFO] [stdout]                                at /rustc/6067b36314ab5eb2eb47cecc464545ba58e1ad24/library/alloc/src/boxed.rs:2027:9
[INFO] [stdout]   13:     0x63fe7ba1f903 - std::panicking::rust_panic_with_hook::h625eea43051b2edc
[INFO] [stdout]                                at /rustc/6067b36314ab5eb2eb47cecc464545ba58e1ad24/library/std/src/panicking.rs:839:13
[INFO] [stdout]   14:     0x63fe7ba1f5ba - std::panicking::begin_panic_handler::{{closure}}::h4f9159cfbc3f6bd3
[INFO] [stdout]                                at /rustc/6067b36314ab5eb2eb47cecc464545ba58e1ad24/library/std/src/panicking.rs:704:13
[INFO] [stdout]   15:     0x63fe7ba1dee9 - std::sys::backtrace::__rust_end_short_backtrace::h0390abce48353151
[INFO] [stdout]                                at /rustc/6067b36314ab5eb2eb47cecc464545ba58e1ad24/library/std/src/sys/backtrace.rs:168:18
[INFO] [stdout]   16:     0x63fe7ba1f24d - rust_begin_unwind
[INFO] [stdout]                                at /rustc/6067b36314ab5eb2eb47cecc464545ba58e1ad24/library/std/src/panicking.rs:695:5
[INFO] [stdout]   17:     0x63fe7ba47ca0 - core::panicking::panic_fmt::h9e7c637e9e5f29c9
[INFO] [stdout]                                at /rustc/6067b36314ab5eb2eb47cecc464545ba58e1ad24/library/core/src/panicking.rs:75:14
[INFO] [stdout]   18:     0x63fe7ba48116 - core::result::unwrap_failed::h7979f09313fe1849
[INFO] [stdout]                                at /rustc/6067b36314ab5eb2eb47cecc464545ba58e1ad24/library/core/src/result.rs:1704:5
[INFO] [stdout]   19:     0x63fe7b4151dd - core::result::Result<T,E>::expect::hd84ea9905eebc2b2
[INFO] [stdout]                                at /rustc/6067b36314ab5eb2eb47cecc464545ba58e1ad24/library/core/src/result.rs:1061:23
[INFO] [stdout]   20:     0x63fe7b40050e - chat::get_client::h2860d8cd8ddc03ea
[INFO] [stdout]                                at /opt/rustwide/workdir/tests/chat.rs:10:5
[INFO] [stdout]   21:     0x63fe7b400c4b - chat::test_blocking_chat::{{closure}}::h05325fd6e106669c
[INFO] [stdout]                                at /opt/rustwide/workdir/tests/chat.rs:38:35
[INFO] [stdout]   22:     0x63fe7b41b172 - <core::pin::Pin<P> as core::future::future::Future>::poll::h9bc671a29973737c
[INFO] [stdout]                                at /rustc/6067b36314ab5eb2eb47cecc464545ba58e1ad24/library/core/src/future/future.rs:124:9
[INFO] [stdout]   23:     0x63fe7b41b1ad - <core::pin::Pin<P> as core::future::future::Future>::poll::hacc5a485d3bc6f52
[INFO] [stdout]                                at /rustc/6067b36314ab5eb2eb47cecc464545ba58e1ad24/library/core/src/future/future.rs:124:9
[INFO] [stdout]   24:     0x63fe7b3f7fbf - tokio::runtime::scheduler::current_thread::CoreGuard::block_on::{{closure}}::{{closure}}::{{closure}}::hb122074f51bc3808
[INFO] [stdout]                                at /opt/rustwide/cargo-home/registry/src/index.crates.io-1949cf8c6b5b557f/tokio-1.41.0/src/runtime/scheduler/current_thread/mod.rs:729:57
[INFO] [stdout]   25:     0x63fe7b3f7d15 - tokio::runtime::coop::with_budget::h00abfbee3835a3ab
[INFO] [stdout]                                at /opt/rustwide/cargo-home/registry/src/index.crates.io-1949cf8c6b5b557f/tokio-1.41.0/src/runtime/coop.rs:107:5
[INFO] [stdout]   26:     0x63fe7b3f7d15 - tokio::runtime::coop::budget::h227be20d33c375ab
[INFO] [stdout]                                at /opt/rustwide/cargo-home/registry/src/index.crates.io-1949cf8c6b5b557f/tokio-1.41.0/src/runtime/coop.rs:73:5
[INFO] [stdout]   27:     0x63fe7b3f7d15 - tokio::runtime::scheduler::current_thread::CoreGuard::block_on::{{closure}}::{{closure}}::h40a5749e5143e1d1
[INFO] [stdout]                                at /opt/rustwide/cargo-home/registry/src/index.crates.io-1949cf8c6b5b557f/tokio-1.41.0/src/runtime/scheduler/current_thread/mod.rs:729:25
[INFO] [stdout]   28:     0x63fe7b3f5250 - tokio::runtime::scheduler::current_thread::Context::enter::ha6a2790fad8297ed
[INFO] [stdout]                                at /opt/rustwide/cargo-home/registry/src/index.crates.io-1949cf8c6b5b557f/tokio-1.41.0/src/runtime/scheduler/current_thread/mod.rs:428:19
[INFO] [stdout]   29:     0x63fe7b3f758b - tokio::runtime::scheduler::current_thread::CoreGuard::block_on::{{closure}}::hebc5ec09819722b2
[INFO] [stdout]                                at /opt/rustwide/cargo-home/registry/src/index.crates.io-1949cf8c6b5b557f/tokio-1.41.0/src/runtime/scheduler/current_thread/mod.rs:728:36
[INFO] [stdout]   30:     0x63fe7b3f6a04 - tokio::runtime::scheduler::current_thread::CoreGuard::enter::{{closure}}::h1d7e0ac89c6fa1af
[INFO] [stdout]                                at /opt/rustwide/cargo-home/registry/src/index.crates.io-1949cf8c6b5b557f/tokio-1.41.0/src/runtime/scheduler/current_thread/mod.rs:807:68
[INFO] [stdout]   31:     0x63fe7b3f42fb - tokio::runtime::context::scoped::Scoped<T>::set::ha5a1bb1711a43929
[INFO] [stdout]                                at /opt/rustwide/cargo-home/registry/src/index.crates.io-1949cf8c6b5b557f/tokio-1.41.0/src/runtime/context/scoped.rs:40:9
[INFO] [stdout]   32:     0x63fe7b3fd579 - tokio::runtime::context::set_scheduler::{{closure}}::h3ce5a619c6c3b699
[INFO] [stdout]                                at /opt/rustwide/cargo-home/registry/src/index.crates.io-1949cf8c6b5b557f/tokio-1.41.0/src/runtime/context.rs:180:26
[INFO] [stdout]   33:     0x63fe7b3fe7e2 - std::thread::local::LocalKey<T>::try_with::h97349a809bef61f4
[INFO] [stdout]                                at /rustc/6067b36314ab5eb2eb47cecc464545ba58e1ad24/library/std/src/thread/local.rs:308:12
[INFO] [stdout]   34:     0x63fe7b3fe21a - std::thread::local::LocalKey<T>::with::h5e2476729246bcc0
[INFO] [stdout]                                at /rustc/6067b36314ab5eb2eb47cecc464545ba58e1ad24/library/std/src/thread/local.rs:272:9
[INFO] [stdout]   35:     0x63fe7b3fd52d - tokio::runtime::context::set_scheduler::hffa51f27b2e58118
[INFO] [stdout]                                at /opt/rustwide/cargo-home/registry/src/index.crates.io-1949cf8c6b5b557f/tokio-1.41.0/src/runtime/context.rs:180:9
[INFO] [stdout]   36:     0x63fe7b3f6390 - tokio::runtime::scheduler::current_thread::CoreGuard::enter::h0a598e1c681b39f7
[INFO] [stdout]                                at /opt/rustwide/cargo-home/registry/src/index.crates.io-1949cf8c6b5b557f/tokio-1.41.0/src/runtime/scheduler/current_thread/mod.rs:807:27
[INFO] [stdout]   37:     0x63fe7b3f6aa3 - tokio::runtime::scheduler::current_thread::CoreGuard::block_on::hcde06491f783fce9
[INFO] [stdout]                                at /opt/rustwide/cargo-home/registry/src/index.crates.io-1949cf8c6b5b557f/tokio-1.41.0/src/runtime/scheduler/current_thread/mod.rs:716:19
[INFO] [stdout]   38:     0x63fe7b3f484d - tokio::runtime::scheduler::current_thread::CurrentThread::block_on::{{closure}}::h82072f59c5a4c086
[INFO] [stdout]                                at /opt/rustwide/cargo-home/registry/src/index.crates.io-1949cf8c6b5b557f/tokio-1.41.0/src/runtime/scheduler/current_thread/mod.rs:196:28
[INFO] [stdout]   39:     0x63fe7b3ffe27 - tokio::runtime::context::runtime::enter_runtime::he92e5d7eaec6aff6
[INFO] [stdout]                                at /opt/rustwide/cargo-home/registry/src/index.crates.io-1949cf8c6b5b557f/tokio-1.41.0/src/runtime/context/runtime.rs:65:16
[INFO] [stdout]   40:     0x63fe7b3f4621 - tokio::runtime::scheduler::current_thread::CurrentThread::block_on::hce0ceafd3ca7d680
[INFO] [stdout]                                at /opt/rustwide/cargo-home/registry/src/index.crates.io-1949cf8c6b5b557f/tokio-1.41.0/src/runtime/scheduler/current_thread/mod.rs:184:9
[INFO] [stdout]   41:     0x63fe7b4161aa - tokio::runtime::runtime::Runtime::block_on_inner::h5a7a0b380f7dcca8
[INFO] [stdout]                                at /opt/rustwide/cargo-home/registry/src/index.crates.io-1949cf8c6b5b557f/tokio-1.41.0/src/runtime/runtime.rs:368:47
[INFO] [stdout]   42:     0x63fe7b416457 - tokio::runtime::runtime::Runtime::block_on::hd9b173c0803e2de3
[INFO] [stdout]                                at /opt/rustwide/cargo-home/registry/src/index.crates.io-1949cf8c6b5b557f/tokio-1.41.0/src/runtime/runtime.rs:342:13
[INFO] [stdout]   43:     0x63fe7b400aca - chat::test_blocking_chat::he646d800bd80f902
[INFO] [stdout]                                at /opt/rustwide/workdir/tests/chat.rs:46:5
[INFO] [stdout]   44:     0x63fe7b400977 - chat::test_blocking_chat::{{closure}}::h221d68aae8bd90cd
[INFO] [stdout]                                at /opt/rustwide/workdir/tests/chat.rs:35:30
[INFO] [stdout]   45:     0x63fe7b411146 - core::ops::function::FnOnce::call_once::hd1a6c136f7174449
[INFO] [stdout]                                at /rustc/6067b36314ab5eb2eb47cecc464545ba58e1ad24/library/core/src/ops/function.rs:250:5
[INFO] [stdout]   46:     0x63fe7b68293b - core::ops::function::FnOnce::call_once::he27718dfdd183f43
[INFO] [stdout]                                at /rustc/6067b36314ab5eb2eb47cecc464545ba58e1ad24/library/core/src/ops/function.rs:250:5
[INFO] [stdout]   47:     0x63fe7b68293b - test::__rust_begin_short_backtrace::h4e84902998457a5d
[INFO] [stdout]                                at /rustc/6067b36314ab5eb2eb47cecc464545ba58e1ad24/library/test/src/lib.rs:632:18
[INFO] [stdout]   48:     0x63fe7b681873 - test::run_test_in_process::{{closure}}::h7176fd18fc1feca0
[INFO] [stdout]                                at /rustc/6067b36314ab5eb2eb47cecc464545ba58e1ad24/library/test/src/lib.rs:655:60
[INFO] [stdout]   49:     0x63fe7b681873 - <core::panic::unwind_safe::AssertUnwindSafe<F> as core::ops::function::FnOnce<()>>::call_once::hf79cff2a624d8cf7
[INFO] [stdout]                                at /rustc/6067b36314ab5eb2eb47cecc464545ba58e1ad24/library/core/src/panic/unwind_safe.rs:272:9
[INFO] [stdout]   50:     0x63fe7b681873 - std::panicking::try::do_call::h3da0561d9ab99c25
[INFO] [stdout]                                at /rustc/6067b36314ab5eb2eb47cecc464545ba58e1ad24/library/std/src/panicking.rs:587:40
[INFO] [stdout]   51:     0x63fe7b681873 - std::panicking::try::h41c9fa508bc61df6
[INFO] [stdout]                                at /rustc/6067b36314ab5eb2eb47cecc464545ba58e1ad24/library/std/src/panicking.rs:550:19
[INFO] [stdout]   52:     0x63fe7b681873 - std::panic::catch_unwind::h6b3ff07bb5afad93
[INFO] [stdout]                                at /rustc/6067b36314ab5eb2eb47cecc464545ba58e1ad24/library/std/src/panic.rs:358:14
[INFO] [stdout]   53:     0x63fe7b681873 - test::run_test_in_process::hc7253dd11b39b9f4
[INFO] [stdout]                                at /rustc/6067b36314ab5eb2eb47cecc464545ba58e1ad24/library/test/src/lib.rs:655:27
[INFO] [stdout]   54:     0x63fe7b681873 - test::run_test::{{closure}}::hfb2007f8649c30bb
[INFO] [stdout]                                at /rustc/6067b36314ab5eb2eb47cecc464545ba58e1ad24/library/test/src/lib.rs:576:43
[INFO] [stdout]   55:     0x63fe7b644955 - test::run_test::{{closure}}::h56a17aa7a282a9f4
[INFO] [stdout]                                at /rustc/6067b36314ab5eb2eb47cecc464545ba58e1ad24/library/test/src/lib.rs:606:41
[INFO] [stdout]   56:     0x63fe7b644955 - std::sys::backtrace::__rust_begin_short_backtrace::hd2d2d2fb8e8c6aac
[INFO] [stdout]                                at /rustc/6067b36314ab5eb2eb47cecc464545ba58e1ad24/library/std/src/sys/backtrace.rs:152:18
[INFO] [stdout]   57:     0x63fe7b64823a - std::thread::Builder::spawn_unchecked_::{{closure}}::{{closure}}::h4faa3f9db6133423
[INFO] [stdout]                                at /rustc/6067b36314ab5eb2eb47cecc464545ba58e1ad24/library/std/src/thread/mod.rs:559:17
[INFO] [stdout]   58:     0x63fe7b64823a - <core::panic::unwind_safe::AssertUnwindSafe<F> as core::ops::function::FnOnce<()>>::call_once::hf2e855a36a4ea846
[INFO] [stdout]                                at /rustc/6067b36314ab5eb2eb47cecc464545ba58e1ad24/library/core/src/panic/unwind_safe.rs:272:9
[INFO] [stdout]   59:     0x63fe7b64823a - std::panicking::try::do_call::h2f73af3616c35465
[INFO] [stdout]                                at /rustc/6067b36314ab5eb2eb47cecc464545ba58e1ad24/library/std/src/panicking.rs:587:40
[INFO] [stdout]   60:     0x63fe7b64823a - std::panicking::try::hd1660ce9efadef5a
[INFO] [stdout]                                at /rustc/6067b36314ab5eb2eb47cecc464545ba58e1ad24/library/std/src/panicking.rs:550:19
[INFO] [stdout]   61:     0x63fe7b64823a - std::panic::catch_unwind::h5ee8d7823b8ca744
[INFO] [stdout]                                at /rustc/6067b36314ab5eb2eb47cecc464545ba58e1ad24/library/std/src/panic.rs:358:14
[INFO] [stdout]   62:     0x63fe7b64823a - std::thread::Builder::spawn_unchecked_::{{closure}}::h53c3a1894dce8407
[INFO] [stdout]                                at /rustc/6067b36314ab5eb2eb47cecc464545ba58e1ad24/library/std/src/thread/mod.rs:557:30
[INFO] [stdout]   63:     0x63fe7b64823a - core::ops::function::FnOnce::call_once{{vtable.shim}}::h048ce291ad4f62bf
[INFO] [stdout]                                at /rustc/6067b36314ab5eb2eb47cecc464545ba58e1ad24/library/core/src/ops/function.rs:250:5
[INFO] [stdout]   64:     0x63fe7ba23c7b - <alloc::boxed::Box<F,A> as core::ops::function::FnOnce<Args>>::call_once::ha52bedf99a3b4981
[INFO] [stdout]                                at /rustc/6067b36314ab5eb2eb47cecc464545ba58e1ad24/library/alloc/src/boxed.rs:2013:9
[INFO] [stdout]   65:     0x63fe7ba23c7b - <alloc::boxed::Box<F,A> as core::ops::function::FnOnce<Args>>::call_once::h567748934d80ccf8
[INFO] [stdout]                                at /rustc/6067b36314ab5eb2eb47cecc464545ba58e1ad24/library/alloc/src/boxed.rs:2013:9
[INFO] [stdout]   66:     0x63fe7ba23c7b - std::sys::pal::unix::thread::Thread::new::thread_start::h2d970728ae887adc
[INFO] [stdout]                                at /rustc/6067b36314ab5eb2eb47cecc464545ba58e1ad24/library/std/src/sys/pal/unix/thread.rs:106:17
[INFO] [stdout]   67:     0x7804fd0a3ac3 - <unknown>
[INFO] [stdout]   68:     0x7804fd134a04 - clone
[INFO] [stdout]   69:                0x0 - <unknown>
[INFO] [stdout] 
[INFO] [stdout] 
[INFO] [stdout] failures:
[INFO] [stdout]     test_blocking_chat
[INFO] [stdout]     test_streaming_chat
[INFO] [stdout] 
[INFO] [stdout] test result: FAILED. 0 passed; 2 failed; 0 ignored; 0 measured; 0 filtered out; finished in 0.07s
[INFO] [stdout] 
[INFO] [stderr] error: test failed, to rerun pass `--test chat`
[INFO] running `Command { std: "docker" "inspect" "222b69d9411fe5ddbe04896cbcb134a61ea3d37aff15dece0ba38e074fc14906", kill_on_drop: false }`
[INFO] running `Command { std: "docker" "rm" "-f" "222b69d9411fe5ddbe04896cbcb134a61ea3d37aff15dece0ba38e074fc14906", kill_on_drop: false }`
[INFO] [stdout] 222b69d9411fe5ddbe04896cbcb134a61ea3d37aff15dece0ba38e074fc14906
