[INFO] cloning repository https://github.com/csterling/type-registry
[INFO] running `Command { std: "git" "-c" "credential.helper=" "-c" "credential.helper=/workspace/cargo-home/bin/git-credential-null" "clone" "--bare" "https://github.com/csterling/type-registry" "/workspace/cache/git-repos/https%3A%2F%2Fgithub.com%2Fcsterling%2Ftype-registry", kill_on_drop: false }`
[INFO] [stderr] Cloning into bare repository '/workspace/cache/git-repos/https%3A%2F%2Fgithub.com%2Fcsterling%2Ftype-registry'...
[INFO] running `Command { std: "git" "rev-parse" "HEAD", kill_on_drop: false }`
[INFO] [stdout] e0c8930037f23da8d6a37c4bbfd5c5d6fa3fffef
[INFO] testing csterling/type-registry against nightly-2025-01-18+rustflags=-Zrandomize-layout for randomize-layout-2
[INFO] running `Command { std: "git" "clone" "/workspace/cache/git-repos/https%3A%2F%2Fgithub.com%2Fcsterling%2Ftype-registry" "/workspace/builds/worker-7-tc2/source", kill_on_drop: false }`
[INFO] [stderr] Cloning into '/workspace/builds/worker-7-tc2/source'...
[INFO] [stderr] done.
[INFO] validating manifest of git repo https://github.com/csterling/type-registry on toolchain nightly-2025-01-18
[INFO] running `Command { std: CARGO_HOME="/workspace/cargo-home" RUSTUP_HOME="/workspace/rustup-home" "/workspace/cargo-home/bin/cargo" "+nightly-2025-01-18" "metadata" "--manifest-path" "Cargo.toml" "--no-deps", kill_on_drop: false }`
[INFO] started tweaking git repo https://github.com/csterling/type-registry
[INFO] finished tweaking git repo https://github.com/csterling/type-registry
[INFO] tweaked toml for git repo https://github.com/csterling/type-registry written to /workspace/builds/worker-7-tc2/source/Cargo.toml
[INFO] crate git repo https://github.com/csterling/type-registry already has a lockfile, it will not be regenerated
[INFO] running `Command { std: CARGO_HOME="/workspace/cargo-home" RUSTUP_HOME="/workspace/rustup-home" "/workspace/cargo-home/bin/cargo" "+nightly-2025-01-18" "fetch" "--manifest-path" "Cargo.toml", kill_on_drop: false }`
[INFO] [stderr] warning: virtual workspace defaulting to `resolver = "1"` despite one or more workspace members being on edition 2021 which implies `resolver = "2"`
[INFO] [stderr] note: to keep the current resolver, specify `workspace.resolver = "1"` in the workspace root's manifest
[INFO] [stderr] note: to use the edition 2021 resolver, specify `workspace.resolver = "2"` in the workspace root's manifest
[INFO] [stderr] note: for more details see https://doc.rust-lang.org/cargo/reference/resolver.html#resolver-versions
[INFO] running `Command { std: "docker" "create" "-v" "/var/lib/crater-agent-workspace/builds/worker-7-tc2/target:/opt/rustwide/target:rw,Z" "-v" "/var/lib/crater-agent-workspace/builds/worker-7-tc2/source:/opt/rustwide/workdir:ro,Z" "-v" "/var/lib/crater-agent-workspace/cargo-home:/opt/rustwide/cargo-home:ro,Z" "-v" "/var/lib/crater-agent-workspace/rustup-home:/opt/rustwide/rustup-home:ro,Z" "-e" "SOURCE_DIR=/opt/rustwide/workdir" "-e" "CARGO_TARGET_DIR=/opt/rustwide/target" "-e" "CARGO_HOME=/opt/rustwide/cargo-home" "-e" "RUSTUP_HOME=/opt/rustwide/rustup-home" "-w" "/opt/rustwide/workdir" "-m" "1610612736" "--user" "0:0" "--network" "none" "ghcr.io/rust-lang/crates-build-env/linux@sha256:819108c5571ea2e421544af4d832f968d213c87fbe3707a016657f43d2f853bc" "/opt/rustwide/cargo-home/bin/cargo" "+nightly-2025-01-18" "metadata" "--no-deps" "--format-version=1", kill_on_drop: false }`
[INFO] [stdout] 22f7a2f0f868e25b196bb5efee59f05f30a3c17954a394f7259a7c72c4fbec6c
[INFO] running `Command { std: "docker" "start" "-a" "22f7a2f0f868e25b196bb5efee59f05f30a3c17954a394f7259a7c72c4fbec6c", kill_on_drop: false }`
[INFO] running `Command { std: "docker" "inspect" "22f7a2f0f868e25b196bb5efee59f05f30a3c17954a394f7259a7c72c4fbec6c", kill_on_drop: false }`
[INFO] running `Command { std: "docker" "rm" "-f" "22f7a2f0f868e25b196bb5efee59f05f30a3c17954a394f7259a7c72c4fbec6c", kill_on_drop: false }`
[INFO] [stdout] 22f7a2f0f868e25b196bb5efee59f05f30a3c17954a394f7259a7c72c4fbec6c
[INFO] running `Command { std: "docker" "create" "-v" "/var/lib/crater-agent-workspace/builds/worker-7-tc2/target:/opt/rustwide/target:rw,Z" "-v" "/var/lib/crater-agent-workspace/builds/worker-7-tc2/source:/opt/rustwide/workdir:ro,Z" "-v" "/var/lib/crater-agent-workspace/cargo-home:/opt/rustwide/cargo-home:ro,Z" "-v" "/var/lib/crater-agent-workspace/rustup-home:/opt/rustwide/rustup-home:ro,Z" "-e" "SOURCE_DIR=/opt/rustwide/workdir" "-e" "CARGO_TARGET_DIR=/opt/rustwide/target" "-e" "CARGO_INCREMENTAL=0" "-e" "RUST_BACKTRACE=full" "-e" "RUSTFLAGS=--cap-lints=forbid -Zrandomize-layout" "-e" "RUSTDOCFLAGS=--cap-lints=forbid" "-e" "CARGO_HOME=/opt/rustwide/cargo-home" "-e" "RUSTUP_HOME=/opt/rustwide/rustup-home" "-w" "/opt/rustwide/workdir" "-m" "1610612736" "--user" "0:0" "--network" "none" "ghcr.io/rust-lang/crates-build-env/linux@sha256:819108c5571ea2e421544af4d832f968d213c87fbe3707a016657f43d2f853bc" "/opt/rustwide/cargo-home/bin/cargo" "+nightly-2025-01-18" "build" "--frozen" "--message-format=json", kill_on_drop: false }`
[INFO] [stdout] 398bbf117a2564952006ce0d5a4412a5920d900723af25bad17357053abe4143
[INFO] running `Command { std: "docker" "start" "-a" "398bbf117a2564952006ce0d5a4412a5920d900723af25bad17357053abe4143", kill_on_drop: false }`
[INFO] [stderr] warning: virtual workspace defaulting to `resolver = "1"` despite one or more workspace members being on edition 2021 which implies `resolver = "2"`
[INFO] [stderr] note: to keep the current resolver, specify `workspace.resolver = "1"` in the workspace root's manifest
[INFO] [stderr] note: to use the edition 2021 resolver, specify `workspace.resolver = "2"` in the workspace root's manifest
[INFO] [stderr] note: for more details see https://doc.rust-lang.org/cargo/reference/resolver.html#resolver-versions
[INFO] [stderr]    Compiling proc-macro2 v1.0.81
[INFO] [stderr]    Compiling unicode-ident v1.0.12
[INFO] [stderr]    Compiling once_cell v1.19.0
[INFO] [stderr]    Compiling generic_static v0.2.0
[INFO] [stderr]    Compiling quote v1.0.36
[INFO] [stderr]    Compiling syn v2.0.60
[INFO] [stderr]    Compiling linkme-impl v0.3.25
[INFO] [stderr]    Compiling type-registry-register-macro v0.2.0 (/opt/rustwide/workdir/crates/type-registry-register-macro)
[INFO] [stderr]    Compiling linkme v0.3.25
[INFO] [stderr]    Compiling type-registry v0.2.0 (/opt/rustwide/workdir/crates/type-registry)
[INFO] [stderr]     Finished `dev` profile [unoptimized + debuginfo] target(s) in 7.92s
[INFO] running `Command { std: "docker" "inspect" "398bbf117a2564952006ce0d5a4412a5920d900723af25bad17357053abe4143", kill_on_drop: false }`
[INFO] running `Command { std: "docker" "rm" "-f" "398bbf117a2564952006ce0d5a4412a5920d900723af25bad17357053abe4143", kill_on_drop: false }`
[INFO] [stdout] 398bbf117a2564952006ce0d5a4412a5920d900723af25bad17357053abe4143
[INFO] running `Command { std: "docker" "create" "-v" "/var/lib/crater-agent-workspace/builds/worker-7-tc2/target:/opt/rustwide/target:rw,Z" "-v" "/var/lib/crater-agent-workspace/builds/worker-7-tc2/source:/opt/rustwide/workdir:ro,Z" "-v" "/var/lib/crater-agent-workspace/cargo-home:/opt/rustwide/cargo-home:ro,Z" "-v" "/var/lib/crater-agent-workspace/rustup-home:/opt/rustwide/rustup-home:ro,Z" "-e" "SOURCE_DIR=/opt/rustwide/workdir" "-e" "CARGO_TARGET_DIR=/opt/rustwide/target" "-e" "CARGO_INCREMENTAL=0" "-e" "RUST_BACKTRACE=full" "-e" "RUSTFLAGS=--cap-lints=forbid -Zrandomize-layout" "-e" "RUSTDOCFLAGS=--cap-lints=forbid" "-e" "CARGO_HOME=/opt/rustwide/cargo-home" "-e" "RUSTUP_HOME=/opt/rustwide/rustup-home" "-w" "/opt/rustwide/workdir" "-m" "1610612736" "--user" "0:0" "--network" "none" "ghcr.io/rust-lang/crates-build-env/linux@sha256:819108c5571ea2e421544af4d832f968d213c87fbe3707a016657f43d2f853bc" "/opt/rustwide/cargo-home/bin/cargo" "+nightly-2025-01-18" "test" "--frozen" "--no-run" "--message-format=json", kill_on_drop: false }`
[INFO] [stdout] 8eb36c5bbeced7c6833a4feaa4b5f3f24185cfb1f75e48b1c9d525dab0f04fe7
[INFO] running `Command { std: "docker" "start" "-a" "8eb36c5bbeced7c6833a4feaa4b5f3f24185cfb1f75e48b1c9d525dab0f04fe7", kill_on_drop: false }`
[INFO] [stderr] warning: virtual workspace defaulting to `resolver = "1"` despite one or more workspace members being on edition 2021 which implies `resolver = "2"`
[INFO] [stderr] note: to keep the current resolver, specify `workspace.resolver = "1"` in the workspace root's manifest
[INFO] [stderr] note: to use the edition 2021 resolver, specify `workspace.resolver = "2"` in the workspace root's manifest
[INFO] [stderr] note: for more details see https://doc.rust-lang.org/cargo/reference/resolver.html#resolver-versions
[INFO] [stderr]    Compiling type-registry-register-macro v0.2.0 (/opt/rustwide/workdir/crates/type-registry-register-macro)
[INFO] [stderr]    Compiling type-registry v0.2.0 (/opt/rustwide/workdir/crates/type-registry)
[INFO] [stderr]     Finished `test` profile [unoptimized + debuginfo] target(s) in 1.43s
[INFO] running `Command { std: "docker" "inspect" "8eb36c5bbeced7c6833a4feaa4b5f3f24185cfb1f75e48b1c9d525dab0f04fe7", kill_on_drop: false }`
[INFO] running `Command { std: "docker" "rm" "-f" "8eb36c5bbeced7c6833a4feaa4b5f3f24185cfb1f75e48b1c9d525dab0f04fe7", kill_on_drop: false }`
[INFO] [stdout] 8eb36c5bbeced7c6833a4feaa4b5f3f24185cfb1f75e48b1c9d525dab0f04fe7
[INFO] running `Command { std: "docker" "create" "-v" "/var/lib/crater-agent-workspace/builds/worker-7-tc2/target:/opt/rustwide/target:rw,Z" "-v" "/var/lib/crater-agent-workspace/builds/worker-7-tc2/source:/opt/rustwide/workdir:ro,Z" "-v" "/var/lib/crater-agent-workspace/cargo-home:/opt/rustwide/cargo-home:ro,Z" "-v" "/var/lib/crater-agent-workspace/rustup-home:/opt/rustwide/rustup-home:ro,Z" "-e" "SOURCE_DIR=/opt/rustwide/workdir" "-e" "CARGO_TARGET_DIR=/opt/rustwide/target" "-e" "CARGO_INCREMENTAL=0" "-e" "RUST_BACKTRACE=full" "-e" "RUSTFLAGS=--cap-lints=forbid -Zrandomize-layout" "-e" "RUSTDOCFLAGS=--cap-lints=forbid" "-e" "CARGO_HOME=/opt/rustwide/cargo-home" "-e" "RUSTUP_HOME=/opt/rustwide/rustup-home" "-w" "/opt/rustwide/workdir" "-m" "1610612736" "--user" "0:0" "--network" "none" "ghcr.io/rust-lang/crates-build-env/linux@sha256:819108c5571ea2e421544af4d832f968d213c87fbe3707a016657f43d2f853bc" "/opt/rustwide/cargo-home/bin/cargo" "+nightly-2025-01-18" "test" "--frozen", kill_on_drop: false }`
[INFO] [stdout] d8824cabe896e08cf4a5e369d2613a8ff6eec17769525fd45020ed539b999af6
[INFO] running `Command { std: "docker" "start" "-a" "d8824cabe896e08cf4a5e369d2613a8ff6eec17769525fd45020ed539b999af6", kill_on_drop: false }`
[INFO] [stderr] warning: virtual workspace defaulting to `resolver = "1"` despite one or more workspace members being on edition 2021 which implies `resolver = "2"`
[INFO] [stderr] note: to keep the current resolver, specify `workspace.resolver = "1"` in the workspace root's manifest
[INFO] [stderr] note: to use the edition 2021 resolver, specify `workspace.resolver = "2"` in the workspace root's manifest
[INFO] [stderr] note: for more details see https://doc.rust-lang.org/cargo/reference/resolver.html#resolver-versions
[INFO] [stderr]     Finished `test` profile [unoptimized + debuginfo] target(s) in 0.03s
[INFO] [stderr]      Running unittests src/lib.rs (/opt/rustwide/target/debug/deps/type_registry-f99c66001074fd41)
[INFO] [stdout] 
[INFO] [stdout] running 0 tests
[INFO] [stdout] 
[INFO] [stdout] test result: ok. 0 passed; 0 failed; 0 ignored; 0 measured; 0 filtered out; finished in 0.00s
[INFO] [stdout] 
[INFO] [stderr]      Running unittests src/lib.rs (/opt/rustwide/target/debug/deps/type_registry_register_macro-1010564e9beb039b)
[INFO] [stdout] 
[INFO] [stdout] running 0 tests
[INFO] [stdout] 
[INFO] [stdout] test result: ok. 0 passed; 0 failed; 0 ignored; 0 measured; 0 filtered out; finished in 0.00s
[INFO] [stdout] 
[INFO] [stderr]    Doc-tests type_registry
[INFO] [stdout] 
[INFO] [stdout] running 3 tests
[INFO] [stdout] test crates/type-registry/src/logical/registration.rs - logical::registration::registration (line 37) ... ok
[INFO] [stdout] test crates/type-registry/src/lib.rs - (line 77) ... FAILED
[INFO] [stdout] test crates/type-registry/src/lib.rs - (line 5) ... FAILED
[INFO] [stdout] 
[INFO] [stdout] failures:
[INFO] [stdout] 
[INFO] [stdout] ---- crates/type-registry/src/lib.rs - (line 77) stdout ----
[INFO] [stdout] error: linking with `cc` failed: exit status: 1
[INFO] [stdout]   |
[INFO] [stdout]   = note: LC_ALL="C" PATH="/opt/rustwide/rustup-home/toolchains/nightly-2025-01-18-x86_64-unknown-linux-gnu/lib/rustlib/x86_64-unknown-linux-gnu/bin:/opt/rustwide/rustup-home/toolchains/nightly-2025-01-18-x86_64-unknown-linux-gnu/lib/rustlib/x86_64-unknown-linux-gnu/bin/self-contained:/opt/rustwide/cargo-home/bin:/usr/local/sbin:/usr/local/bin:/usr/sbin:/usr/bin:/sbin:/bin" VSLANG="1033" "cc" "-m64" "/tmp/rustcU66TOC/symbols.o" "<2 object files omitted>" "-Wl,--as-needed" "-Wl,-Bstatic" "/opt/rustwide/target/debug/deps/{libtype_registry-28d775ce68c24b54.rlib,liblinkme-1400694e300325c5.rlib,libgeneric_static-5418c87de0d00132.rlib,libonce_cell-44b3727b7ea843b2.rlib}" "/opt/rustwide/rustup-home/toolchains/nightly-2025-01-18-x86_64-unknown-linux-gnu/lib/rustlib/x86_64-unknown-linux-gnu/lib/{libstd-006123e2ce67e99d.rlib,libpanic_unwind-e1447e1efa6f1e57.rlib,libobject-f6963a4916fcf097.rlib,libmemchr-49a2d9af912f4524.rlib,libaddr2line-04d19aad3936869d.rlib,libgimli-483c235edb789db0.rlib,librustc_demangle-294281af50b8f748.rlib,libstd_detect-3b08295250aabc2a.rlib,libhashbrown-4472d1e05ba0dfaf.rlib,librustc_std_workspace_alloc-2ef099fac590e457.rlib,libminiz_oxide-8a51f5e848546c29.rlib,libadler2-3d3fa22b868db521.rlib,libunwind-0ffda8b08e22dbea.rlib,libcfg_if-b08f62458fdd43b9.rlib,liblibc-559675126e63b890.rlib,liballoc-fcf21c8d1c9c7b75.rlib,librustc_std_workspace_core-e0b0460135bcf21d.rlib,libcore-d4097fdcbddd3bc7.rlib,libcompiler_builtins-fea484ac1eed7881.rlib}" "-Wl,-Bdynamic" "-lgcc_s" "-lutil" "-lrt" "-lpthread" "-lm" "-ldl" "-lc" "-B/opt/rustwide/rustup-home/toolchains/nightly-2025-01-18-x86_64-unknown-linux-gnu/lib/rustlib/x86_64-unknown-linux-gnu/bin/gcc-ld" "-fuse-ld=lld" "-Wl,--eh-frame-hdr" "-Wl,-z,noexecstack" "-L" "/opt/rustwide/rustup-home/toolchains/nightly-2025-01-18-x86_64-unknown-linux-gnu/lib/rustlib/x86_64-unknown-linux-gnu/lib" "-o" "/tmp/rustdoctestXewAEY/rust_out" "-Wl,--gc-sections" "-pie" "-Wl,-z,relro,-z,now" "-nodefaultlibs"
[INFO] [stdout]   = note: some arguments are omitted. use `--verbose` to show all linker arguments
[INFO] [stdout]   = note: rust-lld: error: undefined symbol: __stop_linkme_REGISTRY
[INFO] [stdout]           >>> referenced by registry.rs:7 (crates/type-registry/src/raw/registry.rs:7)
[INFO] [stdout]           >>>               type_registry-28d775ce68c24b54.type_registry.54139e305cfa3ced-cgu.0.rcgu.o:(type_registry::raw::registry::REGISTRY::hcc6669f1f89758a6) in archive /opt/rustwide/target/debug/deps/libtype_registry-28d775ce68c24b54.rlib
[INFO] [stdout]           
[INFO] [stdout]           rust-lld: error: undefined symbol: __start_linkm2_REGISTRY
[INFO] [stdout]           >>> referenced by registry.rs:7 (crates/type-registry/src/raw/registry.rs:7)
[INFO] [stdout]           >>>               type_registry-28d775ce68c24b54.type_registry.54139e305cfa3ced-cgu.0.rcgu.o:(type_registry::raw::registry::REGISTRY::hcc6669f1f89758a6) in archive /opt/rustwide/target/debug/deps/libtype_registry-28d775ce68c24b54.rlib
[INFO] [stdout]           >>> the encapsulation symbol needs to be retained under --gc-sections properly; consider -z nostart-stop-gc (see https://lld.llvm.org/ELF/start-stop-gc)
[INFO] [stdout]           
[INFO] [stdout]           rust-lld: error: undefined symbol: __stop_linkm2_REGISTRY
[INFO] [stdout]           >>> referenced by registry.rs:7 (crates/type-registry/src/raw/registry.rs:7)
[INFO] [stdout]           >>>               type_registry-28d775ce68c24b54.type_registry.54139e305cfa3ced-cgu.0.rcgu.o:(type_registry::raw::registry::REGISTRY::hcc6669f1f89758a6) in archive /opt/rustwide/target/debug/deps/libtype_registry-28d775ce68c24b54.rlib
[INFO] [stdout]           
[INFO] [stdout]           rust-lld: error: undefined symbol: __start_linkme_REGISTRY
[INFO] [stdout]           >>> referenced by registry.rs:7 (crates/type-registry/src/raw/registry.rs:7)
[INFO] [stdout]           >>>               type_registry-28d775ce68c24b54.type_registry.54139e305cfa3ced-cgu.0.rcgu.o:(type_registry::raw::registry::REGISTRY::hcc6669f1f89758a6) in archive /opt/rustwide/target/debug/deps/libtype_registry-28d775ce68c24b54.rlib
[INFO] [stdout]           >>> the encapsulation symbol needs to be retained under --gc-sections properly; consider -z nostart-stop-gc (see https://lld.llvm.org/ELF/start-stop-gc)
[INFO] [stdout]           collect2: error: ld returned 1 exit status
[INFO] [stdout]           
[INFO] [stdout] 
[INFO] [stdout] error: aborting due to 1 previous error
[INFO] [stdout] 
[INFO] [stdout] Couldn't compile the test.
[INFO] [stdout] ---- crates/type-registry/src/lib.rs - (line 5) stdout ----
[INFO] [stdout] error: linking with `cc` failed: exit status: 1
[INFO] [stdout]   |
[INFO] [stdout]   = note: LC_ALL="C" PATH="/opt/rustwide/rustup-home/toolchains/nightly-2025-01-18-x86_64-unknown-linux-gnu/lib/rustlib/x86_64-unknown-linux-gnu/bin:/opt/rustwide/rustup-home/toolchains/nightly-2025-01-18-x86_64-unknown-linux-gnu/lib/rustlib/x86_64-unknown-linux-gnu/bin/self-contained:/opt/rustwide/cargo-home/bin:/usr/local/sbin:/usr/local/bin:/usr/sbin:/usr/bin:/sbin:/bin" VSLANG="1033" "cc" "-m64" "/tmp/rustcJB7BDZ/symbols.o" "<2 object files omitted>" "-Wl,--as-needed" "-Wl,-Bstatic" "/opt/rustwide/target/debug/deps/{libtype_registry-28d775ce68c24b54.rlib,liblinkme-1400694e300325c5.rlib,libgeneric_static-5418c87de0d00132.rlib,libonce_cell-44b3727b7ea843b2.rlib}" "/opt/rustwide/rustup-home/toolchains/nightly-2025-01-18-x86_64-unknown-linux-gnu/lib/rustlib/x86_64-unknown-linux-gnu/lib/{libstd-006123e2ce67e99d.rlib,libpanic_unwind-e1447e1efa6f1e57.rlib,libobject-f6963a4916fcf097.rlib,libmemchr-49a2d9af912f4524.rlib,libaddr2line-04d19aad3936869d.rlib,libgimli-483c235edb789db0.rlib,librustc_demangle-294281af50b8f748.rlib,libstd_detect-3b08295250aabc2a.rlib,libhashbrown-4472d1e05ba0dfaf.rlib,librustc_std_workspace_alloc-2ef099fac590e457.rlib,libminiz_oxide-8a51f5e848546c29.rlib,libadler2-3d3fa22b868db521.rlib,libunwind-0ffda8b08e22dbea.rlib,libcfg_if-b08f62458fdd43b9.rlib,liblibc-559675126e63b890.rlib,liballoc-fcf21c8d1c9c7b75.rlib,librustc_std_workspace_core-e0b0460135bcf21d.rlib,libcore-d4097fdcbddd3bc7.rlib,libcompiler_builtins-fea484ac1eed7881.rlib}" "-Wl,-Bdynamic" "-lgcc_s" "-lutil" "-lrt" "-lpthread" "-lm" "-ldl" "-lc" "-B/opt/rustwide/rustup-home/toolchains/nightly-2025-01-18-x86_64-unknown-linux-gnu/lib/rustlib/x86_64-unknown-linux-gnu/bin/gcc-ld" "-fuse-ld=lld" "-Wl,--eh-frame-hdr" "-Wl,-z,noexecstack" "-L" "/opt/rustwide/rustup-home/toolchains/nightly-2025-01-18-x86_64-unknown-linux-gnu/lib/rustlib/x86_64-unknown-linux-gnu/lib" "-o" "/tmp/rustdoctestfmrZp9/rust_out" "-Wl,--gc-sections" "-pie" "-Wl,-z,relro,-z,now" "-nodefaultlibs"
[INFO] [stdout]   = note: some arguments are omitted. use `--verbose` to show all linker arguments
[INFO] [stdout]   = note: rust-lld: error: undefined symbol: __stop_linkme_REGISTRY
[INFO] [stdout]           >>> referenced by registry.rs:7 (crates/type-registry/src/raw/registry.rs:7)
[INFO] [stdout]           >>>               type_registry-28d775ce68c24b54.type_registry.54139e305cfa3ced-cgu.0.rcgu.o:(type_registry::raw::registry::REGISTRY::hcc6669f1f89758a6) in archive /opt/rustwide/target/debug/deps/libtype_registry-28d775ce68c24b54.rlib
[INFO] [stdout]           
[INFO] [stdout]           rust-lld: error: undefined symbol: __start_linkm2_REGISTRY
[INFO] [stdout]           >>> referenced by registry.rs:7 (crates/type-registry/src/raw/registry.rs:7)
[INFO] [stdout]           >>>               type_registry-28d775ce68c24b54.type_registry.54139e305cfa3ced-cgu.0.rcgu.o:(type_registry::raw::registry::REGISTRY::hcc6669f1f89758a6) in archive /opt/rustwide/target/debug/deps/libtype_registry-28d775ce68c24b54.rlib
[INFO] [stdout]           >>> the encapsulation symbol needs to be retained under --gc-sections properly; consider -z nostart-stop-gc (see https://lld.llvm.org/ELF/start-stop-gc)
[INFO] [stdout]           
[INFO] [stdout]           rust-lld: error: undefined symbol: __stop_linkm2_REGISTRY
[INFO] [stdout]           >>> referenced by registry.rs:7 (crates/type-registry/src/raw/registry.rs:7)
[INFO] [stdout]           >>>               type_registry-28d775ce68c24b54.type_registry.54139e305cfa3ced-cgu.0.rcgu.o:(type_registry::raw::registry::REGISTRY::hcc6669f1f89758a6) in archive /opt/rustwide/target/debug/deps/libtype_registry-28d775ce68c24b54.rlib
[INFO] [stdout]           
[INFO] [stdout]           rust-lld: error: undefined symbol: __start_linkme_REGISTRY
[INFO] [stdout]           >>> referenced by registry.rs:7 (crates/type-registry/src/raw/registry.rs:7)
[INFO] [stdout]           >>>               type_registry-28d775ce68c24b54.type_registry.54139e305cfa3ced-cgu.0.rcgu.o:(type_registry::raw::registry::REGISTRY::hcc6669f1f89758a6) in archive /opt/rustwide/target/debug/deps/libtype_registry-28d775ce68c24b54.rlib
[INFO] [stdout]           >>> the encapsulation symbol needs to be retained under --gc-sections properly; consider -z nostart-stop-gc (see https://lld.llvm.org/ELF/start-stop-gc)
[INFO] [stdout]           collect2: error: ld returned 1 exit status
[INFO] [stdout]           
[INFO] [stdout] 
[INFO] [stdout] error: aborting due to 1 previous error
[INFO] [stdout] 
[INFO] [stdout] Couldn't compile the test.
[INFO] [stdout] 
[INFO] [stdout] failures:
[INFO] [stdout]     crates/type-registry/src/lib.rs - (line 5)
[INFO] [stdout]     crates/type-registry/src/lib.rs - (line 77)
[INFO] [stdout] 
[INFO] [stdout] test result: FAILED. 1 passed; 2 failed; 0 ignored; 0 measured; 0 filtered out; finished in 0.51s
[INFO] [stdout] 
[INFO] [stderr] error: doctest failed, to rerun pass `-p type-registry --doc`
[INFO] running `Command { std: "docker" "inspect" "d8824cabe896e08cf4a5e369d2613a8ff6eec17769525fd45020ed539b999af6", kill_on_drop: false }`
[INFO] running `Command { std: "docker" "rm" "-f" "d8824cabe896e08cf4a5e369d2613a8ff6eec17769525fd45020ed539b999af6", kill_on_drop: false }`
[INFO] [stdout] d8824cabe896e08cf4a5e369d2613a8ff6eec17769525fd45020ed539b999af6
