[INFO] cloning repository https://github.com/crumplecup/familyserver
[INFO] running `Command { std: "git" "-c" "credential.helper=" "-c" "credential.helper=/workspace/cargo-home/bin/git-credential-null" "clone" "--bare" "https://github.com/crumplecup/familyserver" "/workspace/cache/git-repos/https%3A%2F%2Fgithub.com%2Fcrumplecup%2Ffamilyserver", kill_on_drop: false }`
[INFO] [stderr] Cloning into bare repository '/workspace/cache/git-repos/https%3A%2F%2Fgithub.com%2Fcrumplecup%2Ffamilyserver'...
[INFO] running `Command { std: "git" "rev-parse" "HEAD", kill_on_drop: false }`
[INFO] [stdout] 0f5ca01bd631d8fa501b704830ba1b41093ea88d
[INFO] testing crumplecup/familyserver against nightly-2025-01-18+rustflags=-Zrandomize-layout for randomize-layout-2
[INFO] running `Command { std: "git" "clone" "/workspace/cache/git-repos/https%3A%2F%2Fgithub.com%2Fcrumplecup%2Ffamilyserver" "/workspace/builds/worker-0-tc2/source", kill_on_drop: false }`
[INFO] [stderr] Cloning into '/workspace/builds/worker-0-tc2/source'...
[INFO] [stderr] done.
[INFO] validating manifest of git repo https://github.com/crumplecup/familyserver on toolchain nightly-2025-01-18
[INFO] running `Command { std: CARGO_HOME="/workspace/cargo-home" RUSTUP_HOME="/workspace/rustup-home" "/workspace/cargo-home/bin/cargo" "+nightly-2025-01-18" "metadata" "--manifest-path" "Cargo.toml" "--no-deps", kill_on_drop: false }`
[INFO] started tweaking git repo https://github.com/crumplecup/familyserver
[INFO] finished tweaking git repo https://github.com/crumplecup/familyserver
[INFO] tweaked toml for git repo https://github.com/crumplecup/familyserver written to /workspace/builds/worker-0-tc2/source/Cargo.toml
[INFO] running `Command { std: CARGO_HOME="/workspace/cargo-home" RUSTUP_HOME="/workspace/rustup-home" "/workspace/cargo-home/bin/cargo" "+nightly-2025-01-18" "generate-lockfile" "--manifest-path" "Cargo.toml", kill_on_drop: false }`
[INFO] [stderr]     Blocking waiting for file lock on package cache
[INFO] [stderr]     Updating crates.io index
[INFO] [stderr]     Blocking waiting for file lock on package cache
[INFO] [stderr]      Locking 419 packages to latest compatible versions
[INFO] [stderr]       Adding axum v0.6.20 (available: v0.8.1)
[INFO] [stderr]       Adding axum-server v0.5.1 (available: v0.7.1)
[INFO] [stderr]       Adding dioxus v0.4.3 (available: v0.6.1)
[INFO] [stderr]       Adding dioxus-web v0.4.3 (available: v0.6.1)
[INFO] [stderr]       Adding fake v2.10.0 (available: v3.1.0)
[INFO] [stderr]       Adding hyper v0.14.32 (available: v1.5.2)
[INFO] [stderr]       Adding reqwest v0.11.27 (available: v0.12.12)
[INFO] [stderr]       Adding secrecy v0.8.0 (available: v0.10.3)
[INFO] [stderr]       Adding shuttle-axum v0.25.0 (available: v0.51.0)
[INFO] [stderr]       Adding shuttle-runtime v0.25.0 (available: v0.51.0)
[INFO] [stderr]       Adding shuttle-secrets v0.25.0 (available: v0.42.0)
[INFO] [stderr]       Adding shuttle-shared-db v0.25.0 (available: v0.51.0)
[INFO] [stderr]       Adding shuttle-static-folder v0.25.0 (available: v0.28.0)
[INFO] [stderr]       Adding sqlx v0.7.4 (available: v0.8.3)
[INFO] [stderr]       Adding tower v0.4.13 (available: v0.5.2)
[INFO] [stderr]       Adding tower-http v0.4.4 (available: v0.6.2)
[INFO] running `Command { std: CARGO_HOME="/workspace/cargo-home" RUSTUP_HOME="/workspace/rustup-home" "/workspace/cargo-home/bin/cargo" "+nightly-2025-01-18" "fetch" "--manifest-path" "Cargo.toml", kill_on_drop: false }`
[INFO] running `Command { std: "docker" "create" "-v" "/var/lib/crater-agent-workspace/builds/worker-0-tc2/target:/opt/rustwide/target:rw,Z" "-v" "/var/lib/crater-agent-workspace/builds/worker-0-tc2/source:/opt/rustwide/workdir:ro,Z" "-v" "/var/lib/crater-agent-workspace/cargo-home:/opt/rustwide/cargo-home:ro,Z" "-v" "/var/lib/crater-agent-workspace/rustup-home:/opt/rustwide/rustup-home:ro,Z" "-e" "SOURCE_DIR=/opt/rustwide/workdir" "-e" "CARGO_TARGET_DIR=/opt/rustwide/target" "-e" "CARGO_HOME=/opt/rustwide/cargo-home" "-e" "RUSTUP_HOME=/opt/rustwide/rustup-home" "-w" "/opt/rustwide/workdir" "-m" "1610612736" "--user" "0:0" "--network" "none" "ghcr.io/rust-lang/crates-build-env/linux@sha256:819108c5571ea2e421544af4d832f968d213c87fbe3707a016657f43d2f853bc" "/opt/rustwide/cargo-home/bin/cargo" "+nightly-2025-01-18" "metadata" "--no-deps" "--format-version=1", kill_on_drop: false }`
[INFO] [stdout] 441f0fcf5638636128b8ba265082e637ca6966b18979b607222910a6c03fc158
[INFO] running `Command { std: "docker" "start" "-a" "441f0fcf5638636128b8ba265082e637ca6966b18979b607222910a6c03fc158", kill_on_drop: false }`
[INFO] running `Command { std: "docker" "inspect" "441f0fcf5638636128b8ba265082e637ca6966b18979b607222910a6c03fc158", kill_on_drop: false }`
[INFO] running `Command { std: "docker" "rm" "-f" "441f0fcf5638636128b8ba265082e637ca6966b18979b607222910a6c03fc158", kill_on_drop: false }`
[INFO] [stdout] 441f0fcf5638636128b8ba265082e637ca6966b18979b607222910a6c03fc158
[INFO] running `Command { std: "docker" "create" "-v" "/var/lib/crater-agent-workspace/builds/worker-0-tc2/target:/opt/rustwide/target:rw,Z" "-v" "/var/lib/crater-agent-workspace/builds/worker-0-tc2/source:/opt/rustwide/workdir:ro,Z" "-v" "/var/lib/crater-agent-workspace/cargo-home:/opt/rustwide/cargo-home:ro,Z" "-v" "/var/lib/crater-agent-workspace/rustup-home:/opt/rustwide/rustup-home:ro,Z" "-e" "SOURCE_DIR=/opt/rustwide/workdir" "-e" "CARGO_TARGET_DIR=/opt/rustwide/target" "-e" "CARGO_INCREMENTAL=0" "-e" "RUST_BACKTRACE=full" "-e" "RUSTFLAGS=--cap-lints=forbid -Zrandomize-layout" "-e" "RUSTDOCFLAGS=--cap-lints=forbid" "-e" "CARGO_HOME=/opt/rustwide/cargo-home" "-e" "RUSTUP_HOME=/opt/rustwide/rustup-home" "-w" "/opt/rustwide/workdir" "-m" "1610612736" "--user" "0:0" "--network" "none" "ghcr.io/rust-lang/crates-build-env/linux@sha256:819108c5571ea2e421544af4d832f968d213c87fbe3707a016657f43d2f853bc" "/opt/rustwide/cargo-home/bin/cargo" "+nightly-2025-01-18" "build" "--frozen" "--message-format=json", kill_on_drop: false }`
[INFO] [stdout] 35d8d3e7f6ad54dfaf8e57ea1f704181d6a725a8d4a1eefa9a11e9097d0c7feb
[INFO] running `Command { std: "docker" "start" "-a" "35d8d3e7f6ad54dfaf8e57ea1f704181d6a725a8d4a1eefa9a11e9097d0c7feb", kill_on_drop: false }`
[INFO] [stderr]    Compiling unicode-ident v1.0.14
[INFO] [stderr]    Compiling proc-macro2 v1.0.93
[INFO] [stderr]    Compiling autocfg v1.4.0
[INFO] [stderr]    Compiling once_cell v1.20.2
[INFO] [stderr]    Compiling libc v0.2.169
[INFO] [stderr]    Compiling pin-project-lite v0.2.16
[INFO] [stderr]    Compiling serde v1.0.217
[INFO] [stderr]    Compiling log v0.4.25
[INFO] [stderr]    Compiling futures-core v0.3.31
[INFO] [stderr]    Compiling version_check v0.9.5
[INFO] [stderr]    Compiling memchr v2.7.4
[INFO] [stderr]    Compiling itoa v1.0.14
[INFO] [stderr]    Compiling futures-io v0.3.31
[INFO] [stderr]    Compiling smallvec v1.13.2
[INFO] [stderr]    Compiling futures-sink v0.3.31
[INFO] [stderr]    Compiling bytes v1.9.0
[INFO] [stderr]    Compiling futures-channel v0.3.31
[INFO] [stderr]    Compiling futures-task v0.3.31
[INFO] [stderr]    Compiling tracing-core v0.1.33
[INFO] [stderr]    Compiling slab v0.4.9
[INFO] [stderr]    Compiling lock_api v0.4.12
[INFO] [stderr]    Compiling parking_lot_core v0.9.10
[INFO] [stderr]    Compiling shlex v1.3.0
[INFO] [stderr]    Compiling cc v1.2.10
[INFO] [stderr]    Compiling allocator-api2 v0.2.21
[INFO] [stderr]    Compiling quote v1.0.38
[INFO] [stderr]    Compiling crossbeam-utils v0.8.21
[INFO] [stderr]    Compiling syn v2.0.96
[INFO] [stderr]    Compiling byteorder v1.5.0
[INFO] [stderr]    Compiling rustversion v1.0.19
[INFO] [stderr]    Compiling num-traits v0.2.19
[INFO] [stderr]    Compiling typenum v1.17.0
[INFO] [stderr]    Compiling generic-array v0.14.7
[INFO] [stderr]    Compiling foldhash v0.1.4
[INFO] [stderr]    Compiling equivalent v1.0.1
[INFO] [stderr]    Compiling hashbrown v0.15.2
[INFO] [stderr]    Compiling serde_json v1.0.137
[INFO] [stderr]    Compiling ryu v1.0.18
[INFO] [stderr]    Compiling percent-encoding v2.3.1
[INFO] [stderr]    Compiling thiserror v1.0.69
[INFO] [stderr]    Compiling subtle v2.6.1
[INFO] [stderr]    Compiling http v0.2.12
[INFO] [stderr]    Compiling unicode-segmentation v1.12.0
[INFO] [stderr]    Compiling ahash v0.8.11
[INFO] [stderr]    Compiling getrandom v0.2.15
[INFO] [stderr]    Compiling signal-hook-registry v1.4.2
[INFO] [stderr]    Compiling mio v1.0.3
[INFO] [stderr]    Compiling socket2 v0.5.8
[INFO] [stderr]    Compiling parking_lot v0.12.3
[INFO] [stderr]    Compiling indexmap v2.7.1
[INFO] [stderr]    Compiling rand_core v0.6.4
[INFO] [stderr]    Compiling syn v1.0.109
[INFO] [stderr]    Compiling crypto-common v0.1.6
[INFO] [stderr]    Compiling block-buffer v0.10.4
[INFO] [stderr]    Compiling form_urlencoded v1.2.1
[INFO] [stderr]    Compiling base64 v0.21.7
[INFO] [stderr]    Compiling digest v0.10.7
[INFO] [stderr]    Compiling stable_deref_trait v1.2.0
[INFO] [stderr]    Compiling cpufeatures v0.2.16
[INFO] [stderr]    Compiling indexmap v1.9.3
[INFO] [stderr]    Compiling tower-service v0.3.3
[INFO] [stderr]    Compiling tinyvec v1.8.1
[INFO] [stderr]    Compiling http-body v0.4.6
[INFO] [stderr]    Compiling heck v0.4.1
[INFO] [stderr]    Compiling hashbrown v0.12.3
[INFO] [stderr]    Compiling httpdate v1.0.3
[INFO] [stderr]    Compiling httparse v1.9.5
[INFO] [stderr]    Compiling try-lock v0.2.5
[INFO] [stderr]    Compiling litemap v0.7.4
[INFO] [stderr]    Compiling writeable v0.5.5
[INFO] [stderr]    Compiling paste v1.0.15
[INFO] [stderr]    Compiling want v0.3.1
[INFO] [stderr]    Compiling bumpalo v3.16.0
[INFO] [stderr]    Compiling bytemuck v1.21.0
[INFO] [stderr]    Compiling mime v0.3.17
[INFO] [stderr]    Compiling atomic v0.6.0
[INFO] [stderr]    Compiling unicode-normalization v0.1.24
[INFO] [stderr]    Compiling md-5 v0.10.6
[INFO] [stderr]    Compiling ring v0.17.8
[INFO] [stderr]    Compiling icu_locid_transform_data v1.5.0
[INFO] [stderr]    Compiling sha1_smol v1.0.1
[INFO] [stderr]    Compiling iana-time-zone v0.1.61
[INFO] [stderr]    Compiling icu_properties_data v1.5.0
[INFO] [stderr]    Compiling tower-layer v0.3.3
[INFO] [stderr]    Compiling synstructure v0.13.1
[INFO] [stderr]    Compiling wasm-bindgen-shared v0.2.100
[INFO] [stderr]    Compiling axum-core v0.3.4
[INFO] [stderr]    Compiling icu_normalizer_data v1.5.0
[INFO] [stderr]    Compiling num-conv v0.1.0
[INFO] [stderr]    Compiling utf16_iter v1.0.5
[INFO] [stderr]    Compiling spin v0.9.8
[INFO] [stderr]    Compiling time-core v0.1.2
[INFO] [stderr]    Compiling powerfmt v0.2.0
[INFO] [stderr]    Compiling anyhow v1.0.95
[INFO] [stderr]    Compiling untrusted v0.9.0
[INFO] [stderr]    Compiling write16 v1.0.0
[INFO] [stderr]    Compiling utf8_iter v1.0.4
[INFO] [stderr]    Compiling deranged v0.3.11
[INFO] [stderr]    Compiling time-macros v0.2.19
[INFO] [stderr]    Compiling sha1 v0.10.6
[INFO] [stderr]    Compiling headers-core v0.2.0
[INFO] [stderr]    Compiling axum v0.6.20
[INFO] [stderr]    Compiling urlencoding v2.1.3
[INFO] [stderr]    Compiling sync_wrapper v0.1.2
[INFO] [stderr]    Compiling headers v0.3.9
[INFO] [stderr]    Compiling wasm-bindgen-backend v0.2.100
[INFO] [stderr]    Compiling matchit v0.7.3
[INFO] [stderr]    Compiling rustls v0.21.12
[INFO] [stderr]    Compiling darling_core v0.20.10
[INFO] [stderr]    Compiling crossbeam-channel v0.5.14
[INFO] [stderr]    Compiling fastrand v2.3.0
[INFO] [stderr]    Compiling unicase v2.8.1
[INFO] [stderr]    Compiling time v0.3.37
[INFO] [stderr]    Compiling wasm-bindgen v0.2.100
[INFO] [stderr]    Compiling base64 v0.13.1
[INFO] [stderr]    Compiling mime_guess v2.0.5
[INFO] [stderr]    Compiling wasm-bindgen-macro-support v0.2.100
[INFO] [stderr]    Compiling regex-syntax v0.8.5
[INFO] [stderr]    Compiling thiserror v2.0.11
[INFO] [stderr]    Compiling regex-syntax v0.6.29
[INFO] [stderr]    Compiling sct v0.7.1
[INFO] [stderr]    Compiling rustls-webpki v0.101.7
[INFO] [stderr]    Compiling unicode-bidi v0.3.18
[INFO] [stderr]    Compiling serde_derive v1.0.217
[INFO] [stderr]    Compiling futures-macro v0.3.31
[INFO] [stderr]    Compiling tracing-attributes v0.1.28
[INFO] [stderr]    Compiling tokio-macros v2.5.0
[INFO] [stderr]    Compiling zerocopy-derive v0.7.35
[INFO] [stderr]    Compiling thiserror-impl v1.0.69
[INFO] [stderr]    Compiling futures-util v0.3.31
[INFO] [stderr]    Compiling tokio v1.43.0
[INFO] [stderr]    Compiling zerocopy v0.7.35
[INFO] [stderr]    Compiling zerofrom-derive v0.1.5
[INFO] [stderr]    Compiling yoke-derive v0.7.5
[INFO] [stderr]    Compiling tracing v0.1.41
[INFO] [stderr]    Compiling ppv-lite86 v0.2.20
[INFO] [stderr]    Compiling zerovec-derive v0.10.3
[INFO] [stderr]    Compiling rand_chacha v0.3.1
[INFO] [stderr]    Compiling hashbrown v0.14.5
[INFO] [stderr]    Compiling async-trait v0.1.85
[INFO] [stderr]    Compiling zerofrom v0.1.5
[INFO] [stderr]    Compiling rand v0.8.5
[INFO] [stderr]    Compiling yoke v0.7.5
[INFO] [stderr]    Compiling displaydoc v0.2.5
[INFO] [stderr]    Compiling icu_provider_macros v1.5.0
[INFO] [stderr]    Compiling pin-project-internal v1.1.8
[INFO] [stderr]    Compiling opentelemetry_api v0.19.0
[INFO] [stderr]    Compiling zerovec v0.10.4
[INFO] [stderr]    Compiling axum-macros v0.3.8
[INFO] [stderr]    Compiling futures-executor v0.3.31
[INFO] [stderr]    Compiling dashmap v5.5.3
[INFO] [stderr]    Compiling tinystr v0.7.6
[INFO] [stderr]    Compiling icu_collections v1.5.0
[INFO] [stderr]    Compiling icu_locid v1.5.0
[INFO] [stderr]    Compiling pin-project v1.1.8
[INFO] [stderr]    Compiling darling_macro v0.20.10
[INFO] [stderr]    Compiling wasm-bindgen-macro v0.2.100
[INFO] [stderr]    Compiling async-stream-impl v0.3.6
[INFO] [stderr]    Compiling lazy_static v1.5.0
[INFO] [stderr]    Compiling tokio-stream v0.1.17
[INFO] [stderr]    Compiling tokio-util v0.7.13
[INFO] [stderr]    Compiling icu_provider v1.5.0
[INFO] [stderr]    Compiling tokio-io-timeout v1.2.0
[INFO] [stderr]    Compiling opentelemetry_sdk v0.19.0
[INFO] [stderr]    Compiling h2 v0.3.26
[INFO] [stderr]    Compiling icu_locid_transform v1.5.0
[INFO] [stderr]    Compiling bitflags v2.8.0
[INFO] [stderr]    Compiling either v1.13.0
[INFO] [stderr]    Compiling uuid v1.12.0
[INFO] [stderr]    Compiling chrono v0.4.39
[INFO] [stderr]    Compiling icu_properties v1.5.1
[INFO] [stderr]    Compiling itertools v0.10.5
[INFO] [stderr]    Compiling serde_urlencoded v0.7.1
[INFO] [stderr]    Compiling serde_path_to_error v0.1.16
[INFO] [stderr]    Compiling tower v0.4.13
[INFO] [stderr]    Compiling opentelemetry v0.19.0
[INFO] [stderr]    Compiling async-stream v0.3.6
[INFO] [stderr]    Compiling darling v0.20.10
[INFO] [stderr]    Compiling tracing-futures v0.2.5
[INFO] [stderr]    Compiling regex-automata v0.1.10
[INFO] [stderr]    Compiling thiserror-impl v2.0.11
[INFO] [stderr]    Compiling icu_normalizer v1.5.0
[INFO] [stderr]    Compiling prost-derive v0.11.9
[INFO] [stderr]    Compiling regex-automata v0.4.9
[INFO] [stderr]    Compiling ring v0.16.20
[INFO] [stderr]    Compiling num-integer v0.1.46
[INFO] [stderr]    Compiling idna_adapter v1.2.0
[INFO] [stderr]    Compiling idna v1.0.3
[INFO] [stderr]    Compiling home v0.5.11
[INFO] [stderr]    Compiling pkg-config v0.3.31
[INFO] [stderr]    Compiling vcpkg v0.2.15
[INFO] [stderr]    Compiling doc-comment v0.3.3
[INFO] [stderr]    Compiling minimal-lexical v0.2.1
[INFO] [stderr]    Compiling url v2.5.4
[INFO] [stderr]    Compiling hyper v0.14.32
[INFO] [stderr]    Compiling overload v0.1.1
[INFO] [stderr]    Compiling nu-ansi-term v0.46.0
[INFO] [stderr]    Compiling prost v0.11.9
[INFO] [stderr]    Compiling openssl-sys v0.9.104
[INFO] [stderr]    Compiling nom v7.1.3
[INFO] [stderr]    Compiling num-bigint v0.4.6
[INFO] [stderr]    Compiling matchers v0.1.0
[INFO] [stderr]    Compiling regex v1.11.1
[INFO] [stderr]    Compiling sharded-slab v0.1.7
[INFO] [stderr]    Compiling futures v0.3.31
[INFO] [stderr]    Compiling rustls-pemfile v1.0.4
[INFO] [stderr]    Compiling concurrent-queue v2.5.0
[INFO] [stderr]    Compiling tracing-log v0.2.0
[INFO] [stderr]    Compiling thread_local v1.1.8
[INFO] [stderr]    Compiling unicode_categories v0.1.1
[INFO] [stderr]    Compiling untrusted v0.7.1
[INFO] [stderr]    Compiling rustix v0.38.43
[INFO] [stderr]    Compiling smallbox v0.8.6
[INFO] [stderr]    Compiling crc-catalog v2.4.0
[INFO] [stderr]    Compiling http-range-header v0.3.1
[INFO] [stderr]    Compiling spin v0.5.2
[INFO] [stderr]    Compiling tower-http v0.4.4
[INFO] [stderr]    Compiling crc v3.2.1
[INFO] [stderr]    Compiling simple_asn1 v0.6.3
[INFO] [stderr]    Compiling tracing-subscriber v0.3.19
[INFO] [stderr]    Compiling js-sys v0.3.77
[INFO] [stderr]    Compiling hashlink v0.8.4
[INFO] [stderr]    Compiling sqlformat v0.2.6
[INFO] [stderr]    Compiling strum_macros v0.24.3
[INFO] [stderr]    Compiling pem v1.1.1
[INFO] [stderr]    Compiling rmp v0.8.14
[INFO] [stderr]    Compiling sha2 v0.10.8
[INFO] [stderr]    Compiling hmac v0.12.1
[INFO] [stderr]    Compiling futures-intrusive v0.5.0
[INFO] [stderr]    Compiling hyper-timeout v0.4.1
[INFO] [stderr]    Compiling atoi v2.0.0
[INFO] [stderr]    Compiling crossbeam-queue v0.3.12
[INFO] [stderr]    Compiling tracing-log v0.1.4
[INFO] [stderr]    Compiling linux-raw-sys v0.4.15
[INFO] [stderr]    Compiling unicode-properties v0.1.3
[INFO] [stderr]    Compiling linked-hash-map v0.5.6
[INFO] [stderr]    Compiling strsim v0.10.0
[INFO] [stderr]    Compiling arrayvec v0.7.6
[INFO] [stderr]    Compiling finl_unicode v1.3.0
[INFO] [stderr]    Compiling hex v0.4.3
[INFO] [stderr]    Compiling webpki-roots v0.25.4
[INFO] [stderr]    Compiling rustrict v0.7.33
[INFO] [stderr]    Compiling ttl_cache v0.5.1
[INFO] [stderr]    Compiling stringprep v0.1.5
[INFO] [stderr]    Compiling tracing-opentelemetry v0.19.0
[INFO] [stderr]    Compiling strum v0.24.1
[INFO] [stderr]    Compiling hkdf v0.12.4
[INFO] [stderr]    Compiling jsonwebtoken v8.3.0
[INFO] [stderr]    Compiling rmp-serde v1.3.0
[INFO] [stderr]    Compiling prost-types v0.11.9
[INFO] [stderr]    Compiling http-serde v1.1.3
[INFO] [stderr]    Compiling opentelemetry-http v0.8.0
[INFO] [stderr]    Compiling dotenvy v0.15.7
[INFO] [stderr]    Compiling whoami v1.5.2
[INFO] [stderr]    Compiling semver v1.0.25
[INFO] [stderr]    Compiling dioxus-core v0.4.3
[INFO] [stderr]    Compiling tempfile v3.15.0
[INFO] [stderr]    Compiling foreign-types-shared v0.1.1
[INFO] [stderr]    Compiling openssl v0.10.68
[INFO] [stderr]    Compiling parking v2.2.1
[INFO] [stderr]    Compiling sqlx-core v0.7.4
[INFO] [stderr]    Compiling event-listener v5.4.0
[INFO] [stderr]    Compiling foreign-types v0.3.2
[INFO] [stderr]    Compiling web-sys v0.3.77
[INFO] [stderr]    Compiling openssl-macros v0.1.1
[INFO] [stderr]    Compiling proc-macro-error-attr v1.0.4
[INFO] [stderr]    Compiling strfmt v0.2.4
[INFO] [stderr]    Compiling native-tls v0.2.12
[INFO] [stderr]    Compiling rustc_version v0.4.1
[INFO] [stderr]    Compiling event-listener-strategy v0.5.3
[INFO] [stderr]    Compiling tonic v0.8.3
[INFO] [stderr]    Compiling enumset_derive v0.10.0
[INFO] [stderr]    Compiling ordered-float v2.10.1
[INFO] [stderr]    Compiling proc-macro-error v1.0.4
[INFO] [stderr]    Compiling cookie v0.17.0
[INFO] [stderr]    Compiling atomic-waker v1.1.2
[INFO] [stderr]    Compiling openssl-probe v0.1.5
[INFO] [stderr]    Compiling piper v0.2.4
[INFO] [stderr]    Compiling enumset v1.1.5
[INFO] [stderr]    Compiling serde-value v0.7.0
[INFO] [stderr]    Compiling interprocess-docfix v1.2.2
[INFO] [stderr]    Compiling async-channel v2.3.1
[INFO] [stderr]    Compiling async-channel v1.9.0
[INFO] [stderr]    Compiling dummy v0.8.0
[INFO] [stderr]    Compiling keyboard-types v0.7.0
[INFO] [stderr]    Compiling euclid v0.22.11
[INFO] [stderr]    Compiling serde_repr v0.1.19
[INFO] [stderr]    Compiling sqlx-postgres v0.7.4
[INFO] [stderr]    Compiling futures-lite v2.6.0
[INFO] [stderr]    Compiling psl-types v2.0.11
[INFO] [stderr]    Compiling async-task v4.7.1
[INFO] [stderr]    Compiling prettyplease v0.2.29
[INFO] [stderr]    Compiling opentelemetry-proto v0.2.0
[INFO] [stderr]    Compiling deunicode v1.6.0
[INFO] [stderr]    Compiling fake v2.10.0
[INFO] [stderr]    Compiling blocking v1.6.1
[INFO] [stderr]    Compiling opentelemetry-otlp v0.12.0
[INFO] [stderr]    Compiling publicsuffix v2.3.0
[INFO] [stderr]    Compiling dioxus-rsx v0.4.3
[INFO] [stderr]    Compiling tokio-rustls v0.24.1
[INFO] [stderr]    Compiling shuttle-common v0.25.0
[INFO] [stderr]    Compiling idna v0.3.0
[INFO] [stderr]    Compiling lru v0.12.5
[INFO] [stderr]    Compiling tokio-native-tls v0.3.1
[INFO] [stderr]    Compiling spinning v0.1.0
[INFO] [stderr]    Compiling intmap v0.7.1
[INFO] [stderr]    Compiling to_method v1.1.0
[INFO] [stderr]    Compiling cookie_store v0.20.0
[INFO] [stderr]    Compiling hyper-tls v0.5.0
[INFO] [stderr]    Compiling sledgehammer_utils v0.2.1
[INFO] [stderr]    Compiling shuttle-codegen v0.25.0
[INFO] [stderr]    Compiling sledgehammer_bindgen v0.2.4
[INFO] [stderr]    Compiling sqlx-macros-core v0.7.4
[INFO] [stderr]    Compiling shuttle-service v0.25.0
[INFO] [stderr]    Compiling shuttle-proto v0.25.0
[INFO] [stderr]    Compiling encoding_rs v0.8.35
[INFO] [stderr]    Compiling zeroize v1.8.1
[INFO] [stderr]    Compiling ipnet v2.11.0
[INFO] [stderr]    Compiling dioxus-debug-cell v0.1.1
[INFO] [stderr]    Compiling constcat v0.3.1
[INFO] [stderr]    Compiling dioxus-hooks v0.4.3
[INFO] [stderr]    Compiling dioxus-core-macro v0.4.3
[INFO] [stderr]    Compiling shuttle-runtime v0.25.0
[INFO] [stderr]    Compiling reqwest v0.11.27
[INFO] [stderr]    Compiling dioxus-html v0.4.3
[INFO] [stderr]    Compiling dioxus-interpreter-js v0.4.3
[INFO] [stderr]    Compiling secrecy v0.8.0
[INFO] [stderr]    Compiling serde-wasm-bindgen v0.5.0
[INFO] [stderr]    Compiling wasm-bindgen-futures v0.4.50
[INFO] [stderr]    Compiling serde-aux v4.5.0
[INFO] [stderr]    Compiling console_error_panic_hook v0.1.7
[INFO] [stderr]    Compiling dunce v1.0.5
[INFO] [stderr]    Compiling fs_extra v1.3.0
[INFO] [stderr]    Compiling shuttle-axum v0.25.0
[INFO] [stderr]    Compiling wasm-logger v0.2.0
[INFO] [stderr]    Compiling shuttle-secrets v0.25.0
[INFO] [stderr]    Compiling shuttle-static-folder v0.25.0
[INFO] [stderr]    Compiling axum-server v0.5.1
[INFO] [stderr]    Compiling dioxus-hot-reload v0.4.3
[INFO] [stderr]    Compiling dioxus v0.4.3
[INFO] [stderr]    Compiling dioxus-web v0.4.3
[INFO] [stderr]    Compiling sqlx-macros v0.7.4
[INFO] [stderr]    Compiling sqlx v0.7.4
[INFO] [stderr]    Compiling shared v0.1.0 (/opt/rustwide/workdir/shared)
[INFO] [stderr]    Compiling shuttle-shared-db v0.25.0
[INFO] [stdout] warning: fields `family_id` and `name` are never read
[INFO] [stdout]   --> shared/src/models/user.rs:58:5
[INFO] [stdout]    |
[INFO] [stdout] 57 | pub struct Family {
[INFO] [stdout]    |            ------ fields in this struct
[INFO] [stdout] 58 |     family_id: i32,
[INFO] [stdout]    |     ^^^^^^^^^
[INFO] [stdout] 59 |     name: String,
[INFO] [stdout]    |     ^^^^
[INFO] [stdout]    |
[INFO] [stdout]    = note: `#[warn(dead_code)]` on by default
[INFO] [stdout] 
[INFO] [stdout] 
[INFO] [stdout] warning: fields `user_id`, `first_name`, `last_name`, `middle_names`, `family_id`, and `birthday` are never read
[INFO] [stdout]   --> shared/src/models/user.rs:63:5
[INFO] [stdout]    |
[INFO] [stdout] 62 | pub struct Identity {
[INFO] [stdout]    |            -------- fields in this struct
[INFO] [stdout] 63 |     user_id: i32,
[INFO] [stdout]    |     ^^^^^^^
[INFO] [stdout] 64 |     first_name: String,
[INFO] [stdout]    |     ^^^^^^^^^^
[INFO] [stdout] 65 |     last_name: Option<String>,
[INFO] [stdout]    |     ^^^^^^^^^
[INFO] [stdout] 66 |     middle_names: Option<OneOrMore>,
[INFO] [stdout]    |     ^^^^^^^^^^^^
[INFO] [stdout] 67 |     family_id: Option<i32>,
[INFO] [stdout]    |     ^^^^^^^^^
[INFO] [stdout] 68 |     birthday: Option<String>,
[INFO] [stdout]    |     ^^^^^^^^
[INFO] [stdout] 
[INFO] [stdout] 
[INFO] [stdout] warning: fields `user_id`, `age`, `height_m`, and `weight_kg` are never read
[INFO] [stdout]   --> shared/src/models/user.rs:72:5
[INFO] [stdout]    |
[INFO] [stdout] 71 | pub struct Health {
[INFO] [stdout]    |            ------ fields in this struct
[INFO] [stdout] 72 |     user_id: i32,
[INFO] [stdout]    |     ^^^^^^^
[INFO] [stdout] 73 |     age: Option<i32>,
[INFO] [stdout]    |     ^^^
[INFO] [stdout] 74 |     height_m: Option<i32>,
[INFO] [stdout]    |     ^^^^^^^^
[INFO] [stdout] 75 |     weight_kg: Option<i32>,
[INFO] [stdout]    |     ^^^^^^^^^
[INFO] [stdout] 
[INFO] [stdout] 
[INFO] [stderr]    Compiling api-lib v0.1.0 (/opt/rustwide/workdir/api/lib)
[INFO] [stdout] warning: unused import: `post`
[INFO] [stdout]  --> api/lib/src/state.rs:6:26
[INFO] [stdout]   |
[INFO] [stdout] 6 | use axum::routing::{get, post, Router};
[INFO] [stdout]   |                          ^^^^
[INFO] [stdout]   |
[INFO] [stdout]   = note: `#[warn(unused_imports)]` on by default
[INFO] [stdout] 
[INFO] [stdout] 
[INFO] [stdout] warning: unused import: `nom::character::is_alphanumeric`
[INFO] [stdout]  --> api/lib/src/utils.rs:3:5
[INFO] [stdout]   |
[INFO] [stdout] 3 | use nom::character::is_alphanumeric;
[INFO] [stdout]   |     ^^^^^^^^^^^^^^^^^^^^^^^^^^^^^^^
[INFO] [stdout] 
[INFO] [stdout] 
[INFO] [stdout] warning: unused `Result` that must be used
[INFO] [stdout]    --> api/lib/src/state.rs:97:9
[INFO] [stdout]     |
[INFO] [stdout] 97  | /         sqlx::query(
[INFO] [stdout] 98  | |             r#"
[INFO] [stdout] 99  | |       UPDATE users
[INFO] [stdout] 100 | |       SET username = $1, password_hash = $2
[INFO] [stdout] ...   |
[INFO] [stdout] 108 | |         .await
[INFO] [stdout] 109 | |         .map_err(|e| e.to_string());
[INFO] [stdout]     | |___________________________________^
[INFO] [stdout]     |
[INFO] [stdout]     = note: this `Result` may be an `Err` variant, which should be handled
[INFO] [stdout]     = note: `#[warn(unused_must_use)]` on by default
[INFO] [stdout] help: use `let _ = ...` to ignore the resulting value
[INFO] [stdout]     |
[INFO] [stdout] 97  |         let _ = sqlx::query(
[INFO] [stdout]     |         +++++++
[INFO] [stdout] 
[INFO] [stdout] 
[INFO] [stderr]    Compiling front v0.1.0 (/opt/rustwide/workdir/front)
[INFO] [stdout] warning: use of deprecated macro `inline_props`: Use `#[component]` instead.
[INFO] [stdout]  --> front/src/components/button.rs:5:3
[INFO] [stdout]   |
[INFO] [stdout] 5 | #[inline_props]
[INFO] [stdout]   |   ^^^^^^^^^^^^
[INFO] [stdout]   |
[INFO] [stdout]   = note: `#[warn(deprecated)]` on by default
[INFO] [stdout] 
[INFO] [stdout] 
[INFO] [stdout] warning: elided lifetime has a name
[INFO] [stdout]   --> front/src/components/button.rs:11:6
[INFO] [stdout]    |
[INFO] [stdout] 6  | pub fn Button<'a>(
[INFO] [stdout]    |               -- lifetime `'a` declared here
[INFO] [stdout] ...
[INFO] [stdout] 11 | ) -> Element {
[INFO] [stdout]    |      ^^^^^^^ this elided lifetime gets resolved as `'a`
[INFO] [stdout]    |
[INFO] [stdout]    = note: `#[warn(elided_named_lifetimes)]` on by default
[INFO] [stdout] 
[INFO] [stdout] 
[INFO] [stdout] warning: use of deprecated macro `inline_props`: Use `#[component]` instead.
[INFO] [stdout]  --> front/src/components/user_card.rs:6:3
[INFO] [stdout]   |
[INFO] [stdout] 6 | #[inline_props]
[INFO] [stdout]   |   ^^^^^^^^^^^^
[INFO] [stdout] 
[INFO] [stdout] 
[INFO] [stdout] warning: unused import: `crate::components::Button`
[INFO] [stdout]  --> front/src/components/user_card.rs:1:5
[INFO] [stdout]   |
[INFO] [stdout] 1 | use crate::components::Button;
[INFO] [stdout]   |     ^^^^^^^^^^^^^^^^^^^^^^^^^
[INFO] [stdout]   |
[INFO] [stdout]   = note: `#[warn(unused_imports)]` on by default
[INFO] [stdout] 
[INFO] [stdout] 
[INFO] [stdout] warning: unused import: `axum::Json`
[INFO] [stdout]  --> front/src/components/user_card.rs:2:5
[INFO] [stdout]   |
[INFO] [stdout] 2 | use axum::Json;
[INFO] [stdout]   |     ^^^^^^^^^^
[INFO] [stdout] 
[INFO] [stdout] 
[INFO] [stdout] warning: unused imports: `ButtonType` and `user::User`
[INFO] [stdout]  --> front/src/components/user_card.rs:4:22
[INFO] [stdout]   |
[INFO] [stdout] 4 | use shared::models::{user::User, ButtonType};
[INFO] [stdout]   |                      ^^^^^^^^^^  ^^^^^^^^^^
[INFO] [stdout] 
[INFO] [stdout] 
[INFO] [stdout] warning: elided lifetime has a name
[INFO] [stdout]   --> front/src/components/user_card.rs:14:6
[INFO] [stdout]    |
[INFO] [stdout] 6  | #[inline_props]
[INFO] [stdout]    | --------------- lifetime `'a` declared here
[INFO] [stdout] ...
[INFO] [stdout] 14 | ) -> Element {
[INFO] [stdout]    |      ^^^^^^^ this elided lifetime gets resolved as `'a`
[INFO] [stdout] 
[INFO] [stdout] 
[INFO] [stdout] warning: fields `button_type`, `onclick`, and `children` are never read
[INFO] [stdout]   --> front/src/components/button.rs:8:5
[INFO] [stdout]    |
[INFO] [stdout] 6  | pub fn Button<'a>(
[INFO] [stdout]    |        ------ fields in this struct
[INFO] [stdout] 7  |     cx: Scope<'a>,
[INFO] [stdout] 8  |     button_type: ButtonType,
[INFO] [stdout]    |     ^^^^^^^^^^^
[INFO] [stdout] 9  |     onclick: EventHandler<'a, MouseEvent>,
[INFO] [stdout]    |     ^^^^^^^
[INFO] [stdout] 10 |     children: Element<'a>,
[INFO] [stdout]    |     ^^^^^^^^
[INFO] [stdout]    |
[INFO] [stdout]    = note: `#[warn(dead_code)]` on by default
[INFO] [stdout] 
[INFO] [stdout] 
[INFO] [stderr]    Compiling api-shuttle v0.1.0 (/opt/rustwide/workdir/api/shuttle)
[INFO] [stdout] warning: unused import: `post`
[INFO] [stdout]  --> api/shuttle/src/main.rs:8:26
[INFO] [stdout]   |
[INFO] [stdout] 8 | use axum::routing::{get, post, Router};
[INFO] [stdout]   |                          ^^^^
[INFO] [stdout]   |
[INFO] [stdout]   = note: `#[warn(unused_imports)]` on by default
[INFO] [stdout] 
[INFO] [stdout] 
[INFO] [stdout] warning: unused variable: `secret`
[INFO] [stdout]   --> api/shuttle/src/main.rs:23:9
[INFO] [stdout]    |
[INFO] [stdout] 23 |     let secret = if let Some(pass) = secret_store.get("ADMIN_PASSWORD") {
[INFO] [stdout]    |         ^^^^^^ help: if this is intentional, prefix it with an underscore: `_secret`
[INFO] [stdout]    |
[INFO] [stdout]    = note: `#[warn(unused_variables)]` on by default
[INFO] [stdout] 
[INFO] [stdout] 
[INFO] [stderr]     Finished `dev` profile [unoptimized + debuginfo] target(s) in 4m 57s
[INFO] running `Command { std: "docker" "inspect" "35d8d3e7f6ad54dfaf8e57ea1f704181d6a725a8d4a1eefa9a11e9097d0c7feb", kill_on_drop: false }`
[INFO] running `Command { std: "docker" "rm" "-f" "35d8d3e7f6ad54dfaf8e57ea1f704181d6a725a8d4a1eefa9a11e9097d0c7feb", kill_on_drop: false }`
[INFO] [stdout] 35d8d3e7f6ad54dfaf8e57ea1f704181d6a725a8d4a1eefa9a11e9097d0c7feb
[INFO] running `Command { std: "docker" "create" "-v" "/var/lib/crater-agent-workspace/builds/worker-0-tc2/target:/opt/rustwide/target:rw,Z" "-v" "/var/lib/crater-agent-workspace/builds/worker-0-tc2/source:/opt/rustwide/workdir:ro,Z" "-v" "/var/lib/crater-agent-workspace/cargo-home:/opt/rustwide/cargo-home:ro,Z" "-v" "/var/lib/crater-agent-workspace/rustup-home:/opt/rustwide/rustup-home:ro,Z" "-e" "SOURCE_DIR=/opt/rustwide/workdir" "-e" "CARGO_TARGET_DIR=/opt/rustwide/target" "-e" "CARGO_INCREMENTAL=0" "-e" "RUST_BACKTRACE=full" "-e" "RUSTFLAGS=--cap-lints=forbid -Zrandomize-layout" "-e" "RUSTDOCFLAGS=--cap-lints=forbid" "-e" "CARGO_HOME=/opt/rustwide/cargo-home" "-e" "RUSTUP_HOME=/opt/rustwide/rustup-home" "-w" "/opt/rustwide/workdir" "-m" "1610612736" "--user" "0:0" "--network" "none" "ghcr.io/rust-lang/crates-build-env/linux@sha256:819108c5571ea2e421544af4d832f968d213c87fbe3707a016657f43d2f853bc" "/opt/rustwide/cargo-home/bin/cargo" "+nightly-2025-01-18" "test" "--frozen" "--no-run" "--message-format=json", kill_on_drop: false }`
[INFO] [stdout] 63144dddbe55811ffd68646bd42f02d87553375ebaf51cdf7e5c9c7921ebcfe4
[INFO] running `Command { std: "docker" "start" "-a" "63144dddbe55811ffd68646bd42f02d87553375ebaf51cdf7e5c9c7921ebcfe4", kill_on_drop: false }`
[INFO] [stdout] warning: fields `family_id` and `name` are never read
[INFO] [stdout]   --> shared/src/models/user.rs:58:5
[INFO] [stdout]    |
[INFO] [stdout] 57 | pub struct Family {
[INFO] [stdout]    |            ------ fields in this struct
[INFO] [stdout] 58 |     family_id: i32,
[INFO] [stdout]    |     ^^^^^^^^^
[INFO] [stdout] 59 |     name: String,
[INFO] [stdout]    |     ^^^^
[INFO] [stdout]    |
[INFO] [stdout]    = note: `#[warn(dead_code)]` on by default
[INFO] [stdout] 
[INFO] [stdout] 
[INFO] [stdout] warning: fields `user_id`, `first_name`, `last_name`, `middle_names`, `family_id`, and `birthday` are never read
[INFO] [stdout]   --> shared/src/models/user.rs:63:5
[INFO] [stdout]    |
[INFO] [stdout] 62 | pub struct Identity {
[INFO] [stdout]    |            -------- fields in this struct
[INFO] [stdout] 63 |     user_id: i32,
[INFO] [stdout]    |     ^^^^^^^
[INFO] [stdout] 64 |     first_name: String,
[INFO] [stdout]    |     ^^^^^^^^^^
[INFO] [stdout] 65 |     last_name: Option<String>,
[INFO] [stdout]    |     ^^^^^^^^^
[INFO] [stdout] 66 |     middle_names: Option<OneOrMore>,
[INFO] [stdout]    |     ^^^^^^^^^^^^
[INFO] [stdout] 67 |     family_id: Option<i32>,
[INFO] [stdout]    |     ^^^^^^^^^
[INFO] [stdout] 68 |     birthday: Option<String>,
[INFO] [stdout]    |     ^^^^^^^^
[INFO] [stdout] 
[INFO] [stdout] 
[INFO] [stdout] warning: fields `user_id`, `age`, `height_m`, and `weight_kg` are never read
[INFO] [stdout]   --> shared/src/models/user.rs:72:5
[INFO] [stdout]    |
[INFO] [stdout] 71 | pub struct Health {
[INFO] [stdout]    |            ------ fields in this struct
[INFO] [stdout] 72 |     user_id: i32,
[INFO] [stdout]    |     ^^^^^^^
[INFO] [stdout] 73 |     age: Option<i32>,
[INFO] [stdout]    |     ^^^
[INFO] [stdout] 74 |     height_m: Option<i32>,
[INFO] [stdout]    |     ^^^^^^^^
[INFO] [stdout] 75 |     weight_kg: Option<i32>,
[INFO] [stdout]    |     ^^^^^^^^^
[INFO] [stdout] 
[INFO] [stdout] 
[INFO] [stdout] warning: unused import: `post`
[INFO] [stdout]  --> api/lib/src/state.rs:6:26
[INFO] [stdout]   |
[INFO] [stdout] 6 | use axum::routing::{get, post, Router};
[INFO] [stdout]   |                          ^^^^
[INFO] [stdout]   |
[INFO] [stdout]   = note: `#[warn(unused_imports)]` on by default
[INFO] [stdout] 
[INFO] [stdout] 
[INFO] [stdout] warning: unused import: `nom::character::is_alphanumeric`
[INFO] [stdout]  --> api/lib/src/utils.rs:3:5
[INFO] [stdout]   |
[INFO] [stdout] 3 | use nom::character::is_alphanumeric;
[INFO] [stdout]   |     ^^^^^^^^^^^^^^^^^^^^^^^^^^^^^^^
[INFO] [stdout] 
[INFO] [stdout] 
[INFO] [stdout] warning: unused `Result` that must be used
[INFO] [stdout]    --> api/lib/src/state.rs:97:9
[INFO] [stdout]     |
[INFO] [stdout] 97  | /         sqlx::query(
[INFO] [stdout] 98  | |             r#"
[INFO] [stdout] 99  | |       UPDATE users
[INFO] [stdout] 100 | |       SET username = $1, password_hash = $2
[INFO] [stdout] ...   |
[INFO] [stdout] 108 | |         .await
[INFO] [stdout] 109 | |         .map_err(|e| e.to_string());
[INFO] [stdout]     | |___________________________________^
[INFO] [stdout]     |
[INFO] [stdout]     = note: this `Result` may be an `Err` variant, which should be handled
[INFO] [stdout]     = note: `#[warn(unused_must_use)]` on by default
[INFO] [stdout] help: use `let _ = ...` to ignore the resulting value
[INFO] [stdout]     |
[INFO] [stdout] 97  |         let _ = sqlx::query(
[INFO] [stdout]     |         +++++++
[INFO] [stdout] 
[INFO] [stdout] 
[INFO] [stderr]    Compiling api-shuttle v0.1.0 (/opt/rustwide/workdir/api/shuttle)
[INFO] [stdout] warning: unused import: `post`
[INFO] [stdout]  --> api/shuttle/src/main.rs:8:26
[INFO] [stdout]   |
[INFO] [stdout] 8 | use axum::routing::{get, post, Router};
[INFO] [stdout]   |                          ^^^^
[INFO] [stdout]   |
[INFO] [stdout]   = note: `#[warn(unused_imports)]` on by default
[INFO] [stdout] 
[INFO] [stdout] 
[INFO] [stdout] warning: unused variable: `secret`
[INFO] [stdout]   --> api/shuttle/src/main.rs:23:9
[INFO] [stdout]    |
[INFO] [stdout] 23 |     let secret = if let Some(pass) = secret_store.get("ADMIN_PASSWORD") {
[INFO] [stdout]    |         ^^^^^^ help: if this is intentional, prefix it with an underscore: `_secret`
[INFO] [stdout]    |
[INFO] [stdout]    = note: `#[warn(unused_variables)]` on by default
[INFO] [stdout] 
[INFO] [stdout] 
[INFO] [stderr]    Compiling api-lib v0.1.0 (/opt/rustwide/workdir/api/lib)
[INFO] [stderr]    Compiling shared v0.1.0 (/opt/rustwide/workdir/shared)
[INFO] [stderr]    Compiling front v0.1.0 (/opt/rustwide/workdir/front)
[INFO] [stdout] warning: unused import: `post`
[INFO] [stdout]  --> api/shuttle/src/main.rs:8:26
[INFO] [stdout]   |
[INFO] [stdout] 8 | use axum::routing::{get, post, Router};
[INFO] [stdout]   |                          ^^^^
[INFO] [stdout]   |
[INFO] [stdout]   = note: `#[warn(unused_imports)]` on by default
[INFO] [stdout] 
[INFO] [stdout] 
[INFO] [stdout] warning: use of deprecated macro `inline_props`: Use `#[component]` instead.
[INFO] [stdout]  --> front/src/components/button.rs:5:3
[INFO] [stdout]   |
[INFO] [stdout] 5 | #[inline_props]
[INFO] [stdout]   |   ^^^^^^^^^^^^
[INFO] [stdout]   |
[INFO] [stdout]   = note: `#[warn(deprecated)]` on by default
[INFO] [stdout] 
[INFO] [stdout] 
[INFO] [stdout] warning: elided lifetime has a name
[INFO] [stdout]   --> front/src/components/button.rs:11:6
[INFO] [stdout]    |
[INFO] [stdout] 6  | pub fn Button<'a>(
[INFO] [stdout]    |               -- lifetime `'a` declared here
[INFO] [stdout] ...
[INFO] [stdout] 11 | ) -> Element {
[INFO] [stdout]    |      ^^^^^^^ this elided lifetime gets resolved as `'a`
[INFO] [stdout]    |
[INFO] [stdout]    = note: `#[warn(elided_named_lifetimes)]` on by default
[INFO] [stdout] 
[INFO] [stdout] 
[INFO] [stdout] warning: use of deprecated macro `inline_props`: Use `#[component]` instead.
[INFO] [stdout]  --> front/src/components/user_card.rs:6:3
[INFO] [stdout]   |
[INFO] [stdout] 6 | #[inline_props]
[INFO] [stdout]   |   ^^^^^^^^^^^^
[INFO] [stdout] 
[INFO] [stdout] 
[INFO] [stdout] warning: unused import: `crate::components::Button`
[INFO] [stdout]  --> front/src/components/user_card.rs:1:5
[INFO] [stdout]   |
[INFO] [stdout] 1 | use crate::components::Button;
[INFO] [stdout]   |     ^^^^^^^^^^^^^^^^^^^^^^^^^
[INFO] [stdout]   |
[INFO] [stdout]   = note: `#[warn(unused_imports)]` on by default
[INFO] [stdout] 
[INFO] [stdout] 
[INFO] [stdout] warning: unused import: `axum::Json`
[INFO] [stdout]  --> front/src/components/user_card.rs:2:5
[INFO] [stdout]   |
[INFO] [stdout] 2 | use axum::Json;
[INFO] [stdout]   |     ^^^^^^^^^^
[INFO] [stdout] 
[INFO] [stdout] 
[INFO] [stdout] warning: unused imports: `ButtonType` and `user::User`
[INFO] [stdout]  --> front/src/components/user_card.rs:4:22
[INFO] [stdout]   |
[INFO] [stdout] 4 | use shared::models::{user::User, ButtonType};
[INFO] [stdout]   |                      ^^^^^^^^^^  ^^^^^^^^^^
[INFO] [stdout] 
[INFO] [stdout] 
[INFO] [stdout] warning: elided lifetime has a name
[INFO] [stdout]   --> front/src/components/user_card.rs:14:6
[INFO] [stdout]    |
[INFO] [stdout] 6  | #[inline_props]
[INFO] [stdout]    | --------------- lifetime `'a` declared here
[INFO] [stdout] ...
[INFO] [stdout] 14 | ) -> Element {
[INFO] [stdout]    |      ^^^^^^^ this elided lifetime gets resolved as `'a`
[INFO] [stdout] 
[INFO] [stdout] 
[INFO] [stdout] warning: unused imports: `get` and `post`
[INFO] [stdout]  --> api/shuttle/tests/api/helpers.rs:2:21
[INFO] [stdout]   |
[INFO] [stdout] 2 | use axum::routing::{get, post, Router};
[INFO] [stdout]   |                     ^^^  ^^^^
[INFO] [stdout]   |
[INFO] [stdout]   = note: `#[warn(unused_imports)]` on by default
[INFO] [stdout] 
[INFO] [stdout] 
[INFO] [stdout] warning: unused import: `self`
[INFO] [stdout]  --> api/shuttle/tests/api/user.rs:3:18
[INFO] [stdout]   |
[INFO] [stdout] 3 | use axum::http::{self, Request, StatusCode};
[INFO] [stdout]   |                  ^^^^
[INFO] [stdout] 
[INFO] [stdout] 
[INFO] [stdout] warning: unused import: `axum::response::IntoResponse`
[INFO] [stdout]  --> api/shuttle/tests/api/user.rs:4:5
[INFO] [stdout]   |
[INFO] [stdout] 4 | use axum::response::IntoResponse;
[INFO] [stdout]   |     ^^^^^^^^^^^^^^^^^^^^^^^^^^^^
[INFO] [stdout] 
[INFO] [stdout] 
[INFO] [stdout] warning: unused imports: `get` and `post`
[INFO] [stdout]  --> api/shuttle/tests/api/user.rs:5:21
[INFO] [stdout]   |
[INFO] [stdout] 5 | use axum::routing::{get, post};
[INFO] [stdout]   |                     ^^^  ^^^^
[INFO] [stdout] 
[INFO] [stdout] 
[INFO] [stdout] warning: unused import: `Json`
[INFO] [stdout]  --> api/shuttle/tests/api/user.rs:6:24
[INFO] [stdout]   |
[INFO] [stdout] 6 | use axum::{body::Body, Json};
[INFO] [stdout]   |                        ^^^^
[INFO] [stdout] 
[INFO] [stdout] 
[INFO] [stdout] warning: unused import: `serde_json::Value`
[INFO] [stdout]  --> api/shuttle/tests/api/user.rs:9:5
[INFO] [stdout]   |
[INFO] [stdout] 9 | use serde_json::Value;
[INFO] [stdout]   |     ^^^^^^^^^^^^^^^^^
[INFO] [stdout] 
[INFO] [stdout] 
[INFO] [stdout] warning: unused import: `post`
[INFO] [stdout]  --> api/lib/src/state.rs:6:26
[INFO] [stdout]   |
[INFO] [stdout] 6 | use axum::routing::{get, post, Router};
[INFO] [stdout]   |                          ^^^^
[INFO] [stdout]   |
[INFO] [stdout]   = note: `#[warn(unused_imports)]` on by default
[INFO] [stdout] 
[INFO] [stdout] 
[INFO] [stdout] warning: unused import: `nom::character::is_alphanumeric`
[INFO] [stdout]  --> api/lib/src/utils.rs:3:5
[INFO] [stdout]   |
[INFO] [stdout] 3 | use nom::character::is_alphanumeric;
[INFO] [stdout]   |     ^^^^^^^^^^^^^^^^^^^^^^^^^^^^^^^
[INFO] [stdout] 
[INFO] [stdout] 
[INFO] [stdout] warning: fields `family_id` and `name` are never read
[INFO] [stdout]   --> shared/src/models/user.rs:58:5
[INFO] [stdout]    |
[INFO] [stdout] 57 | pub struct Family {
[INFO] [stdout]    |            ------ fields in this struct
[INFO] [stdout] 58 |     family_id: i32,
[INFO] [stdout]    |     ^^^^^^^^^
[INFO] [stdout] 59 |     name: String,
[INFO] [stdout]    |     ^^^^
[INFO] [stdout]    |
[INFO] [stdout]    = note: `#[warn(dead_code)]` on by default
[INFO] [stdout] 
[INFO] [stdout] 
[INFO] [stdout] warning: fields `user_id`, `first_name`, `last_name`, `middle_names`, `family_id`, and `birthday` are never read
[INFO] [stdout]   --> shared/src/models/user.rs:63:5
[INFO] [stdout]    |
[INFO] [stdout] 62 | pub struct Identity {
[INFO] [stdout]    |            -------- fields in this struct
[INFO] [stdout] 63 |     user_id: i32,
[INFO] [stdout]    |     ^^^^^^^
[INFO] [stdout] 64 |     first_name: String,
[INFO] [stdout]    |     ^^^^^^^^^^
[INFO] [stdout] 65 |     last_name: Option<String>,
[INFO] [stdout]    |     ^^^^^^^^^
[INFO] [stdout] 66 |     middle_names: Option<OneOrMore>,
[INFO] [stdout]    |     ^^^^^^^^^^^^
[INFO] [stdout] 67 |     family_id: Option<i32>,
[INFO] [stdout]    |     ^^^^^^^^^
[INFO] [stdout] 68 |     birthday: Option<String>,
[INFO] [stdout]    |     ^^^^^^^^
[INFO] [stdout] 
[INFO] [stdout] 
[INFO] [stdout] warning: fields `user_id`, `age`, `height_m`, and `weight_kg` are never read
[INFO] [stdout]   --> shared/src/models/user.rs:72:5
[INFO] [stdout]    |
[INFO] [stdout] 71 | pub struct Health {
[INFO] [stdout]    |            ------ fields in this struct
[INFO] [stdout] 72 |     user_id: i32,
[INFO] [stdout]    |     ^^^^^^^
[INFO] [stdout] 73 |     age: Option<i32>,
[INFO] [stdout]    |     ^^^
[INFO] [stdout] 74 |     height_m: Option<i32>,
[INFO] [stdout]    |     ^^^^^^^^
[INFO] [stdout] 75 |     weight_kg: Option<i32>,
[INFO] [stdout]    |     ^^^^^^^^^
[INFO] [stdout] 
[INFO] [stdout] 
[INFO] [stdout] warning: unused variable: `secret`
[INFO] [stdout]   --> api/shuttle/src/main.rs:23:9
[INFO] [stdout]    |
[INFO] [stdout] 23 |     let secret = if let Some(pass) = secret_store.get("ADMIN_PASSWORD") {
[INFO] [stdout]    |         ^^^^^^ help: if this is intentional, prefix it with an underscore: `_secret`
[INFO] [stdout]    |
[INFO] [stdout]    = note: `#[warn(unused_variables)]` on by default
[INFO] [stdout] 
[INFO] [stdout] 
[INFO] [stdout] warning: fields `button_type`, `onclick`, and `children` are never read
[INFO] [stdout]   --> front/src/components/button.rs:8:5
[INFO] [stdout]    |
[INFO] [stdout] 6  | pub fn Button<'a>(
[INFO] [stdout]    |        ------ fields in this struct
[INFO] [stdout] 7  |     cx: Scope<'a>,
[INFO] [stdout] 8  |     button_type: ButtonType,
[INFO] [stdout]    |     ^^^^^^^^^^^
[INFO] [stdout] 9  |     onclick: EventHandler<'a, MouseEvent>,
[INFO] [stdout]    |     ^^^^^^^
[INFO] [stdout] 10 |     children: Element<'a>,
[INFO] [stdout]    |     ^^^^^^^^
[INFO] [stdout]    |
[INFO] [stdout]    = note: `#[warn(dead_code)]` on by default
[INFO] [stdout] 
[INFO] [stdout] 
[INFO] [stdout] warning: unused `Result` that must be used
[INFO] [stdout]    --> api/lib/src/state.rs:97:9
[INFO] [stdout]     |
[INFO] [stdout] 97  | /         sqlx::query(
[INFO] [stdout] 98  | |             r#"
[INFO] [stdout] 99  | |       UPDATE users
[INFO] [stdout] 100 | |       SET username = $1, password_hash = $2
[INFO] [stdout] ...   |
[INFO] [stdout] 108 | |         .await
[INFO] [stdout] 109 | |         .map_err(|e| e.to_string());
[INFO] [stdout]     | |___________________________________^
[INFO] [stdout]     |
[INFO] [stdout]     = note: this `Result` may be an `Err` variant, which should be handled
[INFO] [stdout]     = note: `#[warn(unused_must_use)]` on by default
[INFO] [stdout] help: use `let _ = ...` to ignore the resulting value
[INFO] [stdout]     |
[INFO] [stdout] 97  |         let _ = sqlx::query(
[INFO] [stdout]     |         +++++++
[INFO] [stdout] 
[INFO] [stdout] 
[INFO] [stderr]     Finished `test` profile [unoptimized + debuginfo] target(s) in 6.93s
[INFO] running `Command { std: "docker" "inspect" "63144dddbe55811ffd68646bd42f02d87553375ebaf51cdf7e5c9c7921ebcfe4", kill_on_drop: false }`
[INFO] running `Command { std: "docker" "rm" "-f" "63144dddbe55811ffd68646bd42f02d87553375ebaf51cdf7e5c9c7921ebcfe4", kill_on_drop: false }`
[INFO] [stdout] 63144dddbe55811ffd68646bd42f02d87553375ebaf51cdf7e5c9c7921ebcfe4
[INFO] running `Command { std: "docker" "create" "-v" "/var/lib/crater-agent-workspace/builds/worker-0-tc2/target:/opt/rustwide/target:rw,Z" "-v" "/var/lib/crater-agent-workspace/builds/worker-0-tc2/source:/opt/rustwide/workdir:ro,Z" "-v" "/var/lib/crater-agent-workspace/cargo-home:/opt/rustwide/cargo-home:ro,Z" "-v" "/var/lib/crater-agent-workspace/rustup-home:/opt/rustwide/rustup-home:ro,Z" "-e" "SOURCE_DIR=/opt/rustwide/workdir" "-e" "CARGO_TARGET_DIR=/opt/rustwide/target" "-e" "CARGO_INCREMENTAL=0" "-e" "RUST_BACKTRACE=full" "-e" "RUSTFLAGS=--cap-lints=forbid -Zrandomize-layout" "-e" "RUSTDOCFLAGS=--cap-lints=forbid" "-e" "CARGO_HOME=/opt/rustwide/cargo-home" "-e" "RUSTUP_HOME=/opt/rustwide/rustup-home" "-w" "/opt/rustwide/workdir" "-m" "1610612736" "--user" "0:0" "--network" "none" "ghcr.io/rust-lang/crates-build-env/linux@sha256:819108c5571ea2e421544af4d832f968d213c87fbe3707a016657f43d2f853bc" "/opt/rustwide/cargo-home/bin/cargo" "+nightly-2025-01-18" "test" "--frozen", kill_on_drop: false }`
[INFO] [stdout] bbddf910156e429bcd38c8d41ab30637f2a3d47b073f235f42a833e8de007fa9
[INFO] running `Command { std: "docker" "start" "-a" "bbddf910156e429bcd38c8d41ab30637f2a3d47b073f235f42a833e8de007fa9", kill_on_drop: false }`
[INFO] [stderr] warning: fields `family_id` and `name` are never read
[INFO] [stderr]   --> shared/src/models/user.rs:58:5
[INFO] [stderr]    |
[INFO] [stderr] 57 | pub struct Family {
[INFO] [stderr]    |            ------ fields in this struct
[INFO] [stderr] 58 |     family_id: i32,
[INFO] [stderr]    |     ^^^^^^^^^
[INFO] [stderr] 59 |     name: String,
[INFO] [stderr]    |     ^^^^
[INFO] [stderr]    |
[INFO] [stderr]    = note: `#[warn(dead_code)]` on by default
[INFO] [stderr] 
[INFO] [stderr] warning: fields `user_id`, `first_name`, `last_name`, `middle_names`, `family_id`, and `birthday` are never read
[INFO] [stderr]   --> shared/src/models/user.rs:63:5
[INFO] [stderr]    |
[INFO] [stderr] 62 | pub struct Identity {
[INFO] [stderr]    |            -------- fields in this struct
[INFO] [stderr] 63 |     user_id: i32,
[INFO] [stderr]    |     ^^^^^^^
[INFO] [stderr] 64 |     first_name: String,
[INFO] [stderr]    |     ^^^^^^^^^^
[INFO] [stderr] 65 |     last_name: Option<String>,
[INFO] [stderr]    |     ^^^^^^^^^
[INFO] [stderr] 66 |     middle_names: Option<OneOrMore>,
[INFO] [stderr]    |     ^^^^^^^^^^^^
[INFO] [stderr] 67 |     family_id: Option<i32>,
[INFO] [stderr]    |     ^^^^^^^^^
[INFO] [stderr] 68 |     birthday: Option<String>,
[INFO] [stderr]    |     ^^^^^^^^
[INFO] [stderr] 
[INFO] [stderr] warning: fields `user_id`, `age`, `height_m`, and `weight_kg` are never read
[INFO] [stderr]   --> shared/src/models/user.rs:72:5
[INFO] [stderr]    |
[INFO] [stderr] 71 | pub struct Health {
[INFO] [stderr]    |            ------ fields in this struct
[INFO] [stderr] 72 |     user_id: i32,
[INFO] [stderr]    |     ^^^^^^^
[INFO] [stderr] 73 |     age: Option<i32>,
[INFO] [stderr]    |     ^^^
[INFO] [stderr] 74 |     height_m: Option<i32>,
[INFO] [stderr]    |     ^^^^^^^^
[INFO] [stderr] 75 |     weight_kg: Option<i32>,
[INFO] [stderr]    |     ^^^^^^^^^
[INFO] [stderr] 
[INFO] [stderr] warning: `shared` (lib) generated 3 warnings
[INFO] [stderr] warning: unused import: `post`
[INFO] [stderr]  --> api/lib/src/state.rs:6:26
[INFO] [stderr]   |
[INFO] [stderr] 6 | use axum::routing::{get, post, Router};
[INFO] [stderr]   |                          ^^^^
[INFO] [stderr]   |
[INFO] [stderr]   = note: `#[warn(unused_imports)]` on by default
[INFO] [stderr] 
[INFO] [stderr] warning: unused import: `nom::character::is_alphanumeric`
[INFO] [stderr]  --> api/lib/src/utils.rs:3:5
[INFO] [stderr]   |
[INFO] [stderr] 3 | use nom::character::is_alphanumeric;
[INFO] [stderr]   |     ^^^^^^^^^^^^^^^^^^^^^^^^^^^^^^^
[INFO] [stderr] 
[INFO] [stderr] warning: unused `Result` that must be used
[INFO] [stderr]    --> api/lib/src/state.rs:97:9
[INFO] [stderr]     |
[INFO] [stderr] 97  | /         sqlx::query(
[INFO] [stderr] 98  | |             r#"
[INFO] [stderr] 99  | |       UPDATE users
[INFO] [stderr] 100 | |       SET username = $1, password_hash = $2
[INFO] [stderr] ...   |
[INFO] [stderr] 108 | |         .await
[INFO] [stderr] 109 | |         .map_err(|e| e.to_string());
[INFO] [stderr]     | |___________________________________^
[INFO] [stderr]     |
[INFO] [stderr]     = note: this `Result` may be an `Err` variant, which should be handled
[INFO] [stderr]     = note: `#[warn(unused_must_use)]` on by default
[INFO] [stderr] help: use `let _ = ...` to ignore the resulting value
[INFO] [stderr]     |
[INFO] [stderr] 97  |         let _ = sqlx::query(
[INFO] [stderr]     |         +++++++
[INFO] [stderr] 
[INFO] [stderr] warning: `api-lib` (lib) generated 3 warnings (run `cargo fix --lib -p api-lib` to apply 2 suggestions)
[INFO] [stderr] warning: unused imports: `get` and `post`
[INFO] [stderr]  --> api/shuttle/tests/api/helpers.rs:2:21
[INFO] [stderr]   |
[INFO] [stderr] 2 | use axum::routing::{get, post, Router};
[INFO] [stderr]   |                     ^^^  ^^^^
[INFO] [stderr]   |
[INFO] [stderr]   = note: `#[warn(unused_imports)]` on by default
[INFO] [stderr] 
[INFO] [stderr] warning: unused import: `self`
[INFO] [stderr]  --> api/shuttle/tests/api/user.rs:3:18
[INFO] [stderr]   |
[INFO] [stderr] 3 | use axum::http::{self, Request, StatusCode};
[INFO] [stderr]   |                  ^^^^
[INFO] [stderr] 
[INFO] [stderr] warning: unused import: `axum::response::IntoResponse`
[INFO] [stderr]  --> api/shuttle/tests/api/user.rs:4:5
[INFO] [stderr]   |
[INFO] [stderr] 4 | use axum::response::IntoResponse;
[INFO] [stderr]   |     ^^^^^^^^^^^^^^^^^^^^^^^^^^^^
[INFO] [stderr] 
[INFO] [stderr] warning: unused imports: `get` and `post`
[INFO] [stderr]  --> api/shuttle/tests/api/user.rs:5:21
[INFO] [stderr]   |
[INFO] [stderr] 5 | use axum::routing::{get, post};
[INFO] [stderr]   |                     ^^^  ^^^^
[INFO] [stderr] 
[INFO] [stderr] warning: unused import: `Json`
[INFO] [stderr]  --> api/shuttle/tests/api/user.rs:6:24
[INFO] [stderr]   |
[INFO] [stderr] 6 | use axum::{body::Body, Json};
[INFO] [stderr]   |                        ^^^^
[INFO] [stderr] 
[INFO] [stderr] warning: unused import: `serde_json::Value`
[INFO] [stderr]  --> api/shuttle/tests/api/user.rs:9:5
[INFO] [stderr]   |
[INFO] [stderr] 9 | use serde_json::Value;
[INFO] [stderr]   |     ^^^^^^^^^^^^^^^^^
[INFO] [stderr] 
[INFO] [stderr] warning: unused import: `post`
[INFO] [stderr]  --> api/shuttle/src/main.rs:8:26
[INFO] [stderr]   |
[INFO] [stderr] 8 | use axum::routing::{get, post, Router};
[INFO] [stderr]   |                          ^^^^
[INFO] [stderr]   |
[INFO] [stderr]   = note: `#[warn(unused_imports)]` on by default
[INFO] [stderr] 
[INFO] [stderr] warning: unused variable: `secret`
[INFO] [stderr]   --> api/shuttle/src/main.rs:23:9
[INFO] [stderr]    |
[INFO] [stderr] 23 |     let secret = if let Some(pass) = secret_store.get("ADMIN_PASSWORD") {
[INFO] [stderr]    |         ^^^^^^ help: if this is intentional, prefix it with an underscore: `_secret`
[INFO] [stderr]    |
[INFO] [stderr]    = note: `#[warn(unused_variables)]` on by default
[INFO] [stderr] 
[INFO] [stderr] warning: `api-shuttle` (test "api") generated 6 warnings (run `cargo fix --test "api"` to apply 6 suggestions)
[INFO] [stderr] warning: `api-shuttle` (bin "api-shuttle") generated 2 warnings (run `cargo fix --bin "api-shuttle"` to apply 1 suggestion)
[INFO] [stderr] warning: `api-shuttle` (bin "api-shuttle" test) generated 2 warnings (2 duplicates)
[INFO] [stderr] warning: `api-lib` (lib test) generated 3 warnings (3 duplicates)
[INFO] [stderr] warning: `shared` (lib test) generated 3 warnings (3 duplicates)
[INFO] [stderr] warning: use of deprecated macro `inline_props`: Use `#[component]` instead.
[INFO] [stderr]  --> front/src/components/button.rs:5:3
[INFO] [stderr]   |
[INFO] [stderr] 5 | #[inline_props]
[INFO] [stderr]   |   ^^^^^^^^^^^^
[INFO] [stderr]   |
[INFO] [stderr]   = note: `#[warn(deprecated)]` on by default
[INFO] [stderr] 
[INFO] [stderr] warning: elided lifetime has a name
[INFO] [stderr]   --> front/src/components/button.rs:11:6
[INFO] [stderr]    |
[INFO] [stderr] 6  | pub fn Button<'a>(
[INFO] [stderr]    |               -- lifetime `'a` declared here
[INFO] [stderr] ...
[INFO] [stderr] 11 | ) -> Element {
[INFO] [stderr]    |      ^^^^^^^ this elided lifetime gets resolved as `'a`
[INFO] [stderr]    |
[INFO] [stderr]    = note: `#[warn(elided_named_lifetimes)]` on by default
[INFO] [stderr] 
[INFO] [stderr] warning: use of deprecated macro `inline_props`: Use `#[component]` instead.
[INFO] [stderr]  --> front/src/components/user_card.rs:6:3
[INFO] [stderr]   |
[INFO] [stderr] 6 | #[inline_props]
[INFO] [stderr]   |   ^^^^^^^^^^^^
[INFO] [stderr] 
[INFO] [stderr] warning: unused import: `crate::components::Button`
[INFO] [stderr]  --> front/src/components/user_card.rs:1:5
[INFO] [stderr]   |
[INFO] [stderr] 1 | use crate::components::Button;
[INFO] [stderr]   |     ^^^^^^^^^^^^^^^^^^^^^^^^^
[INFO] [stderr]   |
[INFO] [stderr]   = note: `#[warn(unused_imports)]` on by default
[INFO] [stderr] 
[INFO] [stderr] warning: unused import: `axum::Json`
[INFO] [stderr]  --> front/src/components/user_card.rs:2:5
[INFO] [stderr]   |
[INFO] [stderr] 2 | use axum::Json;
[INFO] [stderr]   |     ^^^^^^^^^^
[INFO] [stderr] 
[INFO] [stderr] warning: unused imports: `ButtonType` and `user::User`
[INFO] [stderr]  --> front/src/components/user_card.rs:4:22
[INFO] [stderr]   |
[INFO] [stderr] 4 | use shared::models::{user::User, ButtonType};
[INFO] [stderr]   |                      ^^^^^^^^^^  ^^^^^^^^^^
[INFO] [stderr] 
[INFO] [stderr] warning: elided lifetime has a name
[INFO] [stderr]   --> front/src/components/user_card.rs:14:6
[INFO] [stderr]    |
[INFO] [stderr] 6  | #[inline_props]
[INFO] [stderr]    | --------------- lifetime `'a` declared here
[INFO] [stderr] ...
[INFO] [stderr] 14 | ) -> Element {
[INFO] [stderr]    |      ^^^^^^^ this elided lifetime gets resolved as `'a`
[INFO] [stderr] 
[INFO] [stderr] warning: fields `button_type`, `onclick`, and `children` are never read
[INFO] [stderr]   --> front/src/components/button.rs:8:5
[INFO] [stderr]    |
[INFO] [stderr] 6  | pub fn Button<'a>(
[INFO] [stderr]    |        ------ fields in this struct
[INFO] [stderr] 7  |     cx: Scope<'a>,
[INFO] [stderr] 8  |     button_type: ButtonType,
[INFO] [stderr]    |     ^^^^^^^^^^^
[INFO] [stderr] 9  |     onclick: EventHandler<'a, MouseEvent>,
[INFO] [stderr]    |     ^^^^^^^
[INFO] [stderr] 10 |     children: Element<'a>,
[INFO] [stderr]    |     ^^^^^^^^
[INFO] [stderr]    |
[INFO] [stderr]    = note: `#[warn(dead_code)]` on by default
[INFO] [stderr] 
[INFO] [stderr] warning: `front` (bin "front" test) generated 8 warnings (run `cargo fix --bin "front" --tests` to apply 3 suggestions)
[INFO] [stderr]     Finished `test` profile [unoptimized + debuginfo] target(s) in 0.51s
[INFO] [stderr]      Running unittests src/lib.rs (/opt/rustwide/target/debug/deps/api_lib-39358a0c83fe36f4)
[INFO] [stdout] 
[INFO] [stdout] running 0 tests
[INFO] [stdout] 
[INFO] [stdout] test result: ok. 0 passed; 0 failed; 0 ignored; 0 measured; 0 filtered out; finished in 0.00s
[INFO] [stdout] 
[INFO] [stderr]      Running unittests src/main.rs (/opt/rustwide/target/debug/deps/api_shuttle-a96714c42ccc0d1d)
[INFO] [stdout] 
[INFO] [stdout] running 0 tests
[INFO] [stdout] 
[INFO] [stdout] test result: ok. 0 passed; 0 failed; 0 ignored; 0 measured; 0 filtered out; finished in 0.00s
[INFO] [stdout] 
[INFO] [stderr]      Running tests/api/main.rs (/opt/rustwide/target/debug/deps/api-fb69dcedd2dbe545)
[INFO] [stdout] 
[INFO] [stdout] running 5 tests
[INFO] [stdout] [2m2025-01-20T11:45:46.406171Z[0m [32m INFO[0m [2mapi_lib::configuration[0m[2m:[0m Creating database familyserver.
[INFO] [stdout] [2m2025-01-20T11:45:46.406434Z[0m [32m INFO[0m [2mapi_lib::configuration[0m[2m:[0m Creating database familyserver.
[INFO] [stdout] [2m2025-01-20T11:45:46.637938Z[0m [32m INFO[0m [2mapi::user[0m[2m:[0m Sending remote request to get users.
[INFO] [stdout] [2m2025-01-20T11:45:46.645495Z[0m [32m INFO[0m [2mapi::user[0m[2m:[0m Sending local request to get users.
[INFO] [stdout] test health_local::check_local ... FAILED
[INFO] [stdout] test user::local_user_lifecycle ... FAILED
[INFO] [stdout] test user::local_get_users ... FAILED
[INFO] [stdout] test health::check ... FAILED
[INFO] [stdout] test user::remote_get_users ... FAILED
[INFO] [stdout] 
[INFO] [stdout] failures:
[INFO] [stdout] 
[INFO] [stdout] ---- health_local::check_local stdout ----
[INFO] [stdout] 
[INFO] [stdout] thread 'health_local::check_local' panicked at /opt/rustwide/workdir/api/lib/src/configuration.rs:88:14:
[INFO] [stdout] Failed to connect to Postgres: Io(Os { code: 111, kind: ConnectionRefused, message: "Connection refused" })
[INFO] [stdout] stack backtrace:
[INFO] [stdout]    0:     0x630ee30ad98a - std::backtrace_rs::backtrace::libunwind::trace::hb059275cfc8d6126
[INFO] [stdout]                                at /rustc/6067b36314ab5eb2eb47cecc464545ba58e1ad24/library/std/src/../../backtrace/src/backtrace/libunwind.rs:116:5
[INFO] [stdout]    1:     0x630ee30ad98a - std::backtrace_rs::backtrace::trace_unsynchronized::h2da071e4327ce3ee
[INFO] [stdout]                                at /rustc/6067b36314ab5eb2eb47cecc464545ba58e1ad24/library/std/src/../../backtrace/src/backtrace/mod.rs:66:5
[INFO] [stdout]    2:     0x630ee30ad98a - std::sys::backtrace::_print_fmt::h842a1474e6f8d23f
[INFO] [stdout]                                at /rustc/6067b36314ab5eb2eb47cecc464545ba58e1ad24/library/std/src/sys/backtrace.rs:66:9
[INFO] [stdout]    3:     0x630ee30ad98a - <std::sys::backtrace::BacktraceLock::print::DisplayBacktrace as core::fmt::Display>::fmt::h71a62eb3b9696b12
[INFO] [stdout]                                at /rustc/6067b36314ab5eb2eb47cecc464545ba58e1ad24/library/std/src/sys/backtrace.rs:39:26
[INFO] [stdout]    4:     0x630ee30da9b3 - core::fmt::rt::Argument::fmt::hdb6b616786b41dc1
[INFO] [stdout]                                at /rustc/6067b36314ab5eb2eb47cecc464545ba58e1ad24/library/core/src/fmt/rt.rs:177:76
[INFO] [stdout]    5:     0x630ee30da9b3 - core::fmt::write::h2cc1698af7e2d686
[INFO] [stdout]                                at /rustc/6067b36314ab5eb2eb47cecc464545ba58e1ad24/library/core/src/fmt/mod.rs:1440:21
[INFO] [stdout]    6:     0x630ee30a9373 - std::io::Write::write_fmt::hab1b4cd059a79022
[INFO] [stdout]                                at /rustc/6067b36314ab5eb2eb47cecc464545ba58e1ad24/library/std/src/io/mod.rs:1887:15
[INFO] [stdout]    7:     0x630ee30ad7d2 - std::sys::backtrace::BacktraceLock::print::h147fe35b4ea13b08
[INFO] [stdout]                                at /rustc/6067b36314ab5eb2eb47cecc464545ba58e1ad24/library/std/src/sys/backtrace.rs:42:9
[INFO] [stdout]    8:     0x630ee30aedaf - std::panicking::default_hook::{{closure}}::hbd44223dbdc0d208
[INFO] [stdout]                                at /rustc/6067b36314ab5eb2eb47cecc464545ba58e1ad24/library/std/src/panicking.rs:298:22
[INFO] [stdout]    9:     0x630ee30aebc8 - std::panicking::default_hook::h20f81eb0576efcec
[INFO] [stdout]                                at /rustc/6067b36314ab5eb2eb47cecc464545ba58e1ad24/library/std/src/panicking.rs:322:9
[INFO] [stdout]   10:     0x630ee28d81d3 - <alloc::boxed::Box<F,A> as core::ops::function::Fn<Args>>::call::hdb53814c496a4d34
[INFO] [stdout]                                at /rustc/6067b36314ab5eb2eb47cecc464545ba58e1ad24/library/alloc/src/boxed.rs:2027:9
[INFO] [stdout]   11:     0x630ee28d81d3 - test::test_main::{{closure}}::hc0a4963c59427c24
[INFO] [stdout]                                at /rustc/6067b36314ab5eb2eb47cecc464545ba58e1ad24/library/test/src/lib.rs:134:21
[INFO] [stdout]   12:     0x630ee30af8a3 - <alloc::boxed::Box<F,A> as core::ops::function::Fn<Args>>::call::h591b2225413a77e9
[INFO] [stdout]                                at /rustc/6067b36314ab5eb2eb47cecc464545ba58e1ad24/library/alloc/src/boxed.rs:2027:9
[INFO] [stdout]   13:     0x630ee30af8a3 - std::panicking::rust_panic_with_hook::h625eea43051b2edc
[INFO] [stdout]                                at /rustc/6067b36314ab5eb2eb47cecc464545ba58e1ad24/library/std/src/panicking.rs:839:13
[INFO] [stdout]   14:     0x630ee30af55a - std::panicking::begin_panic_handler::{{closure}}::h4f9159cfbc3f6bd3
[INFO] [stdout]                                at /rustc/6067b36314ab5eb2eb47cecc464545ba58e1ad24/library/std/src/panicking.rs:704:13
[INFO] [stdout]   15:     0x630ee30ade89 - std::sys::backtrace::__rust_end_short_backtrace::h0390abce48353151
[INFO] [stdout]                                at /rustc/6067b36314ab5eb2eb47cecc464545ba58e1ad24/library/std/src/sys/backtrace.rs:168:18
[INFO] [stdout]   16:     0x630ee30af1ed - rust_begin_unwind
[INFO] [stdout]                                at /rustc/6067b36314ab5eb2eb47cecc464545ba58e1ad24/library/std/src/panicking.rs:695:5
[INFO] [stdout]   17:     0x630ee30d8260 - core::panicking::panic_fmt::h9e7c637e9e5f29c9
[INFO] [stdout]                                at /rustc/6067b36314ab5eb2eb47cecc464545ba58e1ad24/library/core/src/panicking.rs:75:14
[INFO] [stdout]   18:     0x630ee30d8736 - core::result::unwrap_failed::h7979f09313fe1849
[INFO] [stdout]                                at /rustc/6067b36314ab5eb2eb47cecc464545ba58e1ad24/library/core/src/result.rs:1704:5
[INFO] [stdout]   19:     0x630ee2594dc4 - core::result::Result<T,E>::expect::h5e4e6a59a3107491
[INFO] [stdout]                                at /rustc/6067b36314ab5eb2eb47cecc464545ba58e1ad24/library/core/src/result.rs:1061:23
[INFO] [stdout]   20:     0x630ee257ffdc - api_lib::configuration::DatabaseSettings::create_db::{{closure}}::h924c332c4b8116b2
[INFO] [stdout]                                at /opt/rustwide/workdir/api/lib/src/configuration.rs:86:30
[INFO] [stdout]   21:     0x630ee2591d56 - api::helpers::TestApp::new::{{closure}}::hdde5f7e2f6dbc338
[INFO] [stdout]                                at /opt/rustwide/workdir/api/shuttle/tests/api/helpers.rs:52:30
[INFO] [stdout]   22:     0x630ee259fd41 - api::health_local::check_local::{{closure}}::h09e57f29f675ea62
[INFO] [stdout]                                at /opt/rustwide/workdir/api/shuttle/tests/api/health_local.rs:7:30
[INFO] [stdout]   23:     0x630ee257dfb2 - <core::pin::Pin<P> as core::future::future::Future>::poll::ha83eae032816bd95
[INFO] [stdout]                                at /rustc/6067b36314ab5eb2eb47cecc464545ba58e1ad24/library/core/src/future/future.rs:124:9
[INFO] [stdout]   24:     0x630ee257e04d - <core::pin::Pin<P> as core::future::future::Future>::poll::hc9cd0048d91e1e5c
[INFO] [stdout]                                at /rustc/6067b36314ab5eb2eb47cecc464545ba58e1ad24/library/core/src/future/future.rs:124:9
[INFO] [stdout]   25:     0x630ee258fe9f - tokio::runtime::scheduler::current_thread::CoreGuard::block_on::{{closure}}::{{closure}}::{{closure}}::h808c08a0f62f124b
[INFO] [stdout]                                at /opt/rustwide/cargo-home/registry/src/index.crates.io-1949cf8c6b5b557f/tokio-1.43.0/src/runtime/scheduler/current_thread/mod.rs:729:57
[INFO] [stdout]   26:     0x630ee258fd85 - tokio::runtime::coop::with_budget::hefe3dc496233f24d
[INFO] [stdout]                                at /opt/rustwide/cargo-home/registry/src/index.crates.io-1949cf8c6b5b557f/tokio-1.43.0/src/runtime/coop.rs:107:5
[INFO] [stdout]   27:     0x630ee258fd85 - tokio::runtime::coop::budget::h6874c435837d5882
[INFO] [stdout]                                at /opt/rustwide/cargo-home/registry/src/index.crates.io-1949cf8c6b5b557f/tokio-1.43.0/src/runtime/coop.rs:73:5
[INFO] [stdout]   28:     0x630ee258fd85 - tokio::runtime::scheduler::current_thread::CoreGuard::block_on::{{closure}}::{{closure}}::h91327a3857a745ab
[INFO] [stdout]                                at /opt/rustwide/cargo-home/registry/src/index.crates.io-1949cf8c6b5b557f/tokio-1.43.0/src/runtime/scheduler/current_thread/mod.rs:729:25
[INFO] [stdout]   29:     0x630ee258da20 - tokio::runtime::scheduler::current_thread::Context::enter::hcde4c4e54e15d40e
[INFO] [stdout]                                at /opt/rustwide/cargo-home/registry/src/index.crates.io-1949cf8c6b5b557f/tokio-1.43.0/src/runtime/scheduler/current_thread/mod.rs:428:19
[INFO] [stdout]   30:     0x630ee258ebdb - tokio::runtime::scheduler::current_thread::CoreGuard::block_on::{{closure}}::h4ca844872562bc65
[INFO] [stdout]                                at /opt/rustwide/cargo-home/registry/src/index.crates.io-1949cf8c6b5b557f/tokio-1.43.0/src/runtime/scheduler/current_thread/mod.rs:728:36
[INFO] [stdout]   31:     0x630ee258e8e4 - tokio::runtime::scheduler::current_thread::CoreGuard::enter::{{closure}}::h97e1cc7f70920921
[INFO] [stdout]                                at /opt/rustwide/cargo-home/registry/src/index.crates.io-1949cf8c6b5b557f/tokio-1.43.0/src/runtime/scheduler/current_thread/mod.rs:807:68
[INFO] [stdout]   32:     0x630ee259637b - tokio::runtime::context::scoped::Scoped<T>::set::hcc57895600c0b070
[INFO] [stdout]                                at /opt/rustwide/cargo-home/registry/src/index.crates.io-1949cf8c6b5b557f/tokio-1.43.0/src/runtime/context/scoped.rs:40:9
[INFO] [stdout]   33:     0x630ee259c8c9 - tokio::runtime::context::set_scheduler::{{closure}}::hcca9214f0e52656d
[INFO] [stdout]                                at /opt/rustwide/cargo-home/registry/src/index.crates.io-1949cf8c6b5b557f/tokio-1.43.0/src/runtime/context.rs:180:26
[INFO] [stdout]   34:     0x630ee25a1322 - std::thread::local::LocalKey<T>::try_with::h4d4bf8cfbf9e4c12
[INFO] [stdout]                                at /rustc/6067b36314ab5eb2eb47cecc464545ba58e1ad24/library/std/src/thread/local.rs:308:12
[INFO] [stdout]   35:     0x630ee25a0cda - std::thread::local::LocalKey<T>::with::hfe2240557574dace
[INFO] [stdout]                                at /rustc/6067b36314ab5eb2eb47cecc464545ba58e1ad24/library/std/src/thread/local.rs:272:9
[INFO] [stdout]   36:     0x630ee259c83d - tokio::runtime::context::set_scheduler::haa3af18004648133
[INFO] [stdout]                                at /opt/rustwide/cargo-home/registry/src/index.crates.io-1949cf8c6b5b557f/tokio-1.43.0/src/runtime/context.rs:180:9
[INFO] [stdout]   37:     0x630ee258e250 - tokio::runtime::scheduler::current_thread::CoreGuard::enter::h364d2ca1e0260790
[INFO] [stdout]                                at /opt/rustwide/cargo-home/registry/src/index.crates.io-1949cf8c6b5b557f/tokio-1.43.0/src/runtime/scheduler/current_thread/mod.rs:807:27
[INFO] [stdout]   38:     0x630ee258e963 - tokio::runtime::scheduler::current_thread::CoreGuard::block_on::hdb849261e9991985
[INFO] [stdout]                                at /opt/rustwide/cargo-home/registry/src/index.crates.io-1949cf8c6b5b557f/tokio-1.43.0/src/runtime/scheduler/current_thread/mod.rs:716:19
[INFO] [stdout]   39:     0x630ee258c6ee - tokio::runtime::scheduler::current_thread::CurrentThread::block_on::{{closure}}::h13ac0c6ea617bc69
[INFO] [stdout]                                at /opt/rustwide/cargo-home/registry/src/index.crates.io-1949cf8c6b5b557f/tokio-1.43.0/src/runtime/scheduler/current_thread/mod.rs:196:28
[INFO] [stdout]   40:     0x630ee2596646 - tokio::runtime::context::runtime::enter_runtime::h0d40c5b59df3b309
[INFO] [stdout]                                at /opt/rustwide/cargo-home/registry/src/index.crates.io-1949cf8c6b5b557f/tokio-1.43.0/src/runtime/context/runtime.rs:65:16
[INFO] [stdout]   41:     0x630ee258c4a1 - tokio::runtime::scheduler::current_thread::CurrentThread::block_on::h864f252f651a5f32
[INFO] [stdout]                                at /opt/rustwide/cargo-home/registry/src/index.crates.io-1949cf8c6b5b557f/tokio-1.43.0/src/runtime/scheduler/current_thread/mod.rs:184:9
[INFO] [stdout]   42:     0x630ee25a4063 - tokio::runtime::runtime::Runtime::block_on_inner::hcef52edbb15717d2
[INFO] [stdout]                                at /opt/rustwide/cargo-home/registry/src/index.crates.io-1949cf8c6b5b557f/tokio-1.43.0/src/runtime/runtime.rs:368:47
[INFO] [stdout]   43:     0x630ee25a4257 - tokio::runtime::runtime::Runtime::block_on::he8e3421083688a8c
[INFO] [stdout]                                at /opt/rustwide/cargo-home/registry/src/index.crates.io-1949cf8c6b5b557f/tokio-1.43.0/src/runtime/runtime.rs:342:13
[INFO] [stdout]   44:     0x630ee259fb31 - api::health_local::check_local::h9d2a3866235ef85b
[INFO] [stdout]                                at /opt/rustwide/workdir/api/shuttle/tests/api/health_local.rs:20:5
[INFO] [stdout]   45:     0x630ee259f9d7 - api::health_local::check_local::{{closure}}::h9152a57d88757e74
[INFO] [stdout]                                at /opt/rustwide/workdir/api/shuttle/tests/api/health_local.rs:6:23
[INFO] [stdout]   46:     0x630ee2571f66 - core::ops::function::FnOnce::call_once::h9473aeea492dbae4
[INFO] [stdout]                                at /rustc/6067b36314ab5eb2eb47cecc464545ba58e1ad24/library/core/src/ops/function.rs:250:5
[INFO] [stdout]   47:     0x630ee28dd92b - core::ops::function::FnOnce::call_once::he27718dfdd183f43
[INFO] [stdout]                                at /rustc/6067b36314ab5eb2eb47cecc464545ba58e1ad24/library/core/src/ops/function.rs:250:5
[INFO] [stdout]   48:     0x630ee28dd92b - test::__rust_begin_short_backtrace::h4e84902998457a5d
[INFO] [stdout]                                at /rustc/6067b36314ab5eb2eb47cecc464545ba58e1ad24/library/test/src/lib.rs:632:18
[INFO] [stdout]   49:     0x630ee28dc863 - test::run_test_in_process::{{closure}}::h7176fd18fc1feca0
[INFO] [stdout]                                at /rustc/6067b36314ab5eb2eb47cecc464545ba58e1ad24/library/test/src/lib.rs:655:60
[INFO] [stdout]   50:     0x630ee28dc863 - <core::panic::unwind_safe::AssertUnwindSafe<F> as core::ops::function::FnOnce<()>>::call_once::hf79cff2a624d8cf7
[INFO] [stdout]                                at /rustc/6067b36314ab5eb2eb47cecc464545ba58e1ad24/library/core/src/panic/unwind_safe.rs:272:9
[INFO] [stdout]   51:     0x630ee28dc863 - std::panicking::try::do_call::h3da0561d9ab99c25
[INFO] [stdout]                                at /rustc/6067b36314ab5eb2eb47cecc464545ba58e1ad24/library/std/src/panicking.rs:587:40
[INFO] [stdout]   52:     0x630ee28dc863 - std::panicking::try::h41c9fa508bc61df6
[INFO] [stdout]                                at /rustc/6067b36314ab5eb2eb47cecc464545ba58e1ad24/library/std/src/panicking.rs:550:19
[INFO] [stdout]   53:     0x630ee28dc863 - std::panic::catch_unwind::h6b3ff07bb5afad93
[INFO] [stdout]                                at /rustc/6067b36314ab5eb2eb47cecc464545ba58e1ad24/library/std/src/panic.rs:358:14
[INFO] [stdout]   54:     0x630ee28dc863 - test::run_test_in_process::hc7253dd11b39b9f4
[INFO] [stdout]                                at /rustc/6067b36314ab5eb2eb47cecc464545ba58e1ad24/library/test/src/lib.rs:655:27
[INFO] [stdout]   55:     0x630ee28dc863 - test::run_test::{{closure}}::hfb2007f8649c30bb
[INFO] [stdout]                                at /rustc/6067b36314ab5eb2eb47cecc464545ba58e1ad24/library/test/src/lib.rs:576:43
[INFO] [stdout]   56:     0x630ee289f945 - test::run_test::{{closure}}::h56a17aa7a282a9f4
[INFO] [stdout]                                at /rustc/6067b36314ab5eb2eb47cecc464545ba58e1ad24/library/test/src/lib.rs:606:41
[INFO] [stdout]   57:     0x630ee289f945 - std::sys::backtrace::__rust_begin_short_backtrace::hd2d2d2fb8e8c6aac
[INFO] [stdout]                                at /rustc/6067b36314ab5eb2eb47cecc464545ba58e1ad24/library/std/src/sys/backtrace.rs:152:18
[INFO] [stdout]   58:     0x630ee28a322a - std::thread::Builder::spawn_unchecked_::{{closure}}::{{closure}}::h4faa3f9db6133423
[INFO] [stdout]                                at /rustc/6067b36314ab5eb2eb47cecc464545ba58e1ad24/library/std/src/thread/mod.rs:559:17
[INFO] [stdout]   59:     0x630ee28a322a - <core::panic::unwind_safe::AssertUnwindSafe<F> as core::ops::function::FnOnce<()>>::call_once::hf2e855a36a4ea846
[INFO] [stdout]                                at /rustc/6067b36314ab5eb2eb47cecc464545ba58e1ad24/library/core/src/panic/unwind_safe.rs:272:9
[INFO] [stdout]   60:     0x630ee28a322a - std::panicking::try::do_call::h2f73af3616c35465
[INFO] [stdout]                                at /rustc/6067b36314ab5eb2eb47cecc464545ba58e1ad24/library/std/src/panicking.rs:587:40
[INFO] [stdout]   61:     0x630ee28a322a - std::panicking::try::hd1660ce9efadef5a
[INFO] [stdout]                                at /rustc/6067b36314ab5eb2eb47cecc464545ba58e1ad24/library/std/src/panicking.rs:550:19
[INFO] [stdout]   62:     0x630ee28a322a - std::panic::catch_unwind::h5ee8d7823b8ca744
[INFO] [stdout]                                at /rustc/6067b36314ab5eb2eb47cecc464545ba58e1ad24/library/std/src/panic.rs:358:14
[INFO] [stdout]   63:     0x630ee28a322a - std::thread::Builder::spawn_unchecked_::{{closure}}::h53c3a1894dce8407
[INFO] [stdout]                                at /rustc/6067b36314ab5eb2eb47cecc464545ba58e1ad24/library/std/src/thread/mod.rs:557:30
[INFO] [stdout]   64:     0x630ee28a322a - core::ops::function::FnOnce::call_once{{vtable.shim}}::h048ce291ad4f62bf
[INFO] [stdout]                                at /rustc/6067b36314ab5eb2eb47cecc464545ba58e1ad24/library/core/src/ops/function.rs:250:5
[INFO] [stdout]   65:     0x630ee30b3ddb - <alloc::boxed::Box<F,A> as core::ops::function::FnOnce<Args>>::call_once::ha52bedf99a3b4981
[INFO] [stdout]                                at /rustc/6067b36314ab5eb2eb47cecc464545ba58e1ad24/library/alloc/src/boxed.rs:2013:9
[INFO] [stdout]   66:     0x630ee30b3ddb - <alloc::boxed::Box<F,A> as core::ops::function::FnOnce<Args>>::call_once::h567748934d80ccf8
[INFO] [stdout]                                at /rustc/6067b36314ab5eb2eb47cecc464545ba58e1ad24/library/alloc/src/boxed.rs:2013:9
[INFO] [stdout]   67:     0x630ee30b3ddb - std::sys::pal::unix::thread::Thread::new::thread_start::h2d970728ae887adc
[INFO] [stdout]                                at /rustc/6067b36314ab5eb2eb47cecc464545ba58e1ad24/library/std/src/sys/pal/unix/thread.rs:106:17
[INFO] [stdout]   68:     0x7e3125cf0ac3 - <unknown>
[INFO] [stdout]   69:     0x7e3125d81a04 - clone
[INFO] [stdout]   70:                0x0 - <unknown>
[INFO] [stdout] 
[INFO] [stdout] ---- user::local_user_lifecycle stdout ----
[INFO] [stdout] 
[INFO] [stdout] thread 'user::local_user_lifecycle' panicked at /opt/rustwide/workdir/api/lib/src/configuration.rs:88:14:
[INFO] [stdout] Failed to connect to Postgres: Io(Os { code: 111, kind: ConnectionRefused, message: "Connection refused" })
[INFO] [stdout] stack backtrace:
[INFO] [stdout]    0:     0x630ee30ad98a - std::backtrace_rs::backtrace::libunwind::trace::hb059275cfc8d6126
[INFO] [stdout]                                at /rustc/6067b36314ab5eb2eb47cecc464545ba58e1ad24/library/std/src/../../backtrace/src/backtrace/libunwind.rs:116:5
[INFO] [stdout]    1:     0x630ee30ad98a - std::backtrace_rs::backtrace::trace_unsynchronized::h2da071e4327ce3ee
[INFO] [stdout]                                at /rustc/6067b36314ab5eb2eb47cecc464545ba58e1ad24/library/std/src/../../backtrace/src/backtrace/mod.rs:66:5
[INFO] [stdout]    2:     0x630ee30ad98a - std::sys::backtrace::_print_fmt::h842a1474e6f8d23f
[INFO] [stdout]                                at /rustc/6067b36314ab5eb2eb47cecc464545ba58e1ad24/library/std/src/sys/backtrace.rs:66:9
[INFO] [stdout]    3:     0x630ee30ad98a - <std::sys::backtrace::BacktraceLock::print::DisplayBacktrace as core::fmt::Display>::fmt::h71a62eb3b9696b12
[INFO] [stdout]                                at /rustc/6067b36314ab5eb2eb47cecc464545ba58e1ad24/library/std/src/sys/backtrace.rs:39:26
[INFO] [stdout]    4:     0x630ee30da9b3 - core::fmt::rt::Argument::fmt::hdb6b616786b41dc1
[INFO] [stdout]                                at /rustc/6067b36314ab5eb2eb47cecc464545ba58e1ad24/library/core/src/fmt/rt.rs:177:76
[INFO] [stdout]    5:     0x630ee30da9b3 - core::fmt::write::h2cc1698af7e2d686
[INFO] [stdout]                                at /rustc/6067b36314ab5eb2eb47cecc464545ba58e1ad24/library/core/src/fmt/mod.rs:1440:21
[INFO] [stdout]    6:     0x630ee30a9373 - std::io::Write::write_fmt::hab1b4cd059a79022
[INFO] [stdout]                                at /rustc/6067b36314ab5eb2eb47cecc464545ba58e1ad24/library/std/src/io/mod.rs:1887:15
[INFO] [stdout]    7:     0x630ee30ad7d2 - std::sys::backtrace::BacktraceLock::print::h147fe35b4ea13b08
[INFO] [stdout]                                at /rustc/6067b36314ab5eb2eb47cecc464545ba58e1ad24/library/std/src/sys/backtrace.rs:42:9
[INFO] [stdout]    8:     0x630ee30aedaf - std::panicking::default_hook::{{closure}}::hbd44223dbdc0d208
[INFO] [stdout]                                at /rustc/6067b36314ab5eb2eb47cecc464545ba58e1ad24/library/std/src/panicking.rs:298:22
[INFO] [stdout]    9:     0x630ee30aebc8 - std::panicking::default_hook::h20f81eb0576efcec
[INFO] [stdout]                                at /rustc/6067b36314ab5eb2eb47cecc464545ba58e1ad24/library/std/src/panicking.rs:322:9
[INFO] [stdout]   10:     0x630ee28d81d3 - <alloc::boxed::Box<F,A> as core::ops::function::Fn<Args>>::call::hdb53814c496a4d34
[INFO] [stdout]                                at /rustc/6067b36314ab5eb2eb47cecc464545ba58e1ad24/library/alloc/src/boxed.rs:2027:9
[INFO] [stdout]   11:     0x630ee28d81d3 - test::test_main::{{closure}}::hc0a4963c59427c24
[INFO] [stdout]                                at /rustc/6067b36314ab5eb2eb47cecc464545ba58e1ad24/library/test/src/lib.rs:134:21
[INFO] [stdout]   12:     0x630ee30af8a3 - <alloc::boxed::Box<F,A> as core::ops::function::Fn<Args>>::call::h591b2225413a77e9
[INFO] [stdout]                                at /rustc/6067b36314ab5eb2eb47cecc464545ba58e1ad24/library/alloc/src/boxed.rs:2027:9
[INFO] [stdout]   13:     0x630ee30af8a3 - std::panicking::rust_panic_with_hook::h625eea43051b2edc
[INFO] [stdout]                                at /rustc/6067b36314ab5eb2eb47cecc464545ba58e1ad24/library/std/src/panicking.rs:839:13
[INFO] [stdout]   14:     0x630ee30af55a - std::panicking::begin_panic_handler::{{closure}}::h4f9159cfbc3f6bd3
[INFO] [stdout]                                at /rustc/6067b36314ab5eb2eb47cecc464545ba58e1ad24/library/std/src/panicking.rs:704:13
[INFO] [stdout]   15:     0x630ee30ade89 - std::sys::backtrace::__rust_end_short_backtrace::h0390abce48353151
[INFO] [stdout]                                at /rustc/6067b36314ab5eb2eb47cecc464545ba58e1ad24/library/std/src/sys/backtrace.rs:168:18
[INFO] [stdout]   16:     0x630ee30af1ed - rust_begin_unwind
[INFO] [stdout]                                at /rustc/6067b36314ab5eb2eb47cecc464545ba58e1ad24/library/std/src/panicking.rs:695:5
[INFO] [stdout]   17:     0x630ee30d8260 - core::panicking::panic_fmt::h9e7c637e9e5f29c9
[INFO] [stdout]                                at /rustc/6067b36314ab5eb2eb47cecc464545ba58e1ad24/library/core/src/panicking.rs:75:14
[INFO] [stdout]   18:     0x630ee30d8736 - core::result::unwrap_failed::h7979f09313fe1849
[INFO] [stdout]                                at /rustc/6067b36314ab5eb2eb47cecc464545ba58e1ad24/library/core/src/result.rs:1704:5
[INFO] [stdout]   19:     0x630ee2594dc4 - core::result::Result<T,E>::expect::h5e4e6a59a3107491
[INFO] [stdout]                                at /rustc/6067b36314ab5eb2eb47cecc464545ba58e1ad24/library/core/src/result.rs:1061:23
[INFO] [stdout]   20:     0x630ee257ffdc - api_lib::configuration::DatabaseSettings::create_db::{{closure}}::h924c332c4b8116b2
[INFO] [stdout]                                at /opt/rustwide/workdir/api/lib/src/configuration.rs:86:30
[INFO] [stdout]   21:     0x630ee2558388 - api::user::local_user_lifecycle::{{closure}}::h18b985c134acc940
[INFO] [stdout]                                at /opt/rustwide/workdir/api/shuttle/tests/api/user.rs:22:26
[INFO] [stdout]   22:     0x630ee257dfb2 - <core::pin::Pin<P> as core::future::future::Future>::poll::ha83eae032816bd95
[INFO] [stdout]                                at /rustc/6067b36314ab5eb2eb47cecc464545ba58e1ad24/library/core/src/future/future.rs:124:9
[INFO] [stdout]   23:     0x630ee257e04d - <core::pin::Pin<P> as core::future::future::Future>::poll::hc9cd0048d91e1e5c
[INFO] [stdout]                                at /rustc/6067b36314ab5eb2eb47cecc464545ba58e1ad24/library/core/src/future/future.rs:124:9
[INFO] [stdout]   24:     0x630ee258fe9f - tokio::runtime::scheduler::current_thread::CoreGuard::block_on::{{closure}}::{{closure}}::{{closure}}::h808c08a0f62f124b
[INFO] [stdout]                                at /opt/rustwide/cargo-home/registry/src/index.crates.io-1949cf8c6b5b557f/tokio-1.43.0/src/runtime/scheduler/current_thread/mod.rs:729:57
[INFO] [stdout]   25:     0x630ee258fd85 - tokio::runtime::coop::with_budget::hefe3dc496233f24d
[INFO] [stdout]                                at /opt/rustwide/cargo-home/registry/src/index.crates.io-1949cf8c6b5b557f/tokio-1.43.0/src/runtime/coop.rs:107:5
[INFO] [stdout]   26:     0x630ee258fd85 - tokio::runtime::coop::budget::h6874c435837d5882
[INFO] [stdout]                                at /opt/rustwide/cargo-home/registry/src/index.crates.io-1949cf8c6b5b557f/tokio-1.43.0/src/runtime/coop.rs:73:5
[INFO] [stdout]   27:     0x630ee258fd85 - tokio::runtime::scheduler::current_thread::CoreGuard::block_on::{{closure}}::{{closure}}::h91327a3857a745ab
[INFO] [stdout]                                at /opt/rustwide/cargo-home/registry/src/index.crates.io-1949cf8c6b5b557f/tokio-1.43.0/src/runtime/scheduler/current_thread/mod.rs:729:25
[INFO] [stdout]   28:     0x630ee258da20 - tokio::runtime::scheduler::current_thread::Context::enter::hcde4c4e54e15d40e
[INFO] [stdout]                                at /opt/rustwide/cargo-home/registry/src/index.crates.io-1949cf8c6b5b557f/tokio-1.43.0/src/runtime/scheduler/current_thread/mod.rs:428:19
[INFO] [stdout]   29:     0x630ee258ebdb - tokio::runtime::scheduler::current_thread::CoreGuard::block_on::{{closure}}::h4ca844872562bc65
[INFO] [stdout]                                at /opt/rustwide/cargo-home/registry/src/index.crates.io-1949cf8c6b5b557f/tokio-1.43.0/src/runtime/scheduler/current_thread/mod.rs:728:36
[INFO] [stdout]   30:     0x630ee258e8e4 - tokio::runtime::scheduler::current_thread::CoreGuard::enter::{{closure}}::h97e1cc7f70920921
[INFO] [stdout]                                at /opt/rustwide/cargo-home/registry/src/index.crates.io-1949cf8c6b5b557f/tokio-1.43.0/src/runtime/scheduler/current_thread/mod.rs:807:68
[INFO] [stdout]   31:     0x630ee259637b - tokio::runtime::context::scoped::Scoped<T>::set::hcc57895600c0b070
[INFO] [stdout]                                at /opt/rustwide/cargo-home/registry/src/index.crates.io-1949cf8c6b5b557f/tokio-1.43.0/src/runtime/context/scoped.rs:40:9
[INFO] [stdout]   32:     0x630ee259c8c9 - tokio::runtime::context::set_scheduler::{{closure}}::hcca9214f0e52656d
[INFO] [stdout]                                at /opt/rustwide/cargo-home/registry/src/index.crates.io-1949cf8c6b5b557f/tokio-1.43.0/src/runtime/context.rs:180:26
[INFO] [stdout]   33:     0x630ee25a1322 - std::thread::local::LocalKey<T>::try_with::h4d4bf8cfbf9e4c12
[INFO] [stdout]                                at /rustc/6067b36314ab5eb2eb47cecc464545ba58e1ad24/library/std/src/thread/local.rs:308:12
[INFO] [stdout]   34:     0x630ee25a0cda - std::thread::local::LocalKey<T>::with::hfe2240557574dace
[INFO] [stdout]                                at /rustc/6067b36314ab5eb2eb47cecc464545ba58e1ad24/library/std/src/thread/local.rs:272:9
[INFO] [stdout]   35:     0x630ee259c83d - tokio::runtime::context::set_scheduler::haa3af18004648133
[INFO] [stdout]                                at /opt/rustwide/cargo-home/registry/src/index.crates.io-1949cf8c6b5b557f/tokio-1.43.0/src/runtime/context.rs:180:9
[INFO] [stdout]   36:     0x630ee258e250 - tokio::runtime::scheduler::current_thread::CoreGuard::enter::h364d2ca1e0260790
[INFO] [stdout]                                at /opt/rustwide/cargo-home/registry/src/index.crates.io-1949cf8c6b5b557f/tokio-1.43.0/src/runtime/scheduler/current_thread/mod.rs:807:27
[INFO] [stdout]   37:     0x630ee258e963 - tokio::runtime::scheduler::current_thread::CoreGuard::block_on::hdb849261e9991985
[INFO] [stdout]                                at /opt/rustwide/cargo-home/registry/src/index.crates.io-1949cf8c6b5b557f/tokio-1.43.0/src/runtime/scheduler/current_thread/mod.rs:716:19
[INFO] [stdout]   38:     0x630ee258c6ee - tokio::runtime::scheduler::current_thread::CurrentThread::block_on::{{closure}}::h13ac0c6ea617bc69
[INFO] [stdout]                                at /opt/rustwide/cargo-home/registry/src/index.crates.io-1949cf8c6b5b557f/tokio-1.43.0/src/runtime/scheduler/current_thread/mod.rs:196:28
[INFO] [stdout]   39:     0x630ee2596646 - tokio::runtime::context::runtime::enter_runtime::h0d40c5b59df3b309
[INFO] [stdout]                                at /opt/rustwide/cargo-home/registry/src/index.crates.io-1949cf8c6b5b557f/tokio-1.43.0/src/runtime/context/runtime.rs:65:16
[INFO] [stdout]   40:     0x630ee258c4a1 - tokio::runtime::scheduler::current_thread::CurrentThread::block_on::h864f252f651a5f32
[INFO] [stdout]                                at /opt/rustwide/cargo-home/registry/src/index.crates.io-1949cf8c6b5b557f/tokio-1.43.0/src/runtime/scheduler/current_thread/mod.rs:184:9
[INFO] [stdout]   41:     0x630ee25a4063 - tokio::runtime::runtime::Runtime::block_on_inner::hcef52edbb15717d2
[INFO] [stdout]                                at /opt/rustwide/cargo-home/registry/src/index.crates.io-1949cf8c6b5b557f/tokio-1.43.0/src/runtime/runtime.rs:368:47
[INFO] [stdout]   42:     0x630ee25a4257 - tokio::runtime::runtime::Runtime::block_on::he8e3421083688a8c
[INFO] [stdout]                                at /opt/rustwide/cargo-home/registry/src/index.crates.io-1949cf8c6b5b557f/tokio-1.43.0/src/runtime/runtime.rs:342:13
[INFO] [stdout]   43:     0x630ee2557d9e - api::user::local_user_lifecycle::h45a98b9cb7125eb0
[INFO] [stdout]                                at /opt/rustwide/workdir/api/shuttle/tests/api/user.rs:24:5
[INFO] [stdout]   44:     0x630ee2557c17 - api::user::local_user_lifecycle::{{closure}}::hc1a1f28c8b9e2429
[INFO] [stdout]                                at /opt/rustwide/workdir/api/shuttle/tests/api/user.rs:15:32
[INFO] [stdout]   45:     0x630ee2571e26 - core::ops::function::FnOnce::call_once::h0b9a54f43f9931e9
[INFO] [stdout]                                at /rustc/6067b36314ab5eb2eb47cecc464545ba58e1ad24/library/core/src/ops/function.rs:250:5
[INFO] [stdout]   46:     0x630ee28dd92b - core::ops::function::FnOnce::call_once::he27718dfdd183f43
[INFO] [stdout]                                at /rustc/6067b36314ab5eb2eb47cecc464545ba58e1ad24/library/core/src/ops/function.rs:250:5
[INFO] [stdout]   47:     0x630ee28dd92b - test::__rust_begin_short_backtrace::h4e84902998457a5d
[INFO] [stdout]                                at /rustc/6067b36314ab5eb2eb47cecc464545ba58e1ad24/library/test/src/lib.rs:632:18
[INFO] [stdout]   48:     0x630ee28dc863 - test::run_test_in_process::{{closure}}::h7176fd18fc1feca0
[INFO] [stdout]                                at /rustc/6067b36314ab5eb2eb47cecc464545ba58e1ad24/library/test/src/lib.rs:655:60
[INFO] [stdout]   49:     0x630ee28dc863 - <core::panic::unwind_safe::AssertUnwindSafe<F> as core::ops::function::FnOnce<()>>::call_once::hf79cff2a624d8cf7
[INFO] [stdout]                                at /rustc/6067b36314ab5eb2eb47cecc464545ba58e1ad24/library/core/src/panic/unwind_safe.rs:272:9
[INFO] [stdout]   50:     0x630ee28dc863 - std::panicking::try::do_call::h3da0561d9ab99c25
[INFO] [stdout]                                at /rustc/6067b36314ab5eb2eb47cecc464545ba58e1ad24/library/std/src/panicking.rs:587:40
[INFO] [stdout]   51:     0x630ee28dc863 - std::panicking::try::h41c9fa508bc61df6
[INFO] [stdout]                                at /rustc/6067b36314ab5eb2eb47cecc464545ba58e1ad24/library/std/src/panicking.rs:550:19
[INFO] [stdout]   52:     0x630ee28dc863 - std::panic::catch_unwind::h6b3ff07bb5afad93
[INFO] [stdout]                                at /rustc/6067b36314ab5eb2eb47cecc464545ba58e1ad24/library/std/src/panic.rs:358:14
[INFO] [stdout]   53:     0x630ee28dc863 - test::run_test_in_process::hc7253dd11b39b9f4
[INFO] [stdout]                                at /rustc/6067b36314ab5eb2eb47cecc464545ba58e1ad24/library/test/src/lib.rs:655:27
[INFO] [stdout]   54:     0x630ee28dc863 - test::run_test::{{closure}}::hfb2007f8649c30bb
[INFO] [stdout]                                at /rustc/6067b36314ab5eb2eb47cecc464545ba58e1ad24/library/test/src/lib.rs:576:43
[INFO] [stdout]   55:     0x630ee289f945 - test::run_test::{{closure}}::h56a17aa7a282a9f4
[INFO] [stdout]                                at /rustc/6067b36314ab5eb2eb47cecc464545ba58e1ad24/library/test/src/lib.rs:606:41
[INFO] [stdout]   56:     0x630ee289f945 - std::sys::backtrace::__rust_begin_short_backtrace::hd2d2d2fb8e8c6aac
[INFO] [stdout]                                at /rustc/6067b36314ab5eb2eb47cecc464545ba58e1ad24/library/std/src/sys/backtrace.rs:152:18
[INFO] [stdout]   57:     0x630ee28a322a - std::thread::Builder::spawn_unchecked_::{{closure}}::{{closure}}::h4faa3f9db6133423
[INFO] [stdout]                                at /rustc/6067b36314ab5eb2eb47cecc464545ba58e1ad24/library/std/src/thread/mod.rs:559:17
[INFO] [stdout]   58:     0x630ee28a322a - <core::panic::unwind_safe::AssertUnwindSafe<F> as core::ops::function::FnOnce<()>>::call_once::hf2e855a36a4ea846
[INFO] [stdout]                                at /rustc/6067b36314ab5eb2eb47cecc464545ba58e1ad24/library/core/src/panic/unwind_safe.rs:272:9
[INFO] [stdout]   59:     0x630ee28a322a - std::panicking::try::do_call::h2f73af3616c35465
[INFO] [stdout]                                at /rustc/6067b36314ab5eb2eb47cecc464545ba58e1ad24/library/std/src/panicking.rs:587:40
[INFO] [stdout]   60:     0x630ee28a322a - std::panicking::try::hd1660ce9efadef5a
[INFO] [stdout]                                at /rustc/6067b36314ab5eb2eb47cecc464545ba58e1ad24/library/std/src/panicking.rs:550:19
[INFO] [stdout]   61:     0x630ee28a322a - std::panic::catch_unwind::h5ee8d7823b8ca744
[INFO] [stdout]                                at /rustc/6067b36314ab5eb2eb47cecc464545ba58e1ad24/library/std/src/panic.rs:358:14
[INFO] [stdout]   62:     0x630ee28a322a - std::thread::Builder::spawn_unchecked_::{{closure}}::h53c3a1894dce8407
[INFO] [stdout]                                at /rustc/6067b36314ab5eb2eb47cecc464545ba58e1ad24/library/std/src/thread/mod.rs:557:30
[INFO] [stdout]   63:     0x630ee28a322a - core::ops::function::FnOnce::call_once{{vtable.shim}}::h048ce291ad4f62bf
[INFO] [stdout]                                at /rustc/6067b36314ab5eb2eb47cecc464545ba58e1ad24/library/core/src/ops/function.rs:250:5
[INFO] [stdout]   64:     0x630ee30b3ddb - <alloc::boxed::Box<F,A> as core::ops::function::FnOnce<Args>>::call_once::ha52bedf99a3b4981
[INFO] [stdout]                                at /rustc/6067b36314ab5eb2eb47cecc464545ba58e1ad24/library/alloc/src/boxed.rs:2013:9
[INFO] [stdout]   65:     0x630ee30b3ddb - <alloc::boxed::Box<F,A> as core::ops::function::FnOnce<Args>>::call_once::h567748934d80ccf8
[INFO] [stdout]                                at /rustc/6067b36314ab5eb2eb47cecc464545ba58e1ad24/library/alloc/src/boxed.rs:2013:9
[INFO] [stdout]   66:     0x630ee30b3ddb - std::sys::pal::unix::thread::Thread::new::thread_start::h2d970728ae887adc
[INFO] [stdout]                                at /rustc/6067b36314ab5eb2eb47cecc464545ba58e1ad24/library/std/src/sys/pal/unix/thread.rs:106:17
[INFO] [stdout]   67:     0x7e3125cf0ac3 - <unknown>
[INFO] [stdout]   68:     0x7e3125d81a04 - clone
[INFO] [stdout]   69:                0x0 - <unknown>
[INFO] [stdout] 
[INFO] [stdout] ---- user::local_get_users stdout ----
[INFO] [stdout] 
[INFO] [stdout] thread 'user::local_get_users' panicked at api/shuttle/tests/api/user.rs:263:10:
[INFO] [stdout] Failed to execute request.: reqwest::Error { kind: Request, url: Url { scheme: "http", cannot_be_a_base: false, username: "", password: None, host: Some(Domain("localhost")), port: Some(8000), path: "/api/users", query: None, fragment: None }, source: hyper::Error(Connect, ConnectError("tcp connect error", Os { code: 111, kind: ConnectionRefused, message: "Connection refused" })) }
[INFO] [stdout] stack backtrace:
[INFO] [stdout]    0:     0x630ee30ad98a - std::backtrace_rs::backtrace::libunwind::trace::hb059275cfc8d6126
[INFO] [stdout]                                at /rustc/6067b36314ab5eb2eb47cecc464545ba58e1ad24/library/std/src/../../backtrace/src/backtrace/libunwind.rs:116:5
[INFO] [stdout]    1:     0x630ee30ad98a - std::backtrace_rs::backtrace::trace_unsynchronized::h2da071e4327ce3ee
[INFO] [stdout]                                at /rustc/6067b36314ab5eb2eb47cecc464545ba58e1ad24/library/std/src/../../backtrace/src/backtrace/mod.rs:66:5
[INFO] [stdout]    2:     0x630ee30ad98a - std::sys::backtrace::_print_fmt::h842a1474e6f8d23f
[INFO] [stdout]                                at /rustc/6067b36314ab5eb2eb47cecc464545ba58e1ad24/library/std/src/sys/backtrace.rs:66:9
[INFO] [stdout]    3:     0x630ee30ad98a - <std::sys::backtrace::BacktraceLock::print::DisplayBacktrace as core::fmt::Display>::fmt::h71a62eb3b9696b12
[INFO] [stdout]                                at /rustc/6067b36314ab5eb2eb47cecc464545ba58e1ad24/library/std/src/sys/backtrace.rs:39:26
[INFO] [stdout]    4:     0x630ee30da9b3 - core::fmt::rt::Argument::fmt::hdb6b616786b41dc1
[INFO] [stdout]                                at /rustc/6067b36314ab5eb2eb47cecc464545ba58e1ad24/library/core/src/fmt/rt.rs:177:76
[INFO] [stdout]    5:     0x630ee30da9b3 - core::fmt::write::h2cc1698af7e2d686
[INFO] [stdout]                                at /rustc/6067b36314ab5eb2eb47cecc464545ba58e1ad24/library/core/src/fmt/mod.rs:1440:21
[INFO] [stdout]    6:     0x630ee30a9373 - std::io::Write::write_fmt::hab1b4cd059a79022
[INFO] [stdout]                                at /rustc/6067b36314ab5eb2eb47cecc464545ba58e1ad24/library/std/src/io/mod.rs:1887:15
[INFO] [stdout]    7:     0x630ee30ad7d2 - std::sys::backtrace::BacktraceLock::print::h147fe35b4ea13b08
[INFO] [stdout]                                at /rustc/6067b36314ab5eb2eb47cecc464545ba58e1ad24/library/std/src/sys/backtrace.rs:42:9
[INFO] [stdout]    8:     0x630ee30aedaf - std::panicking::default_hook::{{closure}}::hbd44223dbdc0d208
[INFO] [stdout]                                at /rustc/6067b36314ab5eb2eb47cecc464545ba58e1ad24/library/std/src/panicking.rs:298:22
[INFO] [stdout]    9:     0x630ee30aebc8 - std::panicking::default_hook::h20f81eb0576efcec
[INFO] [stdout]                                at /rustc/6067b36314ab5eb2eb47cecc464545ba58e1ad24/library/std/src/panicking.rs:322:9
[INFO] [stdout]   10:     0x630ee28d81d3 - <alloc::boxed::Box<F,A> as core::ops::function::Fn<Args>>::call::hdb53814c496a4d34
[INFO] [stdout]                                at /rustc/6067b36314ab5eb2eb47cecc464545ba58e1ad24/library/alloc/src/boxed.rs:2027:9
[INFO] [stdout]   11:     0x630ee28d81d3 - test::test_main::{{closure}}::hc0a4963c59427c24
[INFO] [stdout]                                at /rustc/6067b36314ab5eb2eb47cecc464545ba58e1ad24/library/test/src/lib.rs:134:21
[INFO] [stdout]   12:     0x630ee30af8a3 - <alloc::boxed::Box<F,A> as core::ops::function::Fn<Args>>::call::h591b2225413a77e9
[INFO] [stdout]                                at /rustc/6067b36314ab5eb2eb47cecc464545ba58e1ad24/library/alloc/src/boxed.rs:2027:9
[INFO] [stdout]   13:     0x630ee30af8a3 - std::panicking::rust_panic_with_hook::h625eea43051b2edc
[INFO] [stdout]                                at /rustc/6067b36314ab5eb2eb47cecc464545ba58e1ad24/library/std/src/panicking.rs:839:13
[INFO] [stdout]   14:     0x630ee30af55a - std::panicking::begin_panic_handler::{{closure}}::h4f9159cfbc3f6bd3
[INFO] [stdout]                                at /rustc/6067b36314ab5eb2eb47cecc464545ba58e1ad24/library/std/src/panicking.rs:704:13
[INFO] [stdout]   15:     0x630ee30ade89 - std::sys::backtrace::__rust_end_short_backtrace::h0390abce48353151
[INFO] [stdout]                                at /rustc/6067b36314ab5eb2eb47cecc464545ba58e1ad24/library/std/src/sys/backtrace.rs:168:18
[INFO] [stdout]   16:     0x630ee30af1ed - rust_begin_unwind
[INFO] [stdout]                                at /rustc/6067b36314ab5eb2eb47cecc464545ba58e1ad24/library/std/src/panicking.rs:695:5
[INFO] [stdout]   17:     0x630ee30d8260 - core::panicking::panic_fmt::h9e7c637e9e5f29c9
[INFO] [stdout]                                at /rustc/6067b36314ab5eb2eb47cecc464545ba58e1ad24/library/core/src/panicking.rs:75:14
[INFO] [stdout]   18:     0x630ee30d8736 - core::result::unwrap_failed::h7979f09313fe1849
[INFO] [stdout]                                at /rustc/6067b36314ab5eb2eb47cecc464545ba58e1ad24/library/core/src/result.rs:1704:5
[INFO] [stdout]   19:     0x630ee2594cdf - core::result::Result<T,E>::expect::h4d27a2e4d010164d
[INFO] [stdout]                                at /rustc/6067b36314ab5eb2eb47cecc464545ba58e1ad24/library/core/src/result.rs:1061:23
[INFO] [stdout]   20:     0x630ee256f3b2 - api::user::local_get_users::{{closure}}::hf52a85b4e139dcba
[INFO] [stdout]                                at /opt/rustwide/workdir/api/shuttle/tests/api/user.rs:257:15
[INFO] [stdout]   21:     0x630ee257dfb2 - <core::pin::Pin<P> as core::future::future::Future>::poll::ha83eae032816bd95
[INFO] [stdout]                                at /rustc/6067b36314ab5eb2eb47cecc464545ba58e1ad24/library/core/src/future/future.rs:124:9
[INFO] [stdout]   22:     0x630ee257e04d - <core::pin::Pin<P> as core::future::future::Future>::poll::hc9cd0048d91e1e5c
[INFO] [stdout]                                at /rustc/6067b36314ab5eb2eb47cecc464545ba58e1ad24/library/core/src/future/future.rs:124:9
[INFO] [stdout]   23:     0x630ee258fe9f - tokio::runtime::scheduler::current_thread::CoreGuard::block_on::{{closure}}::{{closure}}::{{closure}}::h808c08a0f62f124b
[INFO] [stdout]                                at /opt/rustwide/cargo-home/registry/src/index.crates.io-1949cf8c6b5b557f/tokio-1.43.0/src/runtime/scheduler/current_thread/mod.rs:729:57
[INFO] [stdout]   24:     0x630ee258fd85 - tokio::runtime::coop::with_budget::hefe3dc496233f24d
[INFO] [stdout]                                at /opt/rustwide/cargo-home/registry/src/index.crates.io-1949cf8c6b5b557f/tokio-1.43.0/src/runtime/coop.rs:107:5
[INFO] [stdout]   25:     0x630ee258fd85 - tokio::runtime::coop::budget::h6874c435837d5882
[INFO] [stdout]                                at /opt/rustwide/cargo-home/registry/src/index.crates.io-1949cf8c6b5b557f/tokio-1.43.0/src/runtime/coop.rs:73:5
[INFO] [stdout]   26:     0x630ee258fd85 - tokio::runtime::scheduler::current_thread::CoreGuard::block_on::{{closure}}::{{closure}}::h91327a3857a745ab
[INFO] [stdout]                                at /opt/rustwide/cargo-home/registry/src/index.crates.io-1949cf8c6b5b557f/tokio-1.43.0/src/runtime/scheduler/current_thread/mod.rs:729:25
[INFO] [stdout]   27:     0x630ee258da20 - tokio::runtime::scheduler::current_thread::Context::enter::hcde4c4e54e15d40e
[INFO] [stdout]                                at /opt/rustwide/cargo-home/registry/src/index.crates.io-1949cf8c6b5b557f/tokio-1.43.0/src/runtime/scheduler/current_thread/mod.rs:428:19
[INFO] [stdout]   28:     0x630ee258ebdb - tokio::runtime::scheduler::current_thread::CoreGuard::block_on::{{closure}}::h4ca844872562bc65
[INFO] [stdout]                                at /opt/rustwide/cargo-home/registry/src/index.crates.io-1949cf8c6b5b557f/tokio-1.43.0/src/runtime/scheduler/current_thread/mod.rs:728:36
[INFO] [stdout]   29:     0x630ee258e8e4 - tokio::runtime::scheduler::current_thread::CoreGuard::enter::{{closure}}::h97e1cc7f70920921
[INFO] [stdout]                                at /opt/rustwide/cargo-home/registry/src/index.crates.io-1949cf8c6b5b557f/tokio-1.43.0/src/runtime/scheduler/current_thread/mod.rs:807:68
[INFO] [stdout]   30:     0x630ee259637b - tokio::runtime::context::scoped::Scoped<T>::set::hcc57895600c0b070
[INFO] [stdout]                                at /opt/rustwide/cargo-home/registry/src/index.crates.io-1949cf8c6b5b557f/tokio-1.43.0/src/runtime/context/scoped.rs:40:9
[INFO] [stdout]   31:     0x630ee259c8c9 - tokio::runtime::context::set_scheduler::{{closure}}::hcca9214f0e52656d
[INFO] [stdout]                                at /opt/rustwide/cargo-home/registry/src/index.crates.io-1949cf8c6b5b557f/tokio-1.43.0/src/runtime/context.rs:180:26
[INFO] [stdout]   32:     0x630ee25a1322 - std::thread::local::LocalKey<T>::try_with::h4d4bf8cfbf9e4c12
[INFO] [stdout]                                at /rustc/6067b36314ab5eb2eb47cecc464545ba58e1ad24/library/std/src/thread/local.rs:308:12
[INFO] [stdout]   33:     0x630ee25a0cda - std::thread::local::LocalKey<T>::with::hfe2240557574dace
[INFO] [stdout]                                at /rustc/6067b36314ab5eb2eb47cecc464545ba58e1ad24/library/std/src/thread/local.rs:272:9
[INFO] [stdout]   34:     0x630ee259c83d - tokio::runtime::context::set_scheduler::haa3af18004648133
[INFO] [stdout]                                at /opt/rustwide/cargo-home/registry/src/index.crates.io-1949cf8c6b5b557f/tokio-1.43.0/src/runtime/context.rs:180:9
[INFO] [stdout]   35:     0x630ee258e250 - tokio::runtime::scheduler::current_thread::CoreGuard::enter::h364d2ca1e0260790
[INFO] [stdout]                                at /opt/rustwide/cargo-home/registry/src/index.crates.io-1949cf8c6b5b557f/tokio-1.43.0/src/runtime/scheduler/current_thread/mod.rs:807:27
[INFO] [stdout]   36:     0x630ee258e963 - tokio::runtime::scheduler::current_thread::CoreGuard::block_on::hdb849261e9991985
[INFO] [stdout]                                at /opt/rustwide/cargo-home/registry/src/index.crates.io-1949cf8c6b5b557f/tokio-1.43.0/src/runtime/scheduler/current_thread/mod.rs:716:19
[INFO] [stdout]   37:     0x630ee258c6ee - tokio::runtime::scheduler::current_thread::CurrentThread::block_on::{{closure}}::h13ac0c6ea617bc69
[INFO] [stdout]                                at /opt/rustwide/cargo-home/registry/src/index.crates.io-1949cf8c6b5b557f/tokio-1.43.0/src/runtime/scheduler/current_thread/mod.rs:196:28
[INFO] [stdout]   38:     0x630ee2596646 - tokio::runtime::context::runtime::enter_runtime::h0d40c5b59df3b309
[INFO] [stdout]                                at /opt/rustwide/cargo-home/registry/src/index.crates.io-1949cf8c6b5b557f/tokio-1.43.0/src/runtime/context/runtime.rs:65:16
[INFO] [stdout]   39:     0x630ee258c4a1 - tokio::runtime::scheduler::current_thread::CurrentThread::block_on::h864f252f651a5f32
[INFO] [stdout]                                at /opt/rustwide/cargo-home/registry/src/index.crates.io-1949cf8c6b5b557f/tokio-1.43.0/src/runtime/scheduler/current_thread/mod.rs:184:9
[INFO] [stdout]   40:     0x630ee25a4063 - tokio::runtime::runtime::Runtime::block_on_inner::hcef52edbb15717d2
[INFO] [stdout]                                at /opt/rustwide/cargo-home/registry/src/index.crates.io-1949cf8c6b5b557f/tokio-1.43.0/src/runtime/runtime.rs:368:47
[INFO] [stdout]   41:     0x630ee25a4257 - tokio::runtime::runtime::Runtime::block_on::he8e3421083688a8c
[INFO] [stdout]                                at /opt/rustwide/cargo-home/registry/src/index.crates.io-1949cf8c6b5b557f/tokio-1.43.0/src/runtime/runtime.rs:342:13
[INFO] [stdout]   42:     0x630ee256e4ce - api::user::local_get_users::hcbaad765c954cc02
[INFO] [stdout]                                at /opt/rustwide/workdir/api/shuttle/tests/api/user.rs:265:5
[INFO] [stdout]   43:     0x630ee256e377 - api::user::local_get_users::{{closure}}::had2650b3373c9618
[INFO] [stdout]                                at /opt/rustwide/workdir/api/shuttle/tests/api/user.rs:248:27
[INFO] [stdout]   44:     0x630ee2572046 - core::ops::function::FnOnce::call_once::hc16da945a27660dc
[INFO] [stdout]                                at /rustc/6067b36314ab5eb2eb47cecc464545ba58e1ad24/library/core/src/ops/function.rs:250:5
[INFO] [stdout]   45:     0x630ee28dd92b - core::ops::function::FnOnce::call_once::he27718dfdd183f43
[INFO] [stdout]                                at /rustc/6067b36314ab5eb2eb47cecc464545ba58e1ad24/library/core/src/ops/function.rs:250:5
[INFO] [stdout]   46:     0x630ee28dd92b - test::__rust_begin_short_backtrace::h4e84902998457a5d
[INFO] [stdout]                                at /rustc/6067b36314ab5eb2eb47cecc464545ba58e1ad24/library/test/src/lib.rs:632:18
[INFO] [stdout]   47:     0x630ee28dc863 - test::run_test_in_process::{{closure}}::h7176fd18fc1feca0
[INFO] [stdout]                                at /rustc/6067b36314ab5eb2eb47cecc464545ba58e1ad24/library/test/src/lib.rs:655:60
[INFO] [stdout]   48:     0x630ee28dc863 - <core::panic::unwind_safe::AssertUnwindSafe<F> as core::ops::function::FnOnce<()>>::call_once::hf79cff2a624d8cf7
[INFO] [stdout]                                at /rustc/6067b36314ab5eb2eb47cecc464545ba58e1ad24/library/core/src/panic/unwind_safe.rs:272:9
[INFO] [stdout]   49:     0x630ee28dc863 - std::panicking::try::do_call::h3da0561d9ab99c25
[INFO] [stdout]                                at /rustc/6067b36314ab5eb2eb47cecc464545ba58e1ad24/library/std/src/panicking.rs:587:40
[INFO] [stdout]   50:     0x630ee28dc863 - std::panicking::try::h41c9fa508bc61df6
[INFO] [stdout]                                at /rustc/6067b36314ab5eb2eb47cecc464545ba58e1ad24/library/std/src/panicking.rs:550:19
[INFO] [stdout]   51:     0x630ee28dc863 - std::panic::catch_unwind::h6b3ff07bb5afad93
[INFO] [stdout]                                at /rustc/6067b36314ab5eb2eb47cecc464545ba58e1ad24/library/std/src/panic.rs:358:14
[INFO] [stdout]   52:     0x630ee28dc863 - test::run_test_in_process::hc7253dd11b39b9f4
[INFO] [stdout]                                at /rustc/6067b36314ab5eb2eb47cecc464545ba58e1ad24/library/test/src/lib.rs:655:27
[INFO] [stdout]   53:     0x630ee28dc863 - test::run_test::{{closure}}::hfb2007f8649c30bb
[INFO] [stdout]                                at /rustc/6067b36314ab5eb2eb47cecc464545ba58e1ad24/library/test/src/lib.rs:576:43
[INFO] [stdout]   54:     0x630ee289f945 - test::run_test::{{closure}}::h56a17aa7a282a9f4
[INFO] [stdout]                                at /rustc/6067b36314ab5eb2eb47cecc464545ba58e1ad24/library/test/src/lib.rs:606:41
[INFO] [stdout]   55:     0x630ee289f945 - std::sys::backtrace::__rust_begin_short_backtrace::hd2d2d2fb8e8c6aac
[INFO] [stdout]                                at /rustc/6067b36314ab5eb2eb47cecc464545ba58e1ad24/library/std/src/sys/backtrace.rs:152:18
[INFO] [stdout]   56:     0x630ee28a322a - std::thread::Builder::spawn_unchecked_::{{closure}}::{{closure}}::h4faa3f9db6133423
[INFO] [stdout]                                at /rustc/6067b36314ab5eb2eb47cecc464545ba58e1ad24/library/std/src/thread/mod.rs:559:17
[INFO] [stdout]   57:     0x630ee28a322a - <core::panic::unwind_safe::AssertUnwindSafe<F> as core::ops::function::FnOnce<()>>::call_once::hf2e855a36a4ea846
[INFO] [stdout]                                at /rustc/6067b36314ab5eb2eb47cecc464545ba58e1ad24/library/core/src/panic/unwind_safe.rs:272:9
[INFO] [stdout]   58:     0x630ee28a322a - std::panicking::try::do_call::h2f73af3616c35465
[INFO] [stdout]                                at /rustc/6067b36314ab5eb2eb47cecc464545ba58e1ad24/library/std/src/panicking.rs:587:40
[INFO] [stdout]   59:     0x630ee28a322a - std::panicking::try::hd1660ce9efadef5a
[INFO] [stdout]                                at /rustc/6067b36314ab5eb2eb47cecc464545ba58e1ad24/library/std/src/panicking.rs:550:19
[INFO] [stdout]   60:     0x630ee28a322a - std::panic::catch_unwind::h5ee8d7823b8ca744
[INFO] [stdout]                                at /rustc/6067b36314ab5eb2eb47cecc464545ba58e1ad24/library/std/src/panic.rs:358:14
[INFO] [stdout]   61:     0x630ee28a322a - std::thread::Builder::spawn_unchecked_::{{closure}}::h53c3a1894dce8407
[INFO] [stdout]                                at /rustc/6067b36314ab5eb2eb47cecc464545ba58e1ad24/library/std/src/thread/mod.rs:557:30
[INFO] [stdout]   62:     0x630ee28a322a - core::ops::function::FnOnce::call_once{{vtable.shim}}::h048ce291ad4f62bf
[INFO] [stdout]                                at /rustc/6067b36314ab5eb2eb47cecc464545ba58e1ad24/library/core/src/ops/function.rs:250:5
[INFO] [stdout]   63:     0x630ee30b3ddb - <alloc::boxed::Box<F,A> as core::ops::function::FnOnce<Args>>::call_once::ha52bedf99a3b4981
[INFO] [stdout]                                at /rustc/6067b36314ab5eb2eb47cecc464545ba58e1ad24/library/alloc/src/boxed.rs:2013:9
[INFO] [stdout]   64:     0x630ee30b3ddb - <alloc::boxed::Box<F,A> as core::ops::function::FnOnce<Args>>::call_once::h567748934d80ccf8
[INFO] [stdout]                                at /rustc/6067b36314ab5eb2eb47cecc464545ba58e1ad24/library/alloc/src/boxed.rs:2013:9
[INFO] [stdout]   65:     0x630ee30b3ddb - std::sys::pal::unix::thread::Thread::new::thread_start::h2d970728ae887adc
[INFO] [stdout]                                at /rustc/6067b36314ab5eb2eb47cecc464545ba58e1ad24/library/std/src/sys/pal/unix/thread.rs:106:17
[INFO] [stdout]   66:     0x7e3125cf0ac3 - <unknown>
[INFO] [stdout]   67:     0x7e3125d81a04 - clone
[INFO] [stdout]   68:                0x0 - <unknown>
[INFO] [stdout] 
[INFO] [stdout] ---- health::check stdout ----
[INFO] [stdout] 
[INFO] [stdout] thread 'health::check' panicked at api/shuttle/tests/api/health.rs:13:10:
[INFO] [stdout] Failed to execute request.: reqwest::Error { kind: Request, url: Url { scheme: "https", cannot_be_a_base: false, username: "", password: None, host: Some(Domain("familyserver.shuttleapp.rs")), port: None, path: "/health", query: None, fragment: None }, source: hyper::Error(Connect, ConnectError("dns error", Custom { kind: Uncategorized, error: "failed to lookup address information: Temporary failure in name resolution" })) }
[INFO] [stdout] stack backtrace:
[INFO] [stdout]    0:     0x630ee30ad98a - std::backtrace_rs::backtrace::libunwind::trace::hb059275cfc8d6126
[INFO] [stdout]                                at /rustc/6067b36314ab5eb2eb47cecc464545ba58e1ad24/library/std/src/../../backtrace/src/backtrace/libunwind.rs:116:5
[INFO] [stdout]    1:     0x630ee30ad98a - std::backtrace_rs::backtrace::trace_unsynchronized::h2da071e4327ce3ee
[INFO] [stdout]                                at /rustc/6067b36314ab5eb2eb47cecc464545ba58e1ad24/library/std/src/../../backtrace/src/backtrace/mod.rs:66:5
[INFO] [stdout]    2:     0x630ee30ad98a - std::sys::backtrace::_print_fmt::h842a1474e6f8d23f
[INFO] [stdout]                                at /rustc/6067b36314ab5eb2eb47cecc464545ba58e1ad24/library/std/src/sys/backtrace.rs:66:9
[INFO] [stdout]    3:     0x630ee30ad98a - <std::sys::backtrace::BacktraceLock::print::DisplayBacktrace as core::fmt::Display>::fmt::h71a62eb3b9696b12
[INFO] [stdout]                                at /rustc/6067b36314ab5eb2eb47cecc464545ba58e1ad24/library/std/src/sys/backtrace.rs:39:26
[INFO] [stdout]    4:     0x630ee30da9b3 - core::fmt::rt::Argument::fmt::hdb6b616786b41dc1
[INFO] [stdout]                                at /rustc/6067b36314ab5eb2eb47cecc464545ba58e1ad24/library/core/src/fmt/rt.rs:177:76
[INFO] [stdout]    5:     0x630ee30da9b3 - core::fmt::write::h2cc1698af7e2d686
[INFO] [stdout]                                at /rustc/6067b36314ab5eb2eb47cecc464545ba58e1ad24/library/core/src/fmt/mod.rs:1440:21
[INFO] [stdout]    6:     0x630ee30a9373 - std::io::Write::write_fmt::hab1b4cd059a79022
[INFO] [stdout]                                at /rustc/6067b36314ab5eb2eb47cecc464545ba58e1ad24/library/std/src/io/mod.rs:1887:15
[INFO] [stdout]    7:     0x630ee30ad7d2 - std::sys::backtrace::BacktraceLock::print::h147fe35b4ea13b08
[INFO] [stdout]                                at /rustc/6067b36314ab5eb2eb47cecc464545ba58e1ad24/library/std/src/sys/backtrace.rs:42:9
[INFO] [stdout]    8:     0x630ee30aedaf - std::panicking::default_hook::{{closure}}::hbd44223dbdc0d208
[INFO] [stdout]                                at /rustc/6067b36314ab5eb2eb47cecc464545ba58e1ad24/library/std/src/panicking.rs:298:22
[INFO] [stdout]    9:     0x630ee30aebc8 - std::panicking::default_hook::h20f81eb0576efcec
[INFO] [stdout]                                at /rustc/6067b36314ab5eb2eb47cecc464545ba58e1ad24/library/std/src/panicking.rs:322:9
[INFO] [stdout]   10:     0x630ee28d81d3 - <alloc::boxed::Box<F,A> as core::ops::function::Fn<Args>>::call::hdb53814c496a4d34
[INFO] [stdout]                                at /rustc/6067b36314ab5eb2eb47cecc464545ba58e1ad24/library/alloc/src/boxed.rs:2027:9
[INFO] [stdout]   11:     0x630ee28d81d3 - test::test_main::{{closure}}::hc0a4963c59427c24
[INFO] [stdout]                                at /rustc/6067b36314ab5eb2eb47cecc464545ba58e1ad24/library/test/src/lib.rs:134:21
[INFO] [stdout]   12:     0x630ee30af8a3 - <alloc::boxed::Box<F,A> as core::ops::function::Fn<Args>>::call::h591b2225413a77e9
[INFO] [stdout]                                at /rustc/6067b36314ab5eb2eb47cecc464545ba58e1ad24/library/alloc/src/boxed.rs:2027:9
[INFO] [stdout]   13:     0x630ee30af8a3 - std::panicking::rust_panic_with_hook::h625eea43051b2edc
[INFO] [stdout]                                at /rustc/6067b36314ab5eb2eb47cecc464545ba58e1ad24/library/std/src/panicking.rs:839:13
[INFO] [stdout]   14:     0x630ee30af55a - std::panicking::begin_panic_handler::{{closure}}::h4f9159cfbc3f6bd3
[INFO] [stdout]                                at /rustc/6067b36314ab5eb2eb47cecc464545ba58e1ad24/library/std/src/panicking.rs:704:13
[INFO] [stdout]   15:     0x630ee30ade89 - std::sys::backtrace::__rust_end_short_backtrace::h0390abce48353151
[INFO] [stdout]                                at /rustc/6067b36314ab5eb2eb47cecc464545ba58e1ad24/library/std/src/sys/backtrace.rs:168:18
[INFO] [stdout]   16:     0x630ee30af1ed - rust_begin_unwind
[INFO] [stdout]                                at /rustc/6067b36314ab5eb2eb47cecc464545ba58e1ad24/library/std/src/panicking.rs:695:5
[INFO] [stdout]   17:     0x630ee30d8260 - core::panicking::panic_fmt::h9e7c637e9e5f29c9
[INFO] [stdout]                                at /rustc/6067b36314ab5eb2eb47cecc464545ba58e1ad24/library/core/src/panicking.rs:75:14
[INFO] [stdout]   18:     0x630ee30d8736 - core::result::unwrap_failed::h7979f09313fe1849
[INFO] [stdout]                                at /rustc/6067b36314ab5eb2eb47cecc464545ba58e1ad24/library/core/src/result.rs:1704:5
[INFO] [stdout]   19:     0x630ee2594cdf - core::result::Result<T,E>::expect::h4d27a2e4d010164d
[INFO] [stdout]                                at /rustc/6067b36314ab5eb2eb47cecc464545ba58e1ad24/library/core/src/result.rs:1061:23
[INFO] [stdout]   20:     0x630ee2589b4b - api::health::check::{{closure}}::h221f86fc73ab1c3e
[INFO] [stdout]                                at /opt/rustwide/workdir/api/shuttle/tests/api/health.rs:7:15
[INFO] [stdout]   21:     0x630ee257dfb2 - <core::pin::Pin<P> as core::future::future::Future>::poll::ha83eae032816bd95
[INFO] [stdout]                                at /rustc/6067b36314ab5eb2eb47cecc464545ba58e1ad24/library/core/src/future/future.rs:124:9
[INFO] [stdout]   22:     0x630ee257e04d - <core::pin::Pin<P> as core::future::future::Future>::poll::hc9cd0048d91e1e5c
[INFO] [stdout]                                at /rustc/6067b36314ab5eb2eb47cecc464545ba58e1ad24/library/core/src/future/future.rs:124:9
[INFO] [stdout]   23:     0x630ee258fe9f - tokio::runtime::scheduler::current_thread::CoreGuard::block_on::{{closure}}::{{closure}}::{{closure}}::h808c08a0f62f124b
[INFO] [stdout]                                at /opt/rustwide/cargo-home/registry/src/index.crates.io-1949cf8c6b5b557f/tokio-1.43.0/src/runtime/scheduler/current_thread/mod.rs:729:57
[INFO] [stdout]   24:     0x630ee258fd85 - tokio::runtime::coop::with_budget::hefe3dc496233f24d
[INFO] [stdout]                                at /opt/rustwide/cargo-home/registry/src/index.crates.io-1949cf8c6b5b557f/tokio-1.43.0/src/runtime/coop.rs:107:5
[INFO] [stdout]   25:     0x630ee258fd85 - tokio::runtime::coop::budget::h6874c435837d5882
[INFO] [stdout]                                at /opt/rustwide/cargo-home/registry/src/index.crates.io-1949cf8c6b5b557f/tokio-1.43.0/src/runtime/coop.rs:73:5
[INFO] [stdout]   26:     0x630ee258fd85 - tokio::runtime::scheduler::current_thread::CoreGuard::block_on::{{closure}}::{{closure}}::h91327a3857a745ab
[INFO] [stdout]                                at /opt/rustwide/cargo-home/registry/src/index.crates.io-1949cf8c6b5b557f/tokio-1.43.0/src/runtime/scheduler/current_thread/mod.rs:729:25
[INFO] [stdout]   27:     0x630ee258da20 - tokio::runtime::scheduler::current_thread::Context::enter::hcde4c4e54e15d40e
[INFO] [stdout]                                at /opt/rustwide/cargo-home/registry/src/index.crates.io-1949cf8c6b5b557f/tokio-1.43.0/src/runtime/scheduler/current_thread/mod.rs:428:19
[INFO] [stdout]   28:     0x630ee258ebdb - tokio::runtime::scheduler::current_thread::CoreGuard::block_on::{{closure}}::h4ca844872562bc65
[INFO] [stdout]                                at /opt/rustwide/cargo-home/registry/src/index.crates.io-1949cf8c6b5b557f/tokio-1.43.0/src/runtime/scheduler/current_thread/mod.rs:728:36
[INFO] [stdout]   29:     0x630ee258e8e4 - tokio::runtime::scheduler::current_thread::CoreGuard::enter::{{closure}}::h97e1cc7f70920921
[INFO] [stdout]                                at /opt/rustwide/cargo-home/registry/src/index.crates.io-1949cf8c6b5b557f/tokio-1.43.0/src/runtime/scheduler/current_thread/mod.rs:807:68
[INFO] [stdout]   30:     0x630ee259637b - tokio::runtime::context::scoped::Scoped<T>::set::hcc57895600c0b070
[INFO] [stdout]                                at /opt/rustwide/cargo-home/registry/src/index.crates.io-1949cf8c6b5b557f/tokio-1.43.0/src/runtime/context/scoped.rs:40:9
[INFO] [stdout]   31:     0x630ee259c8c9 - tokio::runtime::context::set_scheduler::{{closure}}::hcca9214f0e52656d
[INFO] [stdout]                                at /opt/rustwide/cargo-home/registry/src/index.crates.io-1949cf8c6b5b557f/tokio-1.43.0/src/runtime/context.rs:180:26
[INFO] [stdout]   32:     0x630ee25a1322 - std::thread::local::LocalKey<T>::try_with::h4d4bf8cfbf9e4c12
[INFO] [stdout]                                at /rustc/6067b36314ab5eb2eb47cecc464545ba58e1ad24/library/std/src/thread/local.rs:308:12
[INFO] [stdout]   33:     0x630ee25a0cda - std::thread::local::LocalKey<T>::with::hfe2240557574dace
[INFO] [stdout]                                at /rustc/6067b36314ab5eb2eb47cecc464545ba58e1ad24/library/std/src/thread/local.rs:272:9
[INFO] [stdout]   34:     0x630ee259c83d - tokio::runtime::context::set_scheduler::haa3af18004648133
[INFO] [stdout]                                at /opt/rustwide/cargo-home/registry/src/index.crates.io-1949cf8c6b5b557f/tokio-1.43.0/src/runtime/context.rs:180:9
[INFO] [stdout]   35:     0x630ee258e250 - tokio::runtime::scheduler::current_thread::CoreGuard::enter::h364d2ca1e0260790
[INFO] [stdout]                                at /opt/rustwide/cargo-home/registry/src/index.crates.io-1949cf8c6b5b557f/tokio-1.43.0/src/runtime/scheduler/current_thread/mod.rs:807:27
[INFO] [stdout]   36:     0x630ee258e963 - tokio::runtime::scheduler::current_thread::CoreGuard::block_on::hdb849261e9991985
[INFO] [stdout]                                at /opt/rustwide/cargo-home/registry/src/index.crates.io-1949cf8c6b5b557f/tokio-1.43.0/src/runtime/scheduler/current_thread/mod.rs:716:19
[INFO] [stdout]   37:     0x630ee258c6ee - tokio::runtime::scheduler::current_thread::CurrentThread::block_on::{{closure}}::h13ac0c6ea617bc69
[INFO] [stdout]                                at /opt/rustwide/cargo-home/registry/src/index.crates.io-1949cf8c6b5b557f/tokio-1.43.0/src/runtime/scheduler/current_thread/mod.rs:196:28
[INFO] [stdout]   38:     0x630ee2596646 - tokio::runtime::context::runtime::enter_runtime::h0d40c5b59df3b309
[INFO] [stdout]                                at /opt/rustwide/cargo-home/registry/src/index.crates.io-1949cf8c6b5b557f/tokio-1.43.0/src/runtime/context/runtime.rs:65:16
[INFO] [stdout]   39:     0x630ee258c4a1 - tokio::runtime::scheduler::current_thread::CurrentThread::block_on::h864f252f651a5f32
[INFO] [stdout]                                at /opt/rustwide/cargo-home/registry/src/index.crates.io-1949cf8c6b5b557f/tokio-1.43.0/src/runtime/scheduler/current_thread/mod.rs:184:9
[INFO] [stdout]   40:     0x630ee25a4063 - tokio::runtime::runtime::Runtime::block_on_inner::hcef52edbb15717d2
[INFO] [stdout]                                at /opt/rustwide/cargo-home/registry/src/index.crates.io-1949cf8c6b5b557f/tokio-1.43.0/src/runtime/runtime.rs:368:47
[INFO] [stdout]   41:     0x630ee25a4257 - tokio::runtime::runtime::Runtime::block_on::he8e3421083688a8c
[INFO] [stdout]                                at /opt/rustwide/cargo-home/registry/src/index.crates.io-1949cf8c6b5b557f/tokio-1.43.0/src/runtime/runtime.rs:342:13
[INFO] [stdout]   42:     0x630ee25897a1 - api::health::check::h4bc3b3f894c62c0f
[INFO] [stdout]                                at /opt/rustwide/workdir/api/shuttle/tests/api/health.rs:16:5
[INFO] [stdout]   43:     0x630ee2589647 - api::health::check::{{closure}}::h747edc19cbe0a283
[INFO] [stdout]                                at /opt/rustwide/workdir/api/shuttle/tests/api/health.rs:4:17
[INFO] [stdout]   44:     0x630ee25720c6 - core::ops::function::FnOnce::call_once::hd31b0ed61e923b52
[INFO] [stdout]                                at /rustc/6067b36314ab5eb2eb47cecc464545ba58e1ad24/library/core/src/ops/function.rs:250:5
[INFO] [stdout]   45:     0x630ee28dd92b - core::ops::function::FnOnce::call_once::he27718dfdd183f43
[INFO] [stdout]                                at /rustc/6067b36314ab5eb2eb47cecc464545ba58e1ad24/library/core/src/ops/function.rs:250:5
[INFO] [stdout]   46:     0x630ee28dd92b - test::__rust_begin_short_backtrace::h4e84902998457a5d
[INFO] [stdout]                                at /rustc/6067b36314ab5eb2eb47cecc464545ba58e1ad24/library/test/src/lib.rs:632:18
[INFO] [stdout]   47:     0x630ee28dc863 - test::run_test_in_process::{{closure}}::h7176fd18fc1feca0
[INFO] [stdout]                                at /rustc/6067b36314ab5eb2eb47cecc464545ba58e1ad24/library/test/src/lib.rs:655:60
[INFO] [stdout]   48:     0x630ee28dc863 - <core::panic::unwind_safe::AssertUnwindSafe<F> as core::ops::function::FnOnce<()>>::call_once::hf79cff2a624d8cf7
[INFO] [stdout]                                at /rustc/6067b36314ab5eb2eb47cecc464545ba58e1ad24/library/core/src/panic/unwind_safe.rs:272:9
[INFO] [stdout]   49:     0x630ee28dc863 - std::panicking::try::do_call::h3da0561d9ab99c25
[INFO] [stdout]                                at /rustc/6067b36314ab5eb2eb47cecc464545ba58e1ad24/library/std/src/panicking.rs:587:40
[INFO] [stdout]   50:     0x630ee28dc863 - std::panicking::try::h41c9fa508bc61df6
[INFO] [stdout]                                at /rustc/6067b36314ab5eb2eb47cecc464545ba58e1ad24/library/std/src/panicking.rs:550:19
[INFO] [stdout]   51:     0x630ee28dc863 - std::panic::catch_unwind::h6b3ff07bb5afad93
[INFO] [stdout]                                at /rustc/6067b36314ab5eb2eb47cecc464545ba58e1ad24/library/std/src/panic.rs:358:14
[INFO] [stdout]   52:     0x630ee28dc863 - test::run_test_in_process::hc7253dd11b39b9f4
[INFO] [stdout]                                at /rustc/6067b36314ab5eb2eb47cecc464545ba58e1ad24/library/test/src/lib.rs:655:27
[INFO] [stdout]   53:     0x630ee28dc863 - test::run_test::{{closure}}::hfb2007f8649c30bb
[INFO] [stdout]                                at /rustc/6067b36314ab5eb2eb47cecc464545ba58e1ad24/library/test/src/lib.rs:576:43
[INFO] [stdout]   54:     0x630ee289f945 - test::run_test::{{closure}}::h56a17aa7a282a9f4
[INFO] [stdout]                                at /rustc/6067b36314ab5eb2eb47cecc464545ba58e1ad24/library/test/src/lib.rs:606:41
[INFO] [stdout]   55:     0x630ee289f945 - std::sys::backtrace::__rust_begin_short_backtrace::hd2d2d2fb8e8c6aac
[INFO] [stdout]                                at /rustc/6067b36314ab5eb2eb47cecc464545ba58e1ad24/library/std/src/sys/backtrace.rs:152:18
[INFO] [stdout]   56:     0x630ee28a322a - std::thread::Builder::spawn_unchecked_::{{closure}}::{{closure}}::h4faa3f9db6133423
[INFO] [stdout]                                at /rustc/6067b36314ab5eb2eb47cecc464545ba58e1ad24/library/std/src/thread/mod.rs:559:17
[INFO] [stdout]   57:     0x630ee28a322a - <core::panic::unwind_safe::AssertUnwindSafe<F> as core::ops::function::FnOnce<()>>::call_once::hf2e855a36a4ea846
[INFO] [stdout]                                at /rustc/6067b36314ab5eb2eb47cecc464545ba58e1ad24/library/core/src/panic/unwind_safe.rs:272:9
[INFO] [stdout]   58:     0x630ee28a322a - std::panicking::try::do_call::h2f73af3616c35465
[INFO] [stdout]                                at /rustc/6067b36314ab5eb2eb47cecc464545ba58e1ad24/library/std/src/panicking.rs:587:40
[INFO] [stdout]   59:     0x630ee28a322a - std::panicking::try::hd1660ce9efadef5a
[INFO] [stdout]                                at /rustc/6067b36314ab5eb2eb47cecc464545ba58e1ad24/library/std/src/panicking.rs:550:19
[INFO] [stdout]   60:     0x630ee28a322a - std::panic::catch_unwind::h5ee8d7823b8ca744
[INFO] [stdout]                                at /rustc/6067b36314ab5eb2eb47cecc464545ba58e1ad24/library/std/src/panic.rs:358:14
[INFO] [stdout]   61:     0x630ee28a322a - std::thread::Builder::spawn_unchecked_::{{closure}}::h53c3a1894dce8407
[INFO] [stdout]                                at /rustc/6067b36314ab5eb2eb47cecc464545ba58e1ad24/library/std/src/thread/mod.rs:557:30
[INFO] [stdout]   62:     0x630ee28a322a - core::ops::function::FnOnce::call_once{{vtable.shim}}::h048ce291ad4f62bf
[INFO] [stdout]                                at /rustc/6067b36314ab5eb2eb47cecc464545ba58e1ad24/library/core/src/ops/function.rs:250:5
[INFO] [stdout]   63:     0x630ee30b3ddb - <alloc::boxed::Box<F,A> as core::ops::function::FnOnce<Args>>::call_once::ha52bedf99a3b4981
[INFO] [stdout]                                at /rustc/6067b36314ab5eb2eb47cecc464545ba58e1ad24/library/alloc/src/boxed.rs:2013:9
[INFO] [stdout]   64:     0x630ee30b3ddb - <alloc::boxed::Box<F,A> as core::ops::function::FnOnce<Args>>::call_once::h567748934d80ccf8
[INFO] [stdout]                                at /rustc/6067b36314ab5eb2eb47cecc464545ba58e1ad24/library/alloc/src/boxed.rs:2013:9
[INFO] [stdout]   65:     0x630ee30b3ddb - std::sys::pal::unix::thread::Thread::new::thread_start::h2d970728ae887adc
[INFO] [stdout]                                at /rustc/6067b36314ab5eb2eb47cecc464545ba58e1ad24/library/std/src/sys/pal/unix/thread.rs:106:17
[INFO] [stdout]   66:     0x7e3125cf0ac3 - <unknown>
[INFO] [stdout]   67:     0x7e3125d81a04 - clone
[INFO] [stdout]   68:                0x0 - <unknown>
[INFO] [stdout] 
[INFO] [stdout] ---- user::remote_get_users stdout ----
[INFO] [stdout] 
[INFO] [stdout] thread 'user::remote_get_users' panicked at api/shuttle/tests/api/user.rs:230:10:
[INFO] [stdout] Failed to execute request.: reqwest::Error { kind: Request, url: Url { scheme: "https", cannot_be_a_base: false, username: "", password: None, host: Some(Domain("familyserver.shuttleapp.rs")), port: None, path: "/api/users", query: None, fragment: None }, source: hyper::Error(Connect, ConnectError("dns error", Custom { kind: Uncategorized, error: "failed to lookup address information: Temporary failure in name resolution" })) }
[INFO] [stdout] stack backtrace:
[INFO] [stdout]    0:     0x630ee30ad98a - std::backtrace_rs::backtrace::libunwind::trace::hb059275cfc8d6126
[INFO] [stdout]                                at /rustc/6067b36314ab5eb2eb47cecc464545ba58e1ad24/library/std/src/../../backtrace/src/backtrace/libunwind.rs:116:5
[INFO] [stdout]    1:     0x630ee30ad98a - std::backtrace_rs::backtrace::trace_unsynchronized::h2da071e4327ce3ee
[INFO] [stdout]                                at /rustc/6067b36314ab5eb2eb47cecc464545ba58e1ad24/library/std/src/../../backtrace/src/backtrace/mod.rs:66:5
[INFO] [stdout]    2:     0x630ee30ad98a - std::sys::backtrace::_print_fmt::h842a1474e6f8d23f
[INFO] [stdout]                                at /rustc/6067b36314ab5eb2eb47cecc464545ba58e1ad24/library/std/src/sys/backtrace.rs:66:9
[INFO] [stdout]    3:     0x630ee30ad98a - <std::sys::backtrace::BacktraceLock::print::DisplayBacktrace as core::fmt::Display>::fmt::h71a62eb3b9696b12
[INFO] [stdout]                                at /rustc/6067b36314ab5eb2eb47cecc464545ba58e1ad24/library/std/src/sys/backtrace.rs:39:26
[INFO] [stdout]    4:     0x630ee30da9b3 - core::fmt::rt::Argument::fmt::hdb6b616786b41dc1
[INFO] [stdout]                                at /rustc/6067b36314ab5eb2eb47cecc464545ba58e1ad24/library/core/src/fmt/rt.rs:177:76
[INFO] [stdout]    5:     0x630ee30da9b3 - core::fmt::write::h2cc1698af7e2d686
[INFO] [stdout]                                at /rustc/6067b36314ab5eb2eb47cecc464545ba58e1ad24/library/core/src/fmt/mod.rs:1440:21
[INFO] [stdout]    6:     0x630ee30a9373 - std::io::Write::write_fmt::hab1b4cd059a79022
[INFO] [stdout]                                at /rustc/6067b36314ab5eb2eb47cecc464545ba58e1ad24/library/std/src/io/mod.rs:1887:15
[INFO] [stdout]    7:     0x630ee30ad7d2 - std::sys::backtrace::BacktraceLock::print::h147fe35b4ea13b08
[INFO] [stdout]                                at /rustc/6067b36314ab5eb2eb47cecc464545ba58e1ad24/library/std/src/sys/backtrace.rs:42:9
[INFO] [stdout]    8:     0x630ee30aedaf - std::panicking::default_hook::{{closure}}::hbd44223dbdc0d208
[INFO] [stdout]                                at /rustc/6067b36314ab5eb2eb47cecc464545ba58e1ad24/library/std/src/panicking.rs:298:22
[INFO] [stdout]    9:     0x630ee30aebc8 - std::panicking::default_hook::h20f81eb0576efcec
[INFO] [stdout]                                at /rustc/6067b36314ab5eb2eb47cecc464545ba58e1ad24/library/std/src/panicking.rs:322:9
[INFO] [stdout]   10:     0x630ee28d81d3 - <alloc::boxed::Box<F,A> as core::ops::function::Fn<Args>>::call::hdb53814c496a4d34
[INFO] [stdout]                                at /rustc/6067b36314ab5eb2eb47cecc464545ba58e1ad24/library/alloc/src/boxed.rs:2027:9
[INFO] [stdout]   11:     0x630ee28d81d3 - test::test_main::{{closure}}::hc0a4963c59427c24
[INFO] [stdout]                                at /rustc/6067b36314ab5eb2eb47cecc464545ba58e1ad24/library/test/src/lib.rs:134:21
[INFO] [stdout]   12:     0x630ee30af8a3 - <alloc::boxed::Box<F,A> as core::ops::function::Fn<Args>>::call::h591b2225413a77e9
[INFO] [stdout]                                at /rustc/6067b36314ab5eb2eb47cecc464545ba58e1ad24/library/alloc/src/boxed.rs:2027:9
[INFO] [stdout]   13:     0x630ee30af8a3 - std::panicking::rust_panic_with_hook::h625eea43051b2edc
[INFO] [stdout]                                at /rustc/6067b36314ab5eb2eb47cecc464545ba58e1ad24/library/std/src/panicking.rs:839:13
[INFO] [stdout]   14:     0x630ee30af55a - std::panicking::begin_panic_handler::{{closure}}::h4f9159cfbc3f6bd3
[INFO] [stdout]                                at /rustc/6067b36314ab5eb2eb47cecc464545ba58e1ad24/library/std/src/panicking.rs:704:13
[INFO] [stdout]   15:     0x630ee30ade89 - std::sys::backtrace::__rust_end_short_backtrace::h0390abce48353151
[INFO] [stdout]                                at /rustc/6067b36314ab5eb2eb47cecc464545ba58e1ad24/library/std/src/sys/backtrace.rs:168:18
[INFO] [stdout]   16:     0x630ee30af1ed - rust_begin_unwind
[INFO] [stdout]                                at /rustc/6067b36314ab5eb2eb47cecc464545ba58e1ad24/library/std/src/panicking.rs:695:5
[INFO] [stdout]   17:     0x630ee30d8260 - core::panicking::panic_fmt::h9e7c637e9e5f29c9
[INFO] [stdout]                                at /rustc/6067b36314ab5eb2eb47cecc464545ba58e1ad24/library/core/src/panicking.rs:75:14
[INFO] [stdout]   18:     0x630ee30d8736 - core::result::unwrap_failed::h7979f09313fe1849
[INFO] [stdout]                                at /rustc/6067b36314ab5eb2eb47cecc464545ba58e1ad24/library/core/src/result.rs:1704:5
[INFO] [stdout]   19:     0x630ee2594cdf - core::result::Result<T,E>::expect::h4d27a2e4d010164d
[INFO] [stdout]                                at /rustc/6067b36314ab5eb2eb47cecc464545ba58e1ad24/library/core/src/result.rs:1061:23
[INFO] [stdout]   20:     0x630ee256cd82 - api::user::remote_get_users::{{closure}}::h710c78bd7e8f3fbf
[INFO] [stdout]                                at /opt/rustwide/workdir/api/shuttle/tests/api/user.rs:224:15
[INFO] [stdout]   21:     0x630ee257dfb2 - <core::pin::Pin<P> as core::future::future::Future>::poll::ha83eae032816bd95
[INFO] [stdout]                                at /rustc/6067b36314ab5eb2eb47cecc464545ba58e1ad24/library/core/src/future/future.rs:124:9
[INFO] [stdout]   22:     0x630ee257e04d - <core::pin::Pin<P> as core::future::future::Future>::poll::hc9cd0048d91e1e5c
[INFO] [stdout]                                at /rustc/6067b36314ab5eb2eb47cecc464545ba58e1ad24/library/core/src/future/future.rs:124:9
[INFO] [stdout]   23:     0x630ee258fe9f - tokio::runtime::scheduler::current_thread::CoreGuard::block_on::{{closure}}::{{closure}}::{{closure}}::h808c08a0f62f124b
[INFO] [stdout]                                at /opt/rustwide/cargo-home/registry/src/index.crates.io-1949cf8c6b5b557f/tokio-1.43.0/src/runtime/scheduler/current_thread/mod.rs:729:57
[INFO] [stdout]   24:     0x630ee258fd85 - tokio::runtime::coop::with_budget::hefe3dc496233f24d
[INFO] [stdout]                                at /opt/rustwide/cargo-home/registry/src/index.crates.io-1949cf8c6b5b557f/tokio-1.43.0/src/runtime/coop.rs:107:5
[INFO] [stdout]   25:     0x630ee258fd85 - tokio::runtime::coop::budget::h6874c435837d5882
[INFO] [stdout]                                at /opt/rustwide/cargo-home/registry/src/index.crates.io-1949cf8c6b5b557f/tokio-1.43.0/src/runtime/coop.rs:73:5
[INFO] [stdout]   26:     0x630ee258fd85 - tokio::runtime::scheduler::current_thread::CoreGuard::block_on::{{closure}}::{{closure}}::h91327a3857a745ab
[INFO] [stdout]                                at /opt/rustwide/cargo-home/registry/src/index.crates.io-1949cf8c6b5b557f/tokio-1.43.0/src/runtime/scheduler/current_thread/mod.rs:729:25
[INFO] [stdout]   27:     0x630ee258da20 - tokio::runtime::scheduler::current_thread::Context::enter::hcde4c4e54e15d40e
[INFO] [stdout]                                at /opt/rustwide/cargo-home/registry/src/index.crates.io-1949cf8c6b5b557f/tokio-1.43.0/src/runtime/scheduler/current_thread/mod.rs:428:19
[INFO] [stdout]   28:     0x630ee258ebdb - tokio::runtime::scheduler::current_thread::CoreGuard::block_on::{{closure}}::h4ca844872562bc65
[INFO] [stdout]                                at /opt/rustwide/cargo-home/registry/src/index.crates.io-1949cf8c6b5b557f/tokio-1.43.0/src/runtime/scheduler/current_thread/mod.rs:728:36
[INFO] [stdout]   29:     0x630ee258e8e4 - tokio::runtime::scheduler::current_thread::CoreGuard::enter::{{closure}}::h97e1cc7f70920921
[INFO] [stdout]                                at /opt/rustwide/cargo-home/registry/src/index.crates.io-1949cf8c6b5b557f/tokio-1.43.0/src/runtime/scheduler/current_thread/mod.rs:807:68
[INFO] [stdout]   30:     0x630ee259637b - tokio::runtime::context::scoped::Scoped<T>::set::hcc57895600c0b070
[INFO] [stdout]                                at /opt/rustwide/cargo-home/registry/src/index.crates.io-1949cf8c6b5b557f/tokio-1.43.0/src/runtime/context/scoped.rs:40:9
[INFO] [stdout]   31:     0x630ee259c8c9 - tokio::runtime::context::set_scheduler::{{closure}}::hcca9214f0e52656d
[INFO] [stdout]                                at /opt/rustwide/cargo-home/registry/src/index.crates.io-1949cf8c6b5b557f/tokio-1.43.0/src/runtime/context.rs:180:26
[INFO] [stdout]   32:     0x630ee25a1322 - std::thread::local::LocalKey<T>::try_with::h4d4bf8cfbf9e4c12
[INFO] [stdout]                                at /rustc/6067b36314ab5eb2eb47cecc464545ba58e1ad24/library/std/src/thread/local.rs:308:12
[INFO] [stdout]   33:     0x630ee25a0cda - std::thread::local::LocalKey<T>::with::hfe2240557574dace
[INFO] [stdout]                                at /rustc/6067b36314ab5eb2eb47cecc464545ba58e1ad24/library/std/src/thread/local.rs:272:9
[INFO] [stdout]   34:     0x630ee259c83d - tokio::runtime::context::set_scheduler::haa3af18004648133
[INFO] [stdout]                                at /opt/rustwide/cargo-home/registry/src/index.crates.io-1949cf8c6b5b557f/tokio-1.43.0/src/runtime/context.rs:180:9
[INFO] [stdout]   35:     0x630ee258e250 - tokio::runtime::scheduler::current_thread::CoreGuard::enter::h364d2ca1e0260790
[INFO] [stdout]                                at /opt/rustwide/cargo-home/registry/src/index.crates.io-1949cf8c6b5b557f/tokio-1.43.0/src/runtime/scheduler/current_thread/mod.rs:807:27
[INFO] [stdout]   36:     0x630ee258e963 - tokio::runtime::scheduler::current_thread::CoreGuard::block_on::hdb849261e9991985
[INFO] [stdout]                                at /opt/rustwide/cargo-home/registry/src/index.crates.io-1949cf8c6b5b557f/tokio-1.43.0/src/runtime/scheduler/current_thread/mod.rs:716:19
[INFO] [stdout]   37:     0x630ee258c6ee - tokio::runtime::scheduler::current_thread::CurrentThread::block_on::{{closure}}::h13ac0c6ea617bc69
[INFO] [stdout]                                at /opt/rustwide/cargo-home/registry/src/index.crates.io-1949cf8c6b5b557f/tokio-1.43.0/src/runtime/scheduler/current_thread/mod.rs:196:28
[INFO] [stdout]   38:     0x630ee2596646 - tokio::runtime::context::runtime::enter_runtime::h0d40c5b59df3b309
[INFO] [stdout]                                at /opt/rustwide/cargo-home/registry/src/index.crates.io-1949cf8c6b5b557f/tokio-1.43.0/src/runtime/context/runtime.rs:65:16
[INFO] [stdout]   39:     0x630ee258c4a1 - tokio::runtime::scheduler::current_thread::CurrentThread::block_on::h864f252f651a5f32
[INFO] [stdout]                                at /opt/rustwide/cargo-home/registry/src/index.crates.io-1949cf8c6b5b557f/tokio-1.43.0/src/runtime/scheduler/current_thread/mod.rs:184:9
[INFO] [stdout]   40:     0x630ee25a4063 - tokio::runtime::runtime::Runtime::block_on_inner::hcef52edbb15717d2
[INFO] [stdout]                                at /opt/rustwide/cargo-home/registry/src/index.crates.io-1949cf8c6b5b557f/tokio-1.43.0/src/runtime/runtime.rs:368:47
[INFO] [stdout]   41:     0x630ee25a4257 - tokio::runtime::runtime::Runtime::block_on::he8e3421083688a8c
[INFO] [stdout]                                at /opt/rustwide/cargo-home/registry/src/index.crates.io-1949cf8c6b5b557f/tokio-1.43.0/src/runtime/runtime.rs:342:13
[INFO] [stdout]   42:     0x630ee256be9e - api::user::remote_get_users::h429dcff6e3005c0a
[INFO] [stdout]                                at /opt/rustwide/workdir/api/shuttle/tests/api/user.rs:232:5
[INFO] [stdout]   43:     0x630ee256bd47 - api::user::remote_get_users::{{closure}}::h585073a10e6d75de
[INFO] [stdout]                                at /opt/rustwide/workdir/api/shuttle/tests/api/user.rs:215:28
[INFO] [stdout]   44:     0x630ee2571fa6 - core::ops::function::FnOnce::call_once::h9642e7d0464e3294
[INFO] [stdout]                                at /rustc/6067b36314ab5eb2eb47cecc464545ba58e1ad24/library/core/src/ops/function.rs:250:5
[INFO] [stdout]   45:     0x630ee28dd92b - core::ops::function::FnOnce::call_once::he27718dfdd183f43
[INFO] [stdout]                                at /rustc/6067b36314ab5eb2eb47cecc464545ba58e1ad24/library/core/src/ops/function.rs:250:5
[INFO] [stdout]   46:     0x630ee28dd92b - test::__rust_begin_short_backtrace::h4e84902998457a5d
[INFO] [stdout]                                at /rustc/6067b36314ab5eb2eb47cecc464545ba58e1ad24/library/test/src/lib.rs:632:18
[INFO] [stdout]   47:     0x630ee28dc863 - test::run_test_in_process::{{closure}}::h7176fd18fc1feca0
[INFO] [stdout]                                at /rustc/6067b36314ab5eb2eb47cecc464545ba58e1ad24/library/test/src/lib.rs:655:60
[INFO] [stdout]   48:     0x630ee28dc863 - <core::panic::unwind_safe::AssertUnwindSafe<F> as core::ops::function::FnOnce<()>>::call_once::hf79cff2a624d8cf7
[INFO] [stdout]                                at /rustc/6067b36314ab5eb2eb47cecc464545ba58e1ad24/library/core/src/panic/unwind_safe.rs:272:9
[INFO] [stdout]   49:     0x630ee28dc863 - std::panicking::try::do_call::h3da0561d9ab99c25
[INFO] [stdout]                                at /rustc/6067b36314ab5eb2eb47cecc464545ba58e1ad24/library/std/src/panicking.rs:587:40
[INFO] [stdout]   50:     0x630ee28dc863 - std::panicking::try::h41c9fa508bc61df6
[INFO] [stdout]                                at /rustc/6067b36314ab5eb2eb47cecc464545ba58e1ad24/library/std/src/panicking.rs:550:19
[INFO] [stdout]   51:     0x630ee28dc863 - std::panic::catch_unwind::h6b3ff07bb5afad93
[INFO] [stdout]                                at /rustc/6067b36314ab5eb2eb47cecc464545ba58e1ad24/library/std/src/panic.rs:358:14
[INFO] [stdout]   52:     0x630ee28dc863 - test::run_test_in_process::hc7253dd11b39b9f4
[INFO] [stdout]                                at /rustc/6067b36314ab5eb2eb47cecc464545ba58e1ad24/library/test/src/lib.rs:655:27
[INFO] [stdout]   53:     0x630ee28dc863 - test::run_test::{{closure}}::hfb2007f8649c30bb
[INFO] [stdout]                                at /rustc/6067b36314ab5eb2eb47cecc464545ba58e1ad24/library/test/src/lib.rs:576:43
[INFO] [stdout]   54:     0x630ee289f945 - test::run_test::{{closure}}::h56a17aa7a282a9f4
[INFO] [stdout]                                at /rustc/6067b36314ab5eb2eb47cecc464545ba58e1ad24/library/test/src/lib.rs:606:41
[INFO] [stdout]   55:     0x630ee289f945 - std::sys::backtrace::__rust_begin_short_backtrace::hd2d2d2fb8e8c6aac
[INFO] [stdout]                                at /rustc/6067b36314ab5eb2eb47cecc464545ba58e1ad24/library/std/src/sys/backtrace.rs:152:18
[INFO] [stdout]   56:     0x630ee28a322a - std::thread::Builder::spawn_unchecked_::{{closure}}::{{closure}}::h4faa3f9db6133423
[INFO] [stdout]                                at /rustc/6067b36314ab5eb2eb47cecc464545ba58e1ad24/library/std/src/thread/mod.rs:559:17
[INFO] [stdout]   57:     0x630ee28a322a - <core::panic::unwind_safe::AssertUnwindSafe<F> as core::ops::function::FnOnce<()>>::call_once::hf2e855a36a4ea846
[INFO] [stdout]                                at /rustc/6067b36314ab5eb2eb47cecc464545ba58e1ad24/library/core/src/panic/unwind_safe.rs:272:9
[INFO] [stdout]   58:     0x630ee28a322a - std::panicking::try::do_call::h2f73af3616c35465
[INFO] [stdout]                                at /rustc/6067b36314ab5eb2eb47cecc464545ba58e1ad24/library/std/src/panicking.rs:587:40
[INFO] [stdout]   59:     0x630ee28a322a - std::panicking::try::hd1660ce9efadef5a
[INFO] [stdout]                                at /rustc/6067b36314ab5eb2eb47cecc464545ba58e1ad24/library/std/src/panicking.rs:550:19
[INFO] [stdout]   60:     0x630ee28a322a - std::panic::catch_unwind::h5ee8d7823b8ca744
[INFO] [stdout]                                at /rustc/6067b36314ab5eb2eb47cecc464545ba58e1ad24/library/std/src/panic.rs:358:14
[INFO] [stdout]   61:     0x630ee28a322a - std::thread::Builder::spawn_unchecked_::{{closure}}::h53c3a1894dce8407
[INFO] [stdout]                                at /rustc/6067b36314ab5eb2eb47cecc464545ba58e1ad24/library/std/src/thread/mod.rs:557:30
[INFO] [stdout]   62:     0x630ee28a322a - core::ops::function::FnOnce::call_once{{vtable.shim}}::h048ce291ad4f62bf
[INFO] [stdout]                                at /rustc/6067b36314ab5eb2eb47cecc464545ba58e1ad24/library/core/src/ops/function.rs:250:5
[INFO] [stdout]   63:     0x630ee30b3ddb - <alloc::boxed::Box<F,A> as core::ops::function::FnOnce<Args>>::call_once::ha52bedf99a3b4981
[INFO] [stdout]                                at /rustc/6067b36314ab5eb2eb47cecc464545ba58e1ad24/library/alloc/src/boxed.rs:2013:9
[INFO] [stdout]   64:     0x630ee30b3ddb - <alloc::boxed::Box<F,A> as core::ops::function::FnOnce<Args>>::call_once::h567748934d80ccf8
[INFO] [stdout]                                at /rustc/6067b36314ab5eb2eb47cecc464545ba58e1ad24/library/alloc/src/boxed.rs:2013:9
[INFO] [stdout]   65:     0x630ee30b3ddb - std::sys::pal::unix::thread::Thread::new::thread_start::h2d970728ae887adc
[INFO] [stdout]                                at /rustc/6067b36314ab5eb2eb47cecc464545ba58e1ad24/library/std/src/sys/pal/unix/thread.rs:106:17
[INFO] [stdout]   66:     0x7e3125cf0ac3 - <unknown>
[INFO] [stdout]   67:     0x7e3125d81a04 - clone
[INFO] [stdout]   68:                0x0 - <unknown>
[INFO] [stdout] 
[INFO] [stdout] 
[INFO] [stdout] failures:
[INFO] [stdout]     health::check
[INFO] [stdout]     health_local::check_local
[INFO] [stdout]     user::local_get_users
[INFO] [stdout]     user::local_user_lifecycle
[INFO] [stdout]     user::remote_get_users
[INFO] [stdout] 
[INFO] [stdout] test result: FAILED. 0 passed; 5 failed; 0 ignored; 0 measured; 0 filtered out; finished in 0.33s
[INFO] [stdout] 
[INFO] [stderr] error: test failed, to rerun pass `-p api-shuttle --test api`
[INFO] running `Command { std: "docker" "inspect" "bbddf910156e429bcd38c8d41ab30637f2a3d47b073f235f42a833e8de007fa9", kill_on_drop: false }`
[INFO] running `Command { std: "docker" "rm" "-f" "bbddf910156e429bcd38c8d41ab30637f2a3d47b073f235f42a833e8de007fa9", kill_on_drop: false }`
[INFO] [stdout] bbddf910156e429bcd38c8d41ab30637f2a3d47b073f235f42a833e8de007fa9
