[INFO] cloning repository https://github.com/crcarrick/advent-of-code
[INFO] running `Command { std: "git" "-c" "credential.helper=" "-c" "credential.helper=/workspace/cargo-home/bin/git-credential-null" "clone" "--bare" "https://github.com/crcarrick/advent-of-code" "/workspace/cache/git-repos/https%3A%2F%2Fgithub.com%2Fcrcarrick%2Fadvent-of-code", kill_on_drop: false }`
[INFO] [stderr] Cloning into bare repository '/workspace/cache/git-repos/https%3A%2F%2Fgithub.com%2Fcrcarrick%2Fadvent-of-code'...
[INFO] running `Command { std: "git" "rev-parse" "HEAD", kill_on_drop: false }`
[INFO] [stdout] 426f530754bc5ec4f5ca5854656cfd2ee703d75a
[INFO] testing crcarrick/advent-of-code against nightly-2025-01-18+rustflags=-Zrandomize-layout for randomize-layout-2
[INFO] running `Command { std: "git" "clone" "/workspace/cache/git-repos/https%3A%2F%2Fgithub.com%2Fcrcarrick%2Fadvent-of-code" "/workspace/builds/worker-6-tc2/source", kill_on_drop: false }`
[INFO] [stderr] Cloning into '/workspace/builds/worker-6-tc2/source'...
[INFO] [stderr] done.
[INFO] validating manifest of git repo https://github.com/crcarrick/advent-of-code on toolchain nightly-2025-01-18
[INFO] running `Command { std: CARGO_HOME="/workspace/cargo-home" RUSTUP_HOME="/workspace/rustup-home" "/workspace/cargo-home/bin/cargo" "+nightly-2025-01-18" "metadata" "--manifest-path" "Cargo.toml" "--no-deps", kill_on_drop: false }`
[INFO] started tweaking git repo https://github.com/crcarrick/advent-of-code
[INFO] finished tweaking git repo https://github.com/crcarrick/advent-of-code
[INFO] tweaked toml for git repo https://github.com/crcarrick/advent-of-code written to /workspace/builds/worker-6-tc2/source/Cargo.toml
[INFO] crate git repo https://github.com/crcarrick/advent-of-code already has a lockfile, it will not be regenerated
[INFO] running `Command { std: CARGO_HOME="/workspace/cargo-home" RUSTUP_HOME="/workspace/rustup-home" "/workspace/cargo-home/bin/cargo" "+nightly-2025-01-18" "fetch" "--manifest-path" "Cargo.toml", kill_on_drop: false }`
[INFO] [stderr] warning: virtual workspace defaulting to `resolver = "1"` despite one or more workspace members being on edition 2021 which implies `resolver = "2"`
[INFO] [stderr] note: to keep the current resolver, specify `workspace.resolver = "1"` in the workspace root's manifest
[INFO] [stderr] note: to use the edition 2021 resolver, specify `workspace.resolver = "2"` in the workspace root's manifest
[INFO] [stderr] note: for more details see https://doc.rust-lang.org/cargo/reference/resolver.html#resolver-versions
[INFO] running `Command { std: "docker" "create" "-v" "/var/lib/crater-agent-workspace/builds/worker-6-tc2/target:/opt/rustwide/target:rw,Z" "-v" "/var/lib/crater-agent-workspace/builds/worker-6-tc2/source:/opt/rustwide/workdir:ro,Z" "-v" "/var/lib/crater-agent-workspace/cargo-home:/opt/rustwide/cargo-home:ro,Z" "-v" "/var/lib/crater-agent-workspace/rustup-home:/opt/rustwide/rustup-home:ro,Z" "-e" "SOURCE_DIR=/opt/rustwide/workdir" "-e" "CARGO_TARGET_DIR=/opt/rustwide/target" "-e" "CARGO_HOME=/opt/rustwide/cargo-home" "-e" "RUSTUP_HOME=/opt/rustwide/rustup-home" "-w" "/opt/rustwide/workdir" "-m" "1610612736" "--user" "0:0" "--network" "none" "ghcr.io/rust-lang/crates-build-env/linux@sha256:819108c5571ea2e421544af4d832f968d213c87fbe3707a016657f43d2f853bc" "/opt/rustwide/cargo-home/bin/cargo" "+nightly-2025-01-18" "metadata" "--no-deps" "--format-version=1", kill_on_drop: false }`
[INFO] [stdout] 17f94345170b5dcb58ddaac7c7e24eef9e9132006d424bdf385c09bea8cf91f4
[INFO] running `Command { std: "docker" "start" "-a" "17f94345170b5dcb58ddaac7c7e24eef9e9132006d424bdf385c09bea8cf91f4", kill_on_drop: false }`
[INFO] running `Command { std: "docker" "inspect" "17f94345170b5dcb58ddaac7c7e24eef9e9132006d424bdf385c09bea8cf91f4", kill_on_drop: false }`
[INFO] running `Command { std: "docker" "rm" "-f" "17f94345170b5dcb58ddaac7c7e24eef9e9132006d424bdf385c09bea8cf91f4", kill_on_drop: false }`
[INFO] [stdout] 17f94345170b5dcb58ddaac7c7e24eef9e9132006d424bdf385c09bea8cf91f4
[INFO] running `Command { std: "docker" "create" "-v" "/var/lib/crater-agent-workspace/builds/worker-6-tc2/target:/opt/rustwide/target:rw,Z" "-v" "/var/lib/crater-agent-workspace/builds/worker-6-tc2/source:/opt/rustwide/workdir:ro,Z" "-v" "/var/lib/crater-agent-workspace/cargo-home:/opt/rustwide/cargo-home:ro,Z" "-v" "/var/lib/crater-agent-workspace/rustup-home:/opt/rustwide/rustup-home:ro,Z" "-e" "SOURCE_DIR=/opt/rustwide/workdir" "-e" "CARGO_TARGET_DIR=/opt/rustwide/target" "-e" "CARGO_INCREMENTAL=0" "-e" "RUST_BACKTRACE=full" "-e" "RUSTFLAGS=--cap-lints=forbid -Zrandomize-layout" "-e" "RUSTDOCFLAGS=--cap-lints=forbid" "-e" "CARGO_HOME=/opt/rustwide/cargo-home" "-e" "RUSTUP_HOME=/opt/rustwide/rustup-home" "-w" "/opt/rustwide/workdir" "-m" "1610612736" "--user" "0:0" "--network" "none" "ghcr.io/rust-lang/crates-build-env/linux@sha256:819108c5571ea2e421544af4d832f968d213c87fbe3707a016657f43d2f853bc" "/opt/rustwide/cargo-home/bin/cargo" "+nightly-2025-01-18" "build" "--frozen" "--message-format=json", kill_on_drop: false }`
[INFO] [stdout] 79fc95007e9a8b30d75b60ee18b54de094b0382214dadd05b41ca583d7897d61
[INFO] running `Command { std: "docker" "start" "-a" "79fc95007e9a8b30d75b60ee18b54de094b0382214dadd05b41ca583d7897d61", kill_on_drop: false }`
[INFO] [stderr] warning: virtual workspace defaulting to `resolver = "1"` despite one or more workspace members being on edition 2021 which implies `resolver = "2"`
[INFO] [stderr] note: to keep the current resolver, specify `workspace.resolver = "1"` in the workspace root's manifest
[INFO] [stderr] note: to use the edition 2021 resolver, specify `workspace.resolver = "2"` in the workspace root's manifest
[INFO] [stderr] note: for more details see https://doc.rust-lang.org/cargo/reference/resolver.html#resolver-versions
[INFO] [stderr] warning: output filename collision.
[INFO] [stderr] The bin target `part_a` in package `day_02 v0.1.0 (/opt/rustwide/workdir/2022/day_02)` has the same output filename as the bin target `part_a` in package `day_01 v0.1.0 (/opt/rustwide/workdir/2022/day_01)`.
[INFO] [stderr] Colliding filename is: /opt/rustwide/target/debug/part_a
[INFO] [stderr] The targets should have unique names.
[INFO] [stderr] Consider changing their names to be unique or compiling them separately.
[INFO] [stderr] This may become a hard error in the future; see <https://github.com/rust-lang/cargo/issues/6313>.
[INFO] [stderr] warning: output filename collision.
[INFO] [stderr] The bin target `part_a` in package `day_02 v0.1.0 (/opt/rustwide/workdir/2022/day_02)` has the same output filename as the bin target `part_a` in package `day_01 v0.1.0 (/opt/rustwide/workdir/2022/day_01)`.
[INFO] [stderr] Colliding filename is: /opt/rustwide/target/debug/part_a.dwp
[INFO] [stderr] The targets should have unique names.
[INFO] [stderr] Consider changing their names to be unique or compiling them separately.
[INFO] [stderr] This may become a hard error in the future; see <https://github.com/rust-lang/cargo/issues/6313>.
[INFO] [stderr] warning: output filename collision.
[INFO] [stderr] The bin target `part_b` in package `day_02 v0.1.0 (/opt/rustwide/workdir/2022/day_02)` has the same output filename as the bin target `part_b` in package `day_01 v0.1.0 (/opt/rustwide/workdir/2022/day_01)`.
[INFO] [stderr] Colliding filename is: /opt/rustwide/target/debug/part_b
[INFO] [stderr] The targets should have unique names.
[INFO] [stderr] Consider changing their names to be unique or compiling them separately.
[INFO] [stderr] This may become a hard error in the future; see <https://github.com/rust-lang/cargo/issues/6313>.
[INFO] [stderr] warning: output filename collision.
[INFO] [stderr] The bin target `part_b` in package `day_02 v0.1.0 (/opt/rustwide/workdir/2022/day_02)` has the same output filename as the bin target `part_b` in package `day_01 v0.1.0 (/opt/rustwide/workdir/2022/day_01)`.
[INFO] [stderr] Colliding filename is: /opt/rustwide/target/debug/part_b.dwp
[INFO] [stderr] The targets should have unique names.
[INFO] [stderr] Consider changing their names to be unique or compiling them separately.
[INFO] [stderr] This may become a hard error in the future; see <https://github.com/rust-lang/cargo/issues/6313>.
[INFO] [stderr] warning: output filename collision.
[INFO] [stderr] The bin target `part_a` in package `day_03 v0.1.0 (/opt/rustwide/workdir/2022/day_03)` has the same output filename as the bin target `part_a` in package `day_02 v0.1.0 (/opt/rustwide/workdir/2022/day_02)`.
[INFO] [stderr] Colliding filename is: /opt/rustwide/target/debug/part_a
[INFO] [stderr] The targets should have unique names.
[INFO] [stderr] Consider changing their names to be unique or compiling them separately.
[INFO] [stderr] This may become a hard error in the future; see <https://github.com/rust-lang/cargo/issues/6313>.
[INFO] [stderr] warning: output filename collision.
[INFO] [stderr] The bin target `part_a` in package `day_03 v0.1.0 (/opt/rustwide/workdir/2022/day_03)` has the same output filename as the bin target `part_a` in package `day_02 v0.1.0 (/opt/rustwide/workdir/2022/day_02)`.
[INFO] [stderr] Colliding filename is: /opt/rustwide/target/debug/part_a.dwp
[INFO] [stderr] The targets should have unique names.
[INFO] [stderr] Consider changing their names to be unique or compiling them separately.
[INFO] [stderr] This may become a hard error in the future; see <https://github.com/rust-lang/cargo/issues/6313>.
[INFO] [stderr] warning: output filename collision.
[INFO] [stderr] The bin target `part_b` in package `day_03 v0.1.0 (/opt/rustwide/workdir/2022/day_03)` has the same output filename as the bin target `part_b` in package `day_02 v0.1.0 (/opt/rustwide/workdir/2022/day_02)`.
[INFO] [stderr] Colliding filename is: /opt/rustwide/target/debug/part_b
[INFO] [stderr] The targets should have unique names.
[INFO] [stderr] Consider changing their names to be unique or compiling them separately.
[INFO] [stderr] This may become a hard error in the future; see <https://github.com/rust-lang/cargo/issues/6313>.
[INFO] [stderr] warning: output filename collision.
[INFO] [stderr] The bin target `part_b` in package `day_03 v0.1.0 (/opt/rustwide/workdir/2022/day_03)` has the same output filename as the bin target `part_b` in package `day_02 v0.1.0 (/opt/rustwide/workdir/2022/day_02)`.
[INFO] [stderr] Colliding filename is: /opt/rustwide/target/debug/part_b.dwp
[INFO] [stderr] The targets should have unique names.
[INFO] [stderr] Consider changing their names to be unique or compiling them separately.
[INFO] [stderr] This may become a hard error in the future; see <https://github.com/rust-lang/cargo/issues/6313>.
[INFO] [stderr] warning: output filename collision.
[INFO] [stderr] The bin target `part_a` in package `day_04 v0.1.0 (/opt/rustwide/workdir/2022/day_04)` has the same output filename as the bin target `part_a` in package `day_03 v0.1.0 (/opt/rustwide/workdir/2022/day_03)`.
[INFO] [stderr] Colliding filename is: /opt/rustwide/target/debug/part_a
[INFO] [stderr] The targets should have unique names.
[INFO] [stderr] Consider changing their names to be unique or compiling them separately.
[INFO] [stderr] This may become a hard error in the future; see <https://github.com/rust-lang/cargo/issues/6313>.
[INFO] [stderr] warning: output filename collision.
[INFO] [stderr] The bin target `part_a` in package `day_04 v0.1.0 (/opt/rustwide/workdir/2022/day_04)` has the same output filename as the bin target `part_a` in package `day_03 v0.1.0 (/opt/rustwide/workdir/2022/day_03)`.
[INFO] [stderr] Colliding filename is: /opt/rustwide/target/debug/part_a.dwp
[INFO] [stderr] The targets should have unique names.
[INFO] [stderr] Consider changing their names to be unique or compiling them separately.
[INFO] [stderr] This may become a hard error in the future; see <https://github.com/rust-lang/cargo/issues/6313>.
[INFO] [stderr] warning: output filename collision.
[INFO] [stderr] The bin target `part_b` in package `day_04 v0.1.0 (/opt/rustwide/workdir/2022/day_04)` has the same output filename as the bin target `part_b` in package `day_03 v0.1.0 (/opt/rustwide/workdir/2022/day_03)`.
[INFO] [stderr] Colliding filename is: /opt/rustwide/target/debug/part_b
[INFO] [stderr] The targets should have unique names.
[INFO] [stderr] Consider changing their names to be unique or compiling them separately.
[INFO] [stderr] This may become a hard error in the future; see <https://github.com/rust-lang/cargo/issues/6313>.
[INFO] [stderr] warning: output filename collision.
[INFO] [stderr] The bin target `part_b` in package `day_04 v0.1.0 (/opt/rustwide/workdir/2022/day_04)` has the same output filename as the bin target `part_b` in package `day_03 v0.1.0 (/opt/rustwide/workdir/2022/day_03)`.
[INFO] [stderr] Colliding filename is: /opt/rustwide/target/debug/part_b.dwp
[INFO] [stderr] The targets should have unique names.
[INFO] [stderr] Consider changing their names to be unique or compiling them separately.
[INFO] [stderr] This may become a hard error in the future; see <https://github.com/rust-lang/cargo/issues/6313>.
[INFO] [stderr] warning: output filename collision.
[INFO] [stderr] The bin target `part_a` in package `day_05 v0.1.0 (/opt/rustwide/workdir/2022/day_05)` has the same output filename as the bin target `part_a` in package `day_04 v0.1.0 (/opt/rustwide/workdir/2022/day_04)`.
[INFO] [stderr] Colliding filename is: /opt/rustwide/target/debug/part_a
[INFO] [stderr] The targets should have unique names.
[INFO] [stderr] Consider changing their names to be unique or compiling them separately.
[INFO] [stderr] This may become a hard error in the future; see <https://github.com/rust-lang/cargo/issues/6313>.
[INFO] [stderr] warning: output filename collision.
[INFO] [stderr] The bin target `part_a` in package `day_05 v0.1.0 (/opt/rustwide/workdir/2022/day_05)` has the same output filename as the bin target `part_a` in package `day_04 v0.1.0 (/opt/rustwide/workdir/2022/day_04)`.
[INFO] [stderr] Colliding filename is: /opt/rustwide/target/debug/part_a.dwp
[INFO] [stderr] The targets should have unique names.
[INFO] [stderr] Consider changing their names to be unique or compiling them separately.
[INFO] [stderr] This may become a hard error in the future; see <https://github.com/rust-lang/cargo/issues/6313>.
[INFO] [stderr] warning: output filename collision.
[INFO] [stderr] The bin target `part_b` in package `day_05 v0.1.0 (/opt/rustwide/workdir/2022/day_05)` has the same output filename as the bin target `part_b` in package `day_04 v0.1.0 (/opt/rustwide/workdir/2022/day_04)`.
[INFO] [stderr] Colliding filename is: /opt/rustwide/target/debug/part_b
[INFO] [stderr] The targets should have unique names.
[INFO] [stderr] Consider changing their names to be unique or compiling them separately.
[INFO] [stderr] This may become a hard error in the future; see <https://github.com/rust-lang/cargo/issues/6313>.
[INFO] [stderr] warning: output filename collision.
[INFO] [stderr] The bin target `part_b` in package `day_05 v0.1.0 (/opt/rustwide/workdir/2022/day_05)` has the same output filename as the bin target `part_b` in package `day_04 v0.1.0 (/opt/rustwide/workdir/2022/day_04)`.
[INFO] [stderr] Colliding filename is: /opt/rustwide/target/debug/part_b.dwp
[INFO] [stderr] The targets should have unique names.
[INFO] [stderr] Consider changing their names to be unique or compiling them separately.
[INFO] [stderr] This may become a hard error in the future; see <https://github.com/rust-lang/cargo/issues/6313>.
[INFO] [stderr] warning: output filename collision.
[INFO] [stderr] The bin target `part_a` in package `day_06 v0.1.0 (/opt/rustwide/workdir/2022/day_06)` has the same output filename as the bin target `part_a` in package `day_05 v0.1.0 (/opt/rustwide/workdir/2022/day_05)`.
[INFO] [stderr] Colliding filename is: /opt/rustwide/target/debug/part_a
[INFO] [stderr] The targets should have unique names.
[INFO] [stderr] Consider changing their names to be unique or compiling them separately.
[INFO] [stderr] This may become a hard error in the future; see <https://github.com/rust-lang/cargo/issues/6313>.
[INFO] [stderr] warning: output filename collision.
[INFO] [stderr] The bin target `part_a` in package `day_06 v0.1.0 (/opt/rustwide/workdir/2022/day_06)` has the same output filename as the bin target `part_a` in package `day_05 v0.1.0 (/opt/rustwide/workdir/2022/day_05)`.
[INFO] [stderr] Colliding filename is: /opt/rustwide/target/debug/part_a.dwp
[INFO] [stderr] The targets should have unique names.
[INFO] [stderr] Consider changing their names to be unique or compiling them separately.
[INFO] [stderr] This may become a hard error in the future; see <https://github.com/rust-lang/cargo/issues/6313>.
[INFO] [stderr] warning: output filename collision.
[INFO] [stderr] The bin target `part_b` in package `day_06 v0.1.0 (/opt/rustwide/workdir/2022/day_06)` has the same output filename as the bin target `part_b` in package `day_05 v0.1.0 (/opt/rustwide/workdir/2022/day_05)`.
[INFO] [stderr] Colliding filename is: /opt/rustwide/target/debug/part_b
[INFO] [stderr] The targets should have unique names.
[INFO] [stderr] Consider changing their names to be unique or compiling them separately.
[INFO] [stderr] This may become a hard error in the future; see <https://github.com/rust-lang/cargo/issues/6313>.
[INFO] [stderr] warning: output filename collision.
[INFO] [stderr] The bin target `part_b` in package `day_06 v0.1.0 (/opt/rustwide/workdir/2022/day_06)` has the same output filename as the bin target `part_b` in package `day_05 v0.1.0 (/opt/rustwide/workdir/2022/day_05)`.
[INFO] [stderr] Colliding filename is: /opt/rustwide/target/debug/part_b.dwp
[INFO] [stderr] The targets should have unique names.
[INFO] [stderr] Consider changing their names to be unique or compiling them separately.
[INFO] [stderr] This may become a hard error in the future; see <https://github.com/rust-lang/cargo/issues/6313>.
[INFO] [stderr] warning: output filename collision.
[INFO] [stderr] The bin target `part_a` in package `day_07 v0.1.0 (/opt/rustwide/workdir/2022/day_07)` has the same output filename as the bin target `part_a` in package `day_06 v0.1.0 (/opt/rustwide/workdir/2022/day_06)`.
[INFO] [stderr] Colliding filename is: /opt/rustwide/target/debug/part_a
[INFO] [stderr] The targets should have unique names.
[INFO] [stderr] Consider changing their names to be unique or compiling them separately.
[INFO] [stderr] This may become a hard error in the future; see <https://github.com/rust-lang/cargo/issues/6313>.
[INFO] [stderr] warning: output filename collision.
[INFO] [stderr] The bin target `part_a` in package `day_07 v0.1.0 (/opt/rustwide/workdir/2022/day_07)` has the same output filename as the bin target `part_a` in package `day_06 v0.1.0 (/opt/rustwide/workdir/2022/day_06)`.
[INFO] [stderr] Colliding filename is: /opt/rustwide/target/debug/part_a.dwp
[INFO] [stderr] The targets should have unique names.
[INFO] [stderr] Consider changing their names to be unique or compiling them separately.
[INFO] [stderr] This may become a hard error in the future; see <https://github.com/rust-lang/cargo/issues/6313>.
[INFO] [stderr] warning: output filename collision.
[INFO] [stderr] The bin target `part_b` in package `day_07 v0.1.0 (/opt/rustwide/workdir/2022/day_07)` has the same output filename as the bin target `part_b` in package `day_06 v0.1.0 (/opt/rustwide/workdir/2022/day_06)`.
[INFO] [stderr] Colliding filename is: /opt/rustwide/target/debug/part_b
[INFO] [stderr] The targets should have unique names.
[INFO] [stderr] Consider changing their names to be unique or compiling them separately.
[INFO] [stderr] This may become a hard error in the future; see <https://github.com/rust-lang/cargo/issues/6313>.
[INFO] [stderr] warning: output filename collision.
[INFO] [stderr] The bin target `part_b` in package `day_07 v0.1.0 (/opt/rustwide/workdir/2022/day_07)` has the same output filename as the bin target `part_b` in package `day_06 v0.1.0 (/opt/rustwide/workdir/2022/day_06)`.
[INFO] [stderr] Colliding filename is: /opt/rustwide/target/debug/part_b.dwp
[INFO] [stderr] The targets should have unique names.
[INFO] [stderr] Consider changing their names to be unique or compiling them separately.
[INFO] [stderr] This may become a hard error in the future; see <https://github.com/rust-lang/cargo/issues/6313>.
[INFO] [stderr]    Compiling regex-syntax v0.6.28
[INFO] [stderr]    Compiling day_01 v0.1.0 (/opt/rustwide/workdir/2022/day_01)
[INFO] [stderr]    Compiling day_02 v0.1.0 (/opt/rustwide/workdir/2022/day_02)
[INFO] [stderr]    Compiling day_03 v0.1.0 (/opt/rustwide/workdir/2022/day_03)
[INFO] [stderr]    Compiling day_05 v0.1.0 (/opt/rustwide/workdir/2022/day_05)
[INFO] [stderr]    Compiling day_04 v0.1.0 (/opt/rustwide/workdir/2022/day_04)
[INFO] [stderr]    Compiling day_06 v0.1.0 (/opt/rustwide/workdir/2022/day_06)
[INFO] [stderr]    Compiling aho-corasick v0.7.20
[INFO] [stderr]    Compiling regex v1.7.1
[INFO] [stderr]    Compiling day_07 v0.1.0 (/opt/rustwide/workdir/2022/day_07)
[INFO] [stdout] warning: elided lifetime has a name
[INFO] [stdout]   --> 2022/day_07/src/lib.rs:14:61
[INFO] [stdout]    |
[INFO] [stdout] 14 | fn get_capture_at<'t>(c: Option<Captures<'t>>, i: usize) -> &str {
[INFO] [stdout]    |                   -- lifetime `'t` declared here            ^ this elided lifetime gets resolved as `'t`
[INFO] [stdout]    |
[INFO] [stdout]    = note: `#[warn(elided_named_lifetimes)]` on by default
[INFO] [stdout] 
[INFO] [stdout] 
[INFO] [stderr]     Finished `dev` profile [unoptimized + debuginfo] target(s) in 4.70s
[INFO] running `Command { std: "docker" "inspect" "79fc95007e9a8b30d75b60ee18b54de094b0382214dadd05b41ca583d7897d61", kill_on_drop: false }`
[INFO] running `Command { std: "docker" "rm" "-f" "79fc95007e9a8b30d75b60ee18b54de094b0382214dadd05b41ca583d7897d61", kill_on_drop: false }`
[INFO] [stdout] 79fc95007e9a8b30d75b60ee18b54de094b0382214dadd05b41ca583d7897d61
[INFO] running `Command { std: "docker" "create" "-v" "/var/lib/crater-agent-workspace/builds/worker-6-tc2/target:/opt/rustwide/target:rw,Z" "-v" "/var/lib/crater-agent-workspace/builds/worker-6-tc2/source:/opt/rustwide/workdir:ro,Z" "-v" "/var/lib/crater-agent-workspace/cargo-home:/opt/rustwide/cargo-home:ro,Z" "-v" "/var/lib/crater-agent-workspace/rustup-home:/opt/rustwide/rustup-home:ro,Z" "-e" "SOURCE_DIR=/opt/rustwide/workdir" "-e" "CARGO_TARGET_DIR=/opt/rustwide/target" "-e" "CARGO_INCREMENTAL=0" "-e" "RUST_BACKTRACE=full" "-e" "RUSTFLAGS=--cap-lints=forbid -Zrandomize-layout" "-e" "RUSTDOCFLAGS=--cap-lints=forbid" "-e" "CARGO_HOME=/opt/rustwide/cargo-home" "-e" "RUSTUP_HOME=/opt/rustwide/rustup-home" "-w" "/opt/rustwide/workdir" "-m" "1610612736" "--user" "0:0" "--network" "none" "ghcr.io/rust-lang/crates-build-env/linux@sha256:819108c5571ea2e421544af4d832f968d213c87fbe3707a016657f43d2f853bc" "/opt/rustwide/cargo-home/bin/cargo" "+nightly-2025-01-18" "test" "--frozen" "--no-run" "--message-format=json", kill_on_drop: false }`
[INFO] [stdout] e9126f195b5fe7a13936bce2f083cc8cd7f1f8e7c15cbe00c6fd3de20c5955ba
[INFO] running `Command { std: "docker" "start" "-a" "e9126f195b5fe7a13936bce2f083cc8cd7f1f8e7c15cbe00c6fd3de20c5955ba", kill_on_drop: false }`
[INFO] [stderr] warning: virtual workspace defaulting to `resolver = "1"` despite one or more workspace members being on edition 2021 which implies `resolver = "2"`
[INFO] [stderr] note: to keep the current resolver, specify `workspace.resolver = "1"` in the workspace root's manifest
[INFO] [stderr] note: to use the edition 2021 resolver, specify `workspace.resolver = "2"` in the workspace root's manifest
[INFO] [stderr] note: for more details see https://doc.rust-lang.org/cargo/reference/resolver.html#resolver-versions
[INFO] [stdout] warning: elided lifetime has a name
[INFO] [stdout]   --> 2022/day_07/src/lib.rs:14:61
[INFO] [stdout]    |
[INFO] [stdout] 14 | fn get_capture_at<'t>(c: Option<Captures<'t>>, i: usize) -> &str {
[INFO] [stdout]    |                   -- lifetime `'t` declared here            ^ this elided lifetime gets resolved as `'t`
[INFO] [stdout]    |
[INFO] [stdout]    = note: `#[warn(elided_named_lifetimes)]` on by default
[INFO] [stdout] 
[INFO] [stdout] 
[INFO] [stderr]    Compiling day_07 v0.1.0 (/opt/rustwide/workdir/2022/day_07)
[INFO] [stderr]    Compiling day_06 v0.1.0 (/opt/rustwide/workdir/2022/day_06)
[INFO] [stderr]    Compiling day_01 v0.1.0 (/opt/rustwide/workdir/2022/day_01)
[INFO] [stderr]    Compiling day_02 v0.1.0 (/opt/rustwide/workdir/2022/day_02)
[INFO] [stderr]    Compiling day_05 v0.1.0 (/opt/rustwide/workdir/2022/day_05)
[INFO] [stderr]    Compiling day_04 v0.1.0 (/opt/rustwide/workdir/2022/day_04)
[INFO] [stderr]    Compiling day_03 v0.1.0 (/opt/rustwide/workdir/2022/day_03)
[INFO] [stdout] warning: elided lifetime has a name
[INFO] [stdout]   --> 2022/day_07/src/lib.rs:14:61
[INFO] [stdout]    |
[INFO] [stdout] 14 | fn get_capture_at<'t>(c: Option<Captures<'t>>, i: usize) -> &str {
[INFO] [stdout]    |                   -- lifetime `'t` declared here            ^ this elided lifetime gets resolved as `'t`
[INFO] [stdout]    |
[INFO] [stdout]    = note: `#[warn(elided_named_lifetimes)]` on by default
[INFO] [stdout] 
[INFO] [stdout] 
[INFO] [stderr]     Finished `test` profile [unoptimized + debuginfo] target(s) in 2.54s
[INFO] running `Command { std: "docker" "inspect" "e9126f195b5fe7a13936bce2f083cc8cd7f1f8e7c15cbe00c6fd3de20c5955ba", kill_on_drop: false }`
[INFO] running `Command { std: "docker" "rm" "-f" "e9126f195b5fe7a13936bce2f083cc8cd7f1f8e7c15cbe00c6fd3de20c5955ba", kill_on_drop: false }`
[INFO] [stdout] e9126f195b5fe7a13936bce2f083cc8cd7f1f8e7c15cbe00c6fd3de20c5955ba
[INFO] running `Command { std: "docker" "create" "-v" "/var/lib/crater-agent-workspace/builds/worker-6-tc2/target:/opt/rustwide/target:rw,Z" "-v" "/var/lib/crater-agent-workspace/builds/worker-6-tc2/source:/opt/rustwide/workdir:ro,Z" "-v" "/var/lib/crater-agent-workspace/cargo-home:/opt/rustwide/cargo-home:ro,Z" "-v" "/var/lib/crater-agent-workspace/rustup-home:/opt/rustwide/rustup-home:ro,Z" "-e" "SOURCE_DIR=/opt/rustwide/workdir" "-e" "CARGO_TARGET_DIR=/opt/rustwide/target" "-e" "CARGO_INCREMENTAL=0" "-e" "RUST_BACKTRACE=full" "-e" "RUSTFLAGS=--cap-lints=forbid -Zrandomize-layout" "-e" "RUSTDOCFLAGS=--cap-lints=forbid" "-e" "CARGO_HOME=/opt/rustwide/cargo-home" "-e" "RUSTUP_HOME=/opt/rustwide/rustup-home" "-w" "/opt/rustwide/workdir" "-m" "1610612736" "--user" "0:0" "--network" "none" "ghcr.io/rust-lang/crates-build-env/linux@sha256:819108c5571ea2e421544af4d832f968d213c87fbe3707a016657f43d2f853bc" "/opt/rustwide/cargo-home/bin/cargo" "+nightly-2025-01-18" "test" "--frozen", kill_on_drop: false }`
[INFO] [stdout] 8fc41e0a0a4bf13de3763b654e9d645389e45dd2c71fa11f507c9e2c4a81e6b1
[INFO] running `Command { std: "docker" "start" "-a" "8fc41e0a0a4bf13de3763b654e9d645389e45dd2c71fa11f507c9e2c4a81e6b1", kill_on_drop: false }`
[INFO] [stderr] warning: virtual workspace defaulting to `resolver = "1"` despite one or more workspace members being on edition 2021 which implies `resolver = "2"`
[INFO] [stderr] note: to keep the current resolver, specify `workspace.resolver = "1"` in the workspace root's manifest
[INFO] [stderr] note: to use the edition 2021 resolver, specify `workspace.resolver = "2"` in the workspace root's manifest
[INFO] [stderr] note: for more details see https://doc.rust-lang.org/cargo/reference/resolver.html#resolver-versions
[INFO] [stderr] warning: elided lifetime has a name
[INFO] [stderr]   --> 2022/day_07/src/lib.rs:14:61
[INFO] [stderr]    |
[INFO] [stderr] 14 | fn get_capture_at<'t>(c: Option<Captures<'t>>, i: usize) -> &str {
[INFO] [stderr]    |                   -- lifetime `'t` declared here            ^ this elided lifetime gets resolved as `'t`
[INFO] [stderr]    |
[INFO] [stderr]    = note: `#[warn(elided_named_lifetimes)]` on by default
[INFO] [stderr] 
[INFO] [stderr] warning: `day_07` (lib) generated 1 warning
[INFO] [stderr] warning: `day_07` (lib test) generated 1 warning (1 duplicate)
[INFO] [stderr]     Finished `test` profile [unoptimized + debuginfo] target(s) in 0.16s
[INFO] [stderr]      Running unittests src/lib.rs (/opt/rustwide/target/debug/deps/day_01-330c610d0e2a48b3)
[INFO] [stdout] 
[INFO] [stdout] running 2 tests
[INFO] [stdout] test test::test_part_b ... ok
[INFO] [stdout] test test::test_part_a ... ok
[INFO] [stdout] 
[INFO] [stdout] test result: ok. 2 passed; 0 failed; 0 ignored; 0 measured; 0 filtered out; finished in 0.01s
[INFO] [stdout] 
[INFO] [stderr]      Running unittests src/bin/part_a.rs (/opt/rustwide/target/debug/deps/part_a-df5f849ca44b0be7)
[INFO] [stdout] 
[INFO] [stdout] running 0 tests
[INFO] [stdout] 
[INFO] [stdout] test result: ok. 0 passed; 0 failed; 0 ignored; 0 measured; 0 filtered out; finished in 0.00s
[INFO] [stdout] 
[INFO] [stderr]      Running unittests src/bin/part_b.rs (/opt/rustwide/target/debug/deps/part_b-8e12639b5a98767a)
[INFO] [stderr]      Running unittests src/lib.rs (/opt/rustwide/target/debug/deps/day_02-951ae018fd729e37)
[INFO] [stdout] 
[INFO] [stdout] running 0 tests
[INFO] [stdout] 
[INFO] [stdout] test result: ok. 0 passed; 0 failed; 0 ignored; 0 measured; 0 filtered out; finished in 0.00s
[INFO] [stdout] 
[INFO] [stdout] 
[INFO] [stdout] running 2 tests
[INFO] [stdout] test test::test_part_a ... ok
[INFO] [stderr]      Running unittests src/bin/part_a.rs (/opt/rustwide/target/debug/deps/part_a-69cf05a06b320bcc)
[INFO] [stdout] test test::test_part_b ... ok
[INFO] [stdout] 
[INFO] [stdout] test result: ok. 2 passed; 0 failed; 0 ignored; 0 measured; 0 filtered out; finished in 0.01s
[INFO] [stdout] 
[INFO] [stdout] 
[INFO] [stdout] running 0 tests
[INFO] [stdout] 
[INFO] [stdout] test result: ok. 0 passed; 0 failed; 0 ignored; 0 measured; 0 filtered out; finished in 0.00s
[INFO] [stdout] 
[INFO] [stderr]      Running unittests src/bin/part_b.rs (/opt/rustwide/target/debug/deps/part_b-8b6a2555793d6e9a)
[INFO] [stdout] 
[INFO] [stdout] running 0 tests
[INFO] [stderr]      Running unittests src/lib.rs (/opt/rustwide/target/debug/deps/day_03-ec3f032f078ae0c7)
[INFO] [stdout] 
[INFO] [stdout] test result: ok. 0 passed; 0 failed; 0 ignored; 0 measured; 0 filtered out; finished in 0.00s
[INFO] [stdout] 
[INFO] [stdout] 
[INFO] [stdout] running 2 tests
[INFO] [stdout] test test::test_part_a ... ok
[INFO] [stdout] test test::test_part_b ... ok
[INFO] [stderr]      Running unittests src/bin/part_a.rs (/opt/rustwide/target/debug/deps/part_a-135782b23b7161ca)
[INFO] [stdout] 
[INFO] [stdout] test result: ok. 2 passed; 0 failed; 0 ignored; 0 measured; 0 filtered out; finished in 0.00s
[INFO] [stdout] 
[INFO] [stdout] 
[INFO] [stdout] running 0 tests
[INFO] [stdout] 
[INFO] [stdout] test result: ok. 0 passed; 0 failed; 0 ignored; 0 measured; 0 filtered out; finished in 0.00s
[INFO] [stdout] 
[INFO] [stderr]      Running unittests src/bin/part_b.rs (/opt/rustwide/target/debug/deps/part_b-0a63b9d2f8c401dd)
[INFO] [stdout] 
[INFO] [stdout] running 0 tests
[INFO] [stdout] 
[INFO] [stdout] test result: ok. 0 passed; 0 failed; 0 ignored; 0 measured; 0 filtered out; finished in 0.00s
[INFO] [stdout] 
[INFO] [stderr]      Running unittests src/lib.rs (/opt/rustwide/target/debug/deps/day_04-65b07be735f18199)
[INFO] [stdout] 
[INFO] [stdout] running 2 tests
[INFO] [stdout] test test::test_part_b ... ok
[INFO] [stdout] test test::test_part_a ... FAILED
[INFO] [stdout] 
[INFO] [stdout] failures:
[INFO] [stdout] 
[INFO] [stdout] ---- test::test_part_a stdout ----
[INFO] [stdout] 
[INFO] [stdout] thread 'test::test_part_a' panicked at 2022/day_04/src/lib.rs:91:9:
[INFO] [stdout] assertion `left == right` failed
[INFO] [stdout]   left: "2"
[INFO] [stdout]  right: "4"
[INFO] [stdout] stack backtrace:
[INFO] [stdout]    0:     0x56d30928c99a - std::backtrace_rs::backtrace::libunwind::trace::hb059275cfc8d6126
[INFO] [stdout]                                at /rustc/6067b36314ab5eb2eb47cecc464545ba58e1ad24/library/std/src/../../backtrace/src/backtrace/libunwind.rs:116:5
[INFO] [stdout]    1:     0x56d30928c99a - std::backtrace_rs::backtrace::trace_unsynchronized::h2da071e4327ce3ee
[INFO] [stdout]                                at /rustc/6067b36314ab5eb2eb47cecc464545ba58e1ad24/library/std/src/../../backtrace/src/backtrace/mod.rs:66:5
[INFO] [stdout]    2:     0x56d30928c99a - std::sys::backtrace::_print_fmt::h842a1474e6f8d23f
[INFO] [stdout]                                at /rustc/6067b36314ab5eb2eb47cecc464545ba58e1ad24/library/std/src/sys/backtrace.rs:66:9
[INFO] [stdout]    3:     0x56d30928c99a - <std::sys::backtrace::BacktraceLock::print::DisplayBacktrace as core::fmt::Display>::fmt::h71a62eb3b9696b12
[INFO] [stdout]                                at /rustc/6067b36314ab5eb2eb47cecc464545ba58e1ad24/library/std/src/sys/backtrace.rs:39:26
[INFO] [stdout]    4:     0x56d3092b3fa3 - core::fmt::rt::Argument::fmt::hdb6b616786b41dc1
[INFO] [stdout]                                at /rustc/6067b36314ab5eb2eb47cecc464545ba58e1ad24/library/core/src/fmt/rt.rs:177:76
[INFO] [stdout]    5:     0x56d3092b3fa3 - core::fmt::write::h2cc1698af7e2d686
[INFO] [stdout]                                at /rustc/6067b36314ab5eb2eb47cecc464545ba58e1ad24/library/core/src/fmt/mod.rs:1440:21
[INFO] [stdout]    6:     0x56d3092894f3 - std::io::Write::write_fmt::hab1b4cd059a79022
[INFO] [stdout]                                at /rustc/6067b36314ab5eb2eb47cecc464545ba58e1ad24/library/std/src/io/mod.rs:1887:15
[INFO] [stdout]    7:     0x56d30928c7e2 - std::sys::backtrace::BacktraceLock::print::h147fe35b4ea13b08
[INFO] [stdout]                                at /rustc/6067b36314ab5eb2eb47cecc464545ba58e1ad24/library/std/src/sys/backtrace.rs:42:9
[INFO] [stdout]    8:     0x56d30928ddbf - std::panicking::default_hook::{{closure}}::hbd44223dbdc0d208
[INFO] [stdout]                                at /rustc/6067b36314ab5eb2eb47cecc464545ba58e1ad24/library/std/src/panicking.rs:298:22
[INFO] [stdout]    9:     0x56d30928dbd8 - std::panicking::default_hook::h20f81eb0576efcec
[INFO] [stdout]                                at /rustc/6067b36314ab5eb2eb47cecc464545ba58e1ad24/library/std/src/panicking.rs:322:9
[INFO] [stdout]   10:     0x56d3092569f3 - <alloc::boxed::Box<F,A> as core::ops::function::Fn<Args>>::call::hdb53814c496a4d34
[INFO] [stdout]                                at /rustc/6067b36314ab5eb2eb47cecc464545ba58e1ad24/library/alloc/src/boxed.rs:2027:9
[INFO] [stdout]   11:     0x56d3092569f3 - test::test_main::{{closure}}::hc0a4963c59427c24
[INFO] [stdout]                                at /rustc/6067b36314ab5eb2eb47cecc464545ba58e1ad24/library/test/src/lib.rs:134:21
[INFO] [stdout]   12:     0x56d30928e8b3 - <alloc::boxed::Box<F,A> as core::ops::function::Fn<Args>>::call::h591b2225413a77e9
[INFO] [stdout]                                at /rustc/6067b36314ab5eb2eb47cecc464545ba58e1ad24/library/alloc/src/boxed.rs:2027:9
[INFO] [stdout]   13:     0x56d30928e8b3 - std::panicking::rust_panic_with_hook::h625eea43051b2edc
[INFO] [stdout]                                at /rustc/6067b36314ab5eb2eb47cecc464545ba58e1ad24/library/std/src/panicking.rs:839:13
[INFO] [stdout]   14:     0x56d30928e56a - std::panicking::begin_panic_handler::{{closure}}::h4f9159cfbc3f6bd3
[INFO] [stdout]                                at /rustc/6067b36314ab5eb2eb47cecc464545ba58e1ad24/library/std/src/panicking.rs:704:13
[INFO] [stdout]   15:     0x56d30928ce99 - std::sys::backtrace::__rust_end_short_backtrace::h0390abce48353151
[INFO] [stdout]                                at /rustc/6067b36314ab5eb2eb47cecc464545ba58e1ad24/library/std/src/sys/backtrace.rs:168:18
[INFO] [stdout]   16:     0x56d30928e1fd - rust_begin_unwind
[INFO] [stdout]                                at /rustc/6067b36314ab5eb2eb47cecc464545ba58e1ad24/library/std/src/panicking.rs:695:5
[INFO] [stdout]   17:     0x56d3092b2a50 - core::panicking::panic_fmt::h9e7c637e9e5f29c9
[INFO] [stdout]                                at /rustc/6067b36314ab5eb2eb47cecc464545ba58e1ad24/library/core/src/panicking.rs:75:14
[INFO] [stdout]   18:     0x56d3092b2d72 - core::panicking::assert_failed_inner::h538bec7c1374cd9c
[INFO] [stdout]   19:     0x56d30921c086 - core::panicking::assert_failed::h63b7f9c42eb7c601
[INFO] [stdout]                                at /rustc/6067b36314ab5eb2eb47cecc464545ba58e1ad24/library/core/src/panicking.rs:364:5
[INFO] [stdout]   20:     0x56d30921a26c - day_04::test::test_part_a::h4f40511cfe27f15b
[INFO] [stdout]                                at /opt/rustwide/workdir/2022/day_04/src/lib.rs:91:9
[INFO] [stdout]   21:     0x56d30921a1b7 - day_04::test::test_part_a::{{closure}}::h93db027a6b5a4eab
[INFO] [stdout]                                at /opt/rustwide/workdir/2022/day_04/src/lib.rs:88:21
[INFO] [stdout]   22:     0x56d30921aa66 - core::ops::function::FnOnce::call_once::h95db820644867a4c
[INFO] [stdout]                                at /rustc/6067b36314ab5eb2eb47cecc464545ba58e1ad24/library/core/src/ops/function.rs:250:5
[INFO] [stdout]   23:     0x56d30925c14b - core::ops::function::FnOnce::call_once::he27718dfdd183f43
[INFO] [stdout]                                at /rustc/6067b36314ab5eb2eb47cecc464545ba58e1ad24/library/core/src/ops/function.rs:250:5
[INFO] [stdout]   24:     0x56d30925c14b - test::__rust_begin_short_backtrace::h4e84902998457a5d
[INFO] [stdout]                                at /rustc/6067b36314ab5eb2eb47cecc464545ba58e1ad24/library/test/src/lib.rs:632:18
[INFO] [stdout]   25:     0x56d30925b083 - test::run_test_in_process::{{closure}}::h7176fd18fc1feca0
[INFO] [stdout]                                at /rustc/6067b36314ab5eb2eb47cecc464545ba58e1ad24/library/test/src/lib.rs:655:60
[INFO] [stdout]   26:     0x56d30925b083 - <core::panic::unwind_safe::AssertUnwindSafe<F> as core::ops::function::FnOnce<()>>::call_once::hf79cff2a624d8cf7
[INFO] [stdout]                                at /rustc/6067b36314ab5eb2eb47cecc464545ba58e1ad24/library/core/src/panic/unwind_safe.rs:272:9
[INFO] [stdout]   27:     0x56d30925b083 - std::panicking::try::do_call::h3da0561d9ab99c25
[INFO] [stdout]                                at /rustc/6067b36314ab5eb2eb47cecc464545ba58e1ad24/library/std/src/panicking.rs:587:40
[INFO] [stdout]   28:     0x56d30925b083 - std::panicking::try::h41c9fa508bc61df6
[INFO] [stdout]                                at /rustc/6067b36314ab5eb2eb47cecc464545ba58e1ad24/library/std/src/panicking.rs:550:19
[INFO] [stdout]   29:     0x56d30925b083 - std::panic::catch_unwind::h6b3ff07bb5afad93
[INFO] [stdout]                                at /rustc/6067b36314ab5eb2eb47cecc464545ba58e1ad24/library/std/src/panic.rs:358:14
[INFO] [stdout]   30:     0x56d30925b083 - test::run_test_in_process::hc7253dd11b39b9f4
[INFO] [stdout]                                at /rustc/6067b36314ab5eb2eb47cecc464545ba58e1ad24/library/test/src/lib.rs:655:27
[INFO] [stdout]   31:     0x56d30925b083 - test::run_test::{{closure}}::hfb2007f8649c30bb
[INFO] [stdout]                                at /rustc/6067b36314ab5eb2eb47cecc464545ba58e1ad24/library/test/src/lib.rs:576:43
[INFO] [stdout]   32:     0x56d30921e165 - test::run_test::{{closure}}::h56a17aa7a282a9f4
[INFO] [stdout]                                at /rustc/6067b36314ab5eb2eb47cecc464545ba58e1ad24/library/test/src/lib.rs:606:41
[INFO] [stdout]   33:     0x56d30921e165 - std::sys::backtrace::__rust_begin_short_backtrace::hd2d2d2fb8e8c6aac
[INFO] [stdout]                                at /rustc/6067b36314ab5eb2eb47cecc464545ba58e1ad24/library/std/src/sys/backtrace.rs:152:18
[INFO] [stdout]   34:     0x56d309221a4a - std::thread::Builder::spawn_unchecked_::{{closure}}::{{closure}}::h4faa3f9db6133423
[INFO] [stdout]                                at /rustc/6067b36314ab5eb2eb47cecc464545ba58e1ad24/library/std/src/thread/mod.rs:559:17
[INFO] [stdout]   35:     0x56d309221a4a - <core::panic::unwind_safe::AssertUnwindSafe<F> as core::ops::function::FnOnce<()>>::call_once::hf2e855a36a4ea846
[INFO] [stdout]                                at /rustc/6067b36314ab5eb2eb47cecc464545ba58e1ad24/library/core/src/panic/unwind_safe.rs:272:9
[INFO] [stdout]   36:     0x56d309221a4a - std::panicking::try::do_call::h2f73af3616c35465
[INFO] [stdout]                                at /rustc/6067b36314ab5eb2eb47cecc464545ba58e1ad24/library/std/src/panicking.rs:587:40
[INFO] [stdout]   37:     0x56d309221a4a - std::panicking::try::hd1660ce9efadef5a
[INFO] [stdout]                                at /rustc/6067b36314ab5eb2eb47cecc464545ba58e1ad24/library/std/src/panicking.rs:550:19
[INFO] [stdout]   38:     0x56d309221a4a - std::panic::catch_unwind::h5ee8d7823b8ca744
[INFO] [stdout]                                at /rustc/6067b36314ab5eb2eb47cecc464545ba58e1ad24/library/std/src/panic.rs:358:14
[INFO] [stdout]   39:     0x56d309221a4a - std::thread::Builder::spawn_unchecked_::{{closure}}::h53c3a1894dce8407
[INFO] [stdout]                                at /rustc/6067b36314ab5eb2eb47cecc464545ba58e1ad24/library/std/src/thread/mod.rs:557:30
[INFO] [stdout]   40:     0x56d309221a4a - core::ops::function::FnOnce::call_once{{vtable.shim}}::h048ce291ad4f62bf
[INFO] [stdout]                                at /rustc/6067b36314ab5eb2eb47cecc464545ba58e1ad24/library/core/src/ops/function.rs:250:5
[INFO] [stdout]   41:     0x56d3092927eb - <alloc::boxed::Box<F,A> as core::ops::function::FnOnce<Args>>::call_once::ha52bedf99a3b4981
[INFO] [stdout]                                at /rustc/6067b36314ab5eb2eb47cecc464545ba58e1ad24/library/alloc/src/boxed.rs:2013:9
[INFO] [stdout]   42:     0x56d3092927eb - <alloc::boxed::Box<F,A> as core::ops::function::FnOnce<Args>>::call_once::h567748934d80ccf8
[INFO] [stdout]                                at /rustc/6067b36314ab5eb2eb47cecc464545ba58e1ad24/library/alloc/src/boxed.rs:2013:9
[INFO] [stdout]   43:     0x56d3092927eb - std::sys::pal::unix::thread::Thread::new::thread_start::h2d970728ae887adc
[INFO] [stdout]                                at /rustc/6067b36314ab5eb2eb47cecc464545ba58e1ad24/library/std/src/sys/pal/unix/thread.rs:106:17
[INFO] [stdout]   44:     0x72b78bf99ac3 - <unknown>
[INFO] [stdout]   45:     0x72b78c02aa04 - clone
[INFO] [stdout]   46:                0x0 - <unknown>
[INFO] [stdout] 
[INFO] [stdout] 
[INFO] [stdout] failures:
[INFO] [stdout]     test::test_part_a
[INFO] [stdout] 
[INFO] [stdout] test result: FAILED. 1 passed; 1 failed; 0 ignored; 0 measured; 0 filtered out; finished in 0.05s
[INFO] [stdout] 
[INFO] [stderr] error: test failed, to rerun pass `-p day_04 --lib`
[INFO] running `Command { std: "docker" "inspect" "8fc41e0a0a4bf13de3763b654e9d645389e45dd2c71fa11f507c9e2c4a81e6b1", kill_on_drop: false }`
[INFO] running `Command { std: "docker" "rm" "-f" "8fc41e0a0a4bf13de3763b654e9d645389e45dd2c71fa11f507c9e2c4a81e6b1", kill_on_drop: false }`
[INFO] [stdout] 8fc41e0a0a4bf13de3763b654e9d645389e45dd2c71fa11f507c9e2c4a81e6b1
