[INFO] cloning repository https://github.com/cptlobster/swayconf
[INFO] running `Command { std: "git" "-c" "credential.helper=" "-c" "credential.helper=/workspace/cargo-home/bin/git-credential-null" "clone" "--bare" "https://github.com/cptlobster/swayconf" "/workspace/cache/git-repos/https%3A%2F%2Fgithub.com%2Fcptlobster%2Fswayconf", kill_on_drop: false }`
[INFO] [stderr] Cloning into bare repository '/workspace/cache/git-repos/https%3A%2F%2Fgithub.com%2Fcptlobster%2Fswayconf'...
[INFO] running `Command { std: "git" "rev-parse" "HEAD", kill_on_drop: false }`
[INFO] [stdout] b5569fb66a491b51c6b0d6a4f5ed7d4dbd91ea59
[INFO] testing cptlobster/swayconf against nightly-2025-01-18 for randomize-layout-2
[INFO] running `Command { std: "git" "clone" "/workspace/cache/git-repos/https%3A%2F%2Fgithub.com%2Fcptlobster%2Fswayconf" "/workspace/builds/worker-2-tc1/source", kill_on_drop: false }`
[INFO] [stderr] Cloning into '/workspace/builds/worker-2-tc1/source'...
[INFO] [stderr] done.
[INFO] validating manifest of git repo https://github.com/cptlobster/swayconf on toolchain nightly-2025-01-18
[INFO] running `Command { std: CARGO_HOME="/workspace/cargo-home" RUSTUP_HOME="/workspace/rustup-home" "/workspace/cargo-home/bin/cargo" "+nightly-2025-01-18" "metadata" "--manifest-path" "Cargo.toml" "--no-deps", kill_on_drop: false }`
[INFO] started tweaking git repo https://github.com/cptlobster/swayconf
[INFO] finished tweaking git repo https://github.com/cptlobster/swayconf
[INFO] tweaked toml for git repo https://github.com/cptlobster/swayconf written to /workspace/builds/worker-2-tc1/source/Cargo.toml
[INFO] crate git repo https://github.com/cptlobster/swayconf already has a lockfile, it will not be regenerated
[INFO] running `Command { std: CARGO_HOME="/workspace/cargo-home" RUSTUP_HOME="/workspace/rustup-home" "/workspace/cargo-home/bin/cargo" "+nightly-2025-01-18" "fetch" "--manifest-path" "Cargo.toml", kill_on_drop: false }`
[INFO] [stderr]     Updating crates.io index
[INFO] [stderr]  Downloading crates ...
[INFO] [stderr]   Downloaded clio v0.3.5
[INFO] [stderr]   Downloaded subenum v1.1.2
[INFO] running `Command { std: "docker" "create" "-v" "/var/lib/crater-agent-workspace/builds/worker-2-tc1/target:/opt/rustwide/target:rw,Z" "-v" "/var/lib/crater-agent-workspace/builds/worker-2-tc1/source:/opt/rustwide/workdir:ro,Z" "-v" "/var/lib/crater-agent-workspace/cargo-home:/opt/rustwide/cargo-home:ro,Z" "-v" "/var/lib/crater-agent-workspace/rustup-home:/opt/rustwide/rustup-home:ro,Z" "-e" "SOURCE_DIR=/opt/rustwide/workdir" "-e" "CARGO_TARGET_DIR=/opt/rustwide/target" "-e" "CARGO_HOME=/opt/rustwide/cargo-home" "-e" "RUSTUP_HOME=/opt/rustwide/rustup-home" "-w" "/opt/rustwide/workdir" "-m" "1610612736" "--user" "0:0" "--network" "none" "ghcr.io/rust-lang/crates-build-env/linux@sha256:819108c5571ea2e421544af4d832f968d213c87fbe3707a016657f43d2f853bc" "/opt/rustwide/cargo-home/bin/cargo" "+nightly-2025-01-18" "metadata" "--no-deps" "--format-version=1", kill_on_drop: false }`
[INFO] [stdout] 86f2c342c977c132fcd757e667dc1ffe512b0da5b1152ac7ceeb8ba8bc23f35d
[INFO] running `Command { std: "docker" "start" "-a" "86f2c342c977c132fcd757e667dc1ffe512b0da5b1152ac7ceeb8ba8bc23f35d", kill_on_drop: false }`
[INFO] running `Command { std: "docker" "inspect" "86f2c342c977c132fcd757e667dc1ffe512b0da5b1152ac7ceeb8ba8bc23f35d", kill_on_drop: false }`
[INFO] running `Command { std: "docker" "rm" "-f" "86f2c342c977c132fcd757e667dc1ffe512b0da5b1152ac7ceeb8ba8bc23f35d", kill_on_drop: false }`
[INFO] [stdout] 86f2c342c977c132fcd757e667dc1ffe512b0da5b1152ac7ceeb8ba8bc23f35d
[INFO] running `Command { std: "docker" "create" "-v" "/var/lib/crater-agent-workspace/builds/worker-2-tc1/target:/opt/rustwide/target:rw,Z" "-v" "/var/lib/crater-agent-workspace/builds/worker-2-tc1/source:/opt/rustwide/workdir:ro,Z" "-v" "/var/lib/crater-agent-workspace/cargo-home:/opt/rustwide/cargo-home:ro,Z" "-v" "/var/lib/crater-agent-workspace/rustup-home:/opt/rustwide/rustup-home:ro,Z" "-e" "SOURCE_DIR=/opt/rustwide/workdir" "-e" "CARGO_TARGET_DIR=/opt/rustwide/target" "-e" "CARGO_INCREMENTAL=0" "-e" "RUST_BACKTRACE=full" "-e" "RUSTFLAGS=--cap-lints=forbid" "-e" "RUSTDOCFLAGS=--cap-lints=forbid" "-e" "CARGO_HOME=/opt/rustwide/cargo-home" "-e" "RUSTUP_HOME=/opt/rustwide/rustup-home" "-w" "/opt/rustwide/workdir" "-m" "1610612736" "--user" "0:0" "--network" "none" "ghcr.io/rust-lang/crates-build-env/linux@sha256:819108c5571ea2e421544af4d832f968d213c87fbe3707a016657f43d2f853bc" "/opt/rustwide/cargo-home/bin/cargo" "+nightly-2025-01-18" "build" "--frozen" "--message-format=json", kill_on_drop: false }`
[INFO] [stdout] 8dbabdd1e3ce5237276dd8fb1137642134433b657b3d4c0e840d30ca17232864
[INFO] running `Command { std: "docker" "start" "-a" "8dbabdd1e3ce5237276dd8fb1137642134433b657b3d4c0e840d30ca17232864", kill_on_drop: false }`
[INFO] [stderr]    Compiling proc-macro2 v1.0.89
[INFO] [stderr]    Compiling unicode-ident v1.0.13
[INFO] [stderr]    Compiling utf8parse v0.2.2
[INFO] [stderr]    Compiling libc v0.2.169
[INFO] [stderr]    Compiling serde v1.0.217
[INFO] [stderr]    Compiling heck v0.5.0
[INFO] [stderr]    Compiling anstyle v1.0.10
[INFO] [stderr]    Compiling colorchoice v1.0.3
[INFO] [stderr]    Compiling memchr v2.7.4
[INFO] [stderr]    Compiling is_terminal_polyfill v1.70.1
[INFO] [stderr]    Compiling anstyle-query v1.1.2
[INFO] [stderr]    Compiling rustix v0.38.43
[INFO] [stderr]    Compiling rustversion v1.0.18
[INFO] [stderr]    Compiling regex-syntax v0.8.5
[INFO] [stderr]    Compiling strsim v0.11.1
[INFO] [stderr]    Compiling linux-raw-sys v0.4.15
[INFO] [stderr]    Compiling anstyle-parse v0.2.6
[INFO] [stderr]    Compiling syn v1.0.109
[INFO] [stderr]    Compiling bitflags v2.8.0
[INFO] [stderr]    Compiling equivalent v1.0.1
[INFO] [stderr]    Compiling cfg-if v1.0.0
[INFO] [stderr]    Compiling hashbrown v0.15.2
[INFO] [stderr]    Compiling clap_lex v0.7.4
[INFO] [stderr]    Compiling winnow v0.6.24
[INFO] [stderr]    Compiling log v0.4.25
[INFO] [stderr]    Compiling thiserror v2.0.11
[INFO] [stderr]    Compiling anstream v0.6.18
[INFO] [stderr]    Compiling once_cell v1.20.2
[INFO] [stderr]    Compiling same-file v1.0.6
[INFO] [stderr]    Compiling fastrand v2.3.0
[INFO] [stderr]    Compiling heck v0.4.1
[INFO] [stderr]    Compiling clap_builder v4.5.26
[INFO] [stderr]    Compiling walkdir v2.5.0
[INFO] [stderr]    Compiling humantime v2.1.0
[INFO] [stderr]    Compiling indexmap v2.7.0
[INFO] [stderr]    Compiling aho-corasick v1.1.3
[INFO] [stderr]    Compiling getrandom v0.2.15
[INFO] [stderr]    Compiling is-terminal v0.4.13
[INFO] [stderr]    Compiling quote v1.0.37
[INFO] [stderr]    Compiling syn v2.0.87
[INFO] [stderr]    Compiling regex-automata v0.4.9
[INFO] [stderr]    Compiling tempfile v3.15.0
[INFO] [stderr]    Compiling regex v1.11.1
[INFO] [stderr]    Compiling env_filter v0.1.3
[INFO] [stderr]    Compiling env_logger v0.11.6
[INFO] [stderr]    Compiling serde_derive v1.0.217
[INFO] [stderr]    Compiling clap_derive v4.5.24
[INFO] [stderr]    Compiling thiserror-impl v2.0.11
[INFO] [stderr]    Compiling strum_macros v0.26.4
[INFO] [stderr]    Compiling derive_more-impl v1.0.0
[INFO] [stderr]    Compiling subenum v1.1.2
[INFO] [stderr]    Compiling derive_more v1.0.0
[INFO] [stderr]    Compiling strum v0.26.3
[INFO] [stderr]    Compiling clap v4.5.26
[INFO] [stderr]    Compiling clio v0.3.5
[INFO] [stderr]    Compiling toml_datetime v0.6.8
[INFO] [stderr]    Compiling serde_spanned v0.6.8
[INFO] [stderr]    Compiling toml_edit v0.22.22
[INFO] [stderr]    Compiling toml v0.8.19
[INFO] [stderr]    Compiling swayconf v0.1.0 (/opt/rustwide/workdir)
[INFO] [stdout] warning: unused import: `ClioPath`
[INFO] [stdout]   --> src/main.rs:57:35
[INFO] [stdout]    |
[INFO] [stdout] 57 | use clio::{InputPath, OutputPath, ClioPath};
[INFO] [stdout]    |                                   ^^^^^^^^
[INFO] [stdout]    |
[INFO] [stdout]    = note: `#[warn(unused_imports)]` on by default
[INFO] [stdout] 
[INFO] [stdout] 
[INFO] [stdout] warning: associated functions `new` and `from` are never used
[INFO] [stdout]    --> src/sway/options/mod.rs:215:12
[INFO] [stdout]     |
[INFO] [stdout] 214 | impl<T: FmtDisplay> ArgList<T> {
[INFO] [stdout]     | ------------------------------ associated functions in this implementation
[INFO] [stdout] 215 |     pub fn new() -> Self {
[INFO] [stdout]     |            ^^^
[INFO] [stdout] ...
[INFO] [stdout] 219 |     pub fn from(vec: Vec<T>) -> Self {
[INFO] [stdout]     |            ^^^^
[INFO] [stdout]     |
[INFO] [stdout]     = note: `#[warn(dead_code)]` on by default
[INFO] [stdout] 
[INFO] [stdout] 
[INFO] [stdout] warning: associated items `new`, `from`, and `insert` are never used
[INFO] [stdout]    --> src/sway/options/mod.rs:248:12
[INFO] [stdout]     |
[INFO] [stdout] 247 | impl<T: FmtDisplay + Eq + Hash> ArgMap<T> {
[INFO] [stdout]     | ----------------------------------------- associated items in this implementation
[INFO] [stdout] 248 |     pub fn new() -> Self {
[INFO] [stdout]     |            ^^^
[INFO] [stdout] ...
[INFO] [stdout] 252 |     pub fn from(map: HashMap<T, bool>) -> Self {
[INFO] [stdout]     |            ^^^^
[INFO] [stdout] ...
[INFO] [stdout] 256 |     pub fn insert(&mut self, key: T, value: bool) -> Option<bool> {
[INFO] [stdout]     |            ^^^^^^
[INFO] [stdout] 
[INFO] [stdout] 
[INFO] [stdout] warning: associated functions `new` and `from` are never used
[INFO] [stdout]   --> src/sway/options/bind.rs:67:12
[INFO] [stdout]    |
[INFO] [stdout] 66 | impl BindKeys {
[INFO] [stdout]    | ------------- associated functions in this implementation
[INFO] [stdout] 67 |     pub fn new() -> Self {
[INFO] [stdout]    |            ^^^
[INFO] [stdout] ...
[INFO] [stdout] 71 |     pub fn from(vec: Vec<String>) -> Self {
[INFO] [stdout]    |            ^^^^
[INFO] [stdout] 
[INFO] [stdout] 
[INFO] [stdout] warning: associated functions `new` and `from` are never used
[INFO] [stdout]    --> src/sway/options/bind.rs:97:12
[INFO] [stdout]     |
[INFO] [stdout] 96  | impl BindCodes {
[INFO] [stdout]     | -------------- associated functions in this implementation
[INFO] [stdout] 97  |     pub fn new() -> Self {
[INFO] [stdout]     |            ^^^
[INFO] [stdout] ...
[INFO] [stdout] 101 |     pub fn from(vec: Vec<u8>) -> Self {
[INFO] [stdout]     |            ^^^^
[INFO] [stdout] 
[INFO] [stdout] 
[INFO] [stdout] warning: enum `ClientOpts` is never used
[INFO] [stdout]  --> src/sway/options/client.rs:5:10
[INFO] [stdout]   |
[INFO] [stdout] 5 | pub enum ClientOpts {
[INFO] [stdout]   |          ^^^^^^^^^^
[INFO] [stdout] 
[INFO] [stdout] 
[INFO] [stdout] warning: associated function `new` is never used
[INFO] [stdout]    --> src/sway/config.rs:125:12
[INFO] [stdout]     |
[INFO] [stdout] 124 | impl KeylessBindsym {
[INFO] [stdout]     | ------------------- associated function in this implementation
[INFO] [stdout] 125 |     pub fn new(flags: ArgMap<bind::Bind>, command: Runtime) -> Self {
[INFO] [stdout]     |            ^^^
[INFO] [stdout] 
[INFO] [stdout] 
[INFO] [stdout] warning: associated function `new` is never used
[INFO] [stdout]    --> src/sway/config.rs:149:8
[INFO] [stdout]     |
[INFO] [stdout] 148 | impl Bar {
[INFO] [stdout]     | -------- associated function in this implementation
[INFO] [stdout] 149 |     fn new(id: String, status_command: String) -> Self {
[INFO] [stdout]     |        ^^^
[INFO] [stdout] 
[INFO] [stdout] 
[INFO] [stderr]     Finished `dev` profile [unoptimized + debuginfo] target(s) in 32.33s
[INFO] running `Command { std: "docker" "inspect" "8dbabdd1e3ce5237276dd8fb1137642134433b657b3d4c0e840d30ca17232864", kill_on_drop: false }`
[INFO] running `Command { std: "docker" "rm" "-f" "8dbabdd1e3ce5237276dd8fb1137642134433b657b3d4c0e840d30ca17232864", kill_on_drop: false }`
[INFO] [stdout] 8dbabdd1e3ce5237276dd8fb1137642134433b657b3d4c0e840d30ca17232864
[INFO] running `Command { std: "docker" "create" "-v" "/var/lib/crater-agent-workspace/builds/worker-2-tc1/target:/opt/rustwide/target:rw,Z" "-v" "/var/lib/crater-agent-workspace/builds/worker-2-tc1/source:/opt/rustwide/workdir:ro,Z" "-v" "/var/lib/crater-agent-workspace/cargo-home:/opt/rustwide/cargo-home:ro,Z" "-v" "/var/lib/crater-agent-workspace/rustup-home:/opt/rustwide/rustup-home:ro,Z" "-e" "SOURCE_DIR=/opt/rustwide/workdir" "-e" "CARGO_TARGET_DIR=/opt/rustwide/target" "-e" "CARGO_INCREMENTAL=0" "-e" "RUST_BACKTRACE=full" "-e" "RUSTFLAGS=--cap-lints=forbid" "-e" "RUSTDOCFLAGS=--cap-lints=forbid" "-e" "CARGO_HOME=/opt/rustwide/cargo-home" "-e" "RUSTUP_HOME=/opt/rustwide/rustup-home" "-w" "/opt/rustwide/workdir" "-m" "1610612736" "--user" "0:0" "--network" "none" "ghcr.io/rust-lang/crates-build-env/linux@sha256:819108c5571ea2e421544af4d832f968d213c87fbe3707a016657f43d2f853bc" "/opt/rustwide/cargo-home/bin/cargo" "+nightly-2025-01-18" "test" "--frozen" "--no-run" "--message-format=json", kill_on_drop: false }`
[INFO] [stdout] 1e9b3f7ec8982d595a0efc0953e054215aaaac23e21332510409fef6e274027e
[INFO] running `Command { std: "docker" "start" "-a" "1e9b3f7ec8982d595a0efc0953e054215aaaac23e21332510409fef6e274027e", kill_on_drop: false }`
[INFO] [stderr]    Compiling swayconf v0.1.0 (/opt/rustwide/workdir)
[INFO] [stdout] warning: unused import: `ClioPath`
[INFO] [stdout]   --> src/main.rs:57:35
[INFO] [stdout]    |
[INFO] [stdout] 57 | use clio::{InputPath, OutputPath, ClioPath};
[INFO] [stdout]    |                                   ^^^^^^^^
[INFO] [stdout]    |
[INFO] [stdout]    = note: `#[warn(unused_imports)]` on by default
[INFO] [stdout] 
[INFO] [stdout] 
[INFO] [stdout] warning: associated functions `new` and `from` are never used
[INFO] [stdout]    --> src/sway/options/mod.rs:215:12
[INFO] [stdout]     |
[INFO] [stdout] 214 | impl<T: FmtDisplay> ArgList<T> {
[INFO] [stdout]     | ------------------------------ associated functions in this implementation
[INFO] [stdout] 215 |     pub fn new() -> Self {
[INFO] [stdout]     |            ^^^
[INFO] [stdout] ...
[INFO] [stdout] 219 |     pub fn from(vec: Vec<T>) -> Self {
[INFO] [stdout]     |            ^^^^
[INFO] [stdout]     |
[INFO] [stdout]     = note: `#[warn(dead_code)]` on by default
[INFO] [stdout] 
[INFO] [stdout] 
[INFO] [stdout] warning: associated functions `new` and `from` are never used
[INFO] [stdout]    --> src/sway/options/mod.rs:248:12
[INFO] [stdout]     |
[INFO] [stdout] 247 | impl<T: FmtDisplay + Eq + Hash> ArgMap<T> {
[INFO] [stdout]     | ----------------------------------------- associated functions in this implementation
[INFO] [stdout] 248 |     pub fn new() -> Self {
[INFO] [stdout]     |            ^^^
[INFO] [stdout] ...
[INFO] [stdout] 252 |     pub fn from(map: HashMap<T, bool>) -> Self {
[INFO] [stdout]     |            ^^^^
[INFO] [stdout] 
[INFO] [stdout] 
[INFO] [stdout] warning: associated function `new` is never used
[INFO] [stdout]   --> src/sway/options/bind.rs:67:12
[INFO] [stdout]    |
[INFO] [stdout] 66 | impl BindKeys {
[INFO] [stdout]    | ------------- associated function in this implementation
[INFO] [stdout] 67 |     pub fn new() -> Self {
[INFO] [stdout]    |            ^^^
[INFO] [stdout] 
[INFO] [stdout] 
[INFO] [stdout] warning: associated functions `new` and `from` are never used
[INFO] [stdout]    --> src/sway/options/bind.rs:97:12
[INFO] [stdout]     |
[INFO] [stdout] 96  | impl BindCodes {
[INFO] [stdout]     | -------------- associated functions in this implementation
[INFO] [stdout] 97  |     pub fn new() -> Self {
[INFO] [stdout]     |            ^^^
[INFO] [stdout] ...
[INFO] [stdout] 101 |     pub fn from(vec: Vec<u8>) -> Self {
[INFO] [stdout]     |            ^^^^
[INFO] [stdout] 
[INFO] [stdout] 
[INFO] [stdout] warning: enum `ClientOpts` is never used
[INFO] [stdout]  --> src/sway/options/client.rs:5:10
[INFO] [stdout]   |
[INFO] [stdout] 5 | pub enum ClientOpts {
[INFO] [stdout]   |          ^^^^^^^^^^
[INFO] [stdout] 
[INFO] [stdout] 
[INFO] [stdout] warning: associated function `new` is never used
[INFO] [stdout]    --> src/sway/config.rs:149:8
[INFO] [stdout]     |
[INFO] [stdout] 148 | impl Bar {
[INFO] [stdout]     | -------- associated function in this implementation
[INFO] [stdout] 149 |     fn new(id: String, status_command: String) -> Self {
[INFO] [stdout]     |        ^^^
[INFO] [stdout] 
[INFO] [stdout] 
[INFO] [stderr]     Finished `test` profile [unoptimized + debuginfo] target(s) in 3.37s
[INFO] running `Command { std: "docker" "inspect" "1e9b3f7ec8982d595a0efc0953e054215aaaac23e21332510409fef6e274027e", kill_on_drop: false }`
[INFO] running `Command { std: "docker" "rm" "-f" "1e9b3f7ec8982d595a0efc0953e054215aaaac23e21332510409fef6e274027e", kill_on_drop: false }`
[INFO] [stdout] 1e9b3f7ec8982d595a0efc0953e054215aaaac23e21332510409fef6e274027e
[INFO] running `Command { std: "docker" "create" "-v" "/var/lib/crater-agent-workspace/builds/worker-2-tc1/target:/opt/rustwide/target:rw,Z" "-v" "/var/lib/crater-agent-workspace/builds/worker-2-tc1/source:/opt/rustwide/workdir:ro,Z" "-v" "/var/lib/crater-agent-workspace/cargo-home:/opt/rustwide/cargo-home:ro,Z" "-v" "/var/lib/crater-agent-workspace/rustup-home:/opt/rustwide/rustup-home:ro,Z" "-e" "SOURCE_DIR=/opt/rustwide/workdir" "-e" "CARGO_TARGET_DIR=/opt/rustwide/target" "-e" "CARGO_INCREMENTAL=0" "-e" "RUST_BACKTRACE=full" "-e" "RUSTFLAGS=--cap-lints=forbid" "-e" "RUSTDOCFLAGS=--cap-lints=forbid" "-e" "CARGO_HOME=/opt/rustwide/cargo-home" "-e" "RUSTUP_HOME=/opt/rustwide/rustup-home" "-w" "/opt/rustwide/workdir" "-m" "1610612736" "--user" "0:0" "--network" "none" "ghcr.io/rust-lang/crates-build-env/linux@sha256:819108c5571ea2e421544af4d832f968d213c87fbe3707a016657f43d2f853bc" "/opt/rustwide/cargo-home/bin/cargo" "+nightly-2025-01-18" "test" "--frozen", kill_on_drop: false }`
[INFO] [stdout] 2a7a21ab4b6b2619eb7b3ba3a20a9017b10b5a2ce2c8acb0f0281127da426c96
[INFO] running `Command { std: "docker" "start" "-a" "2a7a21ab4b6b2619eb7b3ba3a20a9017b10b5a2ce2c8acb0f0281127da426c96", kill_on_drop: false }`
[INFO] [stderr] warning: unused import: `ClioPath`
[INFO] [stderr]   --> src/main.rs:57:35
[INFO] [stderr]    |
[INFO] [stderr] 57 | use clio::{InputPath, OutputPath, ClioPath};
[INFO] [stderr]    |                                   ^^^^^^^^
[INFO] [stderr]    |
[INFO] [stderr]    = note: `#[warn(unused_imports)]` on by default
[INFO] [stderr] 
[INFO] [stderr] warning: associated functions `new` and `from` are never used
[INFO] [stderr]    --> src/sway/options/mod.rs:215:12
[INFO] [stderr]     |
[INFO] [stderr] 214 | impl<T: FmtDisplay> ArgList<T> {
[INFO] [stderr]     | ------------------------------ associated functions in this implementation
[INFO] [stderr] 215 |     pub fn new() -> Self {
[INFO] [stderr]     |            ^^^
[INFO] [stderr] ...
[INFO] [stderr] 219 |     pub fn from(vec: Vec<T>) -> Self {
[INFO] [stderr]     |            ^^^^
[INFO] [stderr]     |
[INFO] [stderr]     = note: `#[warn(dead_code)]` on by default
[INFO] [stderr] 
[INFO] [stderr] warning: associated functions `new` and `from` are never used
[INFO] [stderr]    --> src/sway/options/mod.rs:248:12
[INFO] [stderr]     |
[INFO] [stderr] 247 | impl<T: FmtDisplay + Eq + Hash> ArgMap<T> {
[INFO] [stderr]     | ----------------------------------------- associated functions in this implementation
[INFO] [stderr] 248 |     pub fn new() -> Self {
[INFO] [stderr]     |            ^^^
[INFO] [stderr] ...
[INFO] [stderr] 252 |     pub fn from(map: HashMap<T, bool>) -> Self {
[INFO] [stderr]     |            ^^^^
[INFO] [stderr] 
[INFO] [stderr] warning: associated function `new` is never used
[INFO] [stderr]   --> src/sway/options/bind.rs:67:12
[INFO] [stderr]    |
[INFO] [stderr] 66 | impl BindKeys {
[INFO] [stderr]    | ------------- associated function in this implementation
[INFO] [stderr] 67 |     pub fn new() -> Self {
[INFO] [stderr]    |            ^^^
[INFO] [stderr] 
[INFO] [stderr] warning: associated functions `new` and `from` are never used
[INFO] [stderr]    --> src/sway/options/bind.rs:97:12
[INFO] [stderr]     |
[INFO] [stderr] 96  | impl BindCodes {
[INFO] [stderr]     | -------------- associated functions in this implementation
[INFO] [stderr] 97  |     pub fn new() -> Self {
[INFO] [stderr]     |            ^^^
[INFO] [stderr] ...
[INFO] [stderr] 101 |     pub fn from(vec: Vec<u8>) -> Self {
[INFO] [stderr]     |            ^^^^
[INFO] [stderr] 
[INFO] [stderr] warning: enum `ClientOpts` is never used
[INFO] [stderr]  --> src/sway/options/client.rs:5:10
[INFO] [stderr]   |
[INFO] [stderr] 5 | pub enum ClientOpts {
[INFO] [stderr]   |          ^^^^^^^^^^
[INFO] [stderr] 
[INFO] [stderr] warning: associated function `new` is never used
[INFO] [stderr]    --> src/sway/config.rs:149:8
[INFO] [stderr]     |
[INFO] [stderr] 148 | impl Bar {
[INFO] [stderr]     | -------- associated function in this implementation
[INFO] [stderr] 149 |     fn new(id: String, status_command: String) -> Self {
[INFO] [stderr]     |        ^^^
[INFO] [stderr] 
[INFO] [stderr] warning: `swayconf` (bin "swayconf" test) generated 7 warnings (run `cargo fix --bin "swayconf" --tests` to apply 1 suggestion)
[INFO] [stderr]     Finished `test` profile [unoptimized + debuginfo] target(s) in 0.09s
[INFO] [stderr]      Running unittests src/main.rs (/opt/rustwide/target/debug/deps/swayconf-eff409322f1cc712)
[INFO] [stdout] 
[INFO] [stdout] running 3 tests
[INFO] [stdout] test sway::config::tests::test_serde ... ok
[INFO] [stdout] test sway::runtime::tests::test_to_sway ... ok
[INFO] [stdout] test sway::config::tests::test_to_sway ... FAILED
[INFO] [stdout] 
[INFO] [stdout] failures:
[INFO] [stdout] 
[INFO] [stdout] ---- sway::config::tests::test_to_sway stdout ----
[INFO] [stdout] 
[INFO] [stdout] thread 'sway::config::tests::test_to_sway' panicked at src/sway/config.rs:313:49:
[INFO] [stdout] called `Result::unwrap()` on an `Err` value: Error { inner: UnsupportedType(Some("unit")) }
[INFO] [stdout] stack backtrace:
[INFO] [stdout]    0:     0x579dd1ba249a - std::backtrace_rs::backtrace::libunwind::trace::hb059275cfc8d6126
[INFO] [stdout]                                at /rustc/6067b36314ab5eb2eb47cecc464545ba58e1ad24/library/std/src/../../backtrace/src/backtrace/libunwind.rs:116:5
[INFO] [stdout]    1:     0x579dd1ba249a - std::backtrace_rs::backtrace::trace_unsynchronized::h2da071e4327ce3ee
[INFO] [stdout]                                at /rustc/6067b36314ab5eb2eb47cecc464545ba58e1ad24/library/std/src/../../backtrace/src/backtrace/mod.rs:66:5
[INFO] [stdout]    2:     0x579dd1ba249a - std::sys::backtrace::_print_fmt::h842a1474e6f8d23f
[INFO] [stdout]                                at /rustc/6067b36314ab5eb2eb47cecc464545ba58e1ad24/library/std/src/sys/backtrace.rs:66:9
[INFO] [stdout]    3:     0x579dd1ba249a - <std::sys::backtrace::BacktraceLock::print::DisplayBacktrace as core::fmt::Display>::fmt::h71a62eb3b9696b12
[INFO] [stdout]                                at /rustc/6067b36314ab5eb2eb47cecc464545ba58e1ad24/library/std/src/sys/backtrace.rs:39:26
[INFO] [stdout]    4:     0x579dd1bcb343 - core::fmt::rt::Argument::fmt::hdb6b616786b41dc1
[INFO] [stdout]                                at /rustc/6067b36314ab5eb2eb47cecc464545ba58e1ad24/library/core/src/fmt/rt.rs:177:76
[INFO] [stdout]    5:     0x579dd1bcb343 - core::fmt::write::h2cc1698af7e2d686
[INFO] [stdout]                                at /rustc/6067b36314ab5eb2eb47cecc464545ba58e1ad24/library/core/src/fmt/mod.rs:1440:21
[INFO] [stdout]    6:     0x579dd1b9eff3 - std::io::Write::write_fmt::hab1b4cd059a79022
[INFO] [stdout]                                at /rustc/6067b36314ab5eb2eb47cecc464545ba58e1ad24/library/std/src/io/mod.rs:1887:15
[INFO] [stdout]    7:     0x579dd1ba22e2 - std::sys::backtrace::BacktraceLock::print::h147fe35b4ea13b08
[INFO] [stdout]                                at /rustc/6067b36314ab5eb2eb47cecc464545ba58e1ad24/library/std/src/sys/backtrace.rs:42:9
[INFO] [stdout]    8:     0x579dd1ba38bf - std::panicking::default_hook::{{closure}}::hbd44223dbdc0d208
[INFO] [stdout]                                at /rustc/6067b36314ab5eb2eb47cecc464545ba58e1ad24/library/std/src/panicking.rs:298:22
[INFO] [stdout]    9:     0x579dd1ba36d8 - std::panicking::default_hook::h20f81eb0576efcec
[INFO] [stdout]                                at /rustc/6067b36314ab5eb2eb47cecc464545ba58e1ad24/library/std/src/panicking.rs:322:9
[INFO] [stdout]   10:     0x579dd1a5db93 - <alloc::boxed::Box<F,A> as core::ops::function::Fn<Args>>::call::hdb53814c496a4d34
[INFO] [stdout]                                at /rustc/6067b36314ab5eb2eb47cecc464545ba58e1ad24/library/alloc/src/boxed.rs:2027:9
[INFO] [stdout]   11:     0x579dd1a5db93 - test::test_main::{{closure}}::hc0a4963c59427c24
[INFO] [stdout]                                at /rustc/6067b36314ab5eb2eb47cecc464545ba58e1ad24/library/test/src/lib.rs:134:21
[INFO] [stdout]   12:     0x579dd1ba43b3 - <alloc::boxed::Box<F,A> as core::ops::function::Fn<Args>>::call::h591b2225413a77e9
[INFO] [stdout]                                at /rustc/6067b36314ab5eb2eb47cecc464545ba58e1ad24/library/alloc/src/boxed.rs:2027:9
[INFO] [stdout]   13:     0x579dd1ba43b3 - std::panicking::rust_panic_with_hook::h625eea43051b2edc
[INFO] [stdout]                                at /rustc/6067b36314ab5eb2eb47cecc464545ba58e1ad24/library/std/src/panicking.rs:839:13
[INFO] [stdout]   14:     0x579dd1ba406a - std::panicking::begin_panic_handler::{{closure}}::h4f9159cfbc3f6bd3
[INFO] [stdout]                                at /rustc/6067b36314ab5eb2eb47cecc464545ba58e1ad24/library/std/src/panicking.rs:704:13
[INFO] [stdout]   15:     0x579dd1ba2999 - std::sys::backtrace::__rust_end_short_backtrace::h0390abce48353151
[INFO] [stdout]                                at /rustc/6067b36314ab5eb2eb47cecc464545ba58e1ad24/library/std/src/sys/backtrace.rs:168:18
[INFO] [stdout]   16:     0x579dd1ba3cfd - rust_begin_unwind
[INFO] [stdout]                                at /rustc/6067b36314ab5eb2eb47cecc464545ba58e1ad24/library/std/src/panicking.rs:695:5
[INFO] [stdout]   17:     0x579dd1bc9660 - core::panicking::panic_fmt::h9e7c637e9e5f29c9
[INFO] [stdout]                                at /rustc/6067b36314ab5eb2eb47cecc464545ba58e1ad24/library/core/src/panicking.rs:75:14
[INFO] [stdout]   18:     0x579dd1bc9ad6 - core::result::unwrap_failed::h7979f09313fe1849
[INFO] [stdout]                                at /rustc/6067b36314ab5eb2eb47cecc464545ba58e1ad24/library/core/src/result.rs:1704:5
[INFO] [stdout]   19:     0x579dd198d0e2 - core::result::Result<T,E>::unwrap::h816deb66aba28670
[INFO] [stdout]                                at /rustc/6067b36314ab5eb2eb47cecc464545ba58e1ad24/library/core/src/result.rs:1109:23
[INFO] [stdout]   20:     0x579dd198d0e2 - swayconf::sway::config::tests::test_to_sway::h1037b092e561a938
[INFO] [stdout]                                at /opt/rustwide/workdir/src/sway/config.rs:313:24
[INFO] [stdout]   21:     0x579dd198c6e7 - swayconf::sway::config::tests::test_to_sway::{{closure}}::hd8c621884c8fa4b2
[INFO] [stdout]                                at /opt/rustwide/workdir/src/sway/config.rs:295:22
[INFO] [stdout]   22:     0x579dd19b7396 - core::ops::function::FnOnce::call_once::h0c48e0ff64e10c05
[INFO] [stdout]                                at /rustc/6067b36314ab5eb2eb47cecc464545ba58e1ad24/library/core/src/ops/function.rs:250:5
[INFO] [stdout]   23:     0x579dd1a632eb - core::ops::function::FnOnce::call_once::he27718dfdd183f43
[INFO] [stdout]                                at /rustc/6067b36314ab5eb2eb47cecc464545ba58e1ad24/library/core/src/ops/function.rs:250:5
[INFO] [stdout]   24:     0x579dd1a632eb - test::__rust_begin_short_backtrace::h4e84902998457a5d
[INFO] [stdout]                                at /rustc/6067b36314ab5eb2eb47cecc464545ba58e1ad24/library/test/src/lib.rs:632:18
[INFO] [stdout]   25:     0x579dd1a62223 - test::run_test_in_process::{{closure}}::h7176fd18fc1feca0
[INFO] [stdout]                                at /rustc/6067b36314ab5eb2eb47cecc464545ba58e1ad24/library/test/src/lib.rs:655:60
[INFO] [stdout]   26:     0x579dd1a62223 - <core::panic::unwind_safe::AssertUnwindSafe<F> as core::ops::function::FnOnce<()>>::call_once::hf79cff2a624d8cf7
[INFO] [stdout]                                at /rustc/6067b36314ab5eb2eb47cecc464545ba58e1ad24/library/core/src/panic/unwind_safe.rs:272:9
[INFO] [stdout]   27:     0x579dd1a62223 - std::panicking::try::do_call::h3da0561d9ab99c25
[INFO] [stdout]                                at /rustc/6067b36314ab5eb2eb47cecc464545ba58e1ad24/library/std/src/panicking.rs:587:40
[INFO] [stdout]   28:     0x579dd1a62223 - std::panicking::try::h41c9fa508bc61df6
[INFO] [stdout]                                at /rustc/6067b36314ab5eb2eb47cecc464545ba58e1ad24/library/std/src/panicking.rs:550:19
[INFO] [stdout]   29:     0x579dd1a62223 - std::panic::catch_unwind::h6b3ff07bb5afad93
[INFO] [stdout]                                at /rustc/6067b36314ab5eb2eb47cecc464545ba58e1ad24/library/std/src/panic.rs:358:14
[INFO] [stdout]   30:     0x579dd1a62223 - test::run_test_in_process::hc7253dd11b39b9f4
[INFO] [stdout]                                at /rustc/6067b36314ab5eb2eb47cecc464545ba58e1ad24/library/test/src/lib.rs:655:27
[INFO] [stdout]   31:     0x579dd1a62223 - test::run_test::{{closure}}::hfb2007f8649c30bb
[INFO] [stdout]                                at /rustc/6067b36314ab5eb2eb47cecc464545ba58e1ad24/library/test/src/lib.rs:576:43
[INFO] [stdout]   32:     0x579dd1a25305 - test::run_test::{{closure}}::h56a17aa7a282a9f4
[INFO] [stdout]                                at /rustc/6067b36314ab5eb2eb47cecc464545ba58e1ad24/library/test/src/lib.rs:606:41
[INFO] [stdout]   33:     0x579dd1a25305 - std::sys::backtrace::__rust_begin_short_backtrace::hd2d2d2fb8e8c6aac
[INFO] [stdout]                                at /rustc/6067b36314ab5eb2eb47cecc464545ba58e1ad24/library/std/src/sys/backtrace.rs:152:18
[INFO] [stdout]   34:     0x579dd1a28bea - std::thread::Builder::spawn_unchecked_::{{closure}}::{{closure}}::h4faa3f9db6133423
[INFO] [stdout]                                at /rustc/6067b36314ab5eb2eb47cecc464545ba58e1ad24/library/std/src/thread/mod.rs:559:17
[INFO] [stdout]   35:     0x579dd1a28bea - <core::panic::unwind_safe::AssertUnwindSafe<F> as core::ops::function::FnOnce<()>>::call_once::hf2e855a36a4ea846
[INFO] [stdout]                                at /rustc/6067b36314ab5eb2eb47cecc464545ba58e1ad24/library/core/src/panic/unwind_safe.rs:272:9
[INFO] [stdout]   36:     0x579dd1a28bea - std::panicking::try::do_call::h2f73af3616c35465
[INFO] [stdout]                                at /rustc/6067b36314ab5eb2eb47cecc464545ba58e1ad24/library/std/src/panicking.rs:587:40
[INFO] [stdout]   37:     0x579dd1a28bea - std::panicking::try::hd1660ce9efadef5a
[INFO] [stdout]                                at /rustc/6067b36314ab5eb2eb47cecc464545ba58e1ad24/library/std/src/panicking.rs:550:19
[INFO] [stdout]   38:     0x579dd1a28bea - std::panic::catch_unwind::h5ee8d7823b8ca744
[INFO] [stdout]                                at /rustc/6067b36314ab5eb2eb47cecc464545ba58e1ad24/library/std/src/panic.rs:358:14
[INFO] [stdout]   39:     0x579dd1a28bea - std::thread::Builder::spawn_unchecked_::{{closure}}::h53c3a1894dce8407
[INFO] [stdout]                                at /rustc/6067b36314ab5eb2eb47cecc464545ba58e1ad24/library/std/src/thread/mod.rs:557:30
[INFO] [stdout]   40:     0x579dd1a28bea - core::ops::function::FnOnce::call_once{{vtable.shim}}::h048ce291ad4f62bf
[INFO] [stdout]                                at /rustc/6067b36314ab5eb2eb47cecc464545ba58e1ad24/library/core/src/ops/function.rs:250:5
[INFO] [stdout]   41:     0x579dd1ba82eb - <alloc::boxed::Box<F,A> as core::ops::function::FnOnce<Args>>::call_once::ha52bedf99a3b4981
[INFO] [stdout]                                at /rustc/6067b36314ab5eb2eb47cecc464545ba58e1ad24/library/alloc/src/boxed.rs:2013:9
[INFO] [stdout]   42:     0x579dd1ba82eb - <alloc::boxed::Box<F,A> as core::ops::function::FnOnce<Args>>::call_once::h567748934d80ccf8
[INFO] [stdout]                                at /rustc/6067b36314ab5eb2eb47cecc464545ba58e1ad24/library/alloc/src/boxed.rs:2013:9
[INFO] [stdout]   43:     0x579dd1ba82eb - std::sys::pal::unix::thread::Thread::new::thread_start::h2d970728ae887adc
[INFO] [stdout]                                at /rustc/6067b36314ab5eb2eb47cecc464545ba58e1ad24/library/std/src/sys/pal/unix/thread.rs:106:17
[INFO] [stdout]   44:     0x7667dfb86ac3 - <unknown>
[INFO] [stdout]   45:     0x7667dfc17a04 - clone
[INFO] [stdout]   46:                0x0 - <unknown>
[INFO] [stdout] 
[INFO] [stdout] 
[INFO] [stdout] failures:
[INFO] [stdout]     sway::config::tests::test_to_sway
[INFO] [stdout] 
[INFO] [stdout] test result: FAILED. 2 passed; 1 failed; 0 ignored; 0 measured; 0 filtered out; finished in 0.06s
[INFO] [stdout] 
[INFO] [stderr] error: test failed, to rerun pass `--bin swayconf`
[INFO] running `Command { std: "docker" "inspect" "2a7a21ab4b6b2619eb7b3ba3a20a9017b10b5a2ce2c8acb0f0281127da426c96", kill_on_drop: false }`
[INFO] running `Command { std: "docker" "rm" "-f" "2a7a21ab4b6b2619eb7b3ba3a20a9017b10b5a2ce2c8acb0f0281127da426c96", kill_on_drop: false }`
[INFO] [stdout] 2a7a21ab4b6b2619eb7b3ba3a20a9017b10b5a2ce2c8acb0f0281127da426c96
