[INFO] cloning repository https://github.com/conradludgate/pin-scoped
[INFO] running `Command { std: "git" "-c" "credential.helper=" "-c" "credential.helper=/workspace/cargo-home/bin/git-credential-null" "clone" "--bare" "https://github.com/conradludgate/pin-scoped" "/workspace/cache/git-repos/https%3A%2F%2Fgithub.com%2Fconradludgate%2Fpin-scoped", kill_on_drop: false }`
[INFO] [stderr] Cloning into bare repository '/workspace/cache/git-repos/https%3A%2F%2Fgithub.com%2Fconradludgate%2Fpin-scoped'...
[INFO] running `Command { std: "git" "rev-parse" "HEAD", kill_on_drop: false }`
[INFO] [stdout] 958649f6312e203a29794591503a21b20c0c9d6f
[INFO] testing conradludgate/pin-scoped against nightly-2025-01-18+rustflags=-Zrandomize-layout for randomize-layout-2
[INFO] running `Command { std: "git" "clone" "/workspace/cache/git-repos/https%3A%2F%2Fgithub.com%2Fconradludgate%2Fpin-scoped" "/workspace/builds/worker-3-tc2/source", kill_on_drop: false }`
[INFO] [stderr] Cloning into '/workspace/builds/worker-3-tc2/source'...
[INFO] [stderr] done.
[INFO] validating manifest of git repo https://github.com/conradludgate/pin-scoped on toolchain nightly-2025-01-18
[INFO] running `Command { std: CARGO_HOME="/workspace/cargo-home" RUSTUP_HOME="/workspace/rustup-home" "/workspace/cargo-home/bin/cargo" "+nightly-2025-01-18" "metadata" "--manifest-path" "Cargo.toml" "--no-deps", kill_on_drop: false }`
[INFO] started tweaking git repo https://github.com/conradludgate/pin-scoped
[INFO] finished tweaking git repo https://github.com/conradludgate/pin-scoped
[INFO] tweaked toml for git repo https://github.com/conradludgate/pin-scoped written to /workspace/builds/worker-3-tc2/source/Cargo.toml
[INFO] crate git repo https://github.com/conradludgate/pin-scoped already has a lockfile, it will not be regenerated
[INFO] running `Command { std: CARGO_HOME="/workspace/cargo-home" RUSTUP_HOME="/workspace/rustup-home" "/workspace/cargo-home/bin/cargo" "+nightly-2025-01-18" "fetch" "--manifest-path" "Cargo.toml", kill_on_drop: false }`
[INFO] running `Command { std: "docker" "create" "-v" "/var/lib/crater-agent-workspace/builds/worker-3-tc2/target:/opt/rustwide/target:rw,Z" "-v" "/var/lib/crater-agent-workspace/builds/worker-3-tc2/source:/opt/rustwide/workdir:ro,Z" "-v" "/var/lib/crater-agent-workspace/cargo-home:/opt/rustwide/cargo-home:ro,Z" "-v" "/var/lib/crater-agent-workspace/rustup-home:/opt/rustwide/rustup-home:ro,Z" "-e" "SOURCE_DIR=/opt/rustwide/workdir" "-e" "CARGO_TARGET_DIR=/opt/rustwide/target" "-e" "CARGO_HOME=/opt/rustwide/cargo-home" "-e" "RUSTUP_HOME=/opt/rustwide/rustup-home" "-w" "/opt/rustwide/workdir" "-m" "1610612736" "--user" "0:0" "--network" "none" "ghcr.io/rust-lang/crates-build-env/linux@sha256:819108c5571ea2e421544af4d832f968d213c87fbe3707a016657f43d2f853bc" "/opt/rustwide/cargo-home/bin/cargo" "+nightly-2025-01-18" "metadata" "--no-deps" "--format-version=1", kill_on_drop: false }`
[INFO] [stdout] 1fc3b75520fceb83d92097294da79731f79f891db264ff7fec099d9826b5c303
[INFO] running `Command { std: "docker" "start" "-a" "1fc3b75520fceb83d92097294da79731f79f891db264ff7fec099d9826b5c303", kill_on_drop: false }`
[INFO] running `Command { std: "docker" "inspect" "1fc3b75520fceb83d92097294da79731f79f891db264ff7fec099d9826b5c303", kill_on_drop: false }`
[INFO] running `Command { std: "docker" "rm" "-f" "1fc3b75520fceb83d92097294da79731f79f891db264ff7fec099d9826b5c303", kill_on_drop: false }`
[INFO] [stdout] 1fc3b75520fceb83d92097294da79731f79f891db264ff7fec099d9826b5c303
[INFO] running `Command { std: "docker" "create" "-v" "/var/lib/crater-agent-workspace/builds/worker-3-tc2/target:/opt/rustwide/target:rw,Z" "-v" "/var/lib/crater-agent-workspace/builds/worker-3-tc2/source:/opt/rustwide/workdir:ro,Z" "-v" "/var/lib/crater-agent-workspace/cargo-home:/opt/rustwide/cargo-home:ro,Z" "-v" "/var/lib/crater-agent-workspace/rustup-home:/opt/rustwide/rustup-home:ro,Z" "-e" "SOURCE_DIR=/opt/rustwide/workdir" "-e" "CARGO_TARGET_DIR=/opt/rustwide/target" "-e" "CARGO_INCREMENTAL=0" "-e" "RUST_BACKTRACE=full" "-e" "RUSTFLAGS=--cap-lints=forbid -Zrandomize-layout" "-e" "RUSTDOCFLAGS=--cap-lints=forbid" "-e" "CARGO_HOME=/opt/rustwide/cargo-home" "-e" "RUSTUP_HOME=/opt/rustwide/rustup-home" "-w" "/opt/rustwide/workdir" "-m" "1610612736" "--user" "0:0" "--network" "none" "ghcr.io/rust-lang/crates-build-env/linux@sha256:819108c5571ea2e421544af4d832f968d213c87fbe3707a016657f43d2f853bc" "/opt/rustwide/cargo-home/bin/cargo" "+nightly-2025-01-18" "build" "--frozen" "--message-format=json", kill_on_drop: false }`
[INFO] [stdout] d3cdae73b31fa56f21e4e71db04b24a9c139b0c6ba5fc35f525a36f95862af32
[INFO] running `Command { std: "docker" "start" "-a" "d3cdae73b31fa56f21e4e71db04b24a9c139b0c6ba5fc35f525a36f95862af32", kill_on_drop: false }`
[INFO] [stderr]    Compiling proc-macro2 v1.0.86
[INFO] [stderr]    Compiling unicode-ident v1.0.13
[INFO] [stderr]    Compiling autocfg v1.3.0
[INFO] [stderr]    Compiling pin-project-lite v0.2.14
[INFO] [stderr]    Compiling futures-core v0.3.30
[INFO] [stderr]    Compiling futures-task v0.3.30
[INFO] [stderr]    Compiling futures-sink v0.3.30
[INFO] [stderr]    Compiling bytes v1.7.2
[INFO] [stderr]    Compiling diatomic-waker v0.2.3
[INFO] [stderr]    Compiling slotmap v1.0.7
[INFO] [stderr]    Compiling tokio v1.40.0
[INFO] [stderr]    Compiling slab v0.4.9
[INFO] [stderr]    Compiling quote v1.0.37
[INFO] [stderr]    Compiling syn v2.0.77
[INFO] [stderr]    Compiling futures-macro v0.3.30
[INFO] [stderr]    Compiling futures-util v0.3.30
[INFO] [stderr]    Compiling tokio-util v0.7.12
[INFO] [stderr]    Compiling pin-scoped v0.1.0 (/opt/rustwide/workdir)
[INFO] [stderr]     Finished `dev` profile [unoptimized + debuginfo] target(s) in 8.94s
[INFO] running `Command { std: "docker" "inspect" "d3cdae73b31fa56f21e4e71db04b24a9c139b0c6ba5fc35f525a36f95862af32", kill_on_drop: false }`
[INFO] running `Command { std: "docker" "rm" "-f" "d3cdae73b31fa56f21e4e71db04b24a9c139b0c6ba5fc35f525a36f95862af32", kill_on_drop: false }`
[INFO] [stdout] d3cdae73b31fa56f21e4e71db04b24a9c139b0c6ba5fc35f525a36f95862af32
[INFO] running `Command { std: "docker" "create" "-v" "/var/lib/crater-agent-workspace/builds/worker-3-tc2/target:/opt/rustwide/target:rw,Z" "-v" "/var/lib/crater-agent-workspace/builds/worker-3-tc2/source:/opt/rustwide/workdir:ro,Z" "-v" "/var/lib/crater-agent-workspace/cargo-home:/opt/rustwide/cargo-home:ro,Z" "-v" "/var/lib/crater-agent-workspace/rustup-home:/opt/rustwide/rustup-home:ro,Z" "-e" "SOURCE_DIR=/opt/rustwide/workdir" "-e" "CARGO_TARGET_DIR=/opt/rustwide/target" "-e" "CARGO_INCREMENTAL=0" "-e" "RUST_BACKTRACE=full" "-e" "RUSTFLAGS=--cap-lints=forbid -Zrandomize-layout" "-e" "RUSTDOCFLAGS=--cap-lints=forbid" "-e" "CARGO_HOME=/opt/rustwide/cargo-home" "-e" "RUSTUP_HOME=/opt/rustwide/rustup-home" "-w" "/opt/rustwide/workdir" "-m" "1610612736" "--user" "0:0" "--network" "none" "ghcr.io/rust-lang/crates-build-env/linux@sha256:819108c5571ea2e421544af4d832f968d213c87fbe3707a016657f43d2f853bc" "/opt/rustwide/cargo-home/bin/cargo" "+nightly-2025-01-18" "test" "--frozen" "--no-run" "--message-format=json", kill_on_drop: false }`
[INFO] [stdout] 4ac295022d48d0ed6239d7069331586aaa38b168eca41c2de224c599f9b47a45
[INFO] running `Command { std: "docker" "start" "-a" "4ac295022d48d0ed6239d7069331586aaa38b168eca41c2de224c599f9b47a45", kill_on_drop: false }`
[INFO] [stderr]    Compiling libc v0.2.158
[INFO] [stderr]    Compiling serde v1.0.210
[INFO] [stderr]    Compiling itoa v1.0.11
[INFO] [stderr]    Compiling tokio-macros v2.4.0
[INFO] [stderr]    Compiling httparse v1.9.4
[INFO] [stderr]    Compiling hashbrown v0.14.5
[INFO] [stderr]    Compiling winnow v0.6.18
[INFO] [stderr]    Compiling serde_json v1.0.128
[INFO] [stderr]    Compiling futures-channel v0.3.30
[INFO] [stderr]    Compiling httpdate v1.0.3
[INFO] [stderr]    Compiling trybuild v1.0.99
[INFO] [stderr]    Compiling memchr v2.7.4
[INFO] [stderr]    Compiling serde_derive v1.0.210
[INFO] [stderr]    Compiling glob v0.3.1
[INFO] [stderr]    Compiling termcolor v1.4.1
[INFO] [stderr]    Compiling http v1.1.0
[INFO] [stderr]    Compiling indexmap v2.5.0
[INFO] [stderr]    Compiling signal-hook-registry v1.4.2
[INFO] [stderr]    Compiling socket2 v0.5.7
[INFO] [stderr]    Compiling mio v1.0.2
[INFO] [stderr]    Compiling http-body v1.0.1
[INFO] [stderr]    Compiling http-body-util v0.1.2
[INFO] [stderr]    Compiling tokio v1.40.0
[INFO] [stderr]    Compiling serde_spanned v0.6.7
[INFO] [stderr]    Compiling toml_datetime v0.6.8
[INFO] [stderr]    Compiling toml_edit v0.22.21
[INFO] [stderr]    Compiling hyper v1.4.1
[INFO] [stderr]    Compiling tokio-util v0.7.12
[INFO] [stderr]    Compiling pin-scoped v0.1.0 (/opt/rustwide/workdir)
[INFO] [stderr]    Compiling hyper-util v0.1.8
[INFO] [stderr]    Compiling toml v0.8.19
[INFO] [stdout] warning: the feature `async_closure` has been stable since 1.85.0 and no longer requires an attribute to enable
[INFO] [stdout]  --> tests/spawn_nested.rs:1:12
[INFO] [stdout]   |
[INFO] [stdout] 1 | #![feature(async_closure)]
[INFO] [stdout]   |            ^^^^^^^^^^^^^
[INFO] [stdout]   |
[INFO] [stdout]   = note: `#[warn(stable_features)]` on by default
[INFO] [stdout] 
[INFO] [stdout] 
[INFO] [stdout] warning: the feature `async_closure` has been stable since 1.85.0 and no longer requires an attribute to enable
[INFO] [stdout]  --> tests/closure.rs:1:12
[INFO] [stdout]   |
[INFO] [stdout] 1 | #![feature(async_closure)]
[INFO] [stdout]   |            ^^^^^^^^^^^^^
[INFO] [stdout]   |
[INFO] [stdout]   = note: `#[warn(stable_features)]` on by default
[INFO] [stdout] 
[INFO] [stdout] 
[INFO] [stdout] warning: the feature `async_closure` has been stable since 1.85.0 and no longer requires an attribute to enable
[INFO] [stdout]  --> tests/spawn_sibling.rs:1:12
[INFO] [stdout]   |
[INFO] [stdout] 1 | #![feature(async_closure)]
[INFO] [stdout]   |            ^^^^^^^^^^^^^
[INFO] [stdout]   |
[INFO] [stdout]   = note: `#[warn(stable_features)]` on by default
[INFO] [stdout] 
[INFO] [stdout] 
[INFO] [stderr]     Finished `test` profile [unoptimized + debuginfo] target(s) in 13.05s
[INFO] running `Command { std: "docker" "inspect" "4ac295022d48d0ed6239d7069331586aaa38b168eca41c2de224c599f9b47a45", kill_on_drop: false }`
[INFO] running `Command { std: "docker" "rm" "-f" "4ac295022d48d0ed6239d7069331586aaa38b168eca41c2de224c599f9b47a45", kill_on_drop: false }`
[INFO] [stdout] 4ac295022d48d0ed6239d7069331586aaa38b168eca41c2de224c599f9b47a45
[INFO] running `Command { std: "docker" "create" "-v" "/var/lib/crater-agent-workspace/builds/worker-3-tc2/target:/opt/rustwide/target:rw,Z" "-v" "/var/lib/crater-agent-workspace/builds/worker-3-tc2/source:/opt/rustwide/workdir:ro,Z" "-v" "/var/lib/crater-agent-workspace/cargo-home:/opt/rustwide/cargo-home:ro,Z" "-v" "/var/lib/crater-agent-workspace/rustup-home:/opt/rustwide/rustup-home:ro,Z" "-e" "SOURCE_DIR=/opt/rustwide/workdir" "-e" "CARGO_TARGET_DIR=/opt/rustwide/target" "-e" "CARGO_INCREMENTAL=0" "-e" "RUST_BACKTRACE=full" "-e" "RUSTFLAGS=--cap-lints=forbid -Zrandomize-layout" "-e" "RUSTDOCFLAGS=--cap-lints=forbid" "-e" "CARGO_HOME=/opt/rustwide/cargo-home" "-e" "RUSTUP_HOME=/opt/rustwide/rustup-home" "-w" "/opt/rustwide/workdir" "-m" "1610612736" "--user" "0:0" "--network" "none" "ghcr.io/rust-lang/crates-build-env/linux@sha256:819108c5571ea2e421544af4d832f968d213c87fbe3707a016657f43d2f853bc" "/opt/rustwide/cargo-home/bin/cargo" "+nightly-2025-01-18" "test" "--frozen", kill_on_drop: false }`
[INFO] [stdout] d939707c458fdf4e324559a74e3cc324d96e0e644800dfa7db35bf0f256f32c6
[INFO] running `Command { std: "docker" "start" "-a" "d939707c458fdf4e324559a74e3cc324d96e0e644800dfa7db35bf0f256f32c6", kill_on_drop: false }`
[INFO] [stderr] warning: the feature `async_closure` has been stable since 1.85.0 and no longer requires an attribute to enable
[INFO] [stderr]  --> tests/spawn_sibling.rs:1:12
[INFO] [stderr]   |
[INFO] [stderr] 1 | #![feature(async_closure)]
[INFO] [stderr]   |            ^^^^^^^^^^^^^
[INFO] [stderr]   |
[INFO] [stderr]   = note: `#[warn(stable_features)]` on by default
[INFO] [stderr] 
[INFO] [stderr] warning: the feature `async_closure` has been stable since 1.85.0 and no longer requires an attribute to enable
[INFO] [stderr]  --> tests/closure.rs:1:12
[INFO] [stderr]   |
[INFO] [stderr] 1 | #![feature(async_closure)]
[INFO] [stderr]   |            ^^^^^^^^^^^^^
[INFO] [stderr]   |
[INFO] [stderr]   = note: `#[warn(stable_features)]` on by default
[INFO] [stderr] 
[INFO] [stderr] warning: the feature `async_closure` has been stable since 1.85.0 and no longer requires an attribute to enable
[INFO] [stderr]  --> tests/spawn_nested.rs:1:12
[INFO] [stderr]   |
[INFO] [stderr] 1 | #![feature(async_closure)]
[INFO] [stderr]   |            ^^^^^^^^^^^^^
[INFO] [stderr]   |
[INFO] [stderr]   = note: `#[warn(stable_features)]` on by default
[INFO] [stderr] 
[INFO] [stderr] warning: `pin-scoped` (test "spawn_sibling") generated 1 warning
[INFO] [stderr] warning: `pin-scoped` (test "closure") generated 1 warning
[INFO] [stderr] warning: `pin-scoped` (test "spawn_nested") generated 1 warning
[INFO] [stderr]     Finished `test` profile [unoptimized + debuginfo] target(s) in 0.09s
[INFO] [stderr]      Running unittests src/lib.rs (/opt/rustwide/target/debug/deps/pin_scoped-b33d163274ed30dd)
[INFO] [stdout] 
[INFO] [stdout] running 2 tests
[INFO] [stdout] test tests::dropped ... ok
[INFO] [stdout] test tests::scoped ... ok
[INFO] [stdout] 
[INFO] [stdout] test result: ok. 2 passed; 0 failed; 0 ignored; 0 measured; 0 filtered out; finished in 1.26s
[INFO] [stdout] 
[INFO] [stderr]      Running tests/closure.rs (/opt/rustwide/target/debug/deps/closure-e168376f7e984e47)
[INFO] [stdout] 
[INFO] [stdout] running 2 tests
[INFO] [stdout] test dropped ... ok
[INFO] [stdout] test scoped ... ok
[INFO] [stdout] 
[INFO] [stdout] test result: ok. 2 passed; 0 failed; 0 ignored; 0 measured; 0 filtered out; finished in 1.27s
[INFO] [stdout] 
[INFO] [stderr]      Running tests/loom.rs (/opt/rustwide/target/debug/deps/loom-d02e0b284cdf000d)
[INFO] [stdout] 
[INFO] [stdout] running 0 tests
[INFO] [stdout] 
[INFO] [stdout] test result: ok. 0 passed; 0 failed; 0 ignored; 0 measured; 0 filtered out; finished in 0.00s
[INFO] [stdout] 
[INFO] [stderr]      Running tests/spawn_nested.rs (/opt/rustwide/target/debug/deps/spawn_nested-dd4dd2ccbde3c223)
[INFO] [stdout] 
[INFO] [stdout] running 2 tests
[INFO] [stdout] test dropped ... ok
[INFO] [stdout] test scoped ... ok
[INFO] [stdout] 
[INFO] [stdout] test result: ok. 2 passed; 0 failed; 0 ignored; 0 measured; 0 filtered out; finished in 0.62s
[INFO] [stdout] 
[INFO] [stderr]      Running tests/spawn_sibling.rs (/opt/rustwide/target/debug/deps/spawn_sibling-19d526d7b47a71ff)
[INFO] [stdout] 
[INFO] [stdout] running 2 tests
[INFO] [stdout] test dropped ... ok
[INFO] [stdout] test scoped ... ok
[INFO] [stdout] 
[INFO] [stdout] test result: ok. 2 passed; 0 failed; 0 ignored; 0 measured; 0 filtered out; finished in 1.25s
[INFO] [stdout] 
[INFO] [stderr]      Running tests/ui.rs (/opt/rustwide/target/debug/deps/ui-5325f9daa0c1da78)
[INFO] [stdout] 
[INFO] [stdout] running 1 test
[INFO] [stderr]    Compiling proc-macro2 v1.0.86
[INFO] [stderr]    Compiling unicode-ident v1.0.13
[INFO] [stderr]    Compiling libc v0.2.158
[INFO] [stderr]    Compiling autocfg v1.3.0
[INFO] [stderr]     Checking pin-project-lite v0.2.14
[INFO] [stderr]     Checking futures-core v0.3.30
[INFO] [stderr]     Checking bytes v1.7.2
[INFO] [stderr]     Checking pin-utils v0.1.0
[INFO] [stderr]     Checking futures-task v0.3.30
[INFO] [stderr]     Checking fnv v1.0.7
[INFO] [stderr]     Checking itoa v1.0.11
[INFO] [stderr]    Compiling httparse v1.9.4
[INFO] [stderr]    Compiling version_check v0.9.5
[INFO] [stderr]     Checking futures-sink v0.3.30
[INFO] [stderr]     Checking httpdate v1.0.3
[INFO] [stderr]     Checking smallvec v1.13.2
[INFO] [stderr]     Checking diatomic-waker v0.2.3
[INFO] [stderr]     Checking futures-channel v0.3.30
[INFO] [stderr]    Compiling slotmap v1.0.7
[INFO] [stderr]    Compiling slab v0.4.9
[INFO] [stderr]     Checking http v1.1.0
[INFO] [stderr]    Compiling quote v1.0.37
[INFO] [stderr]     Checking socket2 v0.5.7
[INFO] [stderr]     Checking mio v1.0.2
[INFO] [stderr]     Checking signal-hook-registry v1.4.2
[INFO] [stderr]    Compiling syn v2.0.77
[INFO] [stderr]     Checking http-body v1.0.1
[INFO] [stderr]    Compiling futures-macro v0.3.30
[INFO] [stderr]    Compiling tokio-macros v2.4.0
[INFO] [stderr]     Checking tokio v1.40.0
[INFO] [stderr]     Checking futures-util v0.3.30
[INFO] [stderr]     Checking http-body-util v0.1.2
[INFO] [stderr]     Checking tokio-util v0.7.12
[INFO] [stderr]     Checking hyper v1.4.1
[INFO] [stderr]     Checking pin-scoped v0.1.0 (/opt/rustwide/workdir)
[INFO] [stderr]     Checking hyper-util v0.1.8
[INFO] [stderr]     Checking pin-scoped-tests v0.0.0 (/opt/rustwide/target/tests/trybuild/pin-scoped)
[INFO] [stderr]     Finished `dev` profile [unoptimized + debuginfo] target(s) in 10.94s
[INFO] [stderr] 
[INFO] [stderr] 
[INFO] [stderr] test tests/ui/01-capture-state.rs ... mismatch
[INFO] [stderr] 
[INFO] [stderr] EXPECTED:
[INFO] [stderr] ┈┈┈┈┈┈┈┈┈┈┈┈┈┈┈┈┈┈┈┈┈┈┈┈┈┈┈┈┈┈┈┈┈┈┈┈┈┈┈┈┈┈┈┈┈┈┈┈┈┈┈┈┈┈┈┈┈┈┈┈
[INFO] [stderr] error[E0597]: `non_scoped` does not live long enough
[INFO] [stderr]   --> tests/ui/01-capture-state.rs:17:20
[INFO] [stderr]    |
[INFO] [stderr] 15 | /          scoped
[INFO] [stderr] 16 | |              .as_ref()
[INFO] [stderr] 17 | |              .spawn(async |state: ScopeState<Mutex<u64>>| {
[INFO] [stderr]    | | ____________________^
[INFO] [stderr] 18 | ||                 yield_now().await;
[INFO] [stderr] 19 | ||                 *state.lock().unwrap() += 1;
[INFO] [stderr] 20 | ||                 *non_scoped.lock().unwrap() += 1;
[INFO] [stderr] 21 | ||                 yield_now().await;
[INFO] [stderr] 22 | ||             });
[INFO] [stderr]    | ||_____________^- argument requires that `non_scoped` is borrowed for `'static`
[INFO] [stderr]    |  |_____________|
[INFO] [stderr]    |                borrowed value does not live long enough
[INFO] [stderr] ...
[INFO] [stderr] 26 |    }
[INFO] [stderr]    |    - `non_scoped` dropped here while still borrowed
[INFO] [stderr] ┈┈┈┈┈┈┈┈┈┈┈┈┈┈┈┈┈┈┈┈┈┈┈┈┈┈┈┈┈┈┈┈┈┈┈┈┈┈┈┈┈┈┈┈┈┈┈┈┈┈┈┈┈┈┈┈┈┈┈┈
[INFO] [stderr] 
[INFO] [stderr] ACTUAL OUTPUT:
[INFO] [stderr] ┈┈┈┈┈┈┈┈┈┈┈┈┈┈┈┈┈┈┈┈┈┈┈┈┈┈┈┈┈┈┈┈┈┈┈┈┈┈┈┈┈┈┈┈┈┈┈┈┈┈┈┈┈┈┈┈┈┈┈┈
[INFO] [stderr] warning: the feature `async_closure` has been stable since 1.85.0 and no longer requires an attribute to enable
[INFO] [stderr]  --> tests/ui/01-capture-state.rs:1:12
[INFO] [stderr]   |
[INFO] [stderr] 1 | #![feature(async_closure)]
[INFO] [stderr]   |            ^^^^^^^^^^^^^
[INFO] [stderr]   |
[INFO] [stderr]   = note: `#[warn(stable_features)]` on by default
[INFO] [stderr] 
[INFO] [stderr] error[E0597]: `non_scoped` does not live long enough
[INFO] [stderr]   --> tests/ui/01-capture-state.rs:17:20
[INFO] [stderr]    |
[INFO] [stderr] 15 | /          scoped
[INFO] [stderr] 16 | |              .as_ref()
[INFO] [stderr] 17 | |              .spawn(async |state: ScopeState<Mutex<u64>>| {
[INFO] [stderr]    | | ____________________^
[INFO] [stderr] 18 | ||                 yield_now().await;
[INFO] [stderr] 19 | ||                 *state.lock().unwrap() += 1;
[INFO] [stderr] 20 | ||                 *non_scoped.lock().unwrap() += 1;
[INFO] [stderr] 21 | ||                 yield_now().await;
[INFO] [stderr] 22 | ||             });
[INFO] [stderr]    | ||_____________^- argument requires that `non_scoped` is borrowed for `'static`
[INFO] [stderr]    |  |_____________|
[INFO] [stderr]    |                borrowed value does not live long enough
[INFO] [stderr] ...
[INFO] [stderr] 26 |    }
[INFO] [stderr]    |    - `non_scoped` dropped here while still borrowed
[INFO] [stderr] ┈┈┈┈┈┈┈┈┈┈┈┈┈┈┈┈┈┈┈┈┈┈┈┈┈┈┈┈┈┈┈┈┈┈┈┈┈┈┈┈┈┈┈┈┈┈┈┈┈┈┈┈┈┈┈┈┈┈┈┈
[INFO] [stderr] note: If the actual output is the correct output you can bless it by rerunning
[INFO] [stderr]       your test with the environment variable TRYBUILD=overwrite
[INFO] [stderr] 
[INFO] [stderr] test tests/ui/02-stash-pinned-state.rs ... mismatch
[INFO] [stderr] 
[INFO] [stderr] EXPECTED:
[INFO] [stderr] ┈┈┈┈┈┈┈┈┈┈┈┈┈┈┈┈┈┈┈┈┈┈┈┈┈┈┈┈┈┈┈┈┈┈┈┈┈┈┈┈┈┈┈┈┈┈┈┈┈┈┈┈┈┈┈┈┈┈┈┈
[INFO] [stderr] error[E0521]: borrowed data escapes outside of closure
[INFO] [stderr]   --> tests/ui/02-stash-pinned-state.rs:15:13
[INFO] [stderr]    |
[INFO] [stderr] 14 |         scoped.as_ref().spawn(async move |state: ScopeState<u64>| {
[INFO] [stderr]    |                                           -----
[INFO] [stderr]    |                                           |
[INFO] [stderr]    |                                           `state` is a reference that is only valid in the closure body
[INFO] [stderr]    |                                           has type `ScopeState<'1, u64>`
[INFO] [stderr] 15 |             STASH.set(state);
[INFO] [stderr]    |             ^^^^^^^^^^^^^^^^
[INFO] [stderr]    |             |
[INFO] [stderr]    |             `state` escapes the closure body here
[INFO] [stderr]    |             argument requires that `'1` must outlive `'static`
[INFO] [stderr] ┈┈┈┈┈┈┈┈┈┈┈┈┈┈┈┈┈┈┈┈┈┈┈┈┈┈┈┈┈┈┈┈┈┈┈┈┈┈┈┈┈┈┈┈┈┈┈┈┈┈┈┈┈┈┈┈┈┈┈┈
[INFO] [stderr] 
[INFO] [stderr] ACTUAL OUTPUT:
[INFO] [stderr] ┈┈┈┈┈┈┈┈┈┈┈┈┈┈┈┈┈┈┈┈┈┈┈┈┈┈┈┈┈┈┈┈┈┈┈┈┈┈┈┈┈┈┈┈┈┈┈┈┈┈┈┈┈┈┈┈┈┈┈┈
[INFO] [stderr] warning: the feature `async_closure` has been stable since 1.85.0 and no longer requires an attribute to enable
[INFO] [stderr]  --> tests/ui/02-stash-pinned-state.rs:1:12
[INFO] [stderr]   |
[INFO] [stderr] 1 | #![feature(async_closure)]
[INFO] [stderr]   |            ^^^^^^^^^^^^^
[INFO] [stderr]   |
[INFO] [stderr]   = note: `#[warn(stable_features)]` on by default
[INFO] [stderr] 
[INFO] [stderr] error[E0521]: borrowed data escapes outside of closure
[INFO] [stderr]   --> tests/ui/02-stash-pinned-state.rs:15:13
[INFO] [stderr]    |
[INFO] [stderr] 14 |         scoped.as_ref().spawn(async move |state: ScopeState<u64>| {
[INFO] [stderr]    |                                           -----
[INFO] [stderr]    |                                           |
[INFO] [stderr]    |                                           `state` is a reference that is only valid in the closure body
[INFO] [stderr]    |                                           has type `ScopeState<'1, u64>`
[INFO] [stderr] 15 |             STASH.set(state);
[INFO] [stderr]    |             ^^^^^^^^^^^^^^^^
[INFO] [stderr]    |             |
[INFO] [stderr]    |             `state` escapes the closure body here
[INFO] [stderr]    |             argument requires that `'1` must outlive `'static`
[INFO] [stderr] ┈┈┈┈┈┈┈┈┈┈┈┈┈┈┈┈┈┈┈┈┈┈┈┈┈┈┈┈┈┈┈┈┈┈┈┈┈┈┈┈┈┈┈┈┈┈┈┈┈┈┈┈┈┈┈┈┈┈┈┈
[INFO] [stderr] note: If the actual output is the correct output you can bless it by rerunning
[INFO] [stderr]       your test with the environment variable TRYBUILD=overwrite
[INFO] [stderr] 
[INFO] [stderr] test tests/ui/03-return-state.rs ... mismatch
[INFO] [stderr] 
[INFO] [stderr] EXPECTED:
[INFO] [stderr] ┈┈┈┈┈┈┈┈┈┈┈┈┈┈┈┈┈┈┈┈┈┈┈┈┈┈┈┈┈┈┈┈┈┈┈┈┈┈┈┈┈┈┈┈┈┈┈┈┈┈┈┈┈┈┈┈┈┈┈┈
[INFO] [stderr] error: lifetime may not live long enough
[INFO] [stderr]   --> tests/ui/03-return-state.rs:13:52
[INFO] [stderr]    |
[INFO] [stderr] 13 |         .spawn(async move |state: ScopeState<u64>| state);
[INFO] [stderr]    |                            -----                 - ^^^^^ returning this value requires that `'1` must outlive `'2`
[INFO] [stderr]    |                            |                     |
[INFO] [stderr]    |                            |                     return type of async closure `{async closure body@$DIR/tests/ui/03-return-state.rs:13:52: 13:57}` contains a lifetime `'2`
[INFO] [stderr]    |                            has type `ScopeState<'1, u64>`
[INFO] [stderr] ┈┈┈┈┈┈┈┈┈┈┈┈┈┈┈┈┈┈┈┈┈┈┈┈┈┈┈┈┈┈┈┈┈┈┈┈┈┈┈┈┈┈┈┈┈┈┈┈┈┈┈┈┈┈┈┈┈┈┈┈
[INFO] [stderr] 
[INFO] [stderr] ACTUAL OUTPUT:
[INFO] [stderr] ┈┈┈┈┈┈┈┈┈┈┈┈┈┈┈┈┈┈┈┈┈┈┈┈┈┈┈┈┈┈┈┈┈┈┈┈┈┈┈┈┈┈┈┈┈┈┈┈┈┈┈┈┈┈┈┈┈┈┈┈
[INFO] [stderr] warning: the feature `async_closure` has been stable since 1.85.0 and no longer requires an attribute to enable
[INFO] [stderr]  --> tests/ui/03-return-state.rs:1:12
[INFO] [stderr]   |
[INFO] [stderr] 1 | #![feature(async_closure)]
[INFO] [stderr]   |            ^^^^^^^^^^^^^
[INFO] [stderr]   |
[INFO] [stderr]   = note: `#[warn(stable_features)]` on by default
[INFO] [stderr] 
[INFO] [stderr] error: lifetime may not live long enough
[INFO] [stderr]   --> tests/ui/03-return-state.rs:13:52
[INFO] [stderr]    |
[INFO] [stderr] 13 |         .spawn(async move |state: ScopeState<u64>| state);
[INFO] [stderr]    |                            -----                 - ^^^^^ returning this value requires that `'1` must outlive `'2`
[INFO] [stderr]    |                            |                     |
[INFO] [stderr]    |                            |                     return type of async closure `{async closure body@$DIR/tests/ui/03-return-state.rs:13:52: 13:57}` contains a lifetime `'2`
[INFO] [stderr]    |                            has type `ScopeState<'1, u64>`
[INFO] [stderr] ┈┈┈┈┈┈┈┈┈┈┈┈┈┈┈┈┈┈┈┈┈┈┈┈┈┈┈┈┈┈┈┈┈┈┈┈┈┈┈┈┈┈┈┈┈┈┈┈┈┈┈┈┈┈┈┈┈┈┈┈
[INFO] [stderr] note: If the actual output is the correct output you can bless it by rerunning
[INFO] [stderr]       your test with the environment variable TRYBUILD=overwrite
[INFO] [stderr] 
[INFO] [stderr] test tests/ui/04-return-nested-state.rs ... mismatch
[INFO] [stderr] 
[INFO] [stderr] EXPECTED:
[INFO] [stderr] ┈┈┈┈┈┈┈┈┈┈┈┈┈┈┈┈┈┈┈┈┈┈┈┈┈┈┈┈┈┈┈┈┈┈┈┈┈┈┈┈┈┈┈┈┈┈┈┈┈┈┈┈┈┈┈┈┈┈┈┈
[INFO] [stderr] error: lifetime may not live long enough
[INFO] [stderr]   --> tests/ui/04-return-nested-state.rs:13:52
[INFO] [stderr]    |
[INFO] [stderr] 13 |         .spawn(async move |state: ScopeState<u64>| state.nest(1));
[INFO] [stderr]    |                            -----                 - ^^^^^^^^^^^^^ returning this value requires that `'1` must outlive `'2`
[INFO] [stderr]    |                            |                     |
[INFO] [stderr]    |                            |                     return type of async closure `{async closure body@$DIR/tests/ui/04-return-nested-state.rs:13:52: 13:65}` contains a lifetime `'2`
[INFO] [stderr]    |                            has type `ScopeState<'1, u64>`
[INFO] [stderr]    |
[INFO] [stderr]    = note: requirement occurs because of the type `NestedScope<'_, u64, i32>`, which makes the generic argument `'_` invariant
[INFO] [stderr]    = note: the struct `NestedScope<'parent, Head, State>` is invariant over the parameter `'parent`
[INFO] [stderr]    = help: see <https://doc.rust-lang.org/nomicon/subtyping.html> for more information about variance
[INFO] [stderr] ┈┈┈┈┈┈┈┈┈┈┈┈┈┈┈┈┈┈┈┈┈┈┈┈┈┈┈┈┈┈┈┈┈┈┈┈┈┈┈┈┈┈┈┈┈┈┈┈┈┈┈┈┈┈┈┈┈┈┈┈
[INFO] [stderr] 
[INFO] [stderr] ACTUAL OUTPUT:
[INFO] [stderr] ┈┈┈┈┈┈┈┈┈┈┈┈┈┈┈┈┈┈┈┈┈┈┈┈┈┈┈┈┈┈┈┈┈┈┈┈┈┈┈┈┈┈┈┈┈┈┈┈┈┈┈┈┈┈┈┈┈┈┈┈
[INFO] [stderr] warning: the feature `async_closure` has been stable since 1.85.0 and no longer requires an attribute to enable
[INFO] [stderr]  --> tests/ui/04-return-nested-state.rs:1:12
[INFO] [stderr]   |
[INFO] [stderr] 1 | #![feature(async_closure)]
[INFO] [stderr]   |            ^^^^^^^^^^^^^
[INFO] [stderr]   |
[INFO] [stderr]   = note: `#[warn(stable_features)]` on by default
[INFO] [stderr] 
[INFO] [stderr] error: lifetime may not live long enough
[INFO] [stderr]   --> tests/ui/04-return-nested-state.rs:13:52
[INFO] [stderr]    |
[INFO] [stderr] 13 |         .spawn(async move |state: ScopeState<u64>| state.nest(1));
[INFO] [stderr]    |                            -----                 - ^^^^^^^^^^^^^ returning this value requires that `'1` must outlive `'2`
[INFO] [stderr]    |                            |                     |
[INFO] [stderr]    |                            |                     return type of async closure `{async closure body@$DIR/tests/ui/04-return-nested-state.rs:13:52: 13:65}` contains a lifetime `'2`
[INFO] [stderr]    |                            has type `ScopeState<'1, u64>`
[INFO] [stderr] ┈┈┈┈┈┈┈┈┈┈┈┈┈┈┈┈┈┈┈┈┈┈┈┈┈┈┈┈┈┈┈┈┈┈┈┈┈┈┈┈┈┈┈┈┈┈┈┈┈┈┈┈┈┈┈┈┈┈┈┈
[INFO] [stderr] note: If the actual output is the correct output you can bless it by rerunning
[INFO] [stderr]       your test with the environment variable TRYBUILD=overwrite
[INFO] [stderr] 
[INFO] [stderr] 
[INFO] [stderr] 
[INFO] [stdout] test ui ... FAILED
[INFO] [stdout] 
[INFO] [stdout] failures:
[INFO] [stdout] 
[INFO] [stdout] ---- ui stdout ----
[INFO] [stdout] 
[INFO] [stdout] thread 'ui' panicked at /opt/rustwide/cargo-home/registry/src/index.crates.io-1949cf8c6b5b557f/trybuild-1.0.99/src/run.rs:101:13:
[INFO] [stdout] 4 of 4 tests failed
[INFO] [stdout] stack backtrace:
[INFO] [stdout]    0:     0x6384257fba4a - std::backtrace_rs::backtrace::libunwind::trace::hb059275cfc8d6126
[INFO] [stdout]                                at /rustc/6067b36314ab5eb2eb47cecc464545ba58e1ad24/library/std/src/../../backtrace/src/backtrace/libunwind.rs:116:5
[INFO] [stdout]    1:     0x6384257fba4a - std::backtrace_rs::backtrace::trace_unsynchronized::h2da071e4327ce3ee
[INFO] [stdout]                                at /rustc/6067b36314ab5eb2eb47cecc464545ba58e1ad24/library/std/src/../../backtrace/src/backtrace/mod.rs:66:5
[INFO] [stdout]    2:     0x6384257fba4a - std::sys::backtrace::_print_fmt::h842a1474e6f8d23f
[INFO] [stdout]                                at /rustc/6067b36314ab5eb2eb47cecc464545ba58e1ad24/library/std/src/sys/backtrace.rs:66:9
[INFO] [stdout]    3:     0x6384257fba4a - <std::sys::backtrace::BacktraceLock::print::DisplayBacktrace as core::fmt::Display>::fmt::h71a62eb3b9696b12
[INFO] [stdout]                                at /rustc/6067b36314ab5eb2eb47cecc464545ba58e1ad24/library/std/src/sys/backtrace.rs:39:26
[INFO] [stdout]    4:     0x638425827343 - core::fmt::rt::Argument::fmt::hdb6b616786b41dc1
[INFO] [stdout]                                at /rustc/6067b36314ab5eb2eb47cecc464545ba58e1ad24/library/core/src/fmt/rt.rs:177:76
[INFO] [stdout]    5:     0x638425827343 - core::fmt::write::h2cc1698af7e2d686
[INFO] [stdout]                                at /rustc/6067b36314ab5eb2eb47cecc464545ba58e1ad24/library/core/src/fmt/mod.rs:1440:21
[INFO] [stdout]    6:     0x6384257f7973 - std::io::Write::write_fmt::hab1b4cd059a79022
[INFO] [stdout]                                at /rustc/6067b36314ab5eb2eb47cecc464545ba58e1ad24/library/std/src/io/mod.rs:1887:15
[INFO] [stdout]    7:     0x6384257fb892 - std::sys::backtrace::BacktraceLock::print::h147fe35b4ea13b08
[INFO] [stdout]                                at /rustc/6067b36314ab5eb2eb47cecc464545ba58e1ad24/library/std/src/sys/backtrace.rs:42:9
[INFO] [stdout]    8:     0x6384257fd46f - std::panicking::default_hook::{{closure}}::hbd44223dbdc0d208
[INFO] [stdout]                                at /rustc/6067b36314ab5eb2eb47cecc464545ba58e1ad24/library/std/src/panicking.rs:298:22
[INFO] [stdout]    9:     0x6384257fd288 - std::panicking::default_hook::h20f81eb0576efcec
[INFO] [stdout]                                at /rustc/6067b36314ab5eb2eb47cecc464545ba58e1ad24/library/std/src/panicking.rs:322:9
[INFO] [stdout]   10:     0x6384257c2e33 - <alloc::boxed::Box<F,A> as core::ops::function::Fn<Args>>::call::hdb53814c496a4d34
[INFO] [stdout]                                at /rustc/6067b36314ab5eb2eb47cecc464545ba58e1ad24/library/alloc/src/boxed.rs:2027:9
[INFO] [stdout]   11:     0x6384257c2e33 - test::test_main::{{closure}}::hc0a4963c59427c24
[INFO] [stdout]                                at /rustc/6067b36314ab5eb2eb47cecc464545ba58e1ad24/library/test/src/lib.rs:134:21
[INFO] [stdout]   12:     0x6384257fdf63 - <alloc::boxed::Box<F,A> as core::ops::function::Fn<Args>>::call::h591b2225413a77e9
[INFO] [stdout]                                at /rustc/6067b36314ab5eb2eb47cecc464545ba58e1ad24/library/alloc/src/boxed.rs:2027:9
[INFO] [stdout]   13:     0x6384257fdf63 - std::panicking::rust_panic_with_hook::h625eea43051b2edc
[INFO] [stdout]                                at /rustc/6067b36314ab5eb2eb47cecc464545ba58e1ad24/library/std/src/panicking.rs:839:13
[INFO] [stdout]   14:     0x6384257fdc1a - std::panicking::begin_panic_handler::{{closure}}::h4f9159cfbc3f6bd3
[INFO] [stdout]                                at /rustc/6067b36314ab5eb2eb47cecc464545ba58e1ad24/library/std/src/panicking.rs:704:13
[INFO] [stdout]   15:     0x6384257fbf49 - std::sys::backtrace::__rust_end_short_backtrace::h0390abce48353151
[INFO] [stdout]                                at /rustc/6067b36314ab5eb2eb47cecc464545ba58e1ad24/library/std/src/sys/backtrace.rs:168:18
[INFO] [stdout]   16:     0x6384257fd8ad - rust_begin_unwind
[INFO] [stdout]                                at /rustc/6067b36314ab5eb2eb47cecc464545ba58e1ad24/library/std/src/panicking.rs:695:5
[INFO] [stdout]   17:     0x638425825660 - core::panicking::panic_fmt::h9e7c637e9e5f29c9
[INFO] [stdout]                                at /rustc/6067b36314ab5eb2eb47cecc464545ba58e1ad24/library/core/src/panicking.rs:75:14
[INFO] [stdout]   18:     0x63842562347a - trybuild::run::<impl trybuild::Runner>::run::hf151f19a2d1799d8
[INFO] [stdout]                                at /opt/rustwide/cargo-home/registry/src/index.crates.io-1949cf8c6b5b557f/trybuild-1.0.99/src/run.rs:101:13
[INFO] [stdout]   19:     0x638425628a38 - <trybuild::TestCases as core::ops::drop::Drop>::drop::hcecba37534c39d92
[INFO] [stdout]                                at /opt/rustwide/cargo-home/registry/src/index.crates.io-1949cf8c6b5b557f/trybuild-1.0.99/src/lib.rs:319:13
[INFO] [stdout]   20:     0x6384254dee27 - core::ptr::drop_in_place<trybuild::TestCases>::h0fec10dfa2f970c0
[INFO] [stdout]                                at /rustc/6067b36314ab5eb2eb47cecc464545ba58e1ad24/library/core/src/ptr/mod.rs:523:1
[INFO] [stdout]   21:     0x6384254df533 - ui::ui::h7489409371d40de2
[INFO] [stdout]                                at /opt/rustwide/workdir/tests/ui.rs:7:1
[INFO] [stdout]   22:     0x6384254df4c7 - ui::ui::{{closure}}::h6126ebf60244c3ae
[INFO] [stdout]                                at /opt/rustwide/workdir/tests/ui.rs:4:8
[INFO] [stdout]   23:     0x6384254dedd6 - core::ops::function::FnOnce::call_once::hdaa9239030d4b4ed
[INFO] [stdout]                                at /rustc/6067b36314ab5eb2eb47cecc464545ba58e1ad24/library/core/src/ops/function.rs:250:5
[INFO] [stdout]   24:     0x6384257c858b - core::ops::function::FnOnce::call_once::he27718dfdd183f43
[INFO] [stdout]                                at /rustc/6067b36314ab5eb2eb47cecc464545ba58e1ad24/library/core/src/ops/function.rs:250:5
[INFO] [stdout]   25:     0x6384257c858b - test::__rust_begin_short_backtrace::h4e84902998457a5d
[INFO] [stdout]                                at /rustc/6067b36314ab5eb2eb47cecc464545ba58e1ad24/library/test/src/lib.rs:632:18
[INFO] [stdout]   26:     0x6384257c74c3 - test::run_test_in_process::{{closure}}::h7176fd18fc1feca0
[INFO] [stdout]                                at /rustc/6067b36314ab5eb2eb47cecc464545ba58e1ad24/library/test/src/lib.rs:655:60
[INFO] [stdout]   27:     0x6384257c74c3 - <core::panic::unwind_safe::AssertUnwindSafe<F> as core::ops::function::FnOnce<()>>::call_once::hf79cff2a624d8cf7
[INFO] [stdout]                                at /rustc/6067b36314ab5eb2eb47cecc464545ba58e1ad24/library/core/src/panic/unwind_safe.rs:272:9
[INFO] [stdout]   28:     0x6384257c74c3 - std::panicking::try::do_call::h3da0561d9ab99c25
[INFO] [stdout]                                at /rustc/6067b36314ab5eb2eb47cecc464545ba58e1ad24/library/std/src/panicking.rs:587:40
[INFO] [stdout]   29:     0x6384257c74c3 - std::panicking::try::h41c9fa508bc61df6
[INFO] [stdout]                                at /rustc/6067b36314ab5eb2eb47cecc464545ba58e1ad24/library/std/src/panicking.rs:550:19
[INFO] [stdout]   30:     0x6384257c74c3 - std::panic::catch_unwind::h6b3ff07bb5afad93
[INFO] [stdout]                                at /rustc/6067b36314ab5eb2eb47cecc464545ba58e1ad24/library/std/src/panic.rs:358:14
[INFO] [stdout]   31:     0x6384257c74c3 - test::run_test_in_process::hc7253dd11b39b9f4
[INFO] [stdout]                                at /rustc/6067b36314ab5eb2eb47cecc464545ba58e1ad24/library/test/src/lib.rs:655:27
[INFO] [stdout]   32:     0x6384257c74c3 - test::run_test::{{closure}}::hfb2007f8649c30bb
[INFO] [stdout]                                at /rustc/6067b36314ab5eb2eb47cecc464545ba58e1ad24/library/test/src/lib.rs:576:43
[INFO] [stdout]   33:     0x63842578a5a5 - test::run_test::{{closure}}::h56a17aa7a282a9f4
[INFO] [stdout]                                at /rustc/6067b36314ab5eb2eb47cecc464545ba58e1ad24/library/test/src/lib.rs:606:41
[INFO] [stdout]   34:     0x63842578a5a5 - std::sys::backtrace::__rust_begin_short_backtrace::hd2d2d2fb8e8c6aac
[INFO] [stdout]                                at /rustc/6067b36314ab5eb2eb47cecc464545ba58e1ad24/library/std/src/sys/backtrace.rs:152:18
[INFO] [stdout]   35:     0x63842578de8a - std::thread::Builder::spawn_unchecked_::{{closure}}::{{closure}}::h4faa3f9db6133423
[INFO] [stdout]                                at /rustc/6067b36314ab5eb2eb47cecc464545ba58e1ad24/library/std/src/thread/mod.rs:559:17
[INFO] [stdout]   36:     0x63842578de8a - <core::panic::unwind_safe::AssertUnwindSafe<F> as core::ops::function::FnOnce<()>>::call_once::hf2e855a36a4ea846
[INFO] [stdout]                                at /rustc/6067b36314ab5eb2eb47cecc464545ba58e1ad24/library/core/src/panic/unwind_safe.rs:272:9
[INFO] [stdout]   37:     0x63842578de8a - std::panicking::try::do_call::h2f73af3616c35465
[INFO] [stdout]                                at /rustc/6067b36314ab5eb2eb47cecc464545ba58e1ad24/library/std/src/panicking.rs:587:40
[INFO] [stdout]   38:     0x63842578de8a - std::panicking::try::hd1660ce9efadef5a
[INFO] [stdout]                                at /rustc/6067b36314ab5eb2eb47cecc464545ba58e1ad24/library/std/src/panicking.rs:550:19
[INFO] [stdout]   39:     0x63842578de8a - std::panic::catch_unwind::h5ee8d7823b8ca744
[INFO] [stdout]                                at /rustc/6067b36314ab5eb2eb47cecc464545ba58e1ad24/library/std/src/panic.rs:358:14
[INFO] [stdout]   40:     0x63842578de8a - std::thread::Builder::spawn_unchecked_::{{closure}}::h53c3a1894dce8407
[INFO] [stdout]                                at /rustc/6067b36314ab5eb2eb47cecc464545ba58e1ad24/library/std/src/thread/mod.rs:557:30
[INFO] [stdout]   41:     0x63842578de8a - core::ops::function::FnOnce::call_once{{vtable.shim}}::h048ce291ad4f62bf
[INFO] [stdout]                                at /rustc/6067b36314ab5eb2eb47cecc464545ba58e1ad24/library/core/src/ops/function.rs:250:5
[INFO] [stdout]   42:     0x63842580323b - <alloc::boxed::Box<F,A> as core::ops::function::FnOnce<Args>>::call_once::ha52bedf99a3b4981
[INFO] [stdout]                                at /rustc/6067b36314ab5eb2eb47cecc464545ba58e1ad24/library/alloc/src/boxed.rs:2013:9
[INFO] [stdout]   43:     0x63842580323b - <alloc::boxed::Box<F,A> as core::ops::function::FnOnce<Args>>::call_once::h567748934d80ccf8
[INFO] [stdout]                                at /rustc/6067b36314ab5eb2eb47cecc464545ba58e1ad24/library/alloc/src/boxed.rs:2013:9
[INFO] [stdout]   44:     0x63842580323b - std::sys::pal::unix::thread::Thread::new::thread_start::h2d970728ae887adc
[INFO] [stdout]                                at /rustc/6067b36314ab5eb2eb47cecc464545ba58e1ad24/library/std/src/sys/pal/unix/thread.rs:106:17
[INFO] [stdout]   45:     0x705627de8ac3 - <unknown>
[INFO] [stdout]   46:     0x705627e79a04 - clone
[INFO] [stdout]   47:                0x0 - <unknown>
[INFO] [stdout] 
[INFO] [stdout] 
[INFO] [stdout] failures:
[INFO] [stdout]     ui
[INFO] [stdout] 
[INFO] [stdout] test result: FAILED. 0 passed; 1 failed; 0 ignored; 0 measured; 0 filtered out; finished in 11.46s
[INFO] [stdout] 
[INFO] [stderr] error: test failed, to rerun pass `--test ui`
[INFO] running `Command { std: "docker" "inspect" "d939707c458fdf4e324559a74e3cc324d96e0e644800dfa7db35bf0f256f32c6", kill_on_drop: false }`
[INFO] running `Command { std: "docker" "rm" "-f" "d939707c458fdf4e324559a74e3cc324d96e0e644800dfa7db35bf0f256f32c6", kill_on_drop: false }`
[INFO] [stdout] d939707c458fdf4e324559a74e3cc324d96e0e644800dfa7db35bf0f256f32c6
