[INFO] cloning repository https://github.com/confused-ace-noises/scoped-search-engine
[INFO] running `Command { std: "git" "-c" "credential.helper=" "-c" "credential.helper=/workspace/cargo-home/bin/git-credential-null" "clone" "--bare" "https://github.com/confused-ace-noises/scoped-search-engine" "/workspace/cache/git-repos/https%3A%2F%2Fgithub.com%2Fconfused-ace-noises%2Fscoped-search-engine", kill_on_drop: false }`
[INFO] [stderr] Cloning into bare repository '/workspace/cache/git-repos/https%3A%2F%2Fgithub.com%2Fconfused-ace-noises%2Fscoped-search-engine'...
[INFO] running `Command { std: "git" "rev-parse" "HEAD", kill_on_drop: false }`
[INFO] [stdout] b0283ec884f9a6089f33d32bd93aa24db632c548
[INFO] testing confused-ace-noises/scoped-search-engine against nightly-2025-01-18 for randomize-layout-2
[INFO] running `Command { std: "git" "clone" "/workspace/cache/git-repos/https%3A%2F%2Fgithub.com%2Fconfused-ace-noises%2Fscoped-search-engine" "/workspace/builds/worker-1-tc1/source", kill_on_drop: false }`
[INFO] [stderr] Cloning into '/workspace/builds/worker-1-tc1/source'...
[INFO] [stderr] done.
[INFO] validating manifest of git repo https://github.com/confused-ace-noises/scoped-search-engine on toolchain nightly-2025-01-18
[INFO] running `Command { std: CARGO_HOME="/workspace/cargo-home" RUSTUP_HOME="/workspace/rustup-home" "/workspace/cargo-home/bin/cargo" "+nightly-2025-01-18" "metadata" "--manifest-path" "Cargo.toml" "--no-deps", kill_on_drop: false }`
[INFO] started tweaking git repo https://github.com/confused-ace-noises/scoped-search-engine
[INFO] finished tweaking git repo https://github.com/confused-ace-noises/scoped-search-engine
[INFO] tweaked toml for git repo https://github.com/confused-ace-noises/scoped-search-engine written to /workspace/builds/worker-1-tc1/source/Cargo.toml
[INFO] crate git repo https://github.com/confused-ace-noises/scoped-search-engine already has a lockfile, it will not be regenerated
[INFO] running `Command { std: CARGO_HOME="/workspace/cargo-home" RUSTUP_HOME="/workspace/rustup-home" "/workspace/cargo-home/bin/cargo" "+nightly-2025-01-18" "fetch" "--manifest-path" "Cargo.toml", kill_on_drop: false }`
[INFO] [stderr] warning: profiles for the non root package will be ignored, specify profiles at the workspace root:
[INFO] [stderr] package:   /workspace/builds/worker-1-tc1/source/icepick-backend/Cargo.toml
[INFO] [stderr] workspace: /workspace/builds/worker-1-tc1/source/Cargo.toml
[INFO] [stderr] warning: profiles for the non root package will be ignored, specify profiles at the workspace root:
[INFO] [stderr] package:   /workspace/builds/worker-1-tc1/source/engine-backend/Cargo.toml
[INFO] [stderr] workspace: /workspace/builds/worker-1-tc1/source/Cargo.toml
[INFO] [stderr] warning: virtual workspace defaulting to `resolver = "1"` despite one or more workspace members being on edition 2021 which implies `resolver = "2"`
[INFO] [stderr] note: to keep the current resolver, specify `workspace.resolver = "1"` in the workspace root's manifest
[INFO] [stderr] note: to use the edition 2021 resolver, specify `workspace.resolver = "2"` in the workspace root's manifest
[INFO] [stderr] note: for more details see https://doc.rust-lang.org/cargo/reference/resolver.html#resolver-versions
[INFO] [stderr] warning: /workspace/builds/worker-1-tc1/source/icepick-backend/Cargo.toml: unused manifest key: profile.release.stack-size
[INFO] [stderr]  Downloading crates ...
[INFO] [stderr]   Downloaded yew-router-macro v0.18.0
[INFO] [stderr]   Downloaded yew-router v0.18.0
[INFO] running `Command { std: "docker" "create" "-v" "/var/lib/crater-agent-workspace/builds/worker-1-tc1/target:/opt/rustwide/target:rw,Z" "-v" "/var/lib/crater-agent-workspace/builds/worker-1-tc1/source:/opt/rustwide/workdir:ro,Z" "-v" "/var/lib/crater-agent-workspace/cargo-home:/opt/rustwide/cargo-home:ro,Z" "-v" "/var/lib/crater-agent-workspace/rustup-home:/opt/rustwide/rustup-home:ro,Z" "-e" "SOURCE_DIR=/opt/rustwide/workdir" "-e" "CARGO_TARGET_DIR=/opt/rustwide/target" "-e" "CARGO_HOME=/opt/rustwide/cargo-home" "-e" "RUSTUP_HOME=/opt/rustwide/rustup-home" "-w" "/opt/rustwide/workdir" "-m" "1610612736" "--user" "0:0" "--network" "none" "ghcr.io/rust-lang/crates-build-env/linux@sha256:819108c5571ea2e421544af4d832f968d213c87fbe3707a016657f43d2f853bc" "/opt/rustwide/cargo-home/bin/cargo" "+nightly-2025-01-18" "metadata" "--no-deps" "--format-version=1", kill_on_drop: false }`
[INFO] [stdout] b8c763cd2a822ce191b318a0ff9e7e7b477c5726c96f94ac5c0f3451270681df
[INFO] running `Command { std: "docker" "start" "-a" "b8c763cd2a822ce191b318a0ff9e7e7b477c5726c96f94ac5c0f3451270681df", kill_on_drop: false }`
[INFO] running `Command { std: "docker" "inspect" "b8c763cd2a822ce191b318a0ff9e7e7b477c5726c96f94ac5c0f3451270681df", kill_on_drop: false }`
[INFO] running `Command { std: "docker" "rm" "-f" "b8c763cd2a822ce191b318a0ff9e7e7b477c5726c96f94ac5c0f3451270681df", kill_on_drop: false }`
[INFO] [stdout] b8c763cd2a822ce191b318a0ff9e7e7b477c5726c96f94ac5c0f3451270681df
[INFO] running `Command { std: "docker" "create" "-v" "/var/lib/crater-agent-workspace/builds/worker-1-tc1/target:/opt/rustwide/target:rw,Z" "-v" "/var/lib/crater-agent-workspace/builds/worker-1-tc1/source:/opt/rustwide/workdir:ro,Z" "-v" "/var/lib/crater-agent-workspace/cargo-home:/opt/rustwide/cargo-home:ro,Z" "-v" "/var/lib/crater-agent-workspace/rustup-home:/opt/rustwide/rustup-home:ro,Z" "-e" "SOURCE_DIR=/opt/rustwide/workdir" "-e" "CARGO_TARGET_DIR=/opt/rustwide/target" "-e" "CARGO_INCREMENTAL=0" "-e" "RUST_BACKTRACE=full" "-e" "RUSTFLAGS=--cap-lints=forbid" "-e" "RUSTDOCFLAGS=--cap-lints=forbid" "-e" "CARGO_HOME=/opt/rustwide/cargo-home" "-e" "RUSTUP_HOME=/opt/rustwide/rustup-home" "-w" "/opt/rustwide/workdir" "-m" "1610612736" "--user" "0:0" "--network" "none" "ghcr.io/rust-lang/crates-build-env/linux@sha256:819108c5571ea2e421544af4d832f968d213c87fbe3707a016657f43d2f853bc" "/opt/rustwide/cargo-home/bin/cargo" "+nightly-2025-01-18" "build" "--frozen" "--message-format=json", kill_on_drop: false }`
[INFO] [stdout] 9d90a713ef0b67a1f7e3492ff1020d41069f7cf2a1811b8072803a917131e61d
[INFO] running `Command { std: "docker" "start" "-a" "9d90a713ef0b67a1f7e3492ff1020d41069f7cf2a1811b8072803a917131e61d", kill_on_drop: false }`
[INFO] [stderr] warning: profiles for the non root package will be ignored, specify profiles at the workspace root:
[INFO] [stderr] package:   /opt/rustwide/workdir/icepick-backend/Cargo.toml
[INFO] [stderr] workspace: /opt/rustwide/workdir/Cargo.toml
[INFO] [stderr] warning: profiles for the non root package will be ignored, specify profiles at the workspace root:
[INFO] [stderr] package:   /opt/rustwide/workdir/engine-backend/Cargo.toml
[INFO] [stderr] workspace: /opt/rustwide/workdir/Cargo.toml
[INFO] [stderr] warning: virtual workspace defaulting to `resolver = "1"` despite one or more workspace members being on edition 2021 which implies `resolver = "2"`
[INFO] [stderr] note: to keep the current resolver, specify `workspace.resolver = "1"` in the workspace root's manifest
[INFO] [stderr] note: to use the edition 2021 resolver, specify `workspace.resolver = "2"` in the workspace root's manifest
[INFO] [stderr] note: for more details see https://doc.rust-lang.org/cargo/reference/resolver.html#resolver-versions
[INFO] [stderr] warning: /opt/rustwide/workdir/icepick-backend/Cargo.toml: unused manifest key: profile.release.stack-size
[INFO] [stderr]    Compiling proc-macro2 v1.0.92
[INFO] [stderr]    Compiling unicode-ident v1.0.14
[INFO] [stderr]    Compiling cfg-if v1.0.0
[INFO] [stderr]    Compiling libc v0.2.169
[INFO] [stderr]    Compiling serde v1.0.217
[INFO] [stderr]    Compiling log v0.4.22
[INFO] [stderr]    Compiling once_cell v1.20.2
[INFO] [stderr]    Compiling memchr v2.7.4
[INFO] [stderr]    Compiling itoa v1.0.14
[INFO] [stderr]    Compiling version_check v0.9.5
[INFO] [stderr]    Compiling autocfg v1.4.0
[INFO] [stderr]    Compiling futures-core v0.3.31
[INFO] [stderr]    Compiling pin-project-lite v0.2.15
[INFO] [stderr]    Compiling futures-sink v0.3.31
[INFO] [stderr]    Compiling bytes v1.9.0
[INFO] [stderr]    Compiling smallvec v1.13.2
[INFO] [stderr]    Compiling parking_lot_core v0.9.10
[INFO] [stderr]    Compiling ryu v1.0.18
[INFO] [stderr]    Compiling scopeguard v1.2.0
[INFO] [stderr]    Compiling serde_json v1.0.134
[INFO] [stderr]    Compiling fnv v1.0.7
[INFO] [stderr]    Compiling futures-io v0.3.31
[INFO] [stderr]    Compiling hashbrown v0.15.2
[INFO] [stderr]    Compiling futures-task v0.3.31
[INFO] [stderr]    Compiling pin-utils v0.1.0
[INFO] [stderr]    Compiling equivalent v1.0.1
[INFO] [stderr]    Compiling futures-channel v0.3.31
[INFO] [stderr]    Compiling wasm-bindgen-shared v0.2.99
[INFO] [stderr]    Compiling bumpalo v3.16.0
[INFO] [stderr]    Compiling wasm-bindgen v0.2.99
[INFO] [stderr]    Compiling tracing-core v0.1.33
[INFO] [stderr]    Compiling percent-encoding v2.3.1
[INFO] [stderr]    Compiling shlex v1.3.0
[INFO] [stderr]    Compiling pkg-config v0.3.31
[INFO] [stderr]    Compiling byteorder v1.5.0
[INFO] [stderr]    Compiling bitflags v2.6.0
[INFO] [stderr]    Compiling stable_deref_trait v1.2.0
[INFO] [stderr]    Compiling form_urlencoded v1.2.1
[INFO] [stderr]    Compiling http v0.2.12
[INFO] [stderr]    Compiling httparse v1.9.5
[INFO] [stderr]    Compiling http v1.2.0
[INFO] [stderr]    Compiling syn v1.0.109
[INFO] [stderr]    Compiling thiserror v1.0.69
[INFO] [stderr]    Compiling writeable v0.5.5
[INFO] [stderr]    Compiling siphasher v0.3.11
[INFO] [stderr]    Compiling lock_api v0.4.12
[INFO] [stderr]    Compiling slab v0.4.9
[INFO] [stderr]    Compiling litemap v0.7.4
[INFO] [stderr]    Compiling phf_shared v0.10.0
[INFO] [stderr]    Compiling vcpkg v0.2.15
[INFO] [stderr]    Compiling try-lock v0.2.5
[INFO] [stderr]    Compiling icu_locid_transform_data v1.5.0
[INFO] [stderr]    Compiling tower-service v0.3.3
[INFO] [stderr]    Compiling proc-macro2-diagnostics v0.10.1
[INFO] [stderr]    Compiling want v0.3.1
[INFO] [stderr]    Compiling icu_properties_data v1.5.0
[INFO] [stderr]    Compiling icu_normalizer_data v1.5.0
[INFO] [stderr]    Compiling utf16_iter v1.0.5
[INFO] [stderr]    Compiling write16 v1.0.0
[INFO] [stderr]    Compiling utf8_iter v1.0.4
[INFO] [stderr]    Compiling encoding_rs v0.8.35
[INFO] [stderr]    Compiling powerfmt v0.2.0
[INFO] [stderr]    Compiling new_debug_unreachable v1.0.6
[INFO] [stderr]    Compiling rustversion v1.0.19
[INFO] [stderr]    Compiling foreign-types-shared v0.1.1
[INFO] [stderr]    Compiling time-core v0.1.2
[INFO] [stderr]    Compiling num-conv v0.1.0
[INFO] [stderr]    Compiling openssl v0.10.68
[INFO] [stderr]    Compiling mime v0.3.17
[INFO] [stderr]    Compiling foreign-types v0.3.2
[INFO] [stderr]    Compiling winnow v0.5.40
[INFO] [stderr]    Compiling http-body v1.0.1
[INFO] [stderr]    Compiling atomic-waker v1.1.2
[INFO] [stderr]    Compiling time-macros v0.2.19
[INFO] [stderr]    Compiling deranged v0.3.11
[INFO] [stderr]    Compiling mac v0.1.1
[INFO] [stderr]    Compiling native-tls v0.2.12
[INFO] [stderr]    Compiling utf-8 v0.7.6
[INFO] [stderr]    Compiling openssl-probe v0.1.5
[INFO] [stderr]    Compiling futf v0.1.5
[INFO] [stderr]    Compiling httpdate v1.0.3
[INFO] [stderr]    Compiling quote v1.0.38
[INFO] [stderr]    Compiling typenum v1.17.0
[INFO] [stderr]    Compiling syn v2.0.93
[INFO] [stderr]    Compiling precomputed-hash v0.1.1
[INFO] [stderr]    Compiling tendril v0.4.3
[INFO] [stderr]    Compiling phf v0.10.1
[INFO] [stderr]    Compiling uncased v0.9.10
[INFO] [stderr]    Compiling generic-array v0.14.7
[INFO] [stderr]    Compiling aho-corasick v1.1.3
[INFO] [stderr]    Compiling regex-syntax v0.8.5
[INFO] [stderr]    Compiling base64 v0.22.1
[INFO] [stderr]    Compiling proc-macro-error-attr v1.0.4
[INFO] [stderr]    Compiling cookie v0.18.1
[INFO] [stderr]    Compiling sync_wrapper v1.0.2
[INFO] [stderr]    Compiling mio v1.0.3
[INFO] [stderr]    Compiling signal-hook-registry v1.4.2
[INFO] [stderr]    Compiling socket2 v0.5.8
[INFO] [stderr]    Compiling parking_lot v0.12.3
[INFO] [stderr]    Compiling jobserver v0.1.32
[INFO] [stderr]    Compiling getrandom v0.2.15
[INFO] [stderr]    Compiling cc v1.2.6
[INFO] [stderr]    Compiling rand_core v0.6.4
[INFO] [stderr]    Compiling is-terminal v0.4.13
[INFO] [stderr]    Compiling yansi v1.0.1
[INFO] [stderr]    Compiling num_cpus v1.16.0
[INFO] [stderr]    Compiling ref-cast v1.0.23
[INFO] [stderr]    Compiling tower-layer v0.3.3
[INFO] [stderr]    Compiling rustls-pki-types v1.10.1
[INFO] [stderr]    Compiling inlinable_string v0.1.15
[INFO] [stderr]    Compiling http-body v0.4.6
[INFO] [stderr]    Compiling rustls-pemfile v2.2.0
[INFO] [stderr]    Compiling proc-macro-error v1.0.4
[INFO] [stderr]    Compiling winnow v0.6.20
[INFO] [stderr]    Compiling prettyplease v0.2.25
[INFO] [stderr]    Compiling paste v1.0.15
[INFO] [stderr]    Compiling ipnet v2.10.1
[INFO] [stderr]    Compiling rustix v0.38.42
[INFO] [stderr]    Compiling either v1.13.0
[INFO] [stderr]    Compiling time v0.3.37
[INFO] [stderr]    Compiling figment v0.10.19
[INFO] [stderr]    Compiling multer v3.1.0
[INFO] [stderr]    Compiling stable-pattern v0.1.0
[INFO] [stderr]    Compiling alloc-no-stdlib v2.0.4
[INFO] [stderr]    Compiling bit-vec v0.6.3
[INFO] [stderr]    Compiling state v0.6.0
[INFO] [stderr]    Compiling crossbeam-utils v0.8.21
[INFO] [stderr]    Compiling zstd-safe v7.2.1
[INFO] [stderr]    Compiling local-waker v0.1.4
[INFO] [stderr]    Compiling linux-raw-sys v0.4.14
[INFO] [stderr]    Compiling bit-set v0.5.3
[INFO] [stderr]    Compiling alloc-stdlib v0.2.2
[INFO] [stderr]    Compiling regex-automata v0.4.9
[INFO] [stderr]    Compiling rocket v0.5.1
[INFO] [stderr]    Compiling ahash v0.8.11
[INFO] [stderr]    Compiling bytestring v1.4.0
[INFO] [stderr]    Compiling boolinator v2.4.0
[INFO] [stderr]    Compiling glob v0.3.2
[INFO] [stderr]    Compiling spin v0.9.8
[INFO] [stderr]    Compiling fastrand v2.3.0
[INFO] [stderr]    Compiling unicode-xid v0.2.6
[INFO] [stderr]    Compiling adler2 v2.0.0
[INFO] [stderr]    Compiling miniz_oxide v0.8.2
[INFO] [stderr]    Compiling brotli-decompressor v4.0.1
[INFO] [stderr]    Compiling block-buffer v0.10.4
[INFO] [stderr]    Compiling crypto-common v0.1.6
[INFO] [stderr]    Compiling digest v0.10.7
[INFO] [stderr]    Compiling actix-service v2.0.2
[INFO] [stderr]    Compiling actix-utils v3.0.1
[INFO] [stderr]    Compiling cookie v0.16.2
[INFO] [stderr]    Compiling crc32fast v1.4.2
[INFO] [stderr]    Compiling binascii v0.1.4
[INFO] [stderr]    Compiling convert_case v0.4.0
[INFO] [stderr]    Compiling atomic v0.5.3
[INFO] [stderr]    Compiling cpufeatures v0.2.16
[INFO] [stderr]    Compiling regex-lite v0.1.6
[INFO] [stderr]    Compiling unicase v2.8.1
[INFO] [stderr]    Compiling utf8parse v0.2.2
[INFO] [stderr]    Compiling anstyle-parse v0.2.6
[INFO] [stderr]    Compiling sha1 v0.10.6
[INFO] [stderr]    Compiling flate2 v1.0.35
[INFO] [stderr]    Compiling crossbeam-epoch v0.9.18
[INFO] [stderr]    Compiling local-channel v0.1.5
[INFO] [stderr]    Compiling rayon-core v1.12.1
[INFO] [stderr]    Compiling route-recognizer v0.3.1
[INFO] [stderr]    Compiling language-tags v0.3.2
[INFO] [stderr]    Compiling openssl-sys v0.9.104
[INFO] [stderr]    Compiling zstd-sys v2.0.13+zstd.1.5.6
[INFO] [stderr]    Compiling brotli v6.0.0
[INFO] [stderr]    Compiling anstyle-query v1.1.2
[INFO] [stderr]    Compiling colorchoice v1.0.3
[INFO] [stderr]    Compiling anstyle v1.0.10
[INFO] [stderr]    Compiling urlencoding v2.1.3
[INFO] [stderr]    Compiling is_terminal_polyfill v1.70.1
[INFO] [stderr]    Compiling crossbeam-deque v0.8.6
[INFO] [stderr]    Compiling anstream v0.6.18
[INFO] [stderr]    Compiling strsim v0.11.1
[INFO] [stderr]    Compiling heck v0.5.0
[INFO] [stderr]    Compiling thiserror v2.0.9
[INFO] [stderr]    Compiling clap_lex v0.7.4
[INFO] [stderr]    Compiling impl-more v0.1.9
[INFO] [stderr]    Compiling wasm-bindgen-backend v0.2.99
[INFO] [stderr]    Compiling synstructure v0.13.1
[INFO] [stderr]    Compiling tempfile v3.14.0
[INFO] [stderr]    Compiling devise_core v0.4.2
[INFO] [stderr]    Compiling clap_builder v4.5.24
[INFO] [stderr]    Compiling regex v1.11.1
[INFO] [stderr]    Compiling rayon v1.10.0
[INFO] [stderr]    Compiling xxhash-rust v0.8.15
[INFO] [stderr]    Compiling wasm-bindgen-macro-support v0.2.99
[INFO] [stderr]    Compiling html5ever v0.26.0
[INFO] [stderr]    Compiling serde_derive v1.0.217
[INFO] [stderr]    Compiling futures-macro v0.3.31
[INFO] [stderr]    Compiling tokio-macros v2.4.0
[INFO] [stderr]    Compiling tracing-attributes v0.1.28
[INFO] [stderr]    Compiling futures-util v0.3.31
[INFO] [stderr]    Compiling tokio v1.42.0
[INFO] [stderr]    Compiling zerocopy-derive v0.7.35
[INFO] [stderr]    Compiling zerofrom-derive v0.1.5
[INFO] [stderr]    Compiling yoke-derive v0.7.5
[INFO] [stderr]    Compiling zerovec-derive v0.10.3
[INFO] [stderr]    Compiling displaydoc v0.2.5
[INFO] [stderr]    Compiling wasm-bindgen-macro v0.2.99
[INFO] [stderr]    Compiling thiserror-impl v1.0.69
[INFO] [stderr]    Compiling zerocopy v0.7.35
[INFO] [stderr]    Compiling icu_provider_macros v1.5.0
[INFO] [stderr]    Compiling tracing v0.1.41
[INFO] [stderr]    Compiling pin-project-internal v1.1.7
[INFO] [stderr]    Compiling openssl-macros v0.1.1
[INFO] [stderr]    Compiling pear_codegen v0.2.9
[INFO] [stderr]    Compiling ref-cast-impl v1.0.23
[INFO] [stderr]    Compiling devise_codegen v0.4.2
[INFO] [stderr]    Compiling implicit-clone-derive v0.1.1
[INFO] [stderr]    Compiling zerofrom v0.1.5
[INFO] [stderr]    Compiling async-stream-impl v0.3.6
[INFO] [stderr]    Compiling yoke v0.7.5
[INFO] [stderr]    Compiling ppv-lite86 v0.2.20
[INFO] [stderr]    Compiling zerovec v0.10.4
[INFO] [stderr]    Compiling yew-macro v0.21.0
[INFO] [stderr]    Compiling async-trait v0.1.83
[INFO] [stderr]    Compiling async-stream v0.3.6
[INFO] [stderr]    Compiling rand_chacha v0.3.1
[INFO] [stderr]    Compiling pear v0.2.9
[INFO] [stderr]    Compiling devise v0.4.2
[INFO] [stderr]    Compiling derive_more v0.99.18
[INFO] [stderr]    Compiling yew-router-macro v0.18.0
[INFO] [stderr]    Compiling rand v0.8.5
[INFO] [stderr]    Compiling pin-project v1.1.7
[INFO] [stderr]    Compiling actix-macros v0.2.4
[INFO] [stderr]    Compiling zstd v0.13.2
[INFO] [stderr]    Compiling thiserror-impl v2.0.9
[INFO] [stderr]    Compiling clap_derive v4.5.24
[INFO] [stderr]    Compiling tinystr v0.7.6
[INFO] [stderr]    Compiling icu_collections v1.5.0
[INFO] [stderr]    Compiling futures-executor v0.3.31
[INFO] [stderr]    Compiling icu_locid v1.5.0
[INFO] [stderr]    Compiling http-body-util v0.1.2
[INFO] [stderr]    Compiling futures v0.3.31
[INFO] [stderr]    Compiling phf_generator v0.10.0
[INFO] [stderr]    Compiling pinned v0.1.0
[INFO] [stderr]    Compiling phf_codegen v0.10.0
[INFO] [stderr]    Compiling string_cache_codegen v0.5.2
[INFO] [stderr]    Compiling icu_provider v1.5.0
[INFO] [stderr]    Compiling icu_locid_transform v1.5.0
[INFO] [stderr]    Compiling markup5ever v0.11.0
[INFO] [stderr]    Compiling icu_properties v1.5.1
[INFO] [stderr]    Compiling clap v4.5.24
[INFO] [stderr]    Compiling indexmap v2.7.0
[INFO] [stderr]    Compiling toml_datetime v0.6.8
[INFO] [stderr]    Compiling serde_urlencoded v0.7.1
[INFO] [stderr]    Compiling string_cache v0.8.7
[INFO] [stderr]    Compiling bincode v1.3.3
[INFO] [stderr]    Compiling serde_spanned v0.6.8
[INFO] [stderr]    Compiling ubyte v0.10.4
[INFO] [stderr]    Compiling unicase_serde v0.1.0
[INFO] [stderr]    Compiling actix-router v0.5.3
[INFO] [stderr]    Compiling toml_edit v0.19.15
[INFO] [stderr]    Compiling toml_edit v0.22.22
[INFO] [stderr]    Compiling implicit-clone v0.4.9
[INFO] [stderr]    Compiling tokio-util v0.7.13
[INFO] [stderr]    Compiling tokio-stream v0.1.17
[INFO] [stderr]    Compiling tower v0.5.2
[INFO] [stderr]    Compiling actix-rt v2.10.0
[INFO] [stderr]    Compiling actix-server v2.5.0
[INFO] [stderr]    Compiling xml5ever v0.17.0
[INFO] [stderr]    Compiling h2 v0.3.26
[INFO] [stderr]    Compiling h2 v0.4.7
[INFO] [stderr]    Compiling tokio-native-tls v0.3.1
[INFO] [stderr]    Compiling prokio v0.1.0
[INFO] [stderr]    Compiling actix-codec v0.5.2
[INFO] [stderr]    Compiling actix-web-codegen v4.3.0
[INFO] [stderr]    Compiling js-sys v0.3.76
[INFO] [stderr]    Compiling console_error_panic_hook v0.1.7
[INFO] [stderr]    Compiling icu_normalizer v1.5.0
[INFO] [stderr]    Compiling markup5ever_rcdom v0.2.0
[INFO] [stderr]    Compiling select v0.6.0
[INFO] [stderr]    Compiling idna_adapter v1.2.0
[INFO] [stderr]    Compiling idna v1.0.3
[INFO] [stderr]    Compiling toml v0.8.19
[INFO] [stderr]    Compiling proc-macro-crate v1.3.1
[INFO] [stderr]    Compiling url v2.5.4
[INFO] [stderr]    Compiling gloo-worker-macros v0.1.0
[INFO] [stderr]    Compiling web-sys v0.3.76
[INFO] [stderr]    Compiling wasm-bindgen-futures v0.4.49
[INFO] [stderr]    Compiling serde-wasm-bindgen v0.6.5
[INFO] [stderr]    Compiling gloo-timers v0.3.0
[INFO] [stderr]    Compiling hyper v1.5.2
[INFO] [stderr]    Compiling hyper v0.14.32
[INFO] [stderr]    Compiling actix-http v3.9.0
[INFO] [stderr]    Compiling hyper-util v0.1.10
[INFO] [stderr]    Compiling actix-web v4.9.0
[INFO] [stderr]    Compiling hyper-tls v0.6.0
[INFO] [stderr]    Compiling reqwest v0.12.12
[INFO] [stderr]    Compiling rocket_http v0.5.1
[INFO] [stderr]    Compiling indexer v0.1.0 (/opt/rustwide/workdir/indexer)
[INFO] [stderr]    Compiling cli v0.1.0 (/opt/rustwide/workdir/cli)
[INFO] [stderr]    Compiling rocket_codegen v0.5.1
[INFO] [stdout] warning: unused import: `serde_json`
[INFO] [stdout]  --> indexer/src/html_to_urls.rs:4:5
[INFO] [stdout]   |
[INFO] [stdout] 4 | use serde_json;
[INFO] [stdout]   |     ^^^^^^^^^^
[INFO] [stdout]   |
[INFO] [stdout]   = note: `#[warn(unused_imports)]` on by default
[INFO] [stdout] 
[INFO] [stdout] 
[INFO] [stdout] warning: unused import: `indexer_maker::Indexer`
[INFO] [stdout]  --> indexer/src/html_to_urls.rs:8:13
[INFO] [stdout]   |
[INFO] [stdout] 8 | use crate::{indexer_maker::Indexer, SplitToString};
[INFO] [stdout]   |             ^^^^^^^^^^^^^^^^^^^^^^
[INFO] [stdout] 
[INFO] [stdout] 
[INFO] [stdout] warning: unused imports: `MapAccess`, `Visitor`, and `self`
[INFO] [stdout]  --> indexer/src/indexer_maker.rs:3:10
[INFO] [stdout]   |
[INFO] [stdout] 3 |     de::{self, MapAccess, Visitor}, ser::{SerializeMap, SerializeSeq}, Deserialize, Deserializer, Serialize, Serializer
[INFO] [stdout]   |          ^^^^  ^^^^^^^^^  ^^^^^^^
[INFO] [stdout] 
[INFO] [stdout] 
[INFO] [stdout] warning: unused import: `json`
[INFO] [stdout]  --> indexer/src/indexer_maker.rs:5:18
[INFO] [stdout]   |
[INFO] [stdout] 5 | use serde_json::{json, Value};
[INFO] [stdout]   |                  ^^^^
[INFO] [stdout] 
[INFO] [stdout] 
[INFO] [stdout] warning: unused import: `fmt`
[INFO] [stdout]   --> indexer/src/indexer_maker.rs:12:5
[INFO] [stdout]    |
[INFO] [stdout] 12 |     fmt,
[INFO] [stdout]    |     ^^^
[INFO] [stdout] 
[INFO] [stdout] 
[INFO] [stdout] warning: unused import: `Serializer`
[INFO] [stdout]  --> indexer/src/indexer_maker.rs:3:110
[INFO] [stdout]   |
[INFO] [stdout] 3 |     de::{self, MapAccess, Visitor}, ser::{SerializeMap, SerializeSeq}, Deserialize, Deserializer, Serialize, Serializer
[INFO] [stdout]   |                                                                                                              ^^^^^^^^^^
[INFO] [stdout] 
[INFO] [stdout] 
[INFO] [stdout] warning: unused import: `SerializeMap`
[INFO] [stdout]  --> indexer/src/indexer_maker.rs:3:43
[INFO] [stdout]   |
[INFO] [stdout] 3 |     de::{self, MapAccess, Visitor}, ser::{SerializeMap, SerializeSeq}, Deserialize, Deserializer, Serialize, Serializer
[INFO] [stdout]   |                                           ^^^^^^^^^^^^
[INFO] [stdout] 
[INFO] [stdout] 
[INFO] [stdout] warning: methods `split_to_string` and `split_to_string_at_occurrence` are never used
[INFO] [stdout]  --> indexer/src/lib.rs:5:8
[INFO] [stdout]   |
[INFO] [stdout] 4 | trait SplitToString{
[INFO] [stdout]   |       ------------- methods in this trait
[INFO] [stdout] 5 |     fn split_to_string(&self, p: impl Into<String>) -> Vec<String>;
[INFO] [stdout]   |        ^^^^^^^^^^^^^^^
[INFO] [stdout] 6 |     fn split_to_string_at_occurrence_tuple<P: Clone + Into<String>>(&self, p: P, occurrence: Occurrence) -> (String, String);
[INFO] [stdout] 7 |     fn split_to_string_at_occurrence<P: Clone + Into<String>>(&self, p: P, occurrence: Occurrence) -> Vec<String>;
[INFO] [stdout]   |        ^^^^^^^^^^^^^^^^^^^^^^^^^^^^^
[INFO] [stdout]   |
[INFO] [stdout]   = note: `#[warn(dead_code)]` on by default
[INFO] [stdout] 
[INFO] [stdout] 
[INFO] [stdout] warning: variants `First` and `Nth` are never constructed
[INFO] [stdout]   --> indexer/src/lib.rs:51:5
[INFO] [stdout]    |
[INFO] [stdout] 50 | enum Occurrence {
[INFO] [stdout]    |      ---------- variants in this enum
[INFO] [stdout] 51 |     First, 
[INFO] [stdout]    |     ^^^^^
[INFO] [stdout] 52 |     Last,
[INFO] [stdout] 53 |     Nth(usize),    
[INFO] [stdout]    |     ^^^
[INFO] [stdout] 
[INFO] [stdout] 
[INFO] [stdout] warning: field `father` is never read
[INFO] [stdout]   --> indexer/src/html_to_urls.rs:16:5
[INFO] [stdout]    |
[INFO] [stdout] 13 | pub struct Tree {
[INFO] [stdout]    |            ---- field in this struct
[INFO] [stdout] ...
[INFO] [stdout] 16 |     father: Option<(Url, usize)>, // url, depth
[INFO] [stdout]    |     ^^^^^^
[INFO] [stdout]    |
[INFO] [stdout]    = note: `Tree` has derived impls for the traits `Clone` and `Debug`, but these are intentionally ignored during dead code analysis
[INFO] [stdout] 
[INFO] [stdout] 
[INFO] [stdout] warning: field `url` is never read
[INFO] [stdout]    --> indexer/src/html_to_urls.rs:172:5
[INFO] [stdout]     |
[INFO] [stdout] 171 | pub struct Html {
[INFO] [stdout]     |            ---- field in this struct
[INFO] [stdout] 172 |     url: Url,
[INFO] [stdout]     |     ^^^
[INFO] [stdout] 
[INFO] [stdout] 
[INFO] [stderr]    Compiling sort-results v0.1.0 (/opt/rustwide/workdir/sort-results)
[INFO] [stdout] warning: unused imports: `Deserialize`, `Deserializer`, `MapAccess`, `Visitor`, `self`, and `value`
[INFO] [stdout]  --> sort-results/src/matches.rs:4:10
[INFO] [stdout]   |
[INFO] [stdout] 4 |     de::{self, value, MapAccess, Visitor}, ser::SerializeMap, Deserialize, Deserializer, Serialize
[INFO] [stdout]   |          ^^^^  ^^^^^  ^^^^^^^^^  ^^^^^^^                      ^^^^^^^^^^^  ^^^^^^^^^^^^
[INFO] [stdout]   |
[INFO] [stdout]   = note: `#[warn(unused_imports)]` on by default
[INFO] [stdout] 
[INFO] [stdout] 
[INFO] [stdout] warning: unused imports: `Add`, `Div`, `collections::HashMap`, `fmt`, and `string`
[INFO] [stdout]   --> sort-results/src/matches.rs:8:5
[INFO] [stdout]    |
[INFO] [stdout] 8  |     collections::HashMap,
[INFO] [stdout]    |     ^^^^^^^^^^^^^^^^^^^^
[INFO] [stdout] 9  |     fmt,
[INFO] [stdout]    |     ^^^
[INFO] [stdout] 10 |     iter::Sum,
[INFO] [stdout] 11 |     ops::{Add, Div}, string,
[INFO] [stdout]    |           ^^^  ^^^   ^^^^^^
[INFO] [stdout] 
[INFO] [stdout] 
[INFO] [stdout] warning: unused import: `url::Url`
[INFO] [stdout]  --> sort-results/src/lib.rs:7:5
[INFO] [stdout]   |
[INFO] [stdout] 7 | use url::Url;
[INFO] [stdout]   |     ^^^^^^^^
[INFO] [stdout] 
[INFO] [stdout] 
[INFO] [stdout] warning: unused import: `iter::Sum`
[INFO] [stdout]   --> sort-results/src/matches.rs:10:5
[INFO] [stdout]    |
[INFO] [stdout] 10 |     iter::Sum,
[INFO] [stdout]    |     ^^^^^^^^^
[INFO] [stdout] 
[INFO] [stdout] 
[INFO] [stdout] warning: variable does not need to be mutable
[INFO] [stdout]    --> sort-results/src/matches.rs:120:9
[INFO] [stdout]     |
[INFO] [stdout] 120 | fn sort(mut list: Vec<Matches>, params: UserParams, modifiers: Vec<UserModifier>) -> Vec<Matches> {
[INFO] [stdout]     |         ----^^^^
[INFO] [stdout]     |         |
[INFO] [stdout]     |         help: remove this `mut`
[INFO] [stdout]     |
[INFO] [stdout]     = note: `#[warn(unused_mut)]` on by default
[INFO] [stdout] 
[INFO] [stdout] 
[INFO] [stdout] warning: unused variable: `req`
[INFO] [stdout]   --> sort-results/src/lib.rs:53:25
[INFO] [stdout]    |
[INFO] [stdout] 53 |     fn respond_to(self, req: &actix_web::HttpRequest) -> actix_web::HttpResponse<Self::Body> {
[INFO] [stdout]    |                         ^^^ help: if this is intentional, prefix it with an underscore: `_req`
[INFO] [stdout]    |
[INFO] [stdout]    = note: `#[warn(unused_variables)]` on by default
[INFO] [stdout] 
[INFO] [stdout] 
[INFO] [stdout] warning: field `html` is never read
[INFO] [stdout]   --> sort-results/src/matches.rs:20:5
[INFO] [stdout]    |
[INFO] [stdout] 18 | pub struct Matches {
[INFO] [stdout]    |            ------- field in this struct
[INFO] [stdout] 19 |     url: Url,
[INFO] [stdout] 20 |     html: String,
[INFO] [stdout]    |     ^^^^
[INFO] [stdout]    |
[INFO] [stdout]    = note: `Matches` has a derived impl for the trait `Debug`, but this is intentionally ignored during dead code analysis
[INFO] [stdout]    = note: `#[warn(dead_code)]` on by default
[INFO] [stdout] 
[INFO] [stdout] 
[INFO] [stderr]    Compiling gloo-utils v0.2.0
[INFO] [stderr]    Compiling gloo-events v0.2.0
[INFO] [stderr]    Compiling gloo-render v0.2.0
[INFO] [stderr]    Compiling gloo-dialogs v0.2.0
[INFO] [stderr]    Compiling gloo-utils v0.1.7
[INFO] [stderr]    Compiling wasm-logger v0.2.0
[INFO] [stderr]    Compiling gloo-net v0.1.0
[INFO] [stderr]    Compiling gloo-console v0.3.0
[INFO] [stderr]    Compiling gloo-storage v0.3.0
[INFO] [stderr]    Compiling gloo-net v0.4.0
[INFO] [stderr]    Compiling gloo-worker v0.4.0
[INFO] [stderr]    Compiling gloo-net v0.5.0
[INFO] [stderr]    Compiling gloo-worker v0.5.0
[INFO] [stderr]    Compiling gloo-net v0.6.0
[INFO] [stderr]    Compiling gloo-file v0.3.0
[INFO] [stderr]    Compiling gloo-history v0.2.2
[INFO] [stderr]    Compiling reqwasm v0.5.0
[INFO] [stderr]    Compiling gloo v0.10.0
[INFO] [stderr]    Compiling yew v0.21.0
[INFO] [stderr]    Compiling gloo v0.11.0
[INFO] [stderr]    Compiling yew-router v0.18.0
[INFO] [stderr]    Compiling core v0.1.0 (/opt/rustwide/workdir/core)
[INFO] [stderr]    Compiling webui v0.1.0 (/opt/rustwide/workdir/webui)
[INFO] [stdout] warning: unused import: `SubmitEvent`
[INFO] [stdout]  --> core/src/pages.rs:1:76
[INFO] [stdout]   |
[INFO] [stdout] 1 | use yew::{function_component, html, use_state, Callback, Html, InputEvent, SubmitEvent, TargetCast};
[INFO] [stdout]   |                                                                            ^^^^^^^^^^^
[INFO] [stdout]   |
[INFO] [stdout]   = note: `#[warn(unused_imports)]` on by default
[INFO] [stdout] 
[INFO] [stdout] 
[INFO] [stdout] warning: unused imports: `components` and `switch`
[INFO] [stdout]  --> core/src/pages.rs:2:24
[INFO] [stdout]   |
[INFO] [stdout] 2 | use yew_router::{self, components, hooks::use_navigator, switch, BrowserRouter, Routable};
[INFO] [stdout]   |                        ^^^^^^^^^^                        ^^^^^^
[INFO] [stdout] 
[INFO] [stdout] 
[INFO] [stdout] warning: unused import: `std::fmt::format`
[INFO] [stdout]  --> core/src/results.rs:1:5
[INFO] [stdout]   |
[INFO] [stdout] 1 | use std::fmt::format;
[INFO] [stdout]   |     ^^^^^^^^^^^^^^^^
[INFO] [stdout] 
[INFO] [stdout] 
[INFO] [stdout] warning: unused imports: `InputEvent`, `SubmitEvent`, and `TargetCast`
[INFO] [stdout]  --> core/src/results.rs:4:87
[INFO] [stdout]   |
[INFO] [stdout] 4 | use yew::{function_component, html, platform::spawn_local, use_state, Callback, Html, InputEvent, Properties, SubmitEvent, TargetCast};
[INFO] [stdout]   |                                                                                       ^^^^^^^^^^              ^^^^^^^^^^^  ^^^^^^^^^^
[INFO] [stdout] 
[INFO] [stdout] 
[INFO] [stdout] warning: unused imports: `BrowserRouter`, `Routable`, `components`, and `hooks::use_navigator`
[INFO] [stdout]  --> core/src/results.rs:5:24
[INFO] [stdout]   |
[INFO] [stdout] 5 | use yew_router::{self, components, hooks::use_navigator, BrowserRouter, Routable};
[INFO] [stdout]   |                        ^^^^^^^^^^  ^^^^^^^^^^^^^^^^^^^^  ^^^^^^^^^^^^^  ^^^^^^^^
[INFO] [stdout] 
[INFO] [stdout] 
[INFO] [stdout] warning: unused import: `crate::pages::Pages`
[INFO] [stdout]  --> core/src/results.rs:7:5
[INFO] [stdout]   |
[INFO] [stdout] 7 | use crate::pages::Pages;
[INFO] [stdout]   |     ^^^^^^^^^^^^^^^^^^^
[INFO] [stdout] 
[INFO] [stdout] 
[INFO] [stdout] warning: unused import: `yew`
[INFO] [stdout]  --> webui/src/lib.rs:1:5
[INFO] [stdout]   |
[INFO] [stdout] 1 | use yew;
[INFO] [stdout]   |     ^^^
[INFO] [stdout]   |
[INFO] [stdout]   = note: `#[warn(unused_imports)]` on by default
[INFO] [stdout] 
[INFO] [stdout] 
[INFO] [stdout] warning: unused import: `Route`
[INFO] [stdout]  --> webui/src/pages/landing.rs:1:41
[INFO] [stdout]   |
[INFO] [stdout] 1 | use crate::{components::switch::Slider, Route};
[INFO] [stdout]   |                                         ^^^^^
[INFO] [stdout] 
[INFO] [stdout] 
[INFO] [stdout] warning: unused import: `crate::pages`
[INFO] [stdout]  --> webui/src/app.rs:6:5
[INFO] [stdout]   |
[INFO] [stdout] 6 | use crate::pages;
[INFO] [stdout]   |     ^^^^^^^^^^^^
[INFO] [stdout] 
[INFO] [stdout] 
[INFO] [stdout] warning: unused import: `use_state`
[INFO] [stdout]  --> webui/src/components/switch.rs:1:37
[INFO] [stdout]   |
[INFO] [stdout] 1 | use yew::{function_component, html, use_state, Callback, Html, Properties, UseStateHandle};
[INFO] [stdout]   |                                     ^^^^^^^^^
[INFO] [stdout] 
[INFO] [stdout] 
[INFO] [stdout] warning: unused variable: `navigator`
[INFO] [stdout]    --> webui/src/pages/landing.rs:106:9
[INFO] [stdout]     |
[INFO] [stdout] 106 |     let navigator = use_navigator().unwrap();
[INFO] [stdout]     |         ^^^^^^^^^ help: if this is intentional, prefix it with an underscore: `_navigator`
[INFO] [stdout]     |
[INFO] [stdout]     = note: `#[warn(unused_variables)]` on by default
[INFO] [stdout] 
[INFO] [stdout] 
[INFO] [stdout] warning: unused imports: `Html`, `function_component`, `html`, and `use_state`
[INFO] [stdout]  --> webui/src/main.rs:4:11
[INFO] [stdout]   |
[INFO] [stdout] 4 | use yew::{function_component, html, use_state, Html};
[INFO] [stdout]   |           ^^^^^^^^^^^^^^^^^^  ^^^^  ^^^^^^^^^  ^^^^
[INFO] [stdout]   |
[INFO] [stdout]   = note: `#[warn(unused_imports)]` on by default
[INFO] [stdout] 
[INFO] [stdout] 
[INFO] [stdout] warning: unused import: `yew::prelude::*`
[INFO] [stdout]  --> core/src/main.rs:1:5
[INFO] [stdout]   |
[INFO] [stdout] 1 | use yew::prelude::*;
[INFO] [stdout]   |     ^^^^^^^^^^^^^^^
[INFO] [stdout]   |
[INFO] [stdout]   = note: `#[warn(unused_imports)]` on by default
[INFO] [stdout] 
[INFO] [stdout] 
[INFO] [stderr]    Compiling rocket_cors v0.6.0
[INFO] [stderr]    Compiling backend v0.1.0 (/opt/rustwide/workdir/icepick-backend)
[INFO] [stderr]    Compiling engine-backend v0.1.0 (/opt/rustwide/workdir/engine-backend)
[INFO] [stdout] warning: unused import: `rocket::form::Form`
[INFO] [stdout]  --> engine-backend/src/lib.rs:2:5
[INFO] [stdout]   |
[INFO] [stdout] 2 | use rocket::form::Form;
[INFO] [stdout]   |     ^^^^^^^^^^^^^^^^^^
[INFO] [stdout]   |
[INFO] [stdout]   = note: `#[warn(unused_imports)]` on by default
[INFO] [stdout] 
[INFO] [stdout] 
[INFO] [stdout] warning: unused import: `Matches`
[INFO] [stdout]  --> engine-backend/src/lib.rs:9:29
[INFO] [stdout]   |
[INFO] [stdout] 9 | use sort_results::matches::{Matches, Page, Sorter};
[INFO] [stdout]   |                             ^^^^^^^
[INFO] [stdout] 
[INFO] [stdout] 
[INFO] [stdout] warning: unused import: `ops::Index`
[INFO] [stdout]   --> engine-backend/src/lib.rs:13:25
[INFO] [stdout]    |
[INFO] [stdout] 13 | use std::{error::Error, ops::Index, slice::SliceIndex};
[INFO] [stdout]    |                         ^^^^^^^^^^
[INFO] [stdout] 
[INFO] [stdout] 
[INFO] [stdout] warning: unused import: `slice::SliceIndex`
[INFO] [stdout]   --> engine-backend/src/lib.rs:13:37
[INFO] [stdout]    |
[INFO] [stdout] 13 | use std::{error::Error, ops::Index, slice::SliceIndex};
[INFO] [stdout]    |                                     ^^^^^^^^^^^^^^^^^
[INFO] [stdout] 
[INFO] [stdout] 
[INFO] [stdout] warning: unreachable call
[INFO] [stdout]   --> icepick-backend/src/main_logic/tree.rs:79:85
[INFO] [stdout]    |
[INFO] [stdout] 79 |                     let html = Html::new_client(&url, client.as_ref(), depth).await.unwrap_or(
[INFO] [stdout]    |                                                                                     ^^^^^^^^^ unreachable call
[INFO] [stdout] 80 |                     return Ok(Self::dead_tree(url, depth))
[INFO] [stdout]    |                     -------------------------------------- any code following this expression is unreachable
[INFO] [stdout]    |
[INFO] [stdout]    = note: `#[warn(unreachable_code)]` on by default
[INFO] [stdout] 
[INFO] [stdout] 
[INFO] [stdout] warning: unused variable: `html`
[INFO] [stdout]   --> icepick-backend/src/main_logic/tree.rs:79:25
[INFO] [stdout]    |
[INFO] [stdout] 79 |                     let html = Html::new_client(&url, client.as_ref(), depth).await.unwrap_or(
[INFO] [stdout]    |                         ^^^^ help: if this is intentional, prefix it with an underscore: `_html`
[INFO] [stdout]    |
[INFO] [stdout]    = note: `#[warn(unused_variables)]` on by default
[INFO] [stdout] 
[INFO] [stdout] 
[INFO] [stdout] warning: unused import: `std::default`
[INFO] [stdout]   --> engine-backend/src/main.rs:23:5
[INFO] [stdout]    |
[INFO] [stdout] 23 | use std::default;
[INFO] [stdout]    |     ^^^^^^^^^^^^
[INFO] [stdout]    |
[INFO] [stdout]    = note: `#[warn(unused_imports)]` on by default
[INFO] [stdout] 
[INFO] [stdout] 
[INFO] [stdout] warning: unused import: `AllowedHeaders`
[INFO] [stdout]   --> engine-backend/src/main.rs:27:19
[INFO] [stdout]    |
[INFO] [stdout] 27 | use rocket_cors::{AllowedHeaders, AllowedOrigins, CorsOptions};
[INFO] [stdout]    |                   ^^^^^^^^^^^^^^
[INFO] [stdout] 
[INFO] [stdout] 
[INFO] [stderr]     Finished `dev` profile [unoptimized + debuginfo] target(s) in 2m 33s
[INFO] running `Command { std: "docker" "inspect" "9d90a713ef0b67a1f7e3492ff1020d41069f7cf2a1811b8072803a917131e61d", kill_on_drop: false }`
[INFO] running `Command { std: "docker" "rm" "-f" "9d90a713ef0b67a1f7e3492ff1020d41069f7cf2a1811b8072803a917131e61d", kill_on_drop: false }`
[INFO] [stdout] 9d90a713ef0b67a1f7e3492ff1020d41069f7cf2a1811b8072803a917131e61d
[INFO] running `Command { std: "docker" "create" "-v" "/var/lib/crater-agent-workspace/builds/worker-1-tc1/target:/opt/rustwide/target:rw,Z" "-v" "/var/lib/crater-agent-workspace/builds/worker-1-tc1/source:/opt/rustwide/workdir:ro,Z" "-v" "/var/lib/crater-agent-workspace/cargo-home:/opt/rustwide/cargo-home:ro,Z" "-v" "/var/lib/crater-agent-workspace/rustup-home:/opt/rustwide/rustup-home:ro,Z" "-e" "SOURCE_DIR=/opt/rustwide/workdir" "-e" "CARGO_TARGET_DIR=/opt/rustwide/target" "-e" "CARGO_INCREMENTAL=0" "-e" "RUST_BACKTRACE=full" "-e" "RUSTFLAGS=--cap-lints=forbid" "-e" "RUSTDOCFLAGS=--cap-lints=forbid" "-e" "CARGO_HOME=/opt/rustwide/cargo-home" "-e" "RUSTUP_HOME=/opt/rustwide/rustup-home" "-w" "/opt/rustwide/workdir" "-m" "1610612736" "--user" "0:0" "--network" "none" "ghcr.io/rust-lang/crates-build-env/linux@sha256:819108c5571ea2e421544af4d832f968d213c87fbe3707a016657f43d2f853bc" "/opt/rustwide/cargo-home/bin/cargo" "+nightly-2025-01-18" "test" "--frozen" "--no-run" "--message-format=json", kill_on_drop: false }`
[INFO] [stdout] 848f7be6e2fea018dc2e265504cf9af876676d22e786ec51b1fe38779678acc9
[INFO] running `Command { std: "docker" "start" "-a" "848f7be6e2fea018dc2e265504cf9af876676d22e786ec51b1fe38779678acc9", kill_on_drop: false }`
[INFO] [stderr] warning: profiles for the non root package will be ignored, specify profiles at the workspace root:
[INFO] [stderr] package:   /opt/rustwide/workdir/icepick-backend/Cargo.toml
[INFO] [stderr] workspace: /opt/rustwide/workdir/Cargo.toml
[INFO] [stderr] warning: profiles for the non root package will be ignored, specify profiles at the workspace root:
[INFO] [stderr] package:   /opt/rustwide/workdir/engine-backend/Cargo.toml
[INFO] [stderr] workspace: /opt/rustwide/workdir/Cargo.toml
[INFO] [stderr] warning: virtual workspace defaulting to `resolver = "1"` despite one or more workspace members being on edition 2021 which implies `resolver = "2"`
[INFO] [stderr] note: to keep the current resolver, specify `workspace.resolver = "1"` in the workspace root's manifest
[INFO] [stderr] note: to use the edition 2021 resolver, specify `workspace.resolver = "2"` in the workspace root's manifest
[INFO] [stderr] note: for more details see https://doc.rust-lang.org/cargo/reference/resolver.html#resolver-versions
[INFO] [stderr] warning: /opt/rustwide/workdir/icepick-backend/Cargo.toml: unused manifest key: profile.release.stack-size
[INFO] [stdout] warning: unused import: `serde_json`
[INFO] [stdout]  --> indexer/src/html_to_urls.rs:4:5
[INFO] [stdout]   |
[INFO] [stdout] 4 | use serde_json;
[INFO] [stdout]   |     ^^^^^^^^^^
[INFO] [stdout]   |
[INFO] [stdout]   = note: `#[warn(unused_imports)]` on by default
[INFO] [stdout] 
[INFO] [stdout] 
[INFO] [stdout] warning: unused import: `indexer_maker::Indexer`
[INFO] [stdout]  --> indexer/src/html_to_urls.rs:8:13
[INFO] [stdout]   |
[INFO] [stdout] 8 | use crate::{indexer_maker::Indexer, SplitToString};
[INFO] [stdout]   |             ^^^^^^^^^^^^^^^^^^^^^^
[INFO] [stdout] 
[INFO] [stdout] 
[INFO] [stdout] warning: unused imports: `MapAccess`, `Visitor`, and `self`
[INFO] [stdout]  --> indexer/src/indexer_maker.rs:3:10
[INFO] [stdout]   |
[INFO] [stdout] 3 |     de::{self, MapAccess, Visitor}, ser::{SerializeMap, SerializeSeq}, Deserialize, Deserializer, Serialize, Serializer
[INFO] [stdout]   |          ^^^^  ^^^^^^^^^  ^^^^^^^
[INFO] [stdout] 
[INFO] [stdout] 
[INFO] [stdout] warning: unused import: `json`
[INFO] [stdout]  --> indexer/src/indexer_maker.rs:5:18
[INFO] [stdout]   |
[INFO] [stdout] 5 | use serde_json::{json, Value};
[INFO] [stdout]   |                  ^^^^
[INFO] [stdout] 
[INFO] [stdout] 
[INFO] [stdout] warning: unused import: `fmt`
[INFO] [stdout]   --> indexer/src/indexer_maker.rs:12:5
[INFO] [stdout]    |
[INFO] [stdout] 12 |     fmt,
[INFO] [stdout]    |     ^^^
[INFO] [stdout] 
[INFO] [stdout] 
[INFO] [stdout] warning: unused import: `Serializer`
[INFO] [stdout]  --> indexer/src/indexer_maker.rs:3:110
[INFO] [stdout]   |
[INFO] [stdout] 3 |     de::{self, MapAccess, Visitor}, ser::{SerializeMap, SerializeSeq}, Deserialize, Deserializer, Serialize, Serializer
[INFO] [stdout]   |                                                                                                              ^^^^^^^^^^
[INFO] [stdout] 
[INFO] [stdout] 
[INFO] [stdout] warning: unused import: `SerializeMap`
[INFO] [stdout]  --> indexer/src/indexer_maker.rs:3:43
[INFO] [stdout]   |
[INFO] [stdout] 3 |     de::{self, MapAccess, Visitor}, ser::{SerializeMap, SerializeSeq}, Deserialize, Deserializer, Serialize, Serializer
[INFO] [stdout]   |                                           ^^^^^^^^^^^^
[INFO] [stdout] 
[INFO] [stdout] 
[INFO] [stdout] warning: methods `split_to_string` and `split_to_string_at_occurrence` are never used
[INFO] [stdout]  --> indexer/src/lib.rs:5:8
[INFO] [stdout]   |
[INFO] [stdout] 4 | trait SplitToString{
[INFO] [stdout]   |       ------------- methods in this trait
[INFO] [stdout] 5 |     fn split_to_string(&self, p: impl Into<String>) -> Vec<String>;
[INFO] [stdout]   |        ^^^^^^^^^^^^^^^
[INFO] [stdout] 6 |     fn split_to_string_at_occurrence_tuple<P: Clone + Into<String>>(&self, p: P, occurrence: Occurrence) -> (String, String);
[INFO] [stdout] 7 |     fn split_to_string_at_occurrence<P: Clone + Into<String>>(&self, p: P, occurrence: Occurrence) -> Vec<String>;
[INFO] [stdout]   |        ^^^^^^^^^^^^^^^^^^^^^^^^^^^^^
[INFO] [stdout]   |
[INFO] [stdout]   = note: `#[warn(dead_code)]` on by default
[INFO] [stdout] 
[INFO] [stdout] 
[INFO] [stdout] warning: variants `First` and `Nth` are never constructed
[INFO] [stdout]   --> indexer/src/lib.rs:51:5
[INFO] [stdout]    |
[INFO] [stdout] 50 | enum Occurrence {
[INFO] [stdout]    |      ---------- variants in this enum
[INFO] [stdout] 51 |     First, 
[INFO] [stdout]    |     ^^^^^
[INFO] [stdout] 52 |     Last,
[INFO] [stdout] 53 |     Nth(usize),    
[INFO] [stdout]    |     ^^^
[INFO] [stdout] 
[INFO] [stdout] 
[INFO] [stdout] warning: field `father` is never read
[INFO] [stdout]   --> indexer/src/html_to_urls.rs:16:5
[INFO] [stdout]    |
[INFO] [stdout] 13 | pub struct Tree {
[INFO] [stdout]    |            ---- field in this struct
[INFO] [stdout] ...
[INFO] [stdout] 16 |     father: Option<(Url, usize)>, // url, depth
[INFO] [stdout]    |     ^^^^^^
[INFO] [stdout]    |
[INFO] [stdout]    = note: `Tree` has derived impls for the traits `Clone` and `Debug`, but these are intentionally ignored during dead code analysis
[INFO] [stdout] 
[INFO] [stdout] 
[INFO] [stdout] warning: field `url` is never read
[INFO] [stdout]    --> indexer/src/html_to_urls.rs:172:5
[INFO] [stdout]     |
[INFO] [stdout] 171 | pub struct Html {
[INFO] [stdout]     |            ---- field in this struct
[INFO] [stdout] 172 |     url: Url,
[INFO] [stdout]     |     ^^^
[INFO] [stdout] 
[INFO] [stdout] 
[INFO] [stdout] warning: unused import: `yew`
[INFO] [stdout]  --> webui/src/lib.rs:1:5
[INFO] [stdout]   |
[INFO] [stdout] 1 | use yew;
[INFO] [stdout]   |     ^^^
[INFO] [stdout]   |
[INFO] [stdout]   = note: `#[warn(unused_imports)]` on by default
[INFO] [stdout] 
[INFO] [stdout] 
[INFO] [stderr]    Compiling webui v0.1.0 (/opt/rustwide/workdir/webui)
[INFO] [stdout] warning: unused import: `Route`
[INFO] [stdout]  --> webui/src/pages/landing.rs:1:41
[INFO] [stdout]   |
[INFO] [stdout] 1 | use crate::{components::switch::Slider, Route};
[INFO] [stdout]   |                                         ^^^^^
[INFO] [stdout] 
[INFO] [stdout] 
[INFO] [stderr]    Compiling indexer v0.1.0 (/opt/rustwide/workdir/indexer)
[INFO] [stdout] warning: unused import: `crate::pages`
[INFO] [stdout]  --> webui/src/app.rs:6:5
[INFO] [stdout]   |
[INFO] [stdout] 6 | use crate::pages;
[INFO] [stdout]   |     ^^^^^^^^^^^^
[INFO] [stdout] 
[INFO] [stdout] 
[INFO] [stdout] warning: unused import: `use_state`
[INFO] [stdout]  --> webui/src/components/switch.rs:1:37
[INFO] [stdout]   |
[INFO] [stdout] 1 | use yew::{function_component, html, use_state, Callback, Html, Properties, UseStateHandle};
[INFO] [stdout]   |                                     ^^^^^^^^^
[INFO] [stdout] 
[INFO] [stdout] 
[INFO] [stdout] warning: unused variable: `navigator`
[INFO] [stdout]    --> webui/src/pages/landing.rs:106:9
[INFO] [stdout]     |
[INFO] [stdout] 106 |     let navigator = use_navigator().unwrap();
[INFO] [stdout]     |         ^^^^^^^^^ help: if this is intentional, prefix it with an underscore: `_navigator`
[INFO] [stdout]     |
[INFO] [stdout]     = note: `#[warn(unused_variables)]` on by default
[INFO] [stdout] 
[INFO] [stdout] 
[INFO] [stdout] warning: unused imports: `Deserialize`, `Deserializer`, `MapAccess`, `Visitor`, `self`, and `value`
[INFO] [stdout]  --> sort-results/src/matches.rs:4:10
[INFO] [stdout]   |
[INFO] [stdout] 4 |     de::{self, value, MapAccess, Visitor}, ser::SerializeMap, Deserialize, Deserializer, Serialize
[INFO] [stdout]   |          ^^^^  ^^^^^  ^^^^^^^^^  ^^^^^^^                      ^^^^^^^^^^^  ^^^^^^^^^^^^
[INFO] [stdout]   |
[INFO] [stdout]   = note: `#[warn(unused_imports)]` on by default
[INFO] [stdout] 
[INFO] [stdout] 
[INFO] [stdout] warning: unused imports: `Add`, `Div`, `collections::HashMap`, `fmt`, and `string`
[INFO] [stdout]   --> sort-results/src/matches.rs:8:5
[INFO] [stdout]    |
[INFO] [stdout] 8  |     collections::HashMap,
[INFO] [stdout]    |     ^^^^^^^^^^^^^^^^^^^^
[INFO] [stdout] 9  |     fmt,
[INFO] [stdout]    |     ^^^
[INFO] [stdout] 10 |     iter::Sum,
[INFO] [stdout] 11 |     ops::{Add, Div}, string,
[INFO] [stdout]    |           ^^^  ^^^   ^^^^^^
[INFO] [stdout] 
[INFO] [stdout] 
[INFO] [stdout] warning: unused import: `url::Url`
[INFO] [stdout]  --> sort-results/src/lib.rs:7:5
[INFO] [stdout]   |
[INFO] [stdout] 7 | use url::Url;
[INFO] [stdout]   |     ^^^^^^^^
[INFO] [stdout] 
[INFO] [stdout] 
[INFO] [stdout] warning: unused import: `iter::Sum`
[INFO] [stdout]   --> sort-results/src/matches.rs:10:5
[INFO] [stdout]    |
[INFO] [stdout] 10 |     iter::Sum,
[INFO] [stdout]    |     ^^^^^^^^^
[INFO] [stdout] 
[INFO] [stdout] 
[INFO] [stdout] warning: variable does not need to be mutable
[INFO] [stdout]    --> sort-results/src/matches.rs:120:9
[INFO] [stdout]     |
[INFO] [stdout] 120 | fn sort(mut list: Vec<Matches>, params: UserParams, modifiers: Vec<UserModifier>) -> Vec<Matches> {
[INFO] [stdout]     |         ----^^^^
[INFO] [stdout]     |         |
[INFO] [stdout]     |         help: remove this `mut`
[INFO] [stdout]     |
[INFO] [stdout]     = note: `#[warn(unused_mut)]` on by default
[INFO] [stdout] 
[INFO] [stdout] 
[INFO] [stdout] warning: unused variable: `req`
[INFO] [stdout]   --> sort-results/src/lib.rs:53:25
[INFO] [stdout]    |
[INFO] [stdout] 53 |     fn respond_to(self, req: &actix_web::HttpRequest) -> actix_web::HttpResponse<Self::Body> {
[INFO] [stdout]    |                         ^^^ help: if this is intentional, prefix it with an underscore: `_req`
[INFO] [stdout]    |
[INFO] [stdout]    = note: `#[warn(unused_variables)]` on by default
[INFO] [stdout] 
[INFO] [stdout] 
[INFO] [stdout] warning: field `html` is never read
[INFO] [stdout]   --> sort-results/src/matches.rs:20:5
[INFO] [stdout]    |
[INFO] [stdout] 18 | pub struct Matches {
[INFO] [stdout]    |            ------- field in this struct
[INFO] [stdout] 19 |     url: Url,
[INFO] [stdout] 20 |     html: String,
[INFO] [stdout]    |     ^^^^
[INFO] [stdout]    |
[INFO] [stdout]    = note: `Matches` has a derived impl for the trait `Debug`, but this is intentionally ignored during dead code analysis
[INFO] [stdout]    = note: `#[warn(dead_code)]` on by default
[INFO] [stdout] 
[INFO] [stdout] 
[INFO] [stderr]    Compiling sort-results v0.1.0 (/opt/rustwide/workdir/sort-results)
[INFO] [stdout] warning: unused import: `SubmitEvent`
[INFO] [stdout]  --> core/src/pages.rs:1:76
[INFO] [stdout]   |
[INFO] [stdout] 1 | use yew::{function_component, html, use_state, Callback, Html, InputEvent, SubmitEvent, TargetCast};
[INFO] [stdout]   |                                                                            ^^^^^^^^^^^
[INFO] [stdout]   |
[INFO] [stdout]   = note: `#[warn(unused_imports)]` on by default
[INFO] [stdout] 
[INFO] [stdout] 
[INFO] [stdout] warning: unused imports: `components` and `switch`
[INFO] [stdout]  --> core/src/pages.rs:2:24
[INFO] [stdout]   |
[INFO] [stdout] 2 | use yew_router::{self, components, hooks::use_navigator, switch, BrowserRouter, Routable};
[INFO] [stdout]   |                        ^^^^^^^^^^                        ^^^^^^
[INFO] [stdout] 
[INFO] [stdout] 
[INFO] [stdout] warning: unused import: `std::fmt::format`
[INFO] [stdout]  --> core/src/results.rs:1:5
[INFO] [stdout]   |
[INFO] [stdout] 1 | use std::fmt::format;
[INFO] [stdout]   |     ^^^^^^^^^^^^^^^^
[INFO] [stdout] 
[INFO] [stdout] 
[INFO] [stdout] warning: unused imports: `InputEvent`, `SubmitEvent`, and `TargetCast`
[INFO] [stdout]  --> core/src/results.rs:4:87
[INFO] [stdout]   |
[INFO] [stdout] 4 | use yew::{function_component, html, platform::spawn_local, use_state, Callback, Html, InputEvent, Properties, SubmitEvent, TargetCast};
[INFO] [stdout]   |                                                                                       ^^^^^^^^^^              ^^^^^^^^^^^  ^^^^^^^^^^
[INFO] [stdout] 
[INFO] [stdout] 
[INFO] [stdout] warning: unused imports: `BrowserRouter`, `Routable`, `components`, and `hooks::use_navigator`
[INFO] [stdout]  --> core/src/results.rs:5:24
[INFO] [stdout]   |
[INFO] [stdout] 5 | use yew_router::{self, components, hooks::use_navigator, BrowserRouter, Routable};
[INFO] [stdout]   |                        ^^^^^^^^^^  ^^^^^^^^^^^^^^^^^^^^  ^^^^^^^^^^^^^  ^^^^^^^^
[INFO] [stdout] 
[INFO] [stdout] 
[INFO] [stdout] warning: unused import: `crate::pages::Pages`
[INFO] [stdout]  --> core/src/results.rs:7:5
[INFO] [stdout]   |
[INFO] [stdout] 7 | use crate::pages::Pages;
[INFO] [stdout]   |     ^^^^^^^^^^^^^^^^^^^
[INFO] [stdout] 
[INFO] [stdout] 
[INFO] [stdout] warning: unused import: `rocket::form::Form`
[INFO] [stdout]  --> engine-backend/src/lib.rs:2:5
[INFO] [stdout]   |
[INFO] [stdout] 2 | use rocket::form::Form;
[INFO] [stdout]   |     ^^^^^^^^^^^^^^^^^^
[INFO] [stdout]   |
[INFO] [stdout]   = note: `#[warn(unused_imports)]` on by default
[INFO] [stdout] 
[INFO] [stdout] 
[INFO] [stdout] warning: unused import: `Matches`
[INFO] [stdout]  --> engine-backend/src/lib.rs:9:29
[INFO] [stdout]   |
[INFO] [stdout] 9 | use sort_results::matches::{Matches, Page, Sorter};
[INFO] [stdout]   |                             ^^^^^^^
[INFO] [stdout] 
[INFO] [stdout] 
[INFO] [stdout] warning: unused import: `ops::Index`
[INFO] [stdout]   --> engine-backend/src/lib.rs:13:25
[INFO] [stdout]    |
[INFO] [stdout] 13 | use std::{error::Error, ops::Index, slice::SliceIndex};
[INFO] [stdout]    |                         ^^^^^^^^^^
[INFO] [stdout] 
[INFO] [stdout] 
[INFO] [stderr]    Compiling core v0.1.0 (/opt/rustwide/workdir/core)
[INFO] [stdout] warning: unused import: `slice::SliceIndex`
[INFO] [stdout]   --> engine-backend/src/lib.rs:13:37
[INFO] [stdout]    |
[INFO] [stdout] 13 | use std::{error::Error, ops::Index, slice::SliceIndex};
[INFO] [stdout]    |                                     ^^^^^^^^^^^^^^^^^
[INFO] [stdout] 
[INFO] [stdout] 
[INFO] [stderr]    Compiling engine-backend v0.1.0 (/opt/rustwide/workdir/engine-backend)
[INFO] [stdout] warning: unreachable call
[INFO] [stdout]   --> icepick-backend/src/main_logic/tree.rs:79:85
[INFO] [stdout]    |
[INFO] [stdout] 79 |                     let html = Html::new_client(&url, client.as_ref(), depth).await.unwrap_or(
[INFO] [stdout]    |                                                                                     ^^^^^^^^^ unreachable call
[INFO] [stdout] 80 |                     return Ok(Self::dead_tree(url, depth))
[INFO] [stdout]    |                     -------------------------------------- any code following this expression is unreachable
[INFO] [stdout]    |
[INFO] [stdout]    = note: `#[warn(unreachable_code)]` on by default
[INFO] [stdout] 
[INFO] [stdout] 
[INFO] [stdout] warning: unused variable: `html`
[INFO] [stdout]   --> icepick-backend/src/main_logic/tree.rs:79:25
[INFO] [stdout]    |
[INFO] [stdout] 79 |                     let html = Html::new_client(&url, client.as_ref(), depth).await.unwrap_or(
[INFO] [stdout]    |                         ^^^^ help: if this is intentional, prefix it with an underscore: `_html`
[INFO] [stdout]    |
[INFO] [stdout]    = note: `#[warn(unused_variables)]` on by default
[INFO] [stdout] 
[INFO] [stdout] 
[INFO] [stderr]    Compiling cli v0.1.0 (/opt/rustwide/workdir/cli)
[INFO] [stderr]    Compiling backend v0.1.0 (/opt/rustwide/workdir/icepick-backend)
[INFO] [stdout] warning: unused import: `yew::prelude::*`
[INFO] [stdout]  --> core/src/main.rs:1:5
[INFO] [stdout]   |
[INFO] [stdout] 1 | use yew::prelude::*;
[INFO] [stdout]   |     ^^^^^^^^^^^^^^^
[INFO] [stdout]   |
[INFO] [stdout]   = note: `#[warn(unused_imports)]` on by default
[INFO] [stdout] 
[INFO] [stdout] 
[INFO] [stdout] warning: unused imports: `Html`, `function_component`, `html`, and `use_state`
[INFO] [stdout]  --> webui/src/main.rs:4:11
[INFO] [stdout]   |
[INFO] [stdout] 4 | use yew::{function_component, html, use_state, Html};
[INFO] [stdout]   |           ^^^^^^^^^^^^^^^^^^  ^^^^  ^^^^^^^^^  ^^^^
[INFO] [stdout]   |
[INFO] [stdout]   = note: `#[warn(unused_imports)]` on by default
[INFO] [stdout] 
[INFO] [stdout] 
[INFO] [stdout] warning: unused imports: `MapAccess`, `Visitor`, and `self`
[INFO] [stdout]  --> indexer/src/indexer_maker.rs:3:10
[INFO] [stdout]   |
[INFO] [stdout] 3 |     de::{self, MapAccess, Visitor}, ser::{SerializeMap, SerializeSeq}, Deserialize, Deserializer, Serialize, Serializer
[INFO] [stdout]   |          ^^^^  ^^^^^^^^^  ^^^^^^^
[INFO] [stdout]   |
[INFO] [stdout]   = note: `#[warn(unused_imports)]` on by default
[INFO] [stdout] 
[INFO] [stdout] 
[INFO] [stdout] warning: unused import: `json`
[INFO] [stdout]  --> indexer/src/indexer_maker.rs:5:18
[INFO] [stdout]   |
[INFO] [stdout] 5 | use serde_json::{json, Value};
[INFO] [stdout]   |                  ^^^^
[INFO] [stdout] 
[INFO] [stdout] 
[INFO] [stdout] warning: unused import: `fmt`
[INFO] [stdout]   --> indexer/src/indexer_maker.rs:12:5
[INFO] [stdout]    |
[INFO] [stdout] 12 |     fmt,
[INFO] [stdout]    |     ^^^
[INFO] [stdout] 
[INFO] [stdout] 
[INFO] [stdout] warning: unused import: `SubmitEvent`
[INFO] [stdout]  --> core/src/pages.rs:1:76
[INFO] [stdout]   |
[INFO] [stdout] 1 | use yew::{function_component, html, use_state, Callback, Html, InputEvent, SubmitEvent, TargetCast};
[INFO] [stdout]   |                                                                            ^^^^^^^^^^^
[INFO] [stdout]   |
[INFO] [stdout]   = note: `#[warn(unused_imports)]` on by default
[INFO] [stdout] 
[INFO] [stdout] 
[INFO] [stdout] warning: unused imports: `components` and `switch`
[INFO] [stdout]  --> core/src/pages.rs:2:24
[INFO] [stdout]   |
[INFO] [stdout] 2 | use yew_router::{self, components, hooks::use_navigator, switch, BrowserRouter, Routable};
[INFO] [stdout]   |                        ^^^^^^^^^^                        ^^^^^^
[INFO] [stdout] 
[INFO] [stdout] 
[INFO] [stdout] warning: unused import: `std::fmt::format`
[INFO] [stdout]  --> core/src/results.rs:1:5
[INFO] [stdout]   |
[INFO] [stdout] 1 | use std::fmt::format;
[INFO] [stdout]   |     ^^^^^^^^^^^^^^^^
[INFO] [stdout] 
[INFO] [stdout] 
[INFO] [stdout] warning: unused imports: `InputEvent`, `SubmitEvent`, and `TargetCast`
[INFO] [stdout]  --> core/src/results.rs:4:87
[INFO] [stdout]   |
[INFO] [stdout] 4 | use yew::{function_component, html, platform::spawn_local, use_state, Callback, Html, InputEvent, Properties, SubmitEvent, TargetCast};
[INFO] [stdout]   |                                                                                       ^^^^^^^^^^              ^^^^^^^^^^^  ^^^^^^^^^^
[INFO] [stdout] 
[INFO] [stdout] 
[INFO] [stdout] warning: unused imports: `BrowserRouter`, `Routable`, `components`, and `hooks::use_navigator`
[INFO] [stdout]  --> core/src/results.rs:5:24
[INFO] [stdout]   |
[INFO] [stdout] 5 | use yew_router::{self, components, hooks::use_navigator, BrowserRouter, Routable};
[INFO] [stdout]   |                        ^^^^^^^^^^  ^^^^^^^^^^^^^^^^^^^^  ^^^^^^^^^^^^^  ^^^^^^^^
[INFO] [stdout] 
[INFO] [stdout] 
[INFO] [stdout] warning: unused import: `crate::pages::Pages`
[INFO] [stdout]  --> core/src/results.rs:7:5
[INFO] [stdout]   |
[INFO] [stdout] 7 | use crate::pages::Pages;
[INFO] [stdout]   |     ^^^^^^^^^^^^^^^^^^^
[INFO] [stdout] 
[INFO] [stdout] 
[INFO] [stdout] warning: unused imports: `Deserialize`, `Deserializer`, `MapAccess`, `Visitor`, `self`, and `value`
[INFO] [stdout]  --> sort-results/src/matches.rs:4:10
[INFO] [stdout]   |
[INFO] [stdout] 4 |     de::{self, value, MapAccess, Visitor}, ser::SerializeMap, Deserialize, Deserializer, Serialize
[INFO] [stdout]   |          ^^^^  ^^^^^  ^^^^^^^^^  ^^^^^^^                      ^^^^^^^^^^^  ^^^^^^^^^^^^
[INFO] [stdout]   |
[INFO] [stdout]   = note: `#[warn(unused_imports)]` on by default
[INFO] [stdout] 
[INFO] [stdout] 
[INFO] [stdout] warning: unused imports: `Add`, `Div`, `collections::HashMap`, `fmt`, and `string`
[INFO] [stdout]   --> sort-results/src/matches.rs:8:5
[INFO] [stdout]    |
[INFO] [stdout] 8  |     collections::HashMap,
[INFO] [stdout]    |     ^^^^^^^^^^^^^^^^^^^^
[INFO] [stdout] 9  |     fmt,
[INFO] [stdout]    |     ^^^
[INFO] [stdout] 10 |     iter::Sum,
[INFO] [stdout] 11 |     ops::{Add, Div}, string,
[INFO] [stdout]    |           ^^^  ^^^   ^^^^^^
[INFO] [stdout] 
[INFO] [stdout] 
[INFO] [stdout] warning: unused import: `url::Url`
[INFO] [stdout]  --> sort-results/src/lib.rs:7:5
[INFO] [stdout]   |
[INFO] [stdout] 7 | use url::Url;
[INFO] [stdout]   |     ^^^^^^^^
[INFO] [stdout] 
[INFO] [stdout] 
[INFO] [stdout] warning: unused import: `std::default`
[INFO] [stdout]   --> engine-backend/src/main.rs:23:5
[INFO] [stdout]    |
[INFO] [stdout] 23 | use std::default;
[INFO] [stdout]    |     ^^^^^^^^^^^^
[INFO] [stdout]    |
[INFO] [stdout]    = note: `#[warn(unused_imports)]` on by default
[INFO] [stdout] 
[INFO] [stdout] 
[INFO] [stdout] warning: unused import: `AllowedHeaders`
[INFO] [stdout]   --> engine-backend/src/main.rs:27:19
[INFO] [stdout]    |
[INFO] [stdout] 27 | use rocket_cors::{AllowedHeaders, AllowedOrigins, CorsOptions};
[INFO] [stdout]    |                   ^^^^^^^^^^^^^^
[INFO] [stdout] 
[INFO] [stdout] 
[INFO] [stdout] warning: unused import: `yew`
[INFO] [stdout]  --> webui/src/lib.rs:1:5
[INFO] [stdout]   |
[INFO] [stdout] 1 | use yew;
[INFO] [stdout]   |     ^^^
[INFO] [stdout]   |
[INFO] [stdout]   = note: `#[warn(unused_imports)]` on by default
[INFO] [stdout] 
[INFO] [stdout] 
[INFO] [stdout] warning: unused import: `Route`
[INFO] [stdout]  --> webui/src/pages/landing.rs:1:41
[INFO] [stdout]   |
[INFO] [stdout] 1 | use crate::{components::switch::Slider, Route};
[INFO] [stdout]   |                                         ^^^^^
[INFO] [stdout] 
[INFO] [stdout] 
[INFO] [stdout] warning: unused import: `crate::pages`
[INFO] [stdout]  --> webui/src/app.rs:6:5
[INFO] [stdout]   |
[INFO] [stdout] 6 | use crate::pages;
[INFO] [stdout]   |     ^^^^^^^^^^^^
[INFO] [stdout] 
[INFO] [stdout] 
[INFO] [stdout] warning: unused import: `use_state`
[INFO] [stdout]  --> webui/src/components/switch.rs:1:37
[INFO] [stdout]   |
[INFO] [stdout] 1 | use yew::{function_component, html, use_state, Callback, Html, Properties, UseStateHandle};
[INFO] [stdout]   |                                     ^^^^^^^^^
[INFO] [stdout] 
[INFO] [stdout] 
[INFO] [stdout] warning: unused import: `rocket::form::Form`
[INFO] [stdout]  --> engine-backend/src/lib.rs:2:5
[INFO] [stdout]   |
[INFO] [stdout] 2 | use rocket::form::Form;
[INFO] [stdout]   |     ^^^^^^^^^^^^^^^^^^
[INFO] [stdout]   |
[INFO] [stdout]   = note: `#[warn(unused_imports)]` on by default
[INFO] [stdout] 
[INFO] [stdout] 
[INFO] [stdout] warning: unused import: `Matches`
[INFO] [stdout]  --> engine-backend/src/lib.rs:9:29
[INFO] [stdout]   |
[INFO] [stdout] 9 | use sort_results::matches::{Matches, Page, Sorter};
[INFO] [stdout]   |                             ^^^^^^^
[INFO] [stdout] 
[INFO] [stdout] 
[INFO] [stdout] warning: unused import: `ops::Index`
[INFO] [stdout]   --> engine-backend/src/lib.rs:13:25
[INFO] [stdout]    |
[INFO] [stdout] 13 | use std::{error::Error, ops::Index, slice::SliceIndex};
[INFO] [stdout]    |                         ^^^^^^^^^^
[INFO] [stdout] 
[INFO] [stdout] 
[INFO] [stdout] warning: unused import: `iter::Sum`
[INFO] [stdout]   --> sort-results/src/matches.rs:10:5
[INFO] [stdout]    |
[INFO] [stdout] 10 |     iter::Sum,
[INFO] [stdout]    |     ^^^^^^^^^
[INFO] [stdout] 
[INFO] [stdout] 
[INFO] [stdout] warning: variable does not need to be mutable
[INFO] [stdout]    --> sort-results/src/matches.rs:120:9
[INFO] [stdout]     |
[INFO] [stdout] 120 | fn sort(mut list: Vec<Matches>, params: UserParams, modifiers: Vec<UserModifier>) -> Vec<Matches> {
[INFO] [stdout]     |         ----^^^^
[INFO] [stdout]     |         |
[INFO] [stdout]     |         help: remove this `mut`
[INFO] [stdout]     |
[INFO] [stdout]     = note: `#[warn(unused_mut)]` on by default
[INFO] [stdout] 
[INFO] [stdout] 
[INFO] [stdout] warning: unreachable call
[INFO] [stdout]   --> icepick-backend/src/main_logic/tree.rs:79:85
[INFO] [stdout]    |
[INFO] [stdout] 79 |                     let html = Html::new_client(&url, client.as_ref(), depth).await.unwrap_or(
[INFO] [stdout]    |                                                                                     ^^^^^^^^^ unreachable call
[INFO] [stdout] 80 |                     return Ok(Self::dead_tree(url, depth))
[INFO] [stdout]    |                     -------------------------------------- any code following this expression is unreachable
[INFO] [stdout]    |
[INFO] [stdout]    = note: `#[warn(unreachable_code)]` on by default
[INFO] [stdout] 
[INFO] [stdout] 
[INFO] [stdout] warning: unused variable: `html`
[INFO] [stdout]   --> icepick-backend/src/main_logic/tree.rs:79:25
[INFO] [stdout]    |
[INFO] [stdout] 79 |                     let html = Html::new_client(&url, client.as_ref(), depth).await.unwrap_or(
[INFO] [stdout]    |                         ^^^^ help: if this is intentional, prefix it with an underscore: `_html`
[INFO] [stdout]    |
[INFO] [stdout]    = note: `#[warn(unused_variables)]` on by default
[INFO] [stdout] 
[INFO] [stdout] 
[INFO] [stdout] warning: unused variable: `req`
[INFO] [stdout]   --> sort-results/src/lib.rs:53:25
[INFO] [stdout]    |
[INFO] [stdout] 53 |     fn respond_to(self, req: &actix_web::HttpRequest) -> actix_web::HttpResponse<Self::Body> {
[INFO] [stdout]    |                         ^^^ help: if this is intentional, prefix it with an underscore: `_req`
[INFO] [stdout]    |
[INFO] [stdout]    = note: `#[warn(unused_variables)]` on by default
[INFO] [stdout] 
[INFO] [stdout] 
[INFO] [stdout] warning: field `html` is never read
[INFO] [stdout]   --> sort-results/src/matches.rs:20:5
[INFO] [stdout]    |
[INFO] [stdout] 18 | pub struct Matches {
[INFO] [stdout]    |            ------- field in this struct
[INFO] [stdout] 19 |     url: Url,
[INFO] [stdout] 20 |     html: String,
[INFO] [stdout]    |     ^^^^
[INFO] [stdout]    |
[INFO] [stdout]    = note: `Matches` has a derived impl for the trait `Debug`, but this is intentionally ignored during dead code analysis
[INFO] [stdout]    = note: `#[warn(dead_code)]` on by default
[INFO] [stdout] 
[INFO] [stdout] 
[INFO] [stdout] warning: unused import: `Serializer`
[INFO] [stdout]  --> indexer/src/indexer_maker.rs:3:110
[INFO] [stdout]   |
[INFO] [stdout] 3 |     de::{self, MapAccess, Visitor}, ser::{SerializeMap, SerializeSeq}, Deserialize, Deserializer, Serialize, Serializer
[INFO] [stdout]   |                                                                                                              ^^^^^^^^^^
[INFO] [stdout] 
[INFO] [stdout] 
[INFO] [stdout] warning: unused import: `SerializeMap`
[INFO] [stdout]  --> indexer/src/indexer_maker.rs:3:43
[INFO] [stdout]   |
[INFO] [stdout] 3 |     de::{self, MapAccess, Visitor}, ser::{SerializeMap, SerializeSeq}, Deserialize, Deserializer, Serialize, Serializer
[INFO] [stdout]   |                                           ^^^^^^^^^^^^
[INFO] [stdout] 
[INFO] [stdout] 
[INFO] [stdout] warning: unused variable: `navigator`
[INFO] [stdout]    --> webui/src/pages/landing.rs:106:9
[INFO] [stdout]     |
[INFO] [stdout] 106 |     let navigator = use_navigator().unwrap();
[INFO] [stdout]     |         ^^^^^^^^^ help: if this is intentional, prefix it with an underscore: `_navigator`
[INFO] [stdout]     |
[INFO] [stdout]     = note: `#[warn(unused_variables)]` on by default
[INFO] [stdout] 
[INFO] [stdout] 
[INFO] [stdout] warning: method `split_to_string` is never used
[INFO] [stdout]  --> indexer/src/lib.rs:5:8
[INFO] [stdout]   |
[INFO] [stdout] 4 | trait SplitToString{
[INFO] [stdout]   |       ------------- method in this trait
[INFO] [stdout] 5 |     fn split_to_string(&self, p: impl Into<String>) -> Vec<String>;
[INFO] [stdout]   |        ^^^^^^^^^^^^^^^
[INFO] [stdout]   |
[INFO] [stdout]   = note: `#[warn(dead_code)]` on by default
[INFO] [stdout] 
[INFO] [stdout] 
[INFO] [stdout] warning: field `father` is never read
[INFO] [stdout]   --> indexer/src/html_to_urls.rs:16:5
[INFO] [stdout]    |
[INFO] [stdout] 13 | pub struct Tree {
[INFO] [stdout]    |            ---- field in this struct
[INFO] [stdout] ...
[INFO] [stdout] 16 |     father: Option<(Url, usize)>, // url, depth
[INFO] [stdout]    |     ^^^^^^
[INFO] [stdout]    |
[INFO] [stdout]    = note: `Tree` has derived impls for the traits `Clone` and `Debug`, but these are intentionally ignored during dead code analysis
[INFO] [stdout] 
[INFO] [stdout] 
[INFO] [stdout] warning: field `url` is never read
[INFO] [stdout]    --> indexer/src/html_to_urls.rs:172:5
[INFO] [stdout]     |
[INFO] [stdout] 171 | pub struct Html {
[INFO] [stdout]     |            ---- field in this struct
[INFO] [stdout] 172 |     url: Url,
[INFO] [stdout]     |     ^^^
[INFO] [stdout] 
[INFO] [stdout] 
[INFO] [stdout] warning: unused import: `slice::SliceIndex`
[INFO] [stdout]   --> engine-backend/src/lib.rs:13:37
[INFO] [stdout]    |
[INFO] [stdout] 13 | use std::{error::Error, ops::Index, slice::SliceIndex};
[INFO] [stdout]    |                                     ^^^^^^^^^^^^^^^^^
[INFO] [stdout] 
[INFO] [stdout] 
[INFO] [stderr]     Finished `test` profile [unoptimized + debuginfo] target(s) in 9.05s
[INFO] running `Command { std: "docker" "inspect" "848f7be6e2fea018dc2e265504cf9af876676d22e786ec51b1fe38779678acc9", kill_on_drop: false }`
[INFO] running `Command { std: "docker" "rm" "-f" "848f7be6e2fea018dc2e265504cf9af876676d22e786ec51b1fe38779678acc9", kill_on_drop: false }`
[INFO] [stdout] 848f7be6e2fea018dc2e265504cf9af876676d22e786ec51b1fe38779678acc9
[INFO] running `Command { std: "docker" "create" "-v" "/var/lib/crater-agent-workspace/builds/worker-1-tc1/target:/opt/rustwide/target:rw,Z" "-v" "/var/lib/crater-agent-workspace/builds/worker-1-tc1/source:/opt/rustwide/workdir:ro,Z" "-v" "/var/lib/crater-agent-workspace/cargo-home:/opt/rustwide/cargo-home:ro,Z" "-v" "/var/lib/crater-agent-workspace/rustup-home:/opt/rustwide/rustup-home:ro,Z" "-e" "SOURCE_DIR=/opt/rustwide/workdir" "-e" "CARGO_TARGET_DIR=/opt/rustwide/target" "-e" "CARGO_INCREMENTAL=0" "-e" "RUST_BACKTRACE=full" "-e" "RUSTFLAGS=--cap-lints=forbid" "-e" "RUSTDOCFLAGS=--cap-lints=forbid" "-e" "CARGO_HOME=/opt/rustwide/cargo-home" "-e" "RUSTUP_HOME=/opt/rustwide/rustup-home" "-w" "/opt/rustwide/workdir" "-m" "1610612736" "--user" "0:0" "--network" "none" "ghcr.io/rust-lang/crates-build-env/linux@sha256:819108c5571ea2e421544af4d832f968d213c87fbe3707a016657f43d2f853bc" "/opt/rustwide/cargo-home/bin/cargo" "+nightly-2025-01-18" "test" "--frozen", kill_on_drop: false }`
[INFO] [stdout] f28697d83fe75061be784e1e03867991440115c9c3bce550f70781c12c91ea72
[INFO] running `Command { std: "docker" "start" "-a" "f28697d83fe75061be784e1e03867991440115c9c3bce550f70781c12c91ea72", kill_on_drop: false }`
[INFO] [stderr] warning: profiles for the non root package will be ignored, specify profiles at the workspace root:
[INFO] [stderr] package:   /opt/rustwide/workdir/icepick-backend/Cargo.toml
[INFO] [stderr] workspace: /opt/rustwide/workdir/Cargo.toml
[INFO] [stderr] warning: profiles for the non root package will be ignored, specify profiles at the workspace root:
[INFO] [stderr] package:   /opt/rustwide/workdir/engine-backend/Cargo.toml
[INFO] [stderr] workspace: /opt/rustwide/workdir/Cargo.toml
[INFO] [stderr] warning: virtual workspace defaulting to `resolver = "1"` despite one or more workspace members being on edition 2021 which implies `resolver = "2"`
[INFO] [stderr] note: to keep the current resolver, specify `workspace.resolver = "1"` in the workspace root's manifest
[INFO] [stderr] note: to use the edition 2021 resolver, specify `workspace.resolver = "2"` in the workspace root's manifest
[INFO] [stderr] note: for more details see https://doc.rust-lang.org/cargo/reference/resolver.html#resolver-versions
[INFO] [stderr] warning: /opt/rustwide/workdir/icepick-backend/Cargo.toml: unused manifest key: profile.release.stack-size
[INFO] [stderr] warning: unused import: `serde_json`
[INFO] [stderr]  --> indexer/src/html_to_urls.rs:4:5
[INFO] [stderr]   |
[INFO] [stderr] 4 | use serde_json;
[INFO] [stderr]   |     ^^^^^^^^^^
[INFO] [stderr]   |
[INFO] [stderr]   = note: `#[warn(unused_imports)]` on by default
[INFO] [stderr] 
[INFO] [stderr] warning: unused import: `indexer_maker::Indexer`
[INFO] [stderr]  --> indexer/src/html_to_urls.rs:8:13
[INFO] [stderr]   |
[INFO] [stderr] 8 | use crate::{indexer_maker::Indexer, SplitToString};
[INFO] [stderr]   |             ^^^^^^^^^^^^^^^^^^^^^^
[INFO] [stderr] 
[INFO] [stderr] warning: unused imports: `MapAccess`, `Visitor`, and `self`
[INFO] [stderr]  --> indexer/src/indexer_maker.rs:3:10
[INFO] [stderr]   |
[INFO] [stderr] 3 |     de::{self, MapAccess, Visitor}, ser::{SerializeMap, SerializeSeq}, Deserialize, Deserializer, Serialize, Serializer
[INFO] [stderr]   |          ^^^^  ^^^^^^^^^  ^^^^^^^
[INFO] [stderr] 
[INFO] [stderr] warning: unused import: `json`
[INFO] [stderr]  --> indexer/src/indexer_maker.rs:5:18
[INFO] [stderr]   |
[INFO] [stderr] 5 | use serde_json::{json, Value};
[INFO] [stderr]   |                  ^^^^
[INFO] [stderr] 
[INFO] [stderr] warning: unused import: `fmt`
[INFO] [stderr]   --> indexer/src/indexer_maker.rs:12:5
[INFO] [stderr]    |
[INFO] [stderr] 12 |     fmt,
[INFO] [stderr]    |     ^^^
[INFO] [stderr] 
[INFO] [stderr] warning: unused import: `Serializer`
[INFO] [stderr]  --> indexer/src/indexer_maker.rs:3:110
[INFO] [stderr]   |
[INFO] [stderr] 3 |     de::{self, MapAccess, Visitor}, ser::{SerializeMap, SerializeSeq}, Deserialize, Deserializer, Serialize, Serializer
[INFO] [stderr]   |                                                                                                              ^^^^^^^^^^
[INFO] [stderr] 
[INFO] [stderr] warning: unused import: `SerializeMap`
[INFO] [stderr]  --> indexer/src/indexer_maker.rs:3:43
[INFO] [stderr]   |
[INFO] [stderr] 3 |     de::{self, MapAccess, Visitor}, ser::{SerializeMap, SerializeSeq}, Deserialize, Deserializer, Serialize, Serializer
[INFO] [stderr]   |                                           ^^^^^^^^^^^^
[INFO] [stderr] 
[INFO] [stderr] warning: methods `split_to_string` and `split_to_string_at_occurrence` are never used
[INFO] [stderr]  --> indexer/src/lib.rs:5:8
[INFO] [stderr]   |
[INFO] [stderr] 4 | trait SplitToString{
[INFO] [stderr]   |       ------------- methods in this trait
[INFO] [stderr] 5 |     fn split_to_string(&self, p: impl Into<String>) -> Vec<String>;
[INFO] [stderr]   |        ^^^^^^^^^^^^^^^
[INFO] [stderr] 6 |     fn split_to_string_at_occurrence_tuple<P: Clone + Into<String>>(&self, p: P, occurrence: Occurrence) -> (String, String);
[INFO] [stderr] 7 |     fn split_to_string_at_occurrence<P: Clone + Into<String>>(&self, p: P, occurrence: Occurrence) -> Vec<String>;
[INFO] [stderr]   |        ^^^^^^^^^^^^^^^^^^^^^^^^^^^^^
[INFO] [stderr]   |
[INFO] [stderr]   = note: `#[warn(dead_code)]` on by default
[INFO] [stderr] 
[INFO] [stderr] warning: variants `First` and `Nth` are never constructed
[INFO] [stderr]   --> indexer/src/lib.rs:51:5
[INFO] [stderr]    |
[INFO] [stderr] 50 | enum Occurrence {
[INFO] [stderr]    |      ---------- variants in this enum
[INFO] [stderr] 51 |     First, 
[INFO] [stderr]    |     ^^^^^
[INFO] [stderr] 52 |     Last,
[INFO] [stderr] 53 |     Nth(usize),    
[INFO] [stderr]    |     ^^^
[INFO] [stderr] 
[INFO] [stderr] warning: field `father` is never read
[INFO] [stderr]   --> indexer/src/html_to_urls.rs:16:5
[INFO] [stderr]    |
[INFO] [stderr] 13 | pub struct Tree {
[INFO] [stderr]    |            ---- field in this struct
[INFO] [stderr] ...
[INFO] [stderr] 16 |     father: Option<(Url, usize)>, // url, depth
[INFO] [stderr]    |     ^^^^^^
[INFO] [stderr]    |
[INFO] [stderr]    = note: `Tree` has derived impls for the traits `Clone` and `Debug`, but these are intentionally ignored during dead code analysis
[INFO] [stderr] 
[INFO] [stderr] warning: field `url` is never read
[INFO] [stderr]    --> indexer/src/html_to_urls.rs:172:5
[INFO] [stderr]     |
[INFO] [stderr] 171 | pub struct Html {
[INFO] [stderr]     |            ---- field in this struct
[INFO] [stderr] 172 |     url: Url,
[INFO] [stderr]     |     ^^^
[INFO] [stderr] 
[INFO] [stderr] warning: `indexer` (lib) generated 11 warnings (run `cargo fix --lib -p indexer` to apply 5 suggestions)
[INFO] [stderr] warning: unused import: `yew`
[INFO] [stderr]  --> webui/src/lib.rs:1:5
[INFO] [stderr]   |
[INFO] [stderr] 1 | use yew;
[INFO] [stderr]   |     ^^^
[INFO] [stderr]   |
[INFO] [stderr]   = note: `#[warn(unused_imports)]` on by default
[INFO] [stderr] 
[INFO] [stderr] warning: unused import: `Route`
[INFO] [stderr]  --> webui/src/pages/landing.rs:1:41
[INFO] [stderr]   |
[INFO] [stderr] 1 | use crate::{components::switch::Slider, Route};
[INFO] [stderr]   |                                         ^^^^^
[INFO] [stderr] 
[INFO] [stderr] warning: unused import: `crate::pages`
[INFO] [stderr]  --> webui/src/app.rs:6:5
[INFO] [stderr]   |
[INFO] [stderr] 6 | use crate::pages;
[INFO] [stderr]   |     ^^^^^^^^^^^^
[INFO] [stderr] 
[INFO] [stderr] warning: unused import: `use_state`
[INFO] [stderr]  --> webui/src/components/switch.rs:1:37
[INFO] [stderr]   |
[INFO] [stderr] 1 | use yew::{function_component, html, use_state, Callback, Html, Properties, UseStateHandle};
[INFO] [stderr]   |                                     ^^^^^^^^^
[INFO] [stderr] 
[INFO] [stderr] warning: unused variable: `navigator`
[INFO] [stderr]    --> webui/src/pages/landing.rs:106:9
[INFO] [stderr]     |
[INFO] [stderr] 106 |     let navigator = use_navigator().unwrap();
[INFO] [stderr]     |         ^^^^^^^^^ help: if this is intentional, prefix it with an underscore: `_navigator`
[INFO] [stderr]     |
[INFO] [stderr]     = note: `#[warn(unused_variables)]` on by default
[INFO] [stderr] 
[INFO] [stderr] warning: unused imports: `MapAccess`, `Visitor`, and `self`
[INFO] [stderr]  --> indexer/src/indexer_maker.rs:3:10
[INFO] [stderr]   |
[INFO] [stderr] 3 |     de::{self, MapAccess, Visitor}, ser::{SerializeMap, SerializeSeq}, Deserialize, Deserializer, Serialize, Serializer
[INFO] [stderr]   |          ^^^^  ^^^^^^^^^  ^^^^^^^
[INFO] [stderr]   |
[INFO] [stderr]   = note: `#[warn(unused_imports)]` on by default
[INFO] [stderr] 
[INFO] [stderr] warning: method `split_to_string` is never used
[INFO] [stderr]  --> indexer/src/lib.rs:5:8
[INFO] [stderr]   |
[INFO] [stderr] 4 | trait SplitToString{
[INFO] [stderr]   |       ------------- method in this trait
[INFO] [stderr] 5 |     fn split_to_string(&self, p: impl Into<String>) -> Vec<String>;
[INFO] [stderr]   |        ^^^^^^^^^^^^^^^
[INFO] [stderr]   |
[INFO] [stderr]   = note: `#[warn(dead_code)]` on by default
[INFO] [stderr] 
[INFO] [stderr] warning: `webui` (lib) generated 5 warnings (run `cargo fix --lib -p webui` to apply 4 suggestions)
[INFO] [stderr] warning: `webui` (lib test) generated 5 warnings (5 duplicates)
[INFO] [stderr] warning: `indexer` (lib test) generated 8 warnings (6 duplicates) (run `cargo fix --lib -p indexer --tests` to apply 1 suggestion)
[INFO] [stderr] warning: unused imports: `Deserialize`, `Deserializer`, `MapAccess`, `Visitor`, `self`, and `value`
[INFO] [stderr]  --> sort-results/src/matches.rs:4:10
[INFO] [stderr]   |
[INFO] [stderr] 4 |     de::{self, value, MapAccess, Visitor}, ser::SerializeMap, Deserialize, Deserializer, Serialize
[INFO] [stderr]   |          ^^^^  ^^^^^  ^^^^^^^^^  ^^^^^^^                      ^^^^^^^^^^^  ^^^^^^^^^^^^
[INFO] [stderr]   |
[INFO] [stderr]   = note: `#[warn(unused_imports)]` on by default
[INFO] [stderr] 
[INFO] [stderr] warning: unused imports: `Add`, `Div`, `collections::HashMap`, `fmt`, and `string`
[INFO] [stderr]   --> sort-results/src/matches.rs:8:5
[INFO] [stderr]    |
[INFO] [stderr] 8  |     collections::HashMap,
[INFO] [stderr]    |     ^^^^^^^^^^^^^^^^^^^^
[INFO] [stderr] 9  |     fmt,
[INFO] [stderr]    |     ^^^
[INFO] [stderr] 10 |     iter::Sum,
[INFO] [stderr] 11 |     ops::{Add, Div}, string,
[INFO] [stderr]    |           ^^^  ^^^   ^^^^^^
[INFO] [stderr] 
[INFO] [stderr] warning: unused import: `url::Url`
[INFO] [stderr]  --> sort-results/src/lib.rs:7:5
[INFO] [stderr]   |
[INFO] [stderr] 7 | use url::Url;
[INFO] [stderr]   |     ^^^^^^^^
[INFO] [stderr] 
[INFO] [stderr] warning: unused import: `iter::Sum`
[INFO] [stderr]   --> sort-results/src/matches.rs:10:5
[INFO] [stderr]    |
[INFO] [stderr] 10 |     iter::Sum,
[INFO] [stderr]    |     ^^^^^^^^^
[INFO] [stderr] 
[INFO] [stderr] warning: variable does not need to be mutable
[INFO] [stderr]    --> sort-results/src/matches.rs:120:9
[INFO] [stderr]     |
[INFO] [stderr] 120 | fn sort(mut list: Vec<Matches>, params: UserParams, modifiers: Vec<UserModifier>) -> Vec<Matches> {
[INFO] [stderr]     |         ----^^^^
[INFO] [stderr]     |         |
[INFO] [stderr]     |         help: remove this `mut`
[INFO] [stderr]     |
[INFO] [stderr]     = note: `#[warn(unused_mut)]` on by default
[INFO] [stderr] 
[INFO] [stderr] warning: unused variable: `req`
[INFO] [stderr]   --> sort-results/src/lib.rs:53:25
[INFO] [stderr]    |
[INFO] [stderr] 53 |     fn respond_to(self, req: &actix_web::HttpRequest) -> actix_web::HttpResponse<Self::Body> {
[INFO] [stderr]    |                         ^^^ help: if this is intentional, prefix it with an underscore: `_req`
[INFO] [stderr]    |
[INFO] [stderr]    = note: `#[warn(unused_variables)]` on by default
[INFO] [stderr] 
[INFO] [stderr] warning: field `html` is never read
[INFO] [stderr]   --> sort-results/src/matches.rs:20:5
[INFO] [stderr]    |
[INFO] [stderr] 18 | pub struct Matches {
[INFO] [stderr]    |            ------- field in this struct
[INFO] [stderr] 19 |     url: Url,
[INFO] [stderr] 20 |     html: String,
[INFO] [stderr]    |     ^^^^
[INFO] [stderr]    |
[INFO] [stderr]    = note: `Matches` has a derived impl for the trait `Debug`, but this is intentionally ignored during dead code analysis
[INFO] [stderr]    = note: `#[warn(dead_code)]` on by default
[INFO] [stderr] 
[INFO] [stderr] warning: unused imports: `Html`, `function_component`, `html`, and `use_state`
[INFO] [stderr]  --> webui/src/main.rs:4:11
[INFO] [stderr]   |
[INFO] [stderr] 4 | use yew::{function_component, html, use_state, Html};
[INFO] [stderr]   |           ^^^^^^^^^^^^^^^^^^  ^^^^  ^^^^^^^^^  ^^^^
[INFO] [stderr]   |
[INFO] [stderr]   = note: `#[warn(unused_imports)]` on by default
[INFO] [stderr] 
[INFO] [stderr] warning: `sort-results` (lib) generated 7 warnings (run `cargo fix --lib -p sort-results` to apply 4 suggestions)
[INFO] [stderr] warning: `sort-results` (lib test) generated 7 warnings (7 duplicates)
[INFO] [stderr] warning: `webui` (bin "webui" test) generated 1 warning (run `cargo fix --bin "webui" --tests` to apply 1 suggestion)
[INFO] [stderr] warning: unused import: `SubmitEvent`
[INFO] [stderr]  --> core/src/pages.rs:1:76
[INFO] [stderr]   |
[INFO] [stderr] 1 | use yew::{function_component, html, use_state, Callback, Html, InputEvent, SubmitEvent, TargetCast};
[INFO] [stderr]   |                                                                            ^^^^^^^^^^^
[INFO] [stderr]   |
[INFO] [stderr]   = note: `#[warn(unused_imports)]` on by default
[INFO] [stderr] 
[INFO] [stderr] warning: unused imports: `components` and `switch`
[INFO] [stderr]  --> core/src/pages.rs:2:24
[INFO] [stderr]   |
[INFO] [stderr] 2 | use yew_router::{self, components, hooks::use_navigator, switch, BrowserRouter, Routable};
[INFO] [stderr]   |                        ^^^^^^^^^^                        ^^^^^^
[INFO] [stderr] 
[INFO] [stderr] warning: unused import: `std::fmt::format`
[INFO] [stderr]  --> core/src/results.rs:1:5
[INFO] [stderr]   |
[INFO] [stderr] 1 | use std::fmt::format;
[INFO] [stderr]   |     ^^^^^^^^^^^^^^^^
[INFO] [stderr] 
[INFO] [stderr] warning: unused imports: `InputEvent`, `SubmitEvent`, and `TargetCast`
[INFO] [stderr]  --> core/src/results.rs:4:87
[INFO] [stderr]   |
[INFO] [stderr] 4 | use yew::{function_component, html, platform::spawn_local, use_state, Callback, Html, InputEvent, Properties, SubmitEvent, TargetCast};
[INFO] [stderr]   |                                                                                       ^^^^^^^^^^              ^^^^^^^^^^^  ^^^^^^^^^^
[INFO] [stderr] 
[INFO] [stderr] warning: unused imports: `BrowserRouter`, `Routable`, `components`, and `hooks::use_navigator`
[INFO] [stderr]  --> core/src/results.rs:5:24
[INFO] [stderr]   |
[INFO] [stderr] 5 | use yew_router::{self, components, hooks::use_navigator, BrowserRouter, Routable};
[INFO] [stderr]   |                        ^^^^^^^^^^  ^^^^^^^^^^^^^^^^^^^^  ^^^^^^^^^^^^^  ^^^^^^^^
[INFO] [stderr] 
[INFO] [stderr] warning: unused import: `crate::pages::Pages`
[INFO] [stderr]  --> core/src/results.rs:7:5
[INFO] [stderr]   |
[INFO] [stderr] 7 | use crate::pages::Pages;
[INFO] [stderr]   |     ^^^^^^^^^^^^^^^^^^^
[INFO] [stderr] 
[INFO] [stderr] warning: unused import: `rocket::form::Form`
[INFO] [stderr]  --> engine-backend/src/lib.rs:2:5
[INFO] [stderr]   |
[INFO] [stderr] 2 | use rocket::form::Form;
[INFO] [stderr]   |     ^^^^^^^^^^^^^^^^^^
[INFO] [stderr]   |
[INFO] [stderr]   = note: `#[warn(unused_imports)]` on by default
[INFO] [stderr] 
[INFO] [stderr] warning: unused import: `Matches`
[INFO] [stderr]  --> engine-backend/src/lib.rs:9:29
[INFO] [stderr]   |
[INFO] [stderr] 9 | use sort_results::matches::{Matches, Page, Sorter};
[INFO] [stderr]   |                             ^^^^^^^
[INFO] [stderr] 
[INFO] [stderr] warning: unused import: `ops::Index`
[INFO] [stderr]   --> engine-backend/src/lib.rs:13:25
[INFO] [stderr]    |
[INFO] [stderr] 13 | use std::{error::Error, ops::Index, slice::SliceIndex};
[INFO] [stderr]    |                         ^^^^^^^^^^
[INFO] [stderr] 
[INFO] [stderr] warning: unused import: `slice::SliceIndex`
[INFO] [stderr]   --> engine-backend/src/lib.rs:13:37
[INFO] [stderr]    |
[INFO] [stderr] 13 | use std::{error::Error, ops::Index, slice::SliceIndex};
[INFO] [stderr]    |                                     ^^^^^^^^^^^^^^^^^
[INFO] [stderr] 
[INFO] [stderr] warning: `core` (lib) generated 6 warnings (run `cargo fix --lib -p core` to apply 6 suggestions)
[INFO] [stderr] warning: `engine-backend` (lib) generated 4 warnings (run `cargo fix --lib -p engine-backend` to apply 3 suggestions)
[INFO] [stderr] warning: `engine-backend` (lib test) generated 4 warnings (4 duplicates)
[INFO] [stderr] warning: `core` (lib test) generated 6 warnings (6 duplicates)
[INFO] [stderr] warning: unreachable call
[INFO] [stderr]   --> icepick-backend/src/main_logic/tree.rs:79:85
[INFO] [stderr]    |
[INFO] [stderr] 79 |                     let html = Html::new_client(&url, client.as_ref(), depth).await.unwrap_or(
[INFO] [stderr]    |                                                                                     ^^^^^^^^^ unreachable call
[INFO] [stderr] 80 |                     return Ok(Self::dead_tree(url, depth))
[INFO] [stderr]    |                     -------------------------------------- any code following this expression is unreachable
[INFO] [stderr]    |
[INFO] [stderr]    = note: `#[warn(unreachable_code)]` on by default
[INFO] [stderr] 
[INFO] [stderr] warning: unused variable: `html`
[INFO] [stderr]   --> icepick-backend/src/main_logic/tree.rs:79:25
[INFO] [stderr]    |
[INFO] [stderr] 79 |                     let html = Html::new_client(&url, client.as_ref(), depth).await.unwrap_or(
[INFO] [stderr]    |                         ^^^^ help: if this is intentional, prefix it with an underscore: `_html`
[INFO] [stderr]    |
[INFO] [stderr]    = note: `#[warn(unused_variables)]` on by default
[INFO] [stderr] 
[INFO] [stderr] warning: unused import: `std::default`
[INFO] [stderr]   --> engine-backend/src/main.rs:23:5
[INFO] [stderr]    |
[INFO] [stderr] 23 | use std::default;
[INFO] [stderr]    |     ^^^^^^^^^^^^
[INFO] [stderr]    |
[INFO] [stderr]    = note: `#[warn(unused_imports)]` on by default
[INFO] [stderr] 
[INFO] [stderr] warning: unused import: `AllowedHeaders`
[INFO] [stderr]   --> engine-backend/src/main.rs:27:19
[INFO] [stderr]    |
[INFO] [stderr] 27 | use rocket_cors::{AllowedHeaders, AllowedOrigins, CorsOptions};
[INFO] [stderr]    |                   ^^^^^^^^^^^^^^
[INFO] [stderr] 
[INFO] [stderr] warning: unused import: `yew::prelude::*`
[INFO] [stderr]  --> core/src/main.rs:1:5
[INFO] [stderr]   |
[INFO] [stderr] 1 | use yew::prelude::*;
[INFO] [stderr]   |     ^^^^^^^^^^^^^^^
[INFO] [stderr]   |
[INFO] [stderr]   = note: `#[warn(unused_imports)]` on by default
[INFO] [stderr] 
[INFO] [stderr] warning: `backend` (lib) generated 2 warnings
[INFO] [stderr] warning: `engine-backend` (bin "engine-backend" test) generated 2 warnings (run `cargo fix --bin "engine-backend" --tests` to apply 2 suggestions)
[INFO] [stderr] warning: `backend` (lib test) generated 2 warnings (2 duplicates)
[INFO] [stderr] warning: `core` (bin "core" test) generated 1 warning (run `cargo fix --bin "core" --tests` to apply 1 suggestion)
[INFO] [stderr]     Finished `test` profile [unoptimized + debuginfo] target(s) in 0.47s
[INFO] [stderr]      Running unittests src/lib.rs (/opt/rustwide/target/debug/deps/backend-016226401ace62bf)
[INFO] [stdout] 
[INFO] [stdout] running 8 tests
[INFO] [stdout] test server::reply::test ... ok
[INFO] [stdout] test server::recv::test ... ok
[INFO] [stdout] test main_logic::tree::test2 ... FAILED
[INFO] [stdout] test main_logic::store::idkkkkk ... FAILED
[INFO] [stdout] test utils::ser_de::test ... FAILED
[INFO] [stdout] test main_logic::tree::test_tree ... FAILED
[INFO] [stdout] test main_logic::tree::xxx ... FAILED
[INFO] [stdout] test main_logic::tree::xx ... FAILED
[INFO] [stdout] 
[INFO] [stdout] failures:
[INFO] [stdout] 
[INFO] [stdout] ---- main_logic::tree::test2 stdout ----
[INFO] [stdout] 
[INFO] [stdout] thread 'main_logic::tree::test2' panicked at icepick-backend/src/main_logic/tree.rs:168:77:
[INFO] [stdout] called `Result::unwrap()` on an `Err` value: Os { code: 2, kind: NotFound, message: "No such file or directory" }
[INFO] [stdout] stack backtrace:
[INFO] [stdout]    0:     0x61cdde01632a - std::backtrace_rs::backtrace::libunwind::trace::hb059275cfc8d6126
[INFO] [stdout]                                at /rustc/6067b36314ab5eb2eb47cecc464545ba58e1ad24/library/std/src/../../backtrace/src/backtrace/libunwind.rs:116:5
[INFO] [stdout]    1:     0x61cdde01632a - std::backtrace_rs::backtrace::trace_unsynchronized::h2da071e4327ce3ee
[INFO] [stdout]                                at /rustc/6067b36314ab5eb2eb47cecc464545ba58e1ad24/library/std/src/../../backtrace/src/backtrace/mod.rs:66:5
[INFO] [stdout]    2:     0x61cdde01632a - std::sys::backtrace::_print_fmt::h842a1474e6f8d23f
[INFO] [stdout]                                at /rustc/6067b36314ab5eb2eb47cecc464545ba58e1ad24/library/std/src/sys/backtrace.rs:66:9
[INFO] [stdout]    3:     0x61cdde01632a - <std::sys::backtrace::BacktraceLock::print::DisplayBacktrace as core::fmt::Display>::fmt::h71a62eb3b9696b12
[INFO] [stdout]                                at /rustc/6067b36314ab5eb2eb47cecc464545ba58e1ad24/library/std/src/sys/backtrace.rs:39:26
[INFO] [stdout]    4:     0x61cdde042d43 - core::fmt::rt::Argument::fmt::hdb6b616786b41dc1
[INFO] [stdout]                                at /rustc/6067b36314ab5eb2eb47cecc464545ba58e1ad24/library/core/src/fmt/rt.rs:177:76
[INFO] [stdout]    5:     0x61cdde042d43 - core::fmt::write::h2cc1698af7e2d686
[INFO] [stdout]                                at /rustc/6067b36314ab5eb2eb47cecc464545ba58e1ad24/library/core/src/fmt/mod.rs:1440:21
[INFO] [stdout]    6:     0x61cdde012093 - std::io::Write::write_fmt::hab1b4cd059a79022
[INFO] [stdout]                                at /rustc/6067b36314ab5eb2eb47cecc464545ba58e1ad24/library/std/src/io/mod.rs:1887:15
[INFO] [stdout]    7:     0x61cdde016172 - std::sys::backtrace::BacktraceLock::print::h147fe35b4ea13b08
[INFO] [stdout]                                at /rustc/6067b36314ab5eb2eb47cecc464545ba58e1ad24/library/std/src/sys/backtrace.rs:42:9
[INFO] [stdout]    8:     0x61cdde01774f - std::panicking::default_hook::{{closure}}::hbd44223dbdc0d208
[INFO] [stdout]                                at /rustc/6067b36314ab5eb2eb47cecc464545ba58e1ad24/library/std/src/panicking.rs:298:22
[INFO] [stdout]    9:     0x61cdde017568 - std::panicking::default_hook::h20f81eb0576efcec
[INFO] [stdout]                                at /rustc/6067b36314ab5eb2eb47cecc464545ba58e1ad24/library/std/src/panicking.rs:322:9
[INFO] [stdout]   10:     0x61cddd7ea8d3 - <alloc::boxed::Box<F,A> as core::ops::function::Fn<Args>>::call::hdb53814c496a4d34
[INFO] [stdout]                                at /rustc/6067b36314ab5eb2eb47cecc464545ba58e1ad24/library/alloc/src/boxed.rs:2027:9
[INFO] [stdout]   11:     0x61cddd7ea8d3 - test::test_main::{{closure}}::hc0a4963c59427c24
[INFO] [stdout]                                at /rustc/6067b36314ab5eb2eb47cecc464545ba58e1ad24/library/test/src/lib.rs:134:21
[INFO] [stdout]   12:     0x61cdde018243 - <alloc::boxed::Box<F,A> as core::ops::function::Fn<Args>>::call::h591b2225413a77e9
[INFO] [stdout]                                at /rustc/6067b36314ab5eb2eb47cecc464545ba58e1ad24/library/alloc/src/boxed.rs:2027:9
[INFO] [stdout]   13:     0x61cdde018243 - std::panicking::rust_panic_with_hook::h625eea43051b2edc
[INFO] [stdout]                                at /rustc/6067b36314ab5eb2eb47cecc464545ba58e1ad24/library/std/src/panicking.rs:839:13
[INFO] [stdout]   14:     0x61cdde017efa - std::panicking::begin_panic_handler::{{closure}}::h4f9159cfbc3f6bd3
[INFO] [stdout]                                at /rustc/6067b36314ab5eb2eb47cecc464545ba58e1ad24/library/std/src/panicking.rs:704:13
[INFO] [stdout]   15:     0x61cdde016829 - std::sys::backtrace::__rust_end_short_backtrace::h0390abce48353151
[INFO] [stdout]                                at /rustc/6067b36314ab5eb2eb47cecc464545ba58e1ad24/library/std/src/sys/backtrace.rs:168:18
[INFO] [stdout]   16:     0x61cdde017b8d - rust_begin_unwind
[INFO] [stdout]                                at /rustc/6067b36314ab5eb2eb47cecc464545ba58e1ad24/library/std/src/panicking.rs:695:5
[INFO] [stdout]   17:     0x61cdde03fb50 - core::panicking::panic_fmt::h9e7c637e9e5f29c9
[INFO] [stdout]                                at /rustc/6067b36314ab5eb2eb47cecc464545ba58e1ad24/library/core/src/panicking.rs:75:14
[INFO] [stdout]   18:     0x61cdde040026 - core::result::unwrap_failed::h7979f09313fe1849
[INFO] [stdout]                                at /rustc/6067b36314ab5eb2eb47cecc464545ba58e1ad24/library/core/src/result.rs:1704:5
[INFO] [stdout]   19:     0x61cddd793562 - core::result::Result<T,E>::unwrap::h05625d7028d7e248
[INFO] [stdout]                                at /rustc/6067b36314ab5eb2eb47cecc464545ba58e1ad24/library/core/src/result.rs:1109:23
[INFO] [stdout]   20:     0x61cddd793562 - backend::main_logic::tree::test2::h98d7958a0d509e1b
[INFO] [stdout]                                at /opt/rustwide/workdir/icepick-backend/src/main_logic/tree.rs:168:44
[INFO] [stdout]   21:     0x61cddd7934c7 - backend::main_logic::tree::test2::{{closure}}::h31373bc2341647dd
[INFO] [stdout]                                at /opt/rustwide/workdir/icepick-backend/src/main_logic/tree.rs:167:11
[INFO] [stdout]   22:     0x61cddd774e06 - core::ops::function::FnOnce::call_once::he542a9b306dcd92b
[INFO] [stdout]                                at /rustc/6067b36314ab5eb2eb47cecc464545ba58e1ad24/library/core/src/ops/function.rs:250:5
[INFO] [stdout]   23:     0x61cddd7f002b - core::ops::function::FnOnce::call_once::he27718dfdd183f43
[INFO] [stdout]                                at /rustc/6067b36314ab5eb2eb47cecc464545ba58e1ad24/library/core/src/ops/function.rs:250:5
[INFO] [stdout]   24:     0x61cddd7f002b - test::__rust_begin_short_backtrace::h4e84902998457a5d
[INFO] [stdout]                                at /rustc/6067b36314ab5eb2eb47cecc464545ba58e1ad24/library/test/src/lib.rs:632:18
[INFO] [stdout]   25:     0x61cddd7eef63 - test::run_test_in_process::{{closure}}::h7176fd18fc1feca0
[INFO] [stdout]                                at /rustc/6067b36314ab5eb2eb47cecc464545ba58e1ad24/library/test/src/lib.rs:655:60
[INFO] [stdout]   26:     0x61cddd7eef63 - <core::panic::unwind_safe::AssertUnwindSafe<F> as core::ops::function::FnOnce<()>>::call_once::hf79cff2a624d8cf7
[INFO] [stdout]                                at /rustc/6067b36314ab5eb2eb47cecc464545ba58e1ad24/library/core/src/panic/unwind_safe.rs:272:9
[INFO] [stdout]   27:     0x61cddd7eef63 - std::panicking::try::do_call::h3da0561d9ab99c25
[INFO] [stdout]                                at /rustc/6067b36314ab5eb2eb47cecc464545ba58e1ad24/library/std/src/panicking.rs:587:40
[INFO] [stdout]   28:     0x61cddd7eef63 - std::panicking::try::h41c9fa508bc61df6
[INFO] [stdout]                                at /rustc/6067b36314ab5eb2eb47cecc464545ba58e1ad24/library/std/src/panicking.rs:550:19
[INFO] [stdout]   29:     0x61cddd7eef63 - std::panic::catch_unwind::h6b3ff07bb5afad93
[INFO] [stdout]                                at /rustc/6067b36314ab5eb2eb47cecc464545ba58e1ad24/library/std/src/panic.rs:358:14
[INFO] [stdout]   30:     0x61cddd7eef63 - test::run_test_in_process::hc7253dd11b39b9f4
[INFO] [stdout]                                at /rustc/6067b36314ab5eb2eb47cecc464545ba58e1ad24/library/test/src/lib.rs:655:27
[INFO] [stdout]   31:     0x61cddd7eef63 - test::run_test::{{closure}}::hfb2007f8649c30bb
[INFO] [stdout]                                at /rustc/6067b36314ab5eb2eb47cecc464545ba58e1ad24/library/test/src/lib.rs:576:43
[INFO] [stdout]   32:     0x61cddd7b2045 - test::run_test::{{closure}}::h56a17aa7a282a9f4
[INFO] [stdout]                                at /rustc/6067b36314ab5eb2eb47cecc464545ba58e1ad24/library/test/src/lib.rs:606:41
[INFO] [stdout]   33:     0x61cddd7b2045 - std::sys::backtrace::__rust_begin_short_backtrace::hd2d2d2fb8e8c6aac
[INFO] [stdout]                                at /rustc/6067b36314ab5eb2eb47cecc464545ba58e1ad24/library/std/src/sys/backtrace.rs:152:18
[INFO] [stdout]   34:     0x61cddd7b592a - std::thread::Builder::spawn_unchecked_::{{closure}}::{{closure}}::h4faa3f9db6133423
[INFO] [stdout]                                at /rustc/6067b36314ab5eb2eb47cecc464545ba58e1ad24/library/std/src/thread/mod.rs:559:17
[INFO] [stdout]   35:     0x61cddd7b592a - <core::panic::unwind_safe::AssertUnwindSafe<F> as core::ops::function::FnOnce<()>>::call_once::hf2e855a36a4ea846
[INFO] [stdout]                                at /rustc/6067b36314ab5eb2eb47cecc464545ba58e1ad24/library/core/src/panic/unwind_safe.rs:272:9
[INFO] [stdout]   36:     0x61cddd7b592a - std::panicking::try::do_call::h2f73af3616c35465
[INFO] [stdout]                                at /rustc/6067b36314ab5eb2eb47cecc464545ba58e1ad24/library/std/src/panicking.rs:587:40
[INFO] [stdout]   37:     0x61cddd7b592a - std::panicking::try::hd1660ce9efadef5a
[INFO] [stdout]                                at /rustc/6067b36314ab5eb2eb47cecc464545ba58e1ad24/library/std/src/panicking.rs:550:19
[INFO] [stdout]   38:     0x61cddd7b592a - std::panic::catch_unwind::h5ee8d7823b8ca744
[INFO] [stdout]                                at /rustc/6067b36314ab5eb2eb47cecc464545ba58e1ad24/library/std/src/panic.rs:358:14
[INFO] [stdout]   39:     0x61cddd7b592a - std::thread::Builder::spawn_unchecked_::{{closure}}::h53c3a1894dce8407
[INFO] [stdout]                                at /rustc/6067b36314ab5eb2eb47cecc464545ba58e1ad24/library/std/src/thread/mod.rs:557:30
[INFO] [stdout]   40:     0x61cddd7b592a - core::ops::function::FnOnce::call_once{{vtable.shim}}::h048ce291ad4f62bf
[INFO] [stdout]                                at /rustc/6067b36314ab5eb2eb47cecc464545ba58e1ad24/library/core/src/ops/function.rs:250:5
[INFO] [stdout]   41:     0x61cdde01cb6b - <alloc::boxed::Box<F,A> as core::ops::function::FnOnce<Args>>::call_once::ha52bedf99a3b4981
[INFO] [stdout]                                at /rustc/6067b36314ab5eb2eb47cecc464545ba58e1ad24/library/alloc/src/boxed.rs:2013:9
[INFO] [stdout]   42:     0x61cdde01cb6b - <alloc::boxed::Box<F,A> as core::ops::function::FnOnce<Args>>::call_once::h567748934d80ccf8
[INFO] [stdout]                                at /rustc/6067b36314ab5eb2eb47cecc464545ba58e1ad24/library/alloc/src/boxed.rs:2013:9
[INFO] [stdout]   43:     0x61cdde01cb6b - std::sys::pal::unix::thread::Thread::new::thread_start::h2d970728ae887adc
[INFO] [stdout]                                at /rustc/6067b36314ab5eb2eb47cecc464545ba58e1ad24/library/std/src/sys/pal/unix/thread.rs:106:17
[INFO] [stdout]   44:     0x78dcdd6d2ac3 - <unknown>
[INFO] [stdout]   45:     0x78dcdd763a04 - clone
[INFO] [stdout]   46:                0x0 - <unknown>
[INFO] [stdout] 
[INFO] [stdout] ---- main_logic::store::idkkkkk stdout ----
[INFO] [stdout] 
[INFO] [stdout] thread 'main_logic::store::idkkkkk' panicked at icepick-backend/src/main_logic/store.rs:163:10:
[INFO] [stdout] called `Result::unwrap()` on an `Err` value: IO(Os { code: 30, kind: ReadOnlyFilesystem, message: "Read-only file system" })
[INFO] [stdout] stack backtrace:
[INFO] [stdout]    0:     0x61cdde01632a - std::backtrace_rs::backtrace::libunwind::trace::hb059275cfc8d6126
[INFO] [stdout]                                at /rustc/6067b36314ab5eb2eb47cecc464545ba58e1ad24/library/std/src/../../backtrace/src/backtrace/libunwind.rs:116:5
[INFO] [stdout]    1:     0x61cdde01632a - std::backtrace_rs::backtrace::trace_unsynchronized::h2da071e4327ce3ee
[INFO] [stdout]                                at /rustc/6067b36314ab5eb2eb47cecc464545ba58e1ad24/library/std/src/../../backtrace/src/backtrace/mod.rs:66:5
[INFO] [stdout]    2:     0x61cdde01632a - std::sys::backtrace::_print_fmt::h842a1474e6f8d23f
[INFO] [stdout]                                at /rustc/6067b36314ab5eb2eb47cecc464545ba58e1ad24/library/std/src/sys/backtrace.rs:66:9
[INFO] [stdout]    3:     0x61cdde01632a - <std::sys::backtrace::BacktraceLock::print::DisplayBacktrace as core::fmt::Display>::fmt::h71a62eb3b9696b12
[INFO] [stdout]                                at /rustc/6067b36314ab5eb2eb47cecc464545ba58e1ad24/library/std/src/sys/backtrace.rs:39:26
[INFO] [stdout]    4:     0x61cdde042d43 - core::fmt::rt::Argument::fmt::hdb6b616786b41dc1
[INFO] [stdout]                                at /rustc/6067b36314ab5eb2eb47cecc464545ba58e1ad24/library/core/src/fmt/rt.rs:177:76
[INFO] [stdout]    5:     0x61cdde042d43 - core::fmt::write::h2cc1698af7e2d686
[INFO] [stdout]                                at /rustc/6067b36314ab5eb2eb47cecc464545ba58e1ad24/library/core/src/fmt/mod.rs:1440:21
[INFO] [stdout]    6:     0x61cdde012093 - std::io::Write::write_fmt::hab1b4cd059a79022
[INFO] [stdout]                                at /rustc/6067b36314ab5eb2eb47cecc464545ba58e1ad24/library/std/src/io/mod.rs:1887:15
[INFO] [stdout]    7:     0x61cdde016172 - std::sys::backtrace::BacktraceLock::print::h147fe35b4ea13b08
[INFO] [stdout]                                at /rustc/6067b36314ab5eb2eb47cecc464545ba58e1ad24/library/std/src/sys/backtrace.rs:42:9
[INFO] [stdout]    8:     0x61cdde01774f - std::panicking::default_hook::{{closure}}::hbd44223dbdc0d208
[INFO] [stdout]                                at /rustc/6067b36314ab5eb2eb47cecc464545ba58e1ad24/library/std/src/panicking.rs:298:22
[INFO] [stdout]    9:     0x61cdde017568 - std::panicking::default_hook::h20f81eb0576efcec
[INFO] [stdout]                                at /rustc/6067b36314ab5eb2eb47cecc464545ba58e1ad24/library/std/src/panicking.rs:322:9
[INFO] [stdout]   10:     0x61cddd7ea8d3 - <alloc::boxed::Box<F,A> as core::ops::function::Fn<Args>>::call::hdb53814c496a4d34
[INFO] [stdout]                                at /rustc/6067b36314ab5eb2eb47cecc464545ba58e1ad24/library/alloc/src/boxed.rs:2027:9
[INFO] [stdout]   11:     0x61cddd7ea8d3 - test::test_main::{{closure}}::hc0a4963c59427c24
[INFO] [stdout]                                at /rustc/6067b36314ab5eb2eb47cecc464545ba58e1ad24/library/test/src/lib.rs:134:21
[INFO] [stdout]   12:     0x61cdde018243 - <alloc::boxed::Box<F,A> as core::ops::function::Fn<Args>>::call::h591b2225413a77e9
[INFO] [stdout]                                at /rustc/6067b36314ab5eb2eb47cecc464545ba58e1ad24/library/alloc/src/boxed.rs:2027:9
[INFO] [stdout]   13:     0x61cdde018243 - std::panicking::rust_panic_with_hook::h625eea43051b2edc
[INFO] [stdout]                                at /rustc/6067b36314ab5eb2eb47cecc464545ba58e1ad24/library/std/src/panicking.rs:839:13
[INFO] [stdout]   14:     0x61cdde017efa - std::panicking::begin_panic_handler::{{closure}}::h4f9159cfbc3f6bd3
[INFO] [stdout]                                at /rustc/6067b36314ab5eb2eb47cecc464545ba58e1ad24/library/std/src/panicking.rs:704:13
[INFO] [stdout]   15:     0x61cdde016829 - std::sys::backtrace::__rust_end_short_backtrace::h0390abce48353151
[INFO] [stdout]                                at /rustc/6067b36314ab5eb2eb47cecc464545ba58e1ad24/library/std/src/sys/backtrace.rs:168:18
[INFO] [stdout]   16:     0x61cdde017b8d - rust_begin_unwind
[INFO] [stdout]                                at /rustc/6067b36314ab5eb2eb47cecc464545ba58e1ad24/library/std/src/panicking.rs:695:5
[INFO] [stdout]   17:     0x61cdde03fb50 - core::panicking::panic_fmt::h9e7c637e9e5f29c9
[INFO] [stdout]                                at /rustc/6067b36314ab5eb2eb47cecc464545ba58e1ad24/library/core/src/panicking.rs:75:14
[INFO] [stdout]   18:     0x61cdde040026 - core::result::unwrap_failed::h7979f09313fe1849
[INFO] [stdout]                                at /rustc/6067b36314ab5eb2eb47cecc464545ba58e1ad24/library/core/src/result.rs:1704:5
[INFO] [stdout]   19:     0x61cddd79e303 - core::result::Result<T,E>::unwrap::h12cf96b2c708fda1
[INFO] [stdout]                                at /rustc/6067b36314ab5eb2eb47cecc464545ba58e1ad24/library/core/src/result.rs:1109:23
[INFO] [stdout]   20:     0x61cddd79e303 - backend::main_logic::store::idkkkkk::{{closure}}::h409edc06fea28932
[INFO] [stdout]                                at /opt/rustwide/workdir/icepick-backend/src/main_logic/store.rs:161:16
[INFO] [stdout]   21:     0x61cddd777d72 - <core::pin::Pin<P> as core::future::future::Future>::poll::h57508459412a5c26
[INFO] [stdout]                                at /rustc/6067b36314ab5eb2eb47cecc464545ba58e1ad24/library/core/src/future/future.rs:124:9
[INFO] [stdout]   22:     0x61cddd777d2d - <core::pin::Pin<P> as core::future::future::Future>::poll::h0b96e31ad1ac4218
[INFO] [stdout]                                at /rustc/6067b36314ab5eb2eb47cecc464545ba58e1ad24/library/core/src/future/future.rs:124:9
[INFO] [stdout]   23:     0x61cddd7a3d5f - tokio::runtime::scheduler::current_thread::CoreGuard::block_on::{{closure}}::{{closure}}::{{closure}}::h4b8552ecdd91c0f5
[INFO] [stdout]                                at /opt/rustwide/cargo-home/registry/src/index.crates.io-1949cf8c6b5b557f/tokio-1.42.0/src/runtime/scheduler/current_thread/mod.rs:729:57
[INFO] [stdout]   24:     0x61cddd7a3ac5 - tokio::runtime::coop::with_budget::h18e6f8128c0ecb64
[INFO] [stdout]                                at /opt/rustwide/cargo-home/registry/src/index.crates.io-1949cf8c6b5b557f/tokio-1.42.0/src/runtime/coop.rs:107:5
[INFO] [stdout]   25:     0x61cddd7a3ac5 - tokio::runtime::coop::budget::hae781e1a897c04d1
[INFO] [stdout]                                at /opt/rustwide/cargo-home/registry/src/index.crates.io-1949cf8c6b5b557f/tokio-1.42.0/src/runtime/coop.rs:73:5
[INFO] [stdout]   26:     0x61cddd7a3ac5 - tokio::runtime::scheduler::current_thread::CoreGuard::block_on::{{closure}}::{{closure}}::h46f79e335ac5323f
[INFO] [stdout]                                at /opt/rustwide/cargo-home/registry/src/index.crates.io-1949cf8c6b5b557f/tokio-1.42.0/src/runtime/scheduler/current_thread/mod.rs:729:25
[INFO] [stdout]   27:     0x61cddd7a1570 - tokio::runtime::scheduler::current_thread::Context::enter::h82abbb90ab31c97d
[INFO] [stdout]                                at /opt/rustwide/cargo-home/registry/src/index.crates.io-1949cf8c6b5b557f/tokio-1.42.0/src/runtime/scheduler/current_thread/mod.rs:428:19
[INFO] [stdout]   28:     0x61cddd7a330e - tokio::runtime::scheduler::current_thread::CoreGuard::block_on::{{closure}}::haeee551a03576dc9
[INFO] [stdout]                                at /opt/rustwide/cargo-home/registry/src/index.crates.io-1949cf8c6b5b557f/tokio-1.42.0/src/runtime/scheduler/current_thread/mod.rs:728:36
[INFO] [stdout]   29:     0x61cddd7a2784 - tokio::runtime::scheduler::current_thread::CoreGuard::enter::{{closure}}::h95b478b797d9e973
[INFO] [stdout]                                at /opt/rustwide/cargo-home/registry/src/index.crates.io-1949cf8c6b5b557f/tokio-1.42.0/src/runtime/scheduler/current_thread/mod.rs:807:68
[INFO] [stdout]   30:     0x61cddd76de6b - tokio::runtime::context::scoped::Scoped<T>::set::h8c99902295f9fcfa
[INFO] [stdout]                                at /opt/rustwide/cargo-home/registry/src/index.crates.io-1949cf8c6b5b557f/tokio-1.42.0/src/runtime/context/scoped.rs:40:9
[INFO] [stdout]   31:     0x61cddd797329 - tokio::runtime::context::set_scheduler::{{closure}}::h7067600c7e2a4f4b
[INFO] [stdout]                                at /opt/rustwide/cargo-home/registry/src/index.crates.io-1949cf8c6b5b557f/tokio-1.42.0/src/runtime/context.rs:180:26
[INFO] [stdout]   32:     0x61cddd786ed2 - std::thread::local::LocalKey<T>::try_with::hedf5cab81f154f56
[INFO] [stdout]                                at /rustc/6067b36314ab5eb2eb47cecc464545ba58e1ad24/library/std/src/thread/local.rs:308:12
[INFO] [stdout]   33:     0x61cddd785eca - std::thread::local::LocalKey<T>::with::hbbd8b5021d99baa0
[INFO] [stdout]                                at /rustc/6067b36314ab5eb2eb47cecc464545ba58e1ad24/library/std/src/thread/local.rs:272:9
[INFO] [stdout]   34:     0x61cddd7972dd - tokio::runtime::context::set_scheduler::hbfe4aef1dc4e6ac7
[INFO] [stdout]                                at /opt/rustwide/cargo-home/registry/src/index.crates.io-1949cf8c6b5b557f/tokio-1.42.0/src/runtime/context.rs:180:9
[INFO] [stdout]   35:     0x61cddd7a20f0 - tokio::runtime::scheduler::current_thread::CoreGuard::enter::h724b861611707a92
[INFO] [stdout]                                at /opt/rustwide/cargo-home/registry/src/index.crates.io-1949cf8c6b5b557f/tokio-1.42.0/src/runtime/scheduler/current_thread/mod.rs:807:27
[INFO] [stdout]   36:     0x61cddd7a27a3 - tokio::runtime::scheduler::current_thread::CoreGuard::block_on::h966a2b7ab23eb0b5
[INFO] [stdout]                                at /opt/rustwide/cargo-home/registry/src/index.crates.io-1949cf8c6b5b557f/tokio-1.42.0/src/runtime/scheduler/current_thread/mod.rs:716:19
[INFO] [stdout]   37:     0x61cddd7a056a - tokio::runtime::scheduler::current_thread::CurrentThread::block_on::{{closure}}::h899747f0bcc87427
[INFO] [stdout]                                at /opt/rustwide/cargo-home/registry/src/index.crates.io-1949cf8c6b5b557f/tokio-1.42.0/src/runtime/scheduler/current_thread/mod.rs:196:28
[INFO] [stdout]   38:     0x61cddd7717d6 - tokio::runtime::context::runtime::enter_runtime::h00b967795a3575ba
[INFO] [stdout]                                at /opt/rustwide/cargo-home/registry/src/index.crates.io-1949cf8c6b5b557f/tokio-1.42.0/src/runtime/context/runtime.rs:65:16
[INFO] [stdout]   39:     0x61cddd7a0321 - tokio::runtime::scheduler::current_thread::CurrentThread::block_on::h257b0c1c978d6d73
[INFO] [stdout]                                at /opt/rustwide/cargo-home/registry/src/index.crates.io-1949cf8c6b5b557f/tokio-1.42.0/src/runtime/scheduler/current_thread/mod.rs:184:9
[INFO] [stdout]   40:     0x61cddd7726d3 - tokio::runtime::runtime::Runtime::block_on_inner::h9887e31acc22fefc
[INFO] [stdout]                                at /opt/rustwide/cargo-home/registry/src/index.crates.io-1949cf8c6b5b557f/tokio-1.42.0/src/runtime/runtime.rs:368:47
[INFO] [stdout]   41:     0x61cddd7728c7 - tokio::runtime::runtime::Runtime::block_on::h32378ddb3a932a46
[INFO] [stdout]                                at /opt/rustwide/cargo-home/registry/src/index.crates.io-1949cf8c6b5b557f/tokio-1.42.0/src/runtime/runtime.rs:342:13
[INFO] [stdout]   42:     0x61cddd79def6 - backend::main_logic::store::idkkkkk::h9618d4d197f8f7b2
[INFO] [stdout]                                at /opt/rustwide/workdir/icepick-backend/src/main_logic/store.rs:165:5
[INFO] [stdout]   43:     0x61cddd79dd87 - backend::main_logic::store::idkkkkk::{{closure}}::hd7b6226a6bf32928
[INFO] [stdout]                                at /opt/rustwide/workdir/icepick-backend/src/main_logic/store.rs:160:19
[INFO] [stdout]   44:     0x61cddd774e96 - core::ops::function::FnOnce::call_once::hf514b8118a085364
[INFO] [stdout]                                at /rustc/6067b36314ab5eb2eb47cecc464545ba58e1ad24/library/core/src/ops/function.rs:250:5
[INFO] [stdout]   45:     0x61cddd7f002b - core::ops::function::FnOnce::call_once::he27718dfdd183f43
[INFO] [stdout]                                at /rustc/6067b36314ab5eb2eb47cecc464545ba58e1ad24/library/core/src/ops/function.rs:250:5
[INFO] [stdout]   46:     0x61cddd7f002b - test::__rust_begin_short_backtrace::h4e84902998457a5d
[INFO] [stdout]                                at /rustc/6067b36314ab5eb2eb47cecc464545ba58e1ad24/library/test/src/lib.rs:632:18
[INFO] [stdout]   47:     0x61cddd7eef63 - test::run_test_in_process::{{closure}}::h7176fd18fc1feca0
[INFO] [stdout]                                at /rustc/6067b36314ab5eb2eb47cecc464545ba58e1ad24/library/test/src/lib.rs:655:60
[INFO] [stdout]   48:     0x61cddd7eef63 - <core::panic::unwind_safe::AssertUnwindSafe<F> as core::ops::function::FnOnce<()>>::call_once::hf79cff2a624d8cf7
[INFO] [stdout]                                at /rustc/6067b36314ab5eb2eb47cecc464545ba58e1ad24/library/core/src/panic/unwind_safe.rs:272:9
[INFO] [stdout]   49:     0x61cddd7eef63 - std::panicking::try::do_call::h3da0561d9ab99c25
[INFO] [stdout]                                at /rustc/6067b36314ab5eb2eb47cecc464545ba58e1ad24/library/std/src/panicking.rs:587:40
[INFO] [stdout]   50:     0x61cddd7eef63 - std::panicking::try::h41c9fa508bc61df6
[INFO] [stdout]                                at /rustc/6067b36314ab5eb2eb47cecc464545ba58e1ad24/library/std/src/panicking.rs:550:19
[INFO] [stdout]   51:     0x61cddd7eef63 - std::panic::catch_unwind::h6b3ff07bb5afad93
[INFO] [stdout]                                at /rustc/6067b36314ab5eb2eb47cecc464545ba58e1ad24/library/std/src/panic.rs:358:14
[INFO] [stdout]   52:     0x61cddd7eef63 - test::run_test_in_process::hc7253dd11b39b9f4
[INFO] [stdout]                                at /rustc/6067b36314ab5eb2eb47cecc464545ba58e1ad24/library/test/src/lib.rs:655:27
[INFO] [stdout]   53:     0x61cddd7eef63 - test::run_test::{{closure}}::hfb2007f8649c30bb
[INFO] [stdout]                                at /rustc/6067b36314ab5eb2eb47cecc464545ba58e1ad24/library/test/src/lib.rs:576:43
[INFO] [stdout]   54:     0x61cddd7b2045 - test::run_test::{{closure}}::h56a17aa7a282a9f4
[INFO] [stdout]                                at /rustc/6067b36314ab5eb2eb47cecc464545ba58e1ad24/library/test/src/lib.rs:606:41
[INFO] [stdout]   55:     0x61cddd7b2045 - std::sys::backtrace::__rust_begin_short_backtrace::hd2d2d2fb8e8c6aac
[INFO] [stdout]                                at /rustc/6067b36314ab5eb2eb47cecc464545ba58e1ad24/library/std/src/sys/backtrace.rs:152:18
[INFO] [stdout]   56:     0x61cddd7b592a - std::thread::Builder::spawn_unchecked_::{{closure}}::{{closure}}::h4faa3f9db6133423
[INFO] [stdout]                                at /rustc/6067b36314ab5eb2eb47cecc464545ba58e1ad24/library/std/src/thread/mod.rs:559:17
[INFO] [stdout]   57:     0x61cddd7b592a - <core::panic::unwind_safe::AssertUnwindSafe<F> as core::ops::function::FnOnce<()>>::call_once::hf2e855a36a4ea846
[INFO] [stdout]                                at /rustc/6067b36314ab5eb2eb47cecc464545ba58e1ad24/library/core/src/panic/unwind_safe.rs:272:9
[INFO] [stdout]   58:     0x61cddd7b592a - std::panicking::try::do_call::h2f73af3616c35465
[INFO] [stdout]                                at /rustc/6067b36314ab5eb2eb47cecc464545ba58e1ad24/library/std/src/panicking.rs:587:40
[INFO] [stdout]   59:     0x61cddd7b592a - std::panicking::try::hd1660ce9efadef5a
[INFO] [stdout]                                at /rustc/6067b36314ab5eb2eb47cecc464545ba58e1ad24/library/std/src/panicking.rs:550:19
[INFO] [stdout]   60:     0x61cddd7b592a - std::panic::catch_unwind::h5ee8d7823b8ca744
[INFO] [stdout]                                at /rustc/6067b36314ab5eb2eb47cecc464545ba58e1ad24/library/std/src/panic.rs:358:14
[INFO] [stdout]   61:     0x61cddd7b592a - std::thread::Builder::spawn_unchecked_::{{closure}}::h53c3a1894dce8407
[INFO] [stdout]                                at /rustc/6067b36314ab5eb2eb47cecc464545ba58e1ad24/library/std/src/thread/mod.rs:557:30
[INFO] [stdout]   62:     0x61cddd7b592a - core::ops::function::FnOnce::call_once{{vtable.shim}}::h048ce291ad4f62bf
[INFO] [stdout]                                at /rustc/6067b36314ab5eb2eb47cecc464545ba58e1ad24/library/core/src/ops/function.rs:250:5
[INFO] [stdout]   63:     0x61cdde01cb6b - <alloc::boxed::Box<F,A> as core::ops::function::FnOnce<Args>>::call_once::ha52bedf99a3b4981
[INFO] [stdout]                                at /rustc/6067b36314ab5eb2eb47cecc464545ba58e1ad24/library/alloc/src/boxed.rs:2013:9
[INFO] [stdout]   64:     0x61cdde01cb6b - <alloc::boxed::Box<F,A> as core::ops::function::FnOnce<Args>>::call_once::h567748934d80ccf8
[INFO] [stdout]                                at /rustc/6067b36314ab5eb2eb47cecc464545ba58e1ad24/library/alloc/src/boxed.rs:2013:9
[INFO] [stdout]   65:     0x61cdde01cb6b - std::sys::pal::unix::thread::Thread::new::thread_start::h2d970728ae887adc
[INFO] [stdout]                                at /rustc/6067b36314ab5eb2eb47cecc464545ba58e1ad24/library/std/src/sys/pal/unix/thread.rs:106:17
[INFO] [stdout]   66:     0x78dcdd6d2ac3 - <unknown>
[INFO] [stdout]   67:     0x78dcdd763a04 - clone
[INFO] [stdout]   68:                0x0 - <unknown>
[INFO] [stdout] 
[INFO] [stdout] ---- utils::ser_de::test stdout ----
[INFO] [stdout] 
[INFO] [stdout] thread 'utils::ser_de::test' panicked at icepick-backend/src/utils/ser_de.rs:84:30:
[INFO] [stdout] explicit panic
[INFO] [stdout] stack backtrace:
[INFO] [stdout]    0:     0x61cdde01632a - std::backtrace_rs::backtrace::libunwind::trace::hb059275cfc8d6126
[INFO] [stdout]                                at /rustc/6067b36314ab5eb2eb47cecc464545ba58e1ad24/library/std/src/../../backtrace/src/backtrace/libunwind.rs:116:5
[INFO] [stdout]    1:     0x61cdde01632a - std::backtrace_rs::backtrace::trace_unsynchronized::h2da071e4327ce3ee
[INFO] [stdout]                                at /rustc/6067b36314ab5eb2eb47cecc464545ba58e1ad24/library/std/src/../../backtrace/src/backtrace/mod.rs:66:5
[INFO] [stdout]    2:     0x61cdde01632a - std::sys::backtrace::_print_fmt::h842a1474e6f8d23f
[INFO] [stdout]                                at /rustc/6067b36314ab5eb2eb47cecc464545ba58e1ad24/library/std/src/sys/backtrace.rs:66:9
[INFO] [stdout]    3:     0x61cdde01632a - <std::sys::backtrace::BacktraceLock::print::DisplayBacktrace as core::fmt::Display>::fmt::h71a62eb3b9696b12
[INFO] [stdout]                                at /rustc/6067b36314ab5eb2eb47cecc464545ba58e1ad24/library/std/src/sys/backtrace.rs:39:26
[INFO] [stdout]    4:     0x61cdde042d43 - core::fmt::rt::Argument::fmt::hdb6b616786b41dc1
[INFO] [stdout]                                at /rustc/6067b36314ab5eb2eb47cecc464545ba58e1ad24/library/core/src/fmt/rt.rs:177:76
[INFO] [stdout]    5:     0x61cdde042d43 - core::fmt::write::h2cc1698af7e2d686
[INFO] [stdout]                                at /rustc/6067b36314ab5eb2eb47cecc464545ba58e1ad24/library/core/src/fmt/mod.rs:1440:21
[INFO] [stdout]    6:     0x61cdde012093 - std::io::Write::write_fmt::hab1b4cd059a79022
[INFO] [stdout]                                at /rustc/6067b36314ab5eb2eb47cecc464545ba58e1ad24/library/std/src/io/mod.rs:1887:15
[INFO] [stdout]    7:     0x61cdde016172 - std::sys::backtrace::BacktraceLock::print::h147fe35b4ea13b08
[INFO] [stdout]                                at /rustc/6067b36314ab5eb2eb47cecc464545ba58e1ad24/library/std/src/sys/backtrace.rs:42:9
[INFO] [stdout]    8:     0x61cdde01774f - std::panicking::default_hook::{{closure}}::hbd44223dbdc0d208
[INFO] [stdout]                                at /rustc/6067b36314ab5eb2eb47cecc464545ba58e1ad24/library/std/src/panicking.rs:298:22
[INFO] [stdout]    9:     0x61cdde017568 - std::panicking::default_hook::h20f81eb0576efcec
[INFO] [stdout]                                at /rustc/6067b36314ab5eb2eb47cecc464545ba58e1ad24/library/std/src/panicking.rs:322:9
[INFO] [stdout]   10:     0x61cddd7ea8d3 - <alloc::boxed::Box<F,A> as core::ops::function::Fn<Args>>::call::hdb53814c496a4d34
[INFO] [stdout]                                at /rustc/6067b36314ab5eb2eb47cecc464545ba58e1ad24/library/alloc/src/boxed.rs:2027:9
[INFO] [stdout]   11:     0x61cddd7ea8d3 - test::test_main::{{closure}}::hc0a4963c59427c24
[INFO] [stdout]                                at /rustc/6067b36314ab5eb2eb47cecc464545ba58e1ad24/library/test/src/lib.rs:134:21
[INFO] [stdout]   12:     0x61cdde018243 - <alloc::boxed::Box<F,A> as core::ops::function::Fn<Args>>::call::h591b2225413a77e9
[INFO] [stdout]                                at /rustc/6067b36314ab5eb2eb47cecc464545ba58e1ad24/library/alloc/src/boxed.rs:2027:9
[INFO] [stdout]   13:     0x61cdde018243 - std::panicking::rust_panic_with_hook::h625eea43051b2edc
[INFO] [stdout]                                at /rustc/6067b36314ab5eb2eb47cecc464545ba58e1ad24/library/std/src/panicking.rs:839:13
[INFO] [stdout]   14:     0x61cdde017efa - std::panicking::begin_panic_handler::{{closure}}::h4f9159cfbc3f6bd3
[INFO] [stdout]                                at /rustc/6067b36314ab5eb2eb47cecc464545ba58e1ad24/library/std/src/panicking.rs:704:13
[INFO] [stdout]   15:     0x61cdde016829 - std::sys::backtrace::__rust_end_short_backtrace::h0390abce48353151
[INFO] [stdout]                                at /rustc/6067b36314ab5eb2eb47cecc464545ba58e1ad24/library/std/src/sys/backtrace.rs:168:18
[INFO] [stdout]   16:     0x61cdde017b8d - rust_begin_unwind
[INFO] [stdout]                                at /rustc/6067b36314ab5eb2eb47cecc464545ba58e1ad24/library/std/src/panicking.rs:695:5
[INFO] [stdout]   17:     0x61cdde03fb50 - core::panicking::panic_fmt::h9e7c637e9e5f29c9
[INFO] [stdout]                                at /rustc/6067b36314ab5eb2eb47cecc464545ba58e1ad24/library/core/src/panicking.rs:75:14
[INFO] [stdout]   18:     0x61cdde03fcd6 - core::panicking::panic_display::hd8e666a41baebd7d
[INFO] [stdout]                                at /rustc/6067b36314ab5eb2eb47cecc464545ba58e1ad24/library/core/src/panicking.rs:261:5
[INFO] [stdout]   19:     0x61cdde03fcd6 - core::panicking::panic_explicit::h9407dada34874bb0
[INFO] [stdout]                                at /rustc/6067b36314ab5eb2eb47cecc464545ba58e1ad24/library/core/src/panicking.rs:234:5
[INFO] [stdout]   20:     0x61cddd780f2a - <backend::utils::ser_de::<impl serde::de::Deserialize for backend::main_logic::user_options::UserModifiers>::deserialize::UserModifiersVisitor as serde::de::Visitor>::visit_map::panic_cold_explicit::h87f7f4082f467785
[INFO] [stdout]                                at /rustc/6067b36314ab5eb2eb47cecc464545ba58e1ad24/library/core/src/panic.rs:88:13
[INFO] [stdout]   21:     0x61cddd77f346 - <backend::utils::ser_de::<impl serde::de::Deserialize for backend::main_logic::user_options::UserModifiers>::deserialize::UserModifiersVisitor as serde::de::Visitor>::visit_map::hc281e37bb428d7a5
[INFO] [stdout]                                at /opt/rustwide/workdir/icepick-backend/src/utils/ser_de.rs:84:30
[INFO] [stdout]   22:     0x61cddd759acd - <&mut serde_json::de::Deserializer<R> as serde::de::Deserializer>::deserialize_map::h5d62904a2275f2bf
[INFO] [stdout]                                at /opt/rustwide/cargo-home/registry/src/index.crates.io-1949cf8c6b5b557f/serde_json-1.0.134/src/de.rs:1795:31
[INFO] [stdout]   23:     0x61cddd7aea46 - backend::utils::ser_de::<impl serde::de::Deserialize for backend::main_logic::user_options::UserModifiers>::deserialize::h49f0f2ca219ae69f
[INFO] [stdout]                                at /opt/rustwide/workdir/icepick-backend/src/utils/ser_de.rs:109:9
[INFO] [stdout]   24:     0x61cddd752696 - serde_json::de::from_trait::hf62db21253138d75
[INFO] [stdout]                                at /opt/rustwide/cargo-home/registry/src/index.crates.io-1949cf8c6b5b557f/serde_json-1.0.134/src/de.rs:2495:22
[INFO] [stdout]   25:     0x61cddd7547f0 - serde_json::de::from_str::hb8dae9a59a4e9ffa
[INFO] [stdout]                                at /opt/rustwide/cargo-home/registry/src/index.crates.io-1949cf8c6b5b557f/serde_json-1.0.134/src/de.rs:2696:5
[INFO] [stdout]   26:     0x61cddd780fd0 - backend::utils::ser_de::test::hc32de53f925f69e8
[INFO] [stdout]                                at /opt/rustwide/workdir/icepick-backend/src/utils/ser_de.rs:213:32
[INFO] [stdout]   27:     0x61cddd780f87 - backend::utils::ser_de::test::{{closure}}::h0262c42122b84cb1
[INFO] [stdout]                                at /opt/rustwide/workdir/icepick-backend/src/utils/ser_de.rs:210:10
[INFO] [stdout]   28:     0x61cddd774ed6 - core::ops::function::FnOnce::call_once::hf7a01711544b7f4e
[INFO] [stdout]                                at /rustc/6067b36314ab5eb2eb47cecc464545ba58e1ad24/library/core/src/ops/function.rs:250:5
[INFO] [stdout]   29:     0x61cddd7f002b - core::ops::function::FnOnce::call_once::he27718dfdd183f43
[INFO] [stdout]                                at /rustc/6067b36314ab5eb2eb47cecc464545ba58e1ad24/library/core/src/ops/function.rs:250:5
[INFO] [stdout]   30:     0x61cddd7f002b - test::__rust_begin_short_backtrace::h4e84902998457a5d
[INFO] [stdout]                                at /rustc/6067b36314ab5eb2eb47cecc464545ba58e1ad24/library/test/src/lib.rs:632:18
[INFO] [stdout]   31:     0x61cddd7eef63 - test::run_test_in_process::{{closure}}::h7176fd18fc1feca0
[INFO] [stdout]                                at /rustc/6067b36314ab5eb2eb47cecc464545ba58e1ad24/library/test/src/lib.rs:655:60
[INFO] [stdout]   32:     0x61cddd7eef63 - <core::panic::unwind_safe::AssertUnwindSafe<F> as core::ops::function::FnOnce<()>>::call_once::hf79cff2a624d8cf7
[INFO] [stdout]                                at /rustc/6067b36314ab5eb2eb47cecc464545ba58e1ad24/library/core/src/panic/unwind_safe.rs:272:9
[INFO] [stdout]   33:     0x61cddd7eef63 - std::panicking::try::do_call::h3da0561d9ab99c25
[INFO] [stdout]                                at /rustc/6067b36314ab5eb2eb47cecc464545ba58e1ad24/library/std/src/panicking.rs:587:40
[INFO] [stdout]   34:     0x61cddd7eef63 - std::panicking::try::h41c9fa508bc61df6
[INFO] [stdout]                                at /rustc/6067b36314ab5eb2eb47cecc464545ba58e1ad24/library/std/src/panicking.rs:550:19
[INFO] [stdout]   35:     0x61cddd7eef63 - std::panic::catch_unwind::h6b3ff07bb5afad93
[INFO] [stdout]                                at /rustc/6067b36314ab5eb2eb47cecc464545ba58e1ad24/library/std/src/panic.rs:358:14
[INFO] [stdout]   36:     0x61cddd7eef63 - test::run_test_in_process::hc7253dd11b39b9f4
[INFO] [stdout]                                at /rustc/6067b36314ab5eb2eb47cecc464545ba58e1ad24/library/test/src/lib.rs:655:27
[INFO] [stdout]   37:     0x61cddd7eef63 - test::run_test::{{closure}}::hfb2007f8649c30bb
[INFO] [stdout]                                at /rustc/6067b36314ab5eb2eb47cecc464545ba58e1ad24/library/test/src/lib.rs:576:43
[INFO] [stdout]   38:     0x61cddd7b2045 - test::run_test::{{closure}}::h56a17aa7a282a9f4
[INFO] [stdout]                                at /rustc/6067b36314ab5eb2eb47cecc464545ba58e1ad24/library/test/src/lib.rs:606:41
[INFO] [stdout]   39:     0x61cddd7b2045 - std::sys::backtrace::__rust_begin_short_backtrace::hd2d2d2fb8e8c6aac
[INFO] [stdout]                                at /rustc/6067b36314ab5eb2eb47cecc464545ba58e1ad24/library/std/src/sys/backtrace.rs:152:18
[INFO] [stdout]   40:     0x61cddd7b592a - std::thread::Builder::spawn_unchecked_::{{closure}}::{{closure}}::h4faa3f9db6133423
[INFO] [stdout]                                at /rustc/6067b36314ab5eb2eb47cecc464545ba58e1ad24/library/std/src/thread/mod.rs:559:17
[INFO] [stdout]   41:     0x61cddd7b592a - <core::panic::unwind_safe::AssertUnwindSafe<F> as core::ops::function::FnOnce<()>>::call_once::hf2e855a36a4ea846
[INFO] [stdout]                                at /rustc/6067b36314ab5eb2eb47cecc464545ba58e1ad24/library/core/src/panic/unwind_safe.rs:272:9
[INFO] [stdout]   42:     0x61cddd7b592a - std::panicking::try::do_call::h2f73af3616c35465
[INFO] [stdout]                                at /rustc/6067b36314ab5eb2eb47cecc464545ba58e1ad24/library/std/src/panicking.rs:587:40
[INFO] [stdout]   43:     0x61cddd7b592a - std::panicking::try::hd1660ce9efadef5a
[INFO] [stdout]                                at /rustc/6067b36314ab5eb2eb47cecc464545ba58e1ad24/library/std/src/panicking.rs:550:19
[INFO] [stdout]   44:     0x61cddd7b592a - std::panic::catch_unwind::h5ee8d7823b8ca744
[INFO] [stdout]                                at /rustc/6067b36314ab5eb2eb47cecc464545ba58e1ad24/library/std/src/panic.rs:358:14
[INFO] [stdout]   45:     0x61cddd7b592a - std::thread::Builder::spawn_unchecked_::{{closure}}::h53c3a1894dce8407
[INFO] [stdout]                                at /rustc/6067b36314ab5eb2eb47cecc464545ba58e1ad24/library/std/src/thread/mod.rs:557:30
[INFO] [stdout]   46:     0x61cddd7b592a - core::ops::function::FnOnce::call_once{{vtable.shim}}::h048ce291ad4f62bf
[INFO] [stdout]                                at /rustc/6067b36314ab5eb2eb47cecc464545ba58e1ad24/library/core/src/ops/function.rs:250:5
[INFO] [stdout]   47:     0x61cdde01cb6b - <alloc::boxed::Box<F,A> as core::ops::function::FnOnce<Args>>::call_once::ha52bedf99a3b4981
[INFO] [stdout]                                at /rustc/6067b36314ab5eb2eb47cecc464545ba58e1ad24/library/alloc/src/boxed.rs:2013:9
[INFO] [stdout]   48:     0x61cdde01cb6b - <alloc::boxed::Box<F,A> as core::ops::function::FnOnce<Args>>::call_once::h567748934d80ccf8
[INFO] [stdout]                                at /rustc/6067b36314ab5eb2eb47cecc464545ba58e1ad24/library/alloc/src/boxed.rs:2013:9
[INFO] [stdout]   49:     0x61cdde01cb6b - std::sys::pal::unix::thread::Thread::new::thread_start::h2d970728ae887adc
[INFO] [stdout]                                at /rustc/6067b36314ab5eb2eb47cecc464545ba58e1ad24/library/std/src/sys/pal/unix/thread.rs:106:17
[INFO] [stdout]   50:     0x78dcdd6d2ac3 - <unknown>
[INFO] [stdout]   51:     0x78dcdd763a04 - clone
[INFO] [stdout]   52:                0x0 - <unknown>
[INFO] [stdout] 
[INFO] [stdout] ---- main_logic::tree::test_tree stdout ----
[INFO] [stdout] start
[INFO] [stdout] https://askiiart.net/
[INFO] [stdout] 
[INFO] [stdout] thread 'main_logic::tree::test_tree' panicked at icepick-backend/src/main_logic/tree.rs:282:72:
[INFO] [stdout] called `Result::unwrap()` on an `Err` value: ReqwestNetwork(reqwest::Error { kind: Request, url: "https://askiiart.net/", source: hyper_util::client::legacy::Error(Connect, ConnectError("dns error", Custom { kind: Uncategorized, error: "failed to lookup address information: Temporary failure in name resolution" })) })
[INFO] [stdout] stack backtrace:
[INFO] [stdout]    0:     0x61cdde01632a - std::backtrace_rs::backtrace::libunwind::trace::hb059275cfc8d6126
[INFO] [stdout]                                at /rustc/6067b36314ab5eb2eb47cecc464545ba58e1ad24/library/std/src/../../backtrace/src/backtrace/libunwind.rs:116:5
[INFO] [stdout]    1:     0x61cdde01632a - std::backtrace_rs::backtrace::trace_unsynchronized::h2da071e4327ce3ee
[INFO] [stdout]                                at /rustc/6067b36314ab5eb2eb47cecc464545ba58e1ad24/library/std/src/../../backtrace/src/backtrace/mod.rs:66:5
[INFO] [stdout]    2:     0x61cdde01632a - std::sys::backtrace::_print_fmt::h842a1474e6f8d23f
[INFO] [stdout]                                at /rustc/6067b36314ab5eb2eb47cecc464545ba58e1ad24/library/std/src/sys/backtrace.rs:66:9
[INFO] [stdout]    3:     0x61cdde01632a - <std::sys::backtrace::BacktraceLock::print::DisplayBacktrace as core::fmt::Display>::fmt::h71a62eb3b9696b12
[INFO] [stdout]                                at /rustc/6067b36314ab5eb2eb47cecc464545ba58e1ad24/library/std/src/sys/backtrace.rs:39:26
[INFO] [stdout]    4:     0x61cdde042d43 - core::fmt::rt::Argument::fmt::hdb6b616786b41dc1
[INFO] [stdout]                                at /rustc/6067b36314ab5eb2eb47cecc464545ba58e1ad24/library/core/src/fmt/rt.rs:177:76
[INFO] [stdout]    5:     0x61cdde042d43 - core::fmt::write::h2cc1698af7e2d686
[INFO] [stdout]                                at /rustc/6067b36314ab5eb2eb47cecc464545ba58e1ad24/library/core/src/fmt/mod.rs:1440:21
[INFO] [stdout]    6:     0x61cdde012093 - std::io::Write::write_fmt::hab1b4cd059a79022
[INFO] [stdout]                                at /rustc/6067b36314ab5eb2eb47cecc464545ba58e1ad24/library/std/src/io/mod.rs:1887:15
[INFO] [stdout]    7:     0x61cdde016172 - std::sys::backtrace::BacktraceLock::print::h147fe35b4ea13b08
[INFO] [stdout]                                at /rustc/6067b36314ab5eb2eb47cecc464545ba58e1ad24/library/std/src/sys/backtrace.rs:42:9
[INFO] [stdout]    8:     0x61cdde01774f - std::panicking::default_hook::{{closure}}::hbd44223dbdc0d208
[INFO] [stdout]                                at /rustc/6067b36314ab5eb2eb47cecc464545ba58e1ad24/library/std/src/panicking.rs:298:22
[INFO] [stdout]    9:     0x61cdde017568 - std::panicking::default_hook::h20f81eb0576efcec
[INFO] [stdout]                                at /rustc/6067b36314ab5eb2eb47cecc464545ba58e1ad24/library/std/src/panicking.rs:322:9
[INFO] [stdout]   10:     0x61cddd7ea8d3 - <alloc::boxed::Box<F,A> as core::ops::function::Fn<Args>>::call::hdb53814c496a4d34
[INFO] [stdout]                                at /rustc/6067b36314ab5eb2eb47cecc464545ba58e1ad24/library/alloc/src/boxed.rs:2027:9
[INFO] [stdout]   11:     0x61cddd7ea8d3 - test::test_main::{{closure}}::hc0a4963c59427c24
[INFO] [stdout]                                at /rustc/6067b36314ab5eb2eb47cecc464545ba58e1ad24/library/test/src/lib.rs:134:21
[INFO] [stdout]   12:     0x61cdde018243 - <alloc::boxed::Box<F,A> as core::ops::function::Fn<Args>>::call::h591b2225413a77e9
[INFO] [stdout]                                at /rustc/6067b36314ab5eb2eb47cecc464545ba58e1ad24/library/alloc/src/boxed.rs:2027:9
[INFO] [stdout]   13:     0x61cdde018243 - std::panicking::rust_panic_with_hook::h625eea43051b2edc
[INFO] [stdout]                                at /rustc/6067b36314ab5eb2eb47cecc464545ba58e1ad24/library/std/src/panicking.rs:839:13
[INFO] [stdout]   14:     0x61cdde017efa - std::panicking::begin_panic_handler::{{closure}}::h4f9159cfbc3f6bd3
[INFO] [stdout]                                at /rustc/6067b36314ab5eb2eb47cecc464545ba58e1ad24/library/std/src/panicking.rs:704:13
[INFO] [stdout]   15:     0x61cdde016829 - std::sys::backtrace::__rust_end_short_backtrace::h0390abce48353151
[INFO] [stdout]                                at /rustc/6067b36314ab5eb2eb47cecc464545ba58e1ad24/library/std/src/sys/backtrace.rs:168:18
[INFO] [stdout]   16:     0x61cdde017b8d - rust_begin_unwind
[INFO] [stdout]                                at /rustc/6067b36314ab5eb2eb47cecc464545ba58e1ad24/library/std/src/panicking.rs:695:5
[INFO] [stdout]   17:     0x61cdde03fb50 - core::panicking::panic_fmt::h9e7c637e9e5f29c9
[INFO] [stdout]                                at /rustc/6067b36314ab5eb2eb47cecc464545ba58e1ad24/library/core/src/panicking.rs:75:14
[INFO] [stdout]   18:     0x61cdde040026 - core::result::unwrap_failed::h7979f09313fe1849
[INFO] [stdout]                                at /rustc/6067b36314ab5eb2eb47cecc464545ba58e1ad24/library/core/src/result.rs:1704:5
[INFO] [stdout]   19:     0x61cddd7965a8 - core::result::Result<T,E>::unwrap::h76621059b63f70bf
[INFO] [stdout]                                at /rustc/6067b36314ab5eb2eb47cecc464545ba58e1ad24/library/core/src/result.rs:1109:23
[INFO] [stdout]   20:     0x61cddd7965a8 - backend::main_logic::tree::test_tree::{{closure}}::h7081ec696734e3f4
[INFO] [stdout]                                at /opt/rustwide/workdir/icepick-backend/src/main_logic/tree.rs:282:16
[INFO] [stdout]   21:     0x61cddd777d72 - <core::pin::Pin<P> as core::future::future::Future>::poll::h57508459412a5c26
[INFO] [stdout]                                at /rustc/6067b36314ab5eb2eb47cecc464545ba58e1ad24/library/core/src/future/future.rs:124:9
[INFO] [stdout]   22:     0x61cddd777d2d - <core::pin::Pin<P> as core::future::future::Future>::poll::h0b96e31ad1ac4218
[INFO] [stdout]                                at /rustc/6067b36314ab5eb2eb47cecc464545ba58e1ad24/library/core/src/future/future.rs:124:9
[INFO] [stdout]   23:     0x61cddd7a3d5f - tokio::runtime::scheduler::current_thread::CoreGuard::block_on::{{closure}}::{{closure}}::{{closure}}::h4b8552ecdd91c0f5
[INFO] [stdout]                                at /opt/rustwide/cargo-home/registry/src/index.crates.io-1949cf8c6b5b557f/tokio-1.42.0/src/runtime/scheduler/current_thread/mod.rs:729:57
[INFO] [stdout]   24:     0x61cddd7a3ac5 - tokio::runtime::coop::with_budget::h18e6f8128c0ecb64
[INFO] [stdout]                                at /opt/rustwide/cargo-home/registry/src/index.crates.io-1949cf8c6b5b557f/tokio-1.42.0/src/runtime/coop.rs:107:5
[INFO] [stdout]   25:     0x61cddd7a3ac5 - tokio::runtime::coop::budget::hae781e1a897c04d1
[INFO] [stdout]                                at /opt/rustwide/cargo-home/registry/src/index.crates.io-1949cf8c6b5b557f/tokio-1.42.0/src/runtime/coop.rs:73:5
[INFO] [stdout]   26:     0x61cddd7a3ac5 - tokio::runtime::scheduler::current_thread::CoreGuard::block_on::{{closure}}::{{closure}}::h46f79e335ac5323f
[INFO] [stdout]                                at /opt/rustwide/cargo-home/registry/src/index.crates.io-1949cf8c6b5b557f/tokio-1.42.0/src/runtime/scheduler/current_thread/mod.rs:729:25
[INFO] [stdout]   27:     0x61cddd7a1570 - tokio::runtime::scheduler::current_thread::Context::enter::h82abbb90ab31c97d
[INFO] [stdout]                                at /opt/rustwide/cargo-home/registry/src/index.crates.io-1949cf8c6b5b557f/tokio-1.42.0/src/runtime/scheduler/current_thread/mod.rs:428:19
[INFO] [stdout]   28:     0x61cddd7a330e - tokio::runtime::scheduler::current_thread::CoreGuard::block_on::{{closure}}::haeee551a03576dc9
[INFO] [stdout]                                at /opt/rustwide/cargo-home/registry/src/index.crates.io-1949cf8c6b5b557f/tokio-1.42.0/src/runtime/scheduler/current_thread/mod.rs:728:36
[INFO] [stdout]   29:     0x61cddd7a2784 - tokio::runtime::scheduler::current_thread::CoreGuard::enter::{{closure}}::h95b478b797d9e973
[INFO] [stdout]                                at /opt/rustwide/cargo-home/registry/src/index.crates.io-1949cf8c6b5b557f/tokio-1.42.0/src/runtime/scheduler/current_thread/mod.rs:807:68
[INFO] [stdout]   30:     0x61cddd76de6b - tokio::runtime::context::scoped::Scoped<T>::set::h8c99902295f9fcfa
[INFO] [stdout]                                at /opt/rustwide/cargo-home/registry/src/index.crates.io-1949cf8c6b5b557f/tokio-1.42.0/src/runtime/context/scoped.rs:40:9
[INFO] [stdout]   31:     0x61cddd797329 - tokio::runtime::context::set_scheduler::{{closure}}::h7067600c7e2a4f4b
[INFO] [stdout]                                at /opt/rustwide/cargo-home/registry/src/index.crates.io-1949cf8c6b5b557f/tokio-1.42.0/src/runtime/context.rs:180:26
[INFO] [stdout]   32:     0x61cddd786ed2 - std::thread::local::LocalKey<T>::try_with::hedf5cab81f154f56
[INFO] [stdout]                                at /rustc/6067b36314ab5eb2eb47cecc464545ba58e1ad24/library/std/src/thread/local.rs:308:12
[INFO] [stdout]   33:     0x61cddd785eca - std::thread::local::LocalKey<T>::with::hbbd8b5021d99baa0
[INFO] [stdout]                                at /rustc/6067b36314ab5eb2eb47cecc464545ba58e1ad24/library/std/src/thread/local.rs:272:9
[INFO] [stdout]   34:     0x61cddd7972dd - tokio::runtime::context::set_scheduler::hbfe4aef1dc4e6ac7
[INFO] [stdout]                                at /opt/rustwide/cargo-home/registry/src/index.crates.io-1949cf8c6b5b557f/tokio-1.42.0/src/runtime/context.rs:180:9
[INFO] [stdout]   35:     0x61cddd7a20f0 - tokio::runtime::scheduler::current_thread::CoreGuard::enter::h724b861611707a92
[INFO] [stdout]                                at /opt/rustwide/cargo-home/registry/src/index.crates.io-1949cf8c6b5b557f/tokio-1.42.0/src/runtime/scheduler/current_thread/mod.rs:807:27
[INFO] [stdout]   36:     0x61cddd7a27a3 - tokio::runtime::scheduler::current_thread::CoreGuard::block_on::h966a2b7ab23eb0b5
[INFO] [stdout]                                at /opt/rustwide/cargo-home/registry/src/index.crates.io-1949cf8c6b5b557f/tokio-1.42.0/src/runtime/scheduler/current_thread/mod.rs:716:19
[INFO] [stdout]   37:     0x61cddd7a056a - tokio::runtime::scheduler::current_thread::CurrentThread::block_on::{{closure}}::h899747f0bcc87427
[INFO] [stdout]                                at /opt/rustwide/cargo-home/registry/src/index.crates.io-1949cf8c6b5b557f/tokio-1.42.0/src/runtime/scheduler/current_thread/mod.rs:196:28
[INFO] [stdout]   38:     0x61cddd7717d6 - tokio::runtime::context::runtime::enter_runtime::h00b967795a3575ba
[INFO] [stdout]                                at /opt/rustwide/cargo-home/registry/src/index.crates.io-1949cf8c6b5b557f/tokio-1.42.0/src/runtime/context/runtime.rs:65:16
[INFO] [stdout]   39:     0x61cddd7a0321 - tokio::runtime::scheduler::current_thread::CurrentThread::block_on::h257b0c1c978d6d73
[INFO] [stdout]                                at /opt/rustwide/cargo-home/registry/src/index.crates.io-1949cf8c6b5b557f/tokio-1.42.0/src/runtime/scheduler/current_thread/mod.rs:184:9
[INFO] [stdout]   40:     0x61cddd7726d3 - tokio::runtime::runtime::Runtime::block_on_inner::h9887e31acc22fefc
[INFO] [stdout]                                at /opt/rustwide/cargo-home/registry/src/index.crates.io-1949cf8c6b5b557f/tokio-1.42.0/src/runtime/runtime.rs:368:47
[INFO] [stdout]   41:     0x61cddd7728c7 - tokio::runtime::runtime::Runtime::block_on::h32378ddb3a932a46
[INFO] [stdout]                                at /opt/rustwide/cargo-home/registry/src/index.crates.io-1949cf8c6b5b557f/tokio-1.42.0/src/runtime/runtime.rs:342:13
[INFO] [stdout]   42:     0x61cddd7962b7 - backend::main_logic::tree::test_tree::hee27a7a0040b6aba
[INFO] [stdout]                                at /opt/rustwide/workdir/icepick-backend/src/main_logic/tree.rs:285:5
[INFO] [stdout]   43:     0x61cddd796157 - backend::main_logic::tree::test_tree::{{closure}}::h1a3bc9690903068c
[INFO] [stdout]                                at /opt/rustwide/workdir/icepick-backend/src/main_logic/tree.rs:279:21
[INFO] [stdout]   44:     0x61cddd774f16 - core::ops::function::FnOnce::call_once::hfd325d3092787e85
[INFO] [stdout]                                at /rustc/6067b36314ab5eb2eb47cecc464545ba58e1ad24/library/core/src/ops/function.rs:250:5
[INFO] [stdout]   45:     0x61cddd7f002b - core::ops::function::FnOnce::call_once::he27718dfdd183f43
[INFO] [stdout]                                at /rustc/6067b36314ab5eb2eb47cecc464545ba58e1ad24/library/core/src/ops/function.rs:250:5
[INFO] [stdout]   46:     0x61cddd7f002b - test::__rust_begin_short_backtrace::h4e84902998457a5d
[INFO] [stdout]                                at /rustc/6067b36314ab5eb2eb47cecc464545ba58e1ad24/library/test/src/lib.rs:632:18
[INFO] [stdout]   47:     0x61cddd7eef63 - test::run_test_in_process::{{closure}}::h7176fd18fc1feca0
[INFO] [stdout]                                at /rustc/6067b36314ab5eb2eb47cecc464545ba58e1ad24/library/test/src/lib.rs:655:60
[INFO] [stdout]   48:     0x61cddd7eef63 - <core::panic::unwind_safe::AssertUnwindSafe<F> as core::ops::function::FnOnce<()>>::call_once::hf79cff2a624d8cf7
[INFO] [stdout]                                at /rustc/6067b36314ab5eb2eb47cecc464545ba58e1ad24/library/core/src/panic/unwind_safe.rs:272:9
[INFO] [stdout]   49:     0x61cddd7eef63 - std::panicking::try::do_call::h3da0561d9ab99c25
[INFO] [stdout]                                at /rustc/6067b36314ab5eb2eb47cecc464545ba58e1ad24/library/std/src/panicking.rs:587:40
[INFO] [stdout]   50:     0x61cddd7eef63 - std::panicking::try::h41c9fa508bc61df6
[INFO] [stdout]                                at /rustc/6067b36314ab5eb2eb47cecc464545ba58e1ad24/library/std/src/panicking.rs:550:19
[INFO] [stdout]   51:     0x61cddd7eef63 - std::panic::catch_unwind::h6b3ff07bb5afad93
[INFO] [stdout]                                at /rustc/6067b36314ab5eb2eb47cecc464545ba58e1ad24/library/std/src/panic.rs:358:14
[INFO] [stdout]   52:     0x61cddd7eef63 - test::run_test_in_process::hc7253dd11b39b9f4
[INFO] [stdout]                                at /rustc/6067b36314ab5eb2eb47cecc464545ba58e1ad24/library/test/src/lib.rs:655:27
[INFO] [stdout]   53:     0x61cddd7eef63 - test::run_test::{{closure}}::hfb2007f8649c30bb
[INFO] [stdout]                                at /rustc/6067b36314ab5eb2eb47cecc464545ba58e1ad24/library/test/src/lib.rs:576:43
[INFO] [stdout]   54:     0x61cddd7b2045 - test::run_test::{{closure}}::h56a17aa7a282a9f4
[INFO] [stdout]                                at /rustc/6067b36314ab5eb2eb47cecc464545ba58e1ad24/library/test/src/lib.rs:606:41
[INFO] [stdout]   55:     0x61cddd7b2045 - std::sys::backtrace::__rust_begin_short_backtrace::hd2d2d2fb8e8c6aac
[INFO] [stdout]                                at /rustc/6067b36314ab5eb2eb47cecc464545ba58e1ad24/library/std/src/sys/backtrace.rs:152:18
[INFO] [stdout]   56:     0x61cddd7b592a - std::thread::Builder::spawn_unchecked_::{{closure}}::{{closure}}::h4faa3f9db6133423
[INFO] [stdout]                                at /rustc/6067b36314ab5eb2eb47cecc464545ba58e1ad24/library/std/src/thread/mod.rs:559:17
[INFO] [stdout]   57:     0x61cddd7b592a - <core::panic::unwind_safe::AssertUnwindSafe<F> as core::ops::function::FnOnce<()>>::call_once::hf2e855a36a4ea846
[INFO] [stdout]                                at /rustc/6067b36314ab5eb2eb47cecc464545ba58e1ad24/library/core/src/panic/unwind_safe.rs:272:9
[INFO] [stdout]   58:     0x61cddd7b592a - std::panicking::try::do_call::h2f73af3616c35465
[INFO] [stdout]                                at /rustc/6067b36314ab5eb2eb47cecc464545ba58e1ad24/library/std/src/panicking.rs:587:40
[INFO] [stdout]   59:     0x61cddd7b592a - std::panicking::try::hd1660ce9efadef5a
[INFO] [stdout]                                at /rustc/6067b36314ab5eb2eb47cecc464545ba58e1ad24/library/std/src/panicking.rs:550:19
[INFO] [stdout]   60:     0x61cddd7b592a - std::panic::catch_unwind::h5ee8d7823b8ca744
[INFO] [stdout]                                at /rustc/6067b36314ab5eb2eb47cecc464545ba58e1ad24/library/std/src/panic.rs:358:14
[INFO] [stdout]   61:     0x61cddd7b592a - std::thread::Builder::spawn_unchecked_::{{closure}}::h53c3a1894dce8407
[INFO] [stdout]                                at /rustc/6067b36314ab5eb2eb47cecc464545ba58e1ad24/library/std/src/thread/mod.rs:557:30
[INFO] [stdout]   62:     0x61cddd7b592a - core::ops::function::FnOnce::call_once{{vtable.shim}}::h048ce291ad4f62bf
[INFO] [stdout]                                at /rustc/6067b36314ab5eb2eb47cecc464545ba58e1ad24/library/core/src/ops/function.rs:250:5
[INFO] [stdout]   63:     0x61cdde01cb6b - <alloc::boxed::Box<F,A> as core::ops::function::FnOnce<Args>>::call_once::ha52bedf99a3b4981
[INFO] [stdout]                                at /rustc/6067b36314ab5eb2eb47cecc464545ba58e1ad24/library/alloc/src/boxed.rs:2013:9
[INFO] [stdout]   64:     0x61cdde01cb6b - <alloc::boxed::Box<F,A> as core::ops::function::FnOnce<Args>>::call_once::h567748934d80ccf8
[INFO] [stdout]                                at /rustc/6067b36314ab5eb2eb47cecc464545ba58e1ad24/library/alloc/src/boxed.rs:2013:9
[INFO] [stdout]   65:     0x61cdde01cb6b - std::sys::pal::unix::thread::Thread::new::thread_start::h2d970728ae887adc
[INFO] [stdout]                                at /rustc/6067b36314ab5eb2eb47cecc464545ba58e1ad24/library/std/src/sys/pal/unix/thread.rs:106:17
[INFO] [stdout]   66:     0x78dcdd6d2ac3 - <unknown>
[INFO] [stdout]   67:     0x78dcdd763a04 - clone
[INFO] [stdout]   68:                0x0 - <unknown>
[INFO] [stdout] 
[INFO] [stdout] ---- main_logic::tree::xxx stdout ----
[INFO] [stdout] start
[INFO] [stdout] https://askiiart.net/
[INFO] [stdout] 
[INFO] [stdout] thread 'main_logic::tree::xxx' panicked at icepick-backend/src/main_logic/tree.rs:177:72:
[INFO] [stdout] called `Result::unwrap()` on an `Err` value: ReqwestNetwork(reqwest::Error { kind: Request, url: "https://askiiart.net/", source: hyper_util::client::legacy::Error(Connect, ConnectError("dns error", Custom { kind: Uncategorized, error: "failed to lookup address information: Temporary failure in name resolution" })) })
[INFO] [stdout] stack backtrace:
[INFO] [stdout]    0:     0x61cdde01632a - std::backtrace_rs::backtrace::libunwind::trace::hb059275cfc8d6126
[INFO] [stdout]                                at /rustc/6067b36314ab5eb2eb47cecc464545ba58e1ad24/library/std/src/../../backtrace/src/backtrace/libunwind.rs:116:5
[INFO] [stdout]    1:     0x61cdde01632a - std::backtrace_rs::backtrace::trace_unsynchronized::h2da071e4327ce3ee
[INFO] [stdout]                                at /rustc/6067b36314ab5eb2eb47cecc464545ba58e1ad24/library/std/src/../../backtrace/src/backtrace/mod.rs:66:5
[INFO] [stdout]    2:     0x61cdde01632a - std::sys::backtrace::_print_fmt::h842a1474e6f8d23f
[INFO] [stdout]                                at /rustc/6067b36314ab5eb2eb47cecc464545ba58e1ad24/library/std/src/sys/backtrace.rs:66:9
[INFO] [stdout]    3:     0x61cdde01632a - <std::sys::backtrace::BacktraceLock::print::DisplayBacktrace as core::fmt::Display>::fmt::h71a62eb3b9696b12
[INFO] [stdout]                                at /rustc/6067b36314ab5eb2eb47cecc464545ba58e1ad24/library/std/src/sys/backtrace.rs:39:26
[INFO] [stdout]    4:     0x61cdde042d43 - core::fmt::rt::Argument::fmt::hdb6b616786b41dc1
[INFO] [stdout]                                at /rustc/6067b36314ab5eb2eb47cecc464545ba58e1ad24/library/core/src/fmt/rt.rs:177:76
[INFO] [stdout]    5:     0x61cdde042d43 - core::fmt::write::h2cc1698af7e2d686
[INFO] [stdout]                                at /rustc/6067b36314ab5eb2eb47cecc464545ba58e1ad24/library/core/src/fmt/mod.rs:1440:21
[INFO] [stdout]    6:     0x61cdde012093 - std::io::Write::write_fmt::hab1b4cd059a79022
[INFO] [stdout]                                at /rustc/6067b36314ab5eb2eb47cecc464545ba58e1ad24/library/std/src/io/mod.rs:1887:15
[INFO] [stdout]    7:     0x61cdde016172 - std::sys::backtrace::BacktraceLock::print::h147fe35b4ea13b08
[INFO] [stdout]                                at /rustc/6067b36314ab5eb2eb47cecc464545ba58e1ad24/library/std/src/sys/backtrace.rs:42:9
[INFO] [stdout]    8:     0x61cdde01774f - std::panicking::default_hook::{{closure}}::hbd44223dbdc0d208
[INFO] [stdout]                                at /rustc/6067b36314ab5eb2eb47cecc464545ba58e1ad24/library/std/src/panicking.rs:298:22
[INFO] [stdout]    9:     0x61cdde017568 - std::panicking::default_hook::h20f81eb0576efcec
[INFO] [stdout]                                at /rustc/6067b36314ab5eb2eb47cecc464545ba58e1ad24/library/std/src/panicking.rs:322:9
[INFO] [stdout]   10:     0x61cddd7ea8d3 - <alloc::boxed::Box<F,A> as core::ops::function::Fn<Args>>::call::hdb53814c496a4d34
[INFO] [stdout]                                at /rustc/6067b36314ab5eb2eb47cecc464545ba58e1ad24/library/alloc/src/boxed.rs:2027:9
[INFO] [stdout]   11:     0x61cddd7ea8d3 - test::test_main::{{closure}}::hc0a4963c59427c24
[INFO] [stdout]                                at /rustc/6067b36314ab5eb2eb47cecc464545ba58e1ad24/library/test/src/lib.rs:134:21
[INFO] [stdout]   12:     0x61cdde018243 - <alloc::boxed::Box<F,A> as core::ops::function::Fn<Args>>::call::h591b2225413a77e9
[INFO] [stdout]                                at /rustc/6067b36314ab5eb2eb47cecc464545ba58e1ad24/library/alloc/src/boxed.rs:2027:9
[INFO] [stdout]   13:     0x61cdde018243 - std::panicking::rust_panic_with_hook::h625eea43051b2edc
[INFO] [stdout]                                at /rustc/6067b36314ab5eb2eb47cecc464545ba58e1ad24/library/std/src/panicking.rs:839:13
[INFO] [stdout]   14:     0x61cdde017efa - std::panicking::begin_panic_handler::{{closure}}::h4f9159cfbc3f6bd3
[INFO] [stdout]                                at /rustc/6067b36314ab5eb2eb47cecc464545ba58e1ad24/library/std/src/panicking.rs:704:13
[INFO] [stdout]   15:     0x61cdde016829 - std::sys::backtrace::__rust_end_short_backtrace::h0390abce48353151
[INFO] [stdout]                                at /rustc/6067b36314ab5eb2eb47cecc464545ba58e1ad24/library/std/src/sys/backtrace.rs:168:18
[INFO] [stdout]   16:     0x61cdde017b8d - rust_begin_unwind
[INFO] [stdout]                                at /rustc/6067b36314ab5eb2eb47cecc464545ba58e1ad24/library/std/src/panicking.rs:695:5
[INFO] [stdout]   17:     0x61cdde03fb50 - core::panicking::panic_fmt::h9e7c637e9e5f29c9
[INFO] [stdout]                                at /rustc/6067b36314ab5eb2eb47cecc464545ba58e1ad24/library/core/src/panicking.rs:75:14
[INFO] [stdout]   18:     0x61cdde040026 - core::result::unwrap_failed::h7979f09313fe1849
[INFO] [stdout]                                at /rustc/6067b36314ab5eb2eb47cecc464545ba58e1ad24/library/core/src/result.rs:1704:5
[INFO] [stdout]   19:     0x61cddd793ead - core::result::Result<T,E>::unwrap::h76621059b63f70bf
[INFO] [stdout]                                at /rustc/6067b36314ab5eb2eb47cecc464545ba58e1ad24/library/core/src/result.rs:1109:23
[INFO] [stdout]   20:     0x61cddd793ead - backend::main_logic::tree::xxx::{{closure}}::h65addcce3d6f3942
[INFO] [stdout]                                at /opt/rustwide/workdir/icepick-backend/src/main_logic/tree.rs:177:16
[INFO] [stdout]   21:     0x61cddd777d72 - <core::pin::Pin<P> as core::future::future::Future>::poll::h57508459412a5c26
[INFO] [stdout]                                at /rustc/6067b36314ab5eb2eb47cecc464545ba58e1ad24/library/core/src/future/future.rs:124:9
[INFO] [stdout]   22:     0x61cddd777d2d - <core::pin::Pin<P> as core::future::future::Future>::poll::h0b96e31ad1ac4218
[INFO] [stdout]                                at /rustc/6067b36314ab5eb2eb47cecc464545ba58e1ad24/library/core/src/future/future.rs:124:9
[INFO] [stdout]   23:     0x61cddd7a3d5f - tokio::runtime::scheduler::current_thread::CoreGuard::block_on::{{closure}}::{{closure}}::{{closure}}::h4b8552ecdd91c0f5
[INFO] [stdout]                                at /opt/rustwide/cargo-home/registry/src/index.crates.io-1949cf8c6b5b557f/tokio-1.42.0/src/runtime/scheduler/current_thread/mod.rs:729:57
[INFO] [stdout]   24:     0x61cddd7a3ac5 - tokio::runtime::coop::with_budget::h18e6f8128c0ecb64
[INFO] [stdout]                                at /opt/rustwide/cargo-home/registry/src/index.crates.io-1949cf8c6b5b557f/tokio-1.42.0/src/runtime/coop.rs:107:5
[INFO] [stdout]   25:     0x61cddd7a3ac5 - tokio::runtime::coop::budget::hae781e1a897c04d1
[INFO] [stdout]                                at /opt/rustwide/cargo-home/registry/src/index.crates.io-1949cf8c6b5b557f/tokio-1.42.0/src/runtime/coop.rs:73:5
[INFO] [stdout]   26:     0x61cddd7a3ac5 - tokio::runtime::scheduler::current_thread::CoreGuard::block_on::{{closure}}::{{closure}}::h46f79e335ac5323f
[INFO] [stdout]                                at /opt/rustwide/cargo-home/registry/src/index.crates.io-1949cf8c6b5b557f/tokio-1.42.0/src/runtime/scheduler/current_thread/mod.rs:729:25
[INFO] [stdout]   27:     0x61cddd7a1570 - tokio::runtime::scheduler::current_thread::Context::enter::h82abbb90ab31c97d
[INFO] [stdout]                                at /opt/rustwide/cargo-home/registry/src/index.crates.io-1949cf8c6b5b557f/tokio-1.42.0/src/runtime/scheduler/current_thread/mod.rs:428:19
[INFO] [stdout]   28:     0x61cddd7a330e - tokio::runtime::scheduler::current_thread::CoreGuard::block_on::{{closure}}::haeee551a03576dc9
[INFO] [stdout]                                at /opt/rustwide/cargo-home/registry/src/index.crates.io-1949cf8c6b5b557f/tokio-1.42.0/src/runtime/scheduler/current_thread/mod.rs:728:36
[INFO] [stdout]   29:     0x61cddd7a2784 - tokio::runtime::scheduler::current_thread::CoreGuard::enter::{{closure}}::h95b478b797d9e973
[INFO] [stdout]                                at /opt/rustwide/cargo-home/registry/src/index.crates.io-1949cf8c6b5b557f/tokio-1.42.0/src/runtime/scheduler/current_thread/mod.rs:807:68
[INFO] [stdout]   30:     0x61cddd76de6b - tokio::runtime::context::scoped::Scoped<T>::set::h8c99902295f9fcfa
[INFO] [stdout]                                at /opt/rustwide/cargo-home/registry/src/index.crates.io-1949cf8c6b5b557f/tokio-1.42.0/src/runtime/context/scoped.rs:40:9
[INFO] [stdout]   31:     0x61cddd797329 - tokio::runtime::context::set_scheduler::{{closure}}::h7067600c7e2a4f4b
[INFO] [stdout]                                at /opt/rustwide/cargo-home/registry/src/index.crates.io-1949cf8c6b5b557f/tokio-1.42.0/src/runtime/context.rs:180:26
[INFO] [stdout]   32:     0x61cddd786ed2 - std::thread::local::LocalKey<T>::try_with::hedf5cab81f154f56
[INFO] [stdout]                                at /rustc/6067b36314ab5eb2eb47cecc464545ba58e1ad24/library/std/src/thread/local.rs:308:12
[INFO] [stdout]   33:     0x61cddd785eca - std::thread::local::LocalKey<T>::with::hbbd8b5021d99baa0
[INFO] [stdout]                                at /rustc/6067b36314ab5eb2eb47cecc464545ba58e1ad24/library/std/src/thread/local.rs:272:9
[INFO] [stdout]   34:     0x61cddd7972dd - tokio::runtime::context::set_scheduler::hbfe4aef1dc4e6ac7
[INFO] [stdout]                                at /opt/rustwide/cargo-home/registry/src/index.crates.io-1949cf8c6b5b557f/tokio-1.42.0/src/runtime/context.rs:180:9
[INFO] [stdout]   35:     0x61cddd7a20f0 - tokio::runtime::scheduler::current_thread::CoreGuard::enter::h724b861611707a92
[INFO] [stdout]                                at /opt/rustwide/cargo-home/registry/src/index.crates.io-1949cf8c6b5b557f/tokio-1.42.0/src/runtime/scheduler/current_thread/mod.rs:807:27
[INFO] [stdout]   36:     0x61cddd7a27a3 - tokio::runtime::scheduler::current_thread::CoreGuard::block_on::h966a2b7ab23eb0b5
[INFO] [stdout]                                at /opt/rustwide/cargo-home/registry/src/index.crates.io-1949cf8c6b5b557f/tokio-1.42.0/src/runtime/scheduler/current_thread/mod.rs:716:19
[INFO] [stdout]   37:     0x61cddd7a056a - tokio::runtime::scheduler::current_thread::CurrentThread::block_on::{{closure}}::h899747f0bcc87427
[INFO] [stdout]                                at /opt/rustwide/cargo-home/registry/src/index.crates.io-1949cf8c6b5b557f/tokio-1.42.0/src/runtime/scheduler/current_thread/mod.rs:196:28
[INFO] [stdout]   38:     0x61cddd7717d6 - tokio::runtime::context::runtime::enter_runtime::h00b967795a3575ba
[INFO] [stdout]                                at /opt/rustwide/cargo-home/registry/src/index.crates.io-1949cf8c6b5b557f/tokio-1.42.0/src/runtime/context/runtime.rs:65:16
[INFO] [stdout]   39:     0x61cddd7a0321 - tokio::runtime::scheduler::current_thread::CurrentThread::block_on::h257b0c1c978d6d73
[INFO] [stdout]                                at /opt/rustwide/cargo-home/registry/src/index.crates.io-1949cf8c6b5b557f/tokio-1.42.0/src/runtime/scheduler/current_thread/mod.rs:184:9
[INFO] [stdout]   40:     0x61cddd7726d3 - tokio::runtime::runtime::Runtime::block_on_inner::h9887e31acc22fefc
[INFO] [stdout]                                at /opt/rustwide/cargo-home/registry/src/index.crates.io-1949cf8c6b5b557f/tokio-1.42.0/src/runtime/runtime.rs:368:47
[INFO] [stdout]   41:     0x61cddd7728c7 - tokio::runtime::runtime::Runtime::block_on::h32378ddb3a932a46
[INFO] [stdout]                                at /opt/rustwide/cargo-home/registry/src/index.crates.io-1949cf8c6b5b557f/tokio-1.42.0/src/runtime/runtime.rs:342:13
[INFO] [stdout]   42:     0x61cddd793b77 - backend::main_logic::tree::xxx::h8c27ac727da7bd58
[INFO] [stdout]                                at /opt/rustwide/workdir/icepick-backend/src/main_logic/tree.rs:184:5
[INFO] [stdout]   43:     0x61cddd793a17 - backend::main_logic::tree::xxx::{{closure}}::hd11d9c88ba3fee17
[INFO] [stdout]                                at /opt/rustwide/workdir/icepick-backend/src/main_logic/tree.rs:176:15
[INFO] [stdout]   44:     0x61cddd774bb6 - core::ops::function::FnOnce::call_once::h4ebe49a5713dcc94
[INFO] [stdout]                                at /rustc/6067b36314ab5eb2eb47cecc464545ba58e1ad24/library/core/src/ops/function.rs:250:5
[INFO] [stdout]   45:     0x61cddd7f002b - core::ops::function::FnOnce::call_once::he27718dfdd183f43
[INFO] [stdout]                                at /rustc/6067b36314ab5eb2eb47cecc464545ba58e1ad24/library/core/src/ops/function.rs:250:5
[INFO] [stdout]   46:     0x61cddd7f002b - test::__rust_begin_short_backtrace::h4e84902998457a5d
[INFO] [stdout]                                at /rustc/6067b36314ab5eb2eb47cecc464545ba58e1ad24/library/test/src/lib.rs:632:18
[INFO] [stdout]   47:     0x61cddd7eef63 - test::run_test_in_process::{{closure}}::h7176fd18fc1feca0
[INFO] [stdout]                                at /rustc/6067b36314ab5eb2eb47cecc464545ba58e1ad24/library/test/src/lib.rs:655:60
[INFO] [stdout]   48:     0x61cddd7eef63 - <core::panic::unwind_safe::AssertUnwindSafe<F> as core::ops::function::FnOnce<()>>::call_once::hf79cff2a624d8cf7
[INFO] [stdout]                                at /rustc/6067b36314ab5eb2eb47cecc464545ba58e1ad24/library/core/src/panic/unwind_safe.rs:272:9
[INFO] [stdout]   49:     0x61cddd7eef63 - std::panicking::try::do_call::h3da0561d9ab99c25
[INFO] [stdout]                                at /rustc/6067b36314ab5eb2eb47cecc464545ba58e1ad24/library/std/src/panicking.rs:587:40
[INFO] [stdout]   50:     0x61cddd7eef63 - std::panicking::try::h41c9fa508bc61df6
[INFO] [stdout]                                at /rustc/6067b36314ab5eb2eb47cecc464545ba58e1ad24/library/std/src/panicking.rs:550:19
[INFO] [stdout]   51:     0x61cddd7eef63 - std::panic::catch_unwind::h6b3ff07bb5afad93
[INFO] [stdout]                                at /rustc/6067b36314ab5eb2eb47cecc464545ba58e1ad24/library/std/src/panic.rs:358:14
[INFO] [stdout]   52:     0x61cddd7eef63 - test::run_test_in_process::hc7253dd11b39b9f4
[INFO] [stdout]                                at /rustc/6067b36314ab5eb2eb47cecc464545ba58e1ad24/library/test/src/lib.rs:655:27
[INFO] [stdout]   53:     0x61cddd7eef63 - test::run_test::{{closure}}::hfb2007f8649c30bb
[INFO] [stdout]                                at /rustc/6067b36314ab5eb2eb47cecc464545ba58e1ad24/library/test/src/lib.rs:576:43
[INFO] [stdout]   54:     0x61cddd7b2045 - test::run_test::{{closure}}::h56a17aa7a282a9f4
[INFO] [stdout]                                at /rustc/6067b36314ab5eb2eb47cecc464545ba58e1ad24/library/test/src/lib.rs:606:41
[INFO] [stdout]   55:     0x61cddd7b2045 - std::sys::backtrace::__rust_begin_short_backtrace::hd2d2d2fb8e8c6aac
[INFO] [stdout]                                at /rustc/6067b36314ab5eb2eb47cecc464545ba58e1ad24/library/std/src/sys/backtrace.rs:152:18
[INFO] [stdout]   56:     0x61cddd7b592a - std::thread::Builder::spawn_unchecked_::{{closure}}::{{closure}}::h4faa3f9db6133423
[INFO] [stdout]                                at /rustc/6067b36314ab5eb2eb47cecc464545ba58e1ad24/library/std/src/thread/mod.rs:559:17
[INFO] [stdout]   57:     0x61cddd7b592a - <core::panic::unwind_safe::AssertUnwindSafe<F> as core::ops::function::FnOnce<()>>::call_once::hf2e855a36a4ea846
[INFO] [stdout]                                at /rustc/6067b36314ab5eb2eb47cecc464545ba58e1ad24/library/core/src/panic/unwind_safe.rs:272:9
[INFO] [stdout]   58:     0x61cddd7b592a - std::panicking::try::do_call::h2f73af3616c35465
[INFO] [stdout]                                at /rustc/6067b36314ab5eb2eb47cecc464545ba58e1ad24/library/std/src/panicking.rs:587:40
[INFO] [stdout]   59:     0x61cddd7b592a - std::panicking::try::hd1660ce9efadef5a
[INFO] [stdout]                                at /rustc/6067b36314ab5eb2eb47cecc464545ba58e1ad24/library/std/src/panicking.rs:550:19
[INFO] [stdout]   60:     0x61cddd7b592a - std::panic::catch_unwind::h5ee8d7823b8ca744
[INFO] [stdout]                                at /rustc/6067b36314ab5eb2eb47cecc464545ba58e1ad24/library/std/src/panic.rs:358:14
[INFO] [stdout]   61:     0x61cddd7b592a - std::thread::Builder::spawn_unchecked_::{{closure}}::h53c3a1894dce8407
[INFO] [stdout]                                at /rustc/6067b36314ab5eb2eb47cecc464545ba58e1ad24/library/std/src/thread/mod.rs:557:30
[INFO] [stdout]   62:     0x61cddd7b592a - core::ops::function::FnOnce::call_once{{vtable.shim}}::h048ce291ad4f62bf
[INFO] [stdout]                                at /rustc/6067b36314ab5eb2eb47cecc464545ba58e1ad24/library/core/src/ops/function.rs:250:5
[INFO] [stdout]   63:     0x61cdde01cb6b - <alloc::boxed::Box<F,A> as core::ops::function::FnOnce<Args>>::call_once::ha52bedf99a3b4981
[INFO] [stdout]                                at /rustc/6067b36314ab5eb2eb47cecc464545ba58e1ad24/library/alloc/src/boxed.rs:2013:9
[INFO] [stdout]   64:     0x61cdde01cb6b - <alloc::boxed::Box<F,A> as core::ops::function::FnOnce<Args>>::call_once::h567748934d80ccf8
[INFO] [stdout]                                at /rustc/6067b36314ab5eb2eb47cecc464545ba58e1ad24/library/alloc/src/boxed.rs:2013:9
[INFO] [stdout]   65:     0x61cdde01cb6b - std::sys::pal::unix::thread::Thread::new::thread_start::h2d970728ae887adc
[INFO] [stdout]                                at /rustc/6067b36314ab5eb2eb47cecc464545ba58e1ad24/library/std/src/sys/pal/unix/thread.rs:106:17
[INFO] [stdout]   66:     0x78dcdd6d2ac3 - <unknown>
[INFO] [stdout]   67:     0x78dcdd763a04 - clone
[INFO] [stdout]   68:                0x0 - <unknown>
[INFO] [stdout] 
[INFO] [stdout] ---- main_logic::tree::xx stdout ----
[INFO] [stdout] start
[INFO] [stdout] https://doc.rust-lang.org/book/
[INFO] [stdout] 
[INFO] [stdout] thread 'main_logic::tree::xx' panicked at icepick-backend/src/main_logic/tree.rs:197:82:
[INFO] [stdout] called `Result::unwrap()` on an `Err` value: ReqwestNetwork(reqwest::Error { kind: Request, url: "https://doc.rust-lang.org/book/", source: hyper_util::client::legacy::Error(Connect, ConnectError("dns error", Custom { kind: Uncategorized, error: "failed to lookup address information: Temporary failure in name resolution" })) })
[INFO] [stdout] stack backtrace:
[INFO] [stdout]    0:     0x61cdde01632a - std::backtrace_rs::backtrace::libunwind::trace::hb059275cfc8d6126
[INFO] [stdout]                                at /rustc/6067b36314ab5eb2eb47cecc464545ba58e1ad24/library/std/src/../../backtrace/src/backtrace/libunwind.rs:116:5
[INFO] [stdout]    1:     0x61cdde01632a - std::backtrace_rs::backtrace::trace_unsynchronized::h2da071e4327ce3ee
[INFO] [stdout]                                at /rustc/6067b36314ab5eb2eb47cecc464545ba58e1ad24/library/std/src/../../backtrace/src/backtrace/mod.rs:66:5
[INFO] [stdout]    2:     0x61cdde01632a - std::sys::backtrace::_print_fmt::h842a1474e6f8d23f
[INFO] [stdout]                                at /rustc/6067b36314ab5eb2eb47cecc464545ba58e1ad24/library/std/src/sys/backtrace.rs:66:9
[INFO] [stdout]    3:     0x61cdde01632a - <std::sys::backtrace::BacktraceLock::print::DisplayBacktrace as core::fmt::Display>::fmt::h71a62eb3b9696b12
[INFO] [stdout]                                at /rustc/6067b36314ab5eb2eb47cecc464545ba58e1ad24/library/std/src/sys/backtrace.rs:39:26
[INFO] [stdout]    4:     0x61cdde042d43 - core::fmt::rt::Argument::fmt::hdb6b616786b41dc1
[INFO] [stdout]                                at /rustc/6067b36314ab5eb2eb47cecc464545ba58e1ad24/library/core/src/fmt/rt.rs:177:76
[INFO] [stdout]    5:     0x61cdde042d43 - core::fmt::write::h2cc1698af7e2d686
[INFO] [stdout]                                at /rustc/6067b36314ab5eb2eb47cecc464545ba58e1ad24/library/core/src/fmt/mod.rs:1440:21
[INFO] [stdout]    6:     0x61cdde012093 - std::io::Write::write_fmt::hab1b4cd059a79022
[INFO] [stdout]                                at /rustc/6067b36314ab5eb2eb47cecc464545ba58e1ad24/library/std/src/io/mod.rs:1887:15
[INFO] [stdout]    7:     0x61cdde016172 - std::sys::backtrace::BacktraceLock::print::h147fe35b4ea13b08
[INFO] [stdout]                                at /rustc/6067b36314ab5eb2eb47cecc464545ba58e1ad24/library/std/src/sys/backtrace.rs:42:9
[INFO] [stdout]    8:     0x61cdde01774f - std::panicking::default_hook::{{closure}}::hbd44223dbdc0d208
[INFO] [stdout]                                at /rustc/6067b36314ab5eb2eb47cecc464545ba58e1ad24/library/std/src/panicking.rs:298:22
[INFO] [stdout]    9:     0x61cdde017568 - std::panicking::default_hook::h20f81eb0576efcec
[INFO] [stdout]                                at /rustc/6067b36314ab5eb2eb47cecc464545ba58e1ad24/library/std/src/panicking.rs:322:9
[INFO] [stdout]   10:     0x61cddd7ea8d3 - <alloc::boxed::Box<F,A> as core::ops::function::Fn<Args>>::call::hdb53814c496a4d34
[INFO] [stdout]                                at /rustc/6067b36314ab5eb2eb47cecc464545ba58e1ad24/library/alloc/src/boxed.rs:2027:9
[INFO] [stdout]   11:     0x61cddd7ea8d3 - test::test_main::{{closure}}::hc0a4963c59427c24
[INFO] [stdout]                                at /rustc/6067b36314ab5eb2eb47cecc464545ba58e1ad24/library/test/src/lib.rs:134:21
[INFO] [stdout]   12:     0x61cdde018243 - <alloc::boxed::Box<F,A> as core::ops::function::Fn<Args>>::call::h591b2225413a77e9
[INFO] [stdout]                                at /rustc/6067b36314ab5eb2eb47cecc464545ba58e1ad24/library/alloc/src/boxed.rs:2027:9
[INFO] [stdout]   13:     0x61cdde018243 - std::panicking::rust_panic_with_hook::h625eea43051b2edc
[INFO] [stdout]                                at /rustc/6067b36314ab5eb2eb47cecc464545ba58e1ad24/library/std/src/panicking.rs:839:13
[INFO] [stdout]   14:     0x61cdde017efa - std::panicking::begin_panic_handler::{{closure}}::h4f9159cfbc3f6bd3
[INFO] [stdout]                                at /rustc/6067b36314ab5eb2eb47cecc464545ba58e1ad24/library/std/src/panicking.rs:704:13
[INFO] [stdout]   15:     0x61cdde016829 - std::sys::backtrace::__rust_end_short_backtrace::h0390abce48353151
[INFO] [stdout]                                at /rustc/6067b36314ab5eb2eb47cecc464545ba58e1ad24/library/std/src/sys/backtrace.rs:168:18
[INFO] [stdout]   16:     0x61cdde017b8d - rust_begin_unwind
[INFO] [stdout]                                at /rustc/6067b36314ab5eb2eb47cecc464545ba58e1ad24/library/std/src/panicking.rs:695:5
[INFO] [stdout]   17:     0x61cdde03fb50 - core::panicking::panic_fmt::h9e7c637e9e5f29c9
[INFO] [stdout]                                at /rustc/6067b36314ab5eb2eb47cecc464545ba58e1ad24/library/core/src/panicking.rs:75:14
[INFO] [stdout]   18:     0x61cdde040026 - core::result::unwrap_failed::h7979f09313fe1849
[INFO] [stdout]                                at /rustc/6067b36314ab5eb2eb47cecc464545ba58e1ad24/library/core/src/result.rs:1704:5
[INFO] [stdout]   19:     0x61cddd79583d - core::result::Result<T,E>::unwrap::h76621059b63f70bf
[INFO] [stdout]                                at /rustc/6067b36314ab5eb2eb47cecc464545ba58e1ad24/library/core/src/result.rs:1109:23
[INFO] [stdout]   20:     0x61cddd79583d - backend::main_logic::tree::xx::{{closure}}::h06984f1111d2fd23
[INFO] [stdout]                                at /opt/rustwide/workdir/icepick-backend/src/main_logic/tree.rs:197:16
[INFO] [stdout]   21:     0x61cddd777d72 - <core::pin::Pin<P> as core::future::future::Future>::poll::h57508459412a5c26
[INFO] [stdout]                                at /rustc/6067b36314ab5eb2eb47cecc464545ba58e1ad24/library/core/src/future/future.rs:124:9
[INFO] [stdout]   22:     0x61cddd777d2d - <core::pin::Pin<P> as core::future::future::Future>::poll::h0b96e31ad1ac4218
[INFO] [stdout]                                at /rustc/6067b36314ab5eb2eb47cecc464545ba58e1ad24/library/core/src/future/future.rs:124:9
[INFO] [stdout]   23:     0x61cddd7a3d5f - tokio::runtime::scheduler::current_thread::CoreGuard::block_on::{{closure}}::{{closure}}::{{closure}}::h4b8552ecdd91c0f5
[INFO] [stdout]                                at /opt/rustwide/cargo-home/registry/src/index.crates.io-1949cf8c6b5b557f/tokio-1.42.0/src/runtime/scheduler/current_thread/mod.rs:729:57
[INFO] [stdout]   24:     0x61cddd7a3ac5 - tokio::runtime::coop::with_budget::h18e6f8128c0ecb64
[INFO] [stdout]                                at /opt/rustwide/cargo-home/registry/src/index.crates.io-1949cf8c6b5b557f/tokio-1.42.0/src/runtime/coop.rs:107:5
[INFO] [stdout]   25:     0x61cddd7a3ac5 - tokio::runtime::coop::budget::hae781e1a897c04d1
[INFO] [stdout]                                at /opt/rustwide/cargo-home/registry/src/index.crates.io-1949cf8c6b5b557f/tokio-1.42.0/src/runtime/coop.rs:73:5
[INFO] [stdout]   26:     0x61cddd7a3ac5 - tokio::runtime::scheduler::current_thread::CoreGuard::block_on::{{closure}}::{{closure}}::h46f79e335ac5323f
[INFO] [stdout]                                at /opt/rustwide/cargo-home/registry/src/index.crates.io-1949cf8c6b5b557f/tokio-1.42.0/src/runtime/scheduler/current_thread/mod.rs:729:25
[INFO] [stdout]   27:     0x61cddd7a1570 - tokio::runtime::scheduler::current_thread::Context::enter::h82abbb90ab31c97d
[INFO] [stdout]                                at /opt/rustwide/cargo-home/registry/src/index.crates.io-1949cf8c6b5b557f/tokio-1.42.0/src/runtime/scheduler/current_thread/mod.rs:428:19
[INFO] [stdout]   28:     0x61cddd7a330e - tokio::runtime::scheduler::current_thread::CoreGuard::block_on::{{closure}}::haeee551a03576dc9
[INFO] [stdout]                                at /opt/rustwide/cargo-home/registry/src/index.crates.io-1949cf8c6b5b557f/tokio-1.42.0/src/runtime/scheduler/current_thread/mod.rs:728:36
[INFO] [stdout]   29:     0x61cddd7a2784 - tokio::runtime::scheduler::current_thread::CoreGuard::enter::{{closure}}::h95b478b797d9e973
[INFO] [stdout]                                at /opt/rustwide/cargo-home/registry/src/index.crates.io-1949cf8c6b5b557f/tokio-1.42.0/src/runtime/scheduler/current_thread/mod.rs:807:68
[INFO] [stdout]   30:     0x61cddd76de6b - tokio::runtime::context::scoped::Scoped<T>::set::h8c99902295f9fcfa
[INFO] [stdout]                                at /opt/rustwide/cargo-home/registry/src/index.crates.io-1949cf8c6b5b557f/tokio-1.42.0/src/runtime/context/scoped.rs:40:9
[INFO] [stdout]   31:     0x61cddd797329 - tokio::runtime::context::set_scheduler::{{closure}}::h7067600c7e2a4f4b
[INFO] [stdout]                                at /opt/rustwide/cargo-home/registry/src/index.crates.io-1949cf8c6b5b557f/tokio-1.42.0/src/runtime/context.rs:180:26
[INFO] [stdout]   32:     0x61cddd786ed2 - std::thread::local::LocalKey<T>::try_with::hedf5cab81f154f56
[INFO] [stdout]                                at /rustc/6067b36314ab5eb2eb47cecc464545ba58e1ad24/library/std/src/thread/local.rs:308:12
[INFO] [stdout]   33:     0x61cddd785eca - std::thread::local::LocalKey<T>::with::hbbd8b5021d99baa0
[INFO] [stdout]                                at /rustc/6067b36314ab5eb2eb47cecc464545ba58e1ad24/library/std/src/thread/local.rs:272:9
[INFO] [stdout]   34:     0x61cddd7972dd - tokio::runtime::context::set_scheduler::hbfe4aef1dc4e6ac7
[INFO] [stdout]                                at /opt/rustwide/cargo-home/registry/src/index.crates.io-1949cf8c6b5b557f/tokio-1.42.0/src/runtime/context.rs:180:9
[INFO] [stdout]   35:     0x61cddd7a20f0 - tokio::runtime::scheduler::current_thread::CoreGuard::enter::h724b861611707a92
[INFO] [stdout]                                at /opt/rustwide/cargo-home/registry/src/index.crates.io-1949cf8c6b5b557f/tokio-1.42.0/src/runtime/scheduler/current_thread/mod.rs:807:27
[INFO] [stdout]   36:     0x61cddd7a27a3 - tokio::runtime::scheduler::current_thread::CoreGuard::block_on::h966a2b7ab23eb0b5
[INFO] [stdout]                                at /opt/rustwide/cargo-home/registry/src/index.crates.io-1949cf8c6b5b557f/tokio-1.42.0/src/runtime/scheduler/current_thread/mod.rs:716:19
[INFO] [stdout]   37:     0x61cddd7a056a - tokio::runtime::scheduler::current_thread::CurrentThread::block_on::{{closure}}::h899747f0bcc87427
[INFO] [stdout]                                at /opt/rustwide/cargo-home/registry/src/index.crates.io-1949cf8c6b5b557f/tokio-1.42.0/src/runtime/scheduler/current_thread/mod.rs:196:28
[INFO] [stdout]   38:     0x61cddd7717d6 - tokio::runtime::context::runtime::enter_runtime::h00b967795a3575ba
[INFO] [stdout]                                at /opt/rustwide/cargo-home/registry/src/index.crates.io-1949cf8c6b5b557f/tokio-1.42.0/src/runtime/context/runtime.rs:65:16
[INFO] [stdout]   39:     0x61cddd7a0321 - tokio::runtime::scheduler::current_thread::CurrentThread::block_on::h257b0c1c978d6d73
[INFO] [stdout]                                at /opt/rustwide/cargo-home/registry/src/index.crates.io-1949cf8c6b5b557f/tokio-1.42.0/src/runtime/scheduler/current_thread/mod.rs:184:9
[INFO] [stdout]   40:     0x61cddd7726d3 - tokio::runtime::runtime::Runtime::block_on_inner::h9887e31acc22fefc
[INFO] [stdout]                                at /opt/rustwide/cargo-home/registry/src/index.crates.io-1949cf8c6b5b557f/tokio-1.42.0/src/runtime/runtime.rs:368:47
[INFO] [stdout]   41:     0x61cddd7728c7 - tokio::runtime::runtime::Runtime::block_on::h32378ddb3a932a46
[INFO] [stdout]                                at /opt/rustwide/cargo-home/registry/src/index.crates.io-1949cf8c6b5b557f/tokio-1.42.0/src/runtime/runtime.rs:342:13
[INFO] [stdout]   42:     0x61cddd795507 - backend::main_logic::tree::xx::hef935ecd6de1d9a1
[INFO] [stdout]                                at /opt/rustwide/workdir/icepick-backend/src/main_logic/tree.rs:206:5
[INFO] [stdout]   43:     0x61cddd7953a7 - backend::main_logic::tree::xx::{{closure}}::hff832f7153241c2a
[INFO] [stdout]                                at /opt/rustwide/workdir/icepick-backend/src/main_logic/tree.rs:194:14
[INFO] [stdout]   44:     0x61cddd774a86 - core::ops::function::FnOnce::call_once::h1157289d4644064f
[INFO] [stdout]                                at /rustc/6067b36314ab5eb2eb47cecc464545ba58e1ad24/library/core/src/ops/function.rs:250:5
[INFO] [stdout]   45:     0x61cddd7f002b - core::ops::function::FnOnce::call_once::he27718dfdd183f43
[INFO] [stdout]                                at /rustc/6067b36314ab5eb2eb47cecc464545ba58e1ad24/library/core/src/ops/function.rs:250:5
[INFO] [stdout]   46:     0x61cddd7f002b - test::__rust_begin_short_backtrace::h4e84902998457a5d
[INFO] [stdout]                                at /rustc/6067b36314ab5eb2eb47cecc464545ba58e1ad24/library/test/src/lib.rs:632:18
[INFO] [stdout]   47:     0x61cddd7eef63 - test::run_test_in_process::{{closure}}::h7176fd18fc1feca0
[INFO] [stdout]                                at /rustc/6067b36314ab5eb2eb47cecc464545ba58e1ad24/library/test/src/lib.rs:655:60
[INFO] [stdout]   48:     0x61cddd7eef63 - <core::panic::unwind_safe::AssertUnwindSafe<F> as core::ops::function::FnOnce<()>>::call_once::hf79cff2a624d8cf7
[INFO] [stdout]                                at /rustc/6067b36314ab5eb2eb47cecc464545ba58e1ad24/library/core/src/panic/unwind_safe.rs:272:9
[INFO] [stdout]   49:     0x61cddd7eef63 - std::panicking::try::do_call::h3da0561d9ab99c25
[INFO] [stdout]                                at /rustc/6067b36314ab5eb2eb47cecc464545ba58e1ad24/library/std/src/panicking.rs:587:40
[INFO] [stdout]   50:     0x61cddd7eef63 - std::panicking::try::h41c9fa508bc61df6
[INFO] [stdout]                                at /rustc/6067b36314ab5eb2eb47cecc464545ba58e1ad24/library/std/src/panicking.rs:550:19
[INFO] [stdout]   51:     0x61cddd7eef63 - std::panic::catch_unwind::h6b3ff07bb5afad93
[INFO] [stdout]                                at /rustc/6067b36314ab5eb2eb47cecc464545ba58e1ad24/library/std/src/panic.rs:358:14
[INFO] [stdout]   52:     0x61cddd7eef63 - test::run_test_in_process::hc7253dd11b39b9f4
[INFO] [stdout]                                at /rustc/6067b36314ab5eb2eb47cecc464545ba58e1ad24/library/test/src/lib.rs:655:27
[INFO] [stdout]   53:     0x61cddd7eef63 - test::run_test::{{closure}}::hfb2007f8649c30bb
[INFO] [stdout]                                at /rustc/6067b36314ab5eb2eb47cecc464545ba58e1ad24/library/test/src/lib.rs:576:43
[INFO] [stdout]   54:     0x61cddd7b2045 - test::run_test::{{closure}}::h56a17aa7a282a9f4
[INFO] [stdout]                                at /rustc/6067b36314ab5eb2eb47cecc464545ba58e1ad24/library/test/src/lib.rs:606:41
[INFO] [stdout]   55:     0x61cddd7b2045 - std::sys::backtrace::__rust_begin_short_backtrace::hd2d2d2fb8e8c6aac
[INFO] [stdout]                                at /rustc/6067b36314ab5eb2eb47cecc464545ba58e1ad24/library/std/src/sys/backtrace.rs:152:18
[INFO] [stdout]   56:     0x61cddd7b592a - std::thread::Builder::spawn_unchecked_::{{closure}}::{{closure}}::h4faa3f9db6133423
[INFO] [stdout]                                at /rustc/6067b36314ab5eb2eb47cecc464545ba58e1ad24/library/std/src/thread/mod.rs:559:17
[INFO] [stdout]   57:     0x61cddd7b592a - <core::panic::unwind_safe::AssertUnwindSafe<F> as core::ops::function::FnOnce<()>>::call_once::hf2e855a36a4ea846
[INFO] [stdout]                                at /rustc/6067b36314ab5eb2eb47cecc464545ba58e1ad24/library/core/src/panic/unwind_safe.rs:272:9
[INFO] [stdout]   58:     0x61cddd7b592a - std::panicking::try::do_call::h2f73af3616c35465
[INFO] [stdout]                                at /rustc/6067b36314ab5eb2eb47cecc464545ba58e1ad24/library/std/src/panicking.rs:587:40
[INFO] [stdout]   59:     0x61cddd7b592a - std::panicking::try::hd1660ce9efadef5a
[INFO] [stdout]                                at /rustc/6067b36314ab5eb2eb47cecc464545ba58e1ad24/library/std/src/panicking.rs:550:19
[INFO] [stdout]   60:     0x61cddd7b592a - std::panic::catch_unwind::h5ee8d7823b8ca744
[INFO] [stdout]                                at /rustc/6067b36314ab5eb2eb47cecc464545ba58e1ad24/library/std/src/panic.rs:358:14
[INFO] [stdout]   61:     0x61cddd7b592a - std::thread::Builder::spawn_unchecked_::{{closure}}::h53c3a1894dce8407
[INFO] [stdout]                                at /rustc/6067b36314ab5eb2eb47cecc464545ba58e1ad24/library/std/src/thread/mod.rs:557:30
[INFO] [stdout]   62:     0x61cddd7b592a - core::ops::function::FnOnce::call_once{{vtable.shim}}::h048ce291ad4f62bf
[INFO] [stdout]                                at /rustc/6067b36314ab5eb2eb47cecc464545ba58e1ad24/library/core/src/ops/function.rs:250:5
[INFO] [stdout]   63:     0x61cdde01cb6b - <alloc::boxed::Box<F,A> as core::ops::function::FnOnce<Args>>::call_once::ha52bedf99a3b4981
[INFO] [stdout]                                at /rustc/6067b36314ab5eb2eb47cecc464545ba58e1ad24/library/alloc/src/boxed.rs:2013:9
[INFO] [stdout]   64:     0x61cdde01cb6b - <alloc::boxed::Box<F,A> as core::ops::function::FnOnce<Args>>::call_once::h567748934d80ccf8
[INFO] [stdout]                                at /rustc/6067b36314ab5eb2eb47cecc464545ba58e1ad24/library/alloc/src/boxed.rs:2013:9
[INFO] [stdout]   65:     0x61cdde01cb6b - std::sys::pal::unix::thread::Thread::new::thread_start::h2d970728ae887adc
[INFO] [stdout]                                at /rustc/6067b36314ab5eb2eb47cecc464545ba58e1ad24/library/std/src/sys/pal/unix/thread.rs:106:17
[INFO] [stdout]   66:     0x78dcdd6d2ac3 - <unknown>
[INFO] [stdout]   67:     0x78dcdd763a04 - clone
[INFO] [stdout]   68:                0x0 - <unknown>
[INFO] [stdout] 
[INFO] [stdout] 
[INFO] [stdout] failures:
[INFO] [stdout]     main_logic::store::idkkkkk
[INFO] [stdout]     main_logic::tree::test2
[INFO] [stdout]     main_logic::tree::test_tree
[INFO] [stdout]     main_logic::tree::xx
[INFO] [stdout]     main_logic::tree::xxx
[INFO] [stdout]     utils::ser_de::test
[INFO] [stdout] 
[INFO] [stdout] test result: FAILED. 2 passed; 6 failed; 0 ignored; 0 measured; 0 filtered out; finished in 0.39s
[INFO] [stdout] 
[INFO] [stderr] error: test failed, to rerun pass `-p backend --lib`
[INFO] running `Command { std: "docker" "inspect" "f28697d83fe75061be784e1e03867991440115c9c3bce550f70781c12c91ea72", kill_on_drop: false }`
[INFO] running `Command { std: "docker" "rm" "-f" "f28697d83fe75061be784e1e03867991440115c9c3bce550f70781c12c91ea72", kill_on_drop: false }`
[INFO] [stdout] f28697d83fe75061be784e1e03867991440115c9c3bce550f70781c12c91ea72
