[INFO] cloning repository https://github.com/confused-ace-noises/fast-array-rs
[INFO] running `Command { std: "git" "-c" "credential.helper=" "-c" "credential.helper=/workspace/cargo-home/bin/git-credential-null" "clone" "--bare" "https://github.com/confused-ace-noises/fast-array-rs" "/workspace/cache/git-repos/https%3A%2F%2Fgithub.com%2Fconfused-ace-noises%2Ffast-array-rs", kill_on_drop: false }`
[INFO] [stderr] Cloning into bare repository '/workspace/cache/git-repos/https%3A%2F%2Fgithub.com%2Fconfused-ace-noises%2Ffast-array-rs'...
[INFO] running `Command { std: "git" "rev-parse" "HEAD", kill_on_drop: false }`
[INFO] [stdout] 13ecfd7eec6115864416450e3b467a684e81e9b3
[INFO] testing confused-ace-noises/fast-array-rs against nightly-2025-01-18+rustflags=-Zrandomize-layout for randomize-layout-2
[INFO] running `Command { std: "git" "clone" "/workspace/cache/git-repos/https%3A%2F%2Fgithub.com%2Fconfused-ace-noises%2Ffast-array-rs" "/workspace/builds/worker-2-tc2/source", kill_on_drop: false }`
[INFO] [stderr] Cloning into '/workspace/builds/worker-2-tc2/source'...
[INFO] [stderr] done.
[INFO] validating manifest of git repo https://github.com/confused-ace-noises/fast-array-rs on toolchain nightly-2025-01-18
[INFO] running `Command { std: CARGO_HOME="/workspace/cargo-home" RUSTUP_HOME="/workspace/rustup-home" "/workspace/cargo-home/bin/cargo" "+nightly-2025-01-18" "metadata" "--manifest-path" "Cargo.toml" "--no-deps", kill_on_drop: false }`
[INFO] removed /workspace/builds/worker-2-tc2/source/rust-toolchain.toml
[INFO] started tweaking git repo https://github.com/confused-ace-noises/fast-array-rs
[INFO] finished tweaking git repo https://github.com/confused-ace-noises/fast-array-rs
[INFO] tweaked toml for git repo https://github.com/confused-ace-noises/fast-array-rs written to /workspace/builds/worker-2-tc2/source/Cargo.toml
[INFO] crate git repo https://github.com/confused-ace-noises/fast-array-rs already has a lockfile, it will not be regenerated
[INFO] running `Command { std: CARGO_HOME="/workspace/cargo-home" RUSTUP_HOME="/workspace/rustup-home" "/workspace/cargo-home/bin/cargo" "+nightly-2025-01-18" "fetch" "--manifest-path" "Cargo.toml", kill_on_drop: false }`
[INFO] running `Command { std: "docker" "create" "-v" "/var/lib/crater-agent-workspace/builds/worker-2-tc2/target:/opt/rustwide/target:rw,Z" "-v" "/var/lib/crater-agent-workspace/builds/worker-2-tc2/source:/opt/rustwide/workdir:ro,Z" "-v" "/var/lib/crater-agent-workspace/cargo-home:/opt/rustwide/cargo-home:ro,Z" "-v" "/var/lib/crater-agent-workspace/rustup-home:/opt/rustwide/rustup-home:ro,Z" "-e" "SOURCE_DIR=/opt/rustwide/workdir" "-e" "CARGO_TARGET_DIR=/opt/rustwide/target" "-e" "CARGO_HOME=/opt/rustwide/cargo-home" "-e" "RUSTUP_HOME=/opt/rustwide/rustup-home" "-w" "/opt/rustwide/workdir" "-m" "1610612736" "--user" "0:0" "--network" "none" "ghcr.io/rust-lang/crates-build-env/linux@sha256:819108c5571ea2e421544af4d832f968d213c87fbe3707a016657f43d2f853bc" "/opt/rustwide/cargo-home/bin/cargo" "+nightly-2025-01-18" "metadata" "--no-deps" "--format-version=1", kill_on_drop: false }`
[INFO] [stdout] 0f71051214a5f4c1d17c6c2c45e55f2027d4969b102250506a73483b00d5610f
[INFO] running `Command { std: "docker" "start" "-a" "0f71051214a5f4c1d17c6c2c45e55f2027d4969b102250506a73483b00d5610f", kill_on_drop: false }`
[INFO] running `Command { std: "docker" "inspect" "0f71051214a5f4c1d17c6c2c45e55f2027d4969b102250506a73483b00d5610f", kill_on_drop: false }`
[INFO] running `Command { std: "docker" "rm" "-f" "0f71051214a5f4c1d17c6c2c45e55f2027d4969b102250506a73483b00d5610f", kill_on_drop: false }`
[INFO] [stdout] 0f71051214a5f4c1d17c6c2c45e55f2027d4969b102250506a73483b00d5610f
[INFO] running `Command { std: "docker" "create" "-v" "/var/lib/crater-agent-workspace/builds/worker-2-tc2/target:/opt/rustwide/target:rw,Z" "-v" "/var/lib/crater-agent-workspace/builds/worker-2-tc2/source:/opt/rustwide/workdir:ro,Z" "-v" "/var/lib/crater-agent-workspace/cargo-home:/opt/rustwide/cargo-home:ro,Z" "-v" "/var/lib/crater-agent-workspace/rustup-home:/opt/rustwide/rustup-home:ro,Z" "-e" "SOURCE_DIR=/opt/rustwide/workdir" "-e" "CARGO_TARGET_DIR=/opt/rustwide/target" "-e" "CARGO_INCREMENTAL=0" "-e" "RUST_BACKTRACE=full" "-e" "RUSTFLAGS=--cap-lints=forbid -Zrandomize-layout" "-e" "RUSTDOCFLAGS=--cap-lints=forbid" "-e" "CARGO_HOME=/opt/rustwide/cargo-home" "-e" "RUSTUP_HOME=/opt/rustwide/rustup-home" "-w" "/opt/rustwide/workdir" "-m" "1610612736" "--user" "0:0" "--network" "none" "ghcr.io/rust-lang/crates-build-env/linux@sha256:819108c5571ea2e421544af4d832f968d213c87fbe3707a016657f43d2f853bc" "/opt/rustwide/cargo-home/bin/cargo" "+nightly-2025-01-18" "build" "--frozen" "--message-format=json", kill_on_drop: false }`
[INFO] [stdout] db0258bf7b77143b42601d333f7a362d7d0ff230e9c8c837e6cb0c5f0cf38085
[INFO] running `Command { std: "docker" "start" "-a" "db0258bf7b77143b42601d333f7a362d7d0ff230e9c8c837e6cb0c5f0cf38085", kill_on_drop: false }`
[INFO] [stderr]    Compiling fast-array v0.1.0 (/opt/rustwide/workdir)
[INFO] [stdout] warning: unused import: `core::slice`
[INFO] [stdout]  --> src/fast_array/fast_array_basics.rs:1:5
[INFO] [stdout]   |
[INFO] [stdout] 1 | use core::slice;
[INFO] [stdout]   |     ^^^^^^^^^^^
[INFO] [stdout]   |
[INFO] [stdout]   = note: `#[warn(unused_imports)]` on by default
[INFO] [stdout] 
[INFO] [stdout] 
[INFO] [stdout] warning: unused import: `empty`
[INFO] [stdout]  --> src/fast_array/fast_array.rs:4:15
[INFO] [stdout]   |
[INFO] [stdout] 4 | use std::io::{empty, BufReader, Read};
[INFO] [stdout]   |               ^^^^^
[INFO] [stdout] 
[INFO] [stdout] 
[INFO] [stdout] warning: unused import: `std::time::Duration`
[INFO] [stdout]  --> src/fast_array/fast_array.rs:6:5
[INFO] [stdout]   |
[INFO] [stdout] 6 | use std::time::Duration;
[INFO] [stdout]   |     ^^^^^^^^^^^^^^^^^^^
[INFO] [stdout] 
[INFO] [stdout] 
[INFO] [stdout] warning: unused import: `thread`
[INFO] [stdout]  --> src/fast_array/fast_array.rs:7:16
[INFO] [stdout]   |
[INFO] [stdout] 7 | use std::{ptr, thread};
[INFO] [stdout]   |                ^^^^^^
[INFO] [stdout] 
[INFO] [stdout] 
[INFO] [stdout] warning: unused imports: `RangeInclusive` and `Range`
[INFO] [stdout]  --> src/fast_iterator/fast_iterator.rs:4:61
[INFO] [stdout]   |
[INFO] [stdout] 4 |     alloc::{alloc, dealloc, Layout}, hint::black_box, ops::{Range, RangeInclusive}, ptr, time::Instant
[INFO] [stdout]   |                                                             ^^^^^  ^^^^^^^^^^^^^^
[INFO] [stdout] 
[INFO] [stdout] 
[INFO] [stdout] warning: unused import: `crate::FastArray`
[INFO] [stdout]  --> src/fast_iterator/fast_iterator.rs:7:5
[INFO] [stdout]   |
[INFO] [stdout] 7 | use crate::FastArray;
[INFO] [stdout]   |     ^^^^^^^^^^^^^^^^
[INFO] [stdout] 
[INFO] [stdout] 
[INFO] [stdout] warning: unused import: `crate::fast_array::fast_array_basics::AsFastArray`
[INFO] [stdout]   --> src/fast_array/fast_array.rs:10:5
[INFO] [stdout]    |
[INFO] [stdout] 10 | use crate::fast_array::fast_array_basics::AsFastArray;
[INFO] [stdout]    |     ^^^^^^^^^^^^^^^^^^^^^^^^^^^^^^^^^^^^^^^^^^^^^^^^^
[INFO] [stdout] 
[INFO] [stdout] 
[INFO] [stdout] warning: function `test` is never used
[INFO] [stdout]    --> src/fast_array/fast_array_basics.rs:337:4
[INFO] [stdout]     |
[INFO] [stdout] 337 | fn test() {
[INFO] [stdout]     |    ^^^^
[INFO] [stdout]     |
[INFO] [stdout]     = note: `#[warn(dead_code)]` on by default
[INFO] [stdout] 
[INFO] [stdout] 
[INFO] [stderr]     Finished `dev` profile [unoptimized + debuginfo] target(s) in 0.28s
[INFO] running `Command { std: "docker" "inspect" "db0258bf7b77143b42601d333f7a362d7d0ff230e9c8c837e6cb0c5f0cf38085", kill_on_drop: false }`
[INFO] running `Command { std: "docker" "rm" "-f" "db0258bf7b77143b42601d333f7a362d7d0ff230e9c8c837e6cb0c5f0cf38085", kill_on_drop: false }`
[INFO] [stdout] db0258bf7b77143b42601d333f7a362d7d0ff230e9c8c837e6cb0c5f0cf38085
[INFO] running `Command { std: "docker" "create" "-v" "/var/lib/crater-agent-workspace/builds/worker-2-tc2/target:/opt/rustwide/target:rw,Z" "-v" "/var/lib/crater-agent-workspace/builds/worker-2-tc2/source:/opt/rustwide/workdir:ro,Z" "-v" "/var/lib/crater-agent-workspace/cargo-home:/opt/rustwide/cargo-home:ro,Z" "-v" "/var/lib/crater-agent-workspace/rustup-home:/opt/rustwide/rustup-home:ro,Z" "-e" "SOURCE_DIR=/opt/rustwide/workdir" "-e" "CARGO_TARGET_DIR=/opt/rustwide/target" "-e" "CARGO_INCREMENTAL=0" "-e" "RUST_BACKTRACE=full" "-e" "RUSTFLAGS=--cap-lints=forbid -Zrandomize-layout" "-e" "RUSTDOCFLAGS=--cap-lints=forbid" "-e" "CARGO_HOME=/opt/rustwide/cargo-home" "-e" "RUSTUP_HOME=/opt/rustwide/rustup-home" "-w" "/opt/rustwide/workdir" "-m" "1610612736" "--user" "0:0" "--network" "none" "ghcr.io/rust-lang/crates-build-env/linux@sha256:819108c5571ea2e421544af4d832f968d213c87fbe3707a016657f43d2f853bc" "/opt/rustwide/cargo-home/bin/cargo" "+nightly-2025-01-18" "test" "--frozen" "--no-run" "--message-format=json", kill_on_drop: false }`
[INFO] [stdout] 8aa7ff74f5730d3c1c767b9202f74e8c4fcedd2470aa691b254704ea3dcfcfd6
[INFO] running `Command { std: "docker" "start" "-a" "8aa7ff74f5730d3c1c767b9202f74e8c4fcedd2470aa691b254704ea3dcfcfd6", kill_on_drop: false }`
[INFO] [stderr]    Compiling proc-macro2 v1.0.93
[INFO] [stderr]    Compiling unicode-ident v1.0.14
[INFO] [stderr]    Compiling crossbeam-utils v0.8.21
[INFO] [stderr]    Compiling serde v1.0.217
[INFO] [stderr]    Compiling autocfg v1.4.0
[INFO] [stderr]    Compiling rayon-core v1.12.1
[INFO] [stderr]    Compiling cfg-if v1.0.0
[INFO] [stderr]    Compiling libc v0.2.169
[INFO] [stderr]    Compiling serde_json v1.0.135
[INFO] [stderr]    Compiling either v1.13.0
[INFO] [stderr]    Compiling ciborium-io v0.2.2
[INFO] [stderr]    Compiling regex-syntax v0.8.5
[INFO] [stderr]    Compiling ryu v1.0.18
[INFO] [stderr]    Compiling memchr v2.7.4
[INFO] [stderr]    Compiling itoa v1.0.14
[INFO] [stderr]    Compiling clap_lex v0.7.4
[INFO] [stderr]    Compiling half v2.4.1
[INFO] [stderr]    Compiling plotters-backend v0.3.7
[INFO] [stderr]    Compiling anstyle v1.0.10
[INFO] [stderr]    Compiling cast v0.3.0
[INFO] [stderr]    Compiling same-file v1.0.6
[INFO] [stderr]    Compiling itertools v0.10.5
[INFO] [stderr]    Compiling once_cell v1.20.2
[INFO] [stderr]    Compiling walkdir v2.5.0
[INFO] [stderr]    Compiling oorandom v11.1.4
[INFO] [stderr]    Compiling anes v0.1.6
[INFO] [stderr]    Compiling fast-array v0.1.0 (/opt/rustwide/workdir)
[INFO] [stdout] warning: unused import: `core::slice`
[INFO] [stdout]  --> src/fast_array/fast_array_basics.rs:1:5
[INFO] [stdout]   |
[INFO] [stdout] 1 | use core::slice;
[INFO] [stdout]   |     ^^^^^^^^^^^
[INFO] [stdout]   |
[INFO] [stdout]   = note: `#[warn(unused_imports)]` on by default
[INFO] [stdout] 
[INFO] [stdout] 
[INFO] [stdout] warning: unused import: `empty`
[INFO] [stdout]  --> src/fast_array/fast_array.rs:4:15
[INFO] [stdout]   |
[INFO] [stdout] 4 | use std::io::{empty, BufReader, Read};
[INFO] [stdout]   |               ^^^^^
[INFO] [stdout] 
[INFO] [stdout] 
[INFO] [stdout] warning: unused import: `std::time::Duration`
[INFO] [stdout]  --> src/fast_array/fast_array.rs:6:5
[INFO] [stdout]   |
[INFO] [stdout] 6 | use std::time::Duration;
[INFO] [stdout]   |     ^^^^^^^^^^^^^^^^^^^
[INFO] [stdout] 
[INFO] [stdout] 
[INFO] [stdout] warning: unused import: `thread`
[INFO] [stdout]  --> src/fast_array/fast_array.rs:7:16
[INFO] [stdout]   |
[INFO] [stdout] 7 | use std::{ptr, thread};
[INFO] [stdout]   |                ^^^^^^
[INFO] [stdout] 
[INFO] [stdout] 
[INFO] [stdout] warning: unused imports: `RangeInclusive` and `Range`
[INFO] [stdout]  --> src/fast_iterator/fast_iterator.rs:4:61
[INFO] [stdout]   |
[INFO] [stdout] 4 |     alloc::{alloc, dealloc, Layout}, hint::black_box, ops::{Range, RangeInclusive}, ptr, time::Instant
[INFO] [stdout]   |                                                             ^^^^^  ^^^^^^^^^^^^^^
[INFO] [stdout] 
[INFO] [stdout] 
[INFO] [stdout] warning: unused import: `crate::FastArray`
[INFO] [stdout]  --> src/fast_iterator/fast_iterator.rs:7:5
[INFO] [stdout]   |
[INFO] [stdout] 7 | use crate::FastArray;
[INFO] [stdout]   |     ^^^^^^^^^^^^^^^^
[INFO] [stdout] 
[INFO] [stdout] 
[INFO] [stderr]    Compiling clap_builder v4.5.26
[INFO] [stderr]    Compiling num-traits v0.2.19
[INFO] [stdout] warning: unused import: `crate::fast_array::fast_array_basics::AsFastArray`
[INFO] [stdout]   --> src/fast_array/fast_array.rs:10:5
[INFO] [stdout]    |
[INFO] [stdout] 10 | use crate::fast_array::fast_array_basics::AsFastArray;
[INFO] [stdout]    |     ^^^^^^^^^^^^^^^^^^^^^^^^^^^^^^^^^^^^^^^^^^^^^^^^^
[INFO] [stdout] 
[INFO] [stdout] 
[INFO] [stdout] warning: function `test` is never used
[INFO] [stdout]    --> src/fast_array/fast_array_basics.rs:337:4
[INFO] [stdout]     |
[INFO] [stdout] 337 | fn test() {
[INFO] [stdout]     |    ^^^^
[INFO] [stdout]     |
[INFO] [stdout]     = note: `#[warn(dead_code)]` on by default
[INFO] [stdout] 
[INFO] [stdout] 
[INFO] [stderr]    Compiling plotters-svg v0.3.7
[INFO] [stderr]    Compiling ciborium-ll v0.2.2
[INFO] [stderr]    Compiling crossbeam-epoch v0.9.18
[INFO] [stderr]    Compiling is-terminal v0.4.13
[INFO] [stderr]    Compiling crossbeam-deque v0.8.6
[INFO] [stderr]    Compiling quote v1.0.38
[INFO] [stderr]    Compiling syn v2.0.96
[INFO] [stderr]    Compiling rayon v1.10.0
[INFO] [stderr]    Compiling regex-automata v0.4.9
[INFO] [stderr]    Compiling plotters v0.3.7
[INFO] [stderr]    Compiling criterion-plot v0.5.0
[INFO] [stderr]    Compiling serde_derive v1.0.217
[INFO] [stderr]    Compiling clap v4.5.26
[INFO] [stderr]    Compiling regex v1.11.1
[INFO] [stderr]    Compiling ciborium v0.2.2
[INFO] [stderr]    Compiling tinytemplate v1.2.1
[INFO] [stderr]    Compiling criterion v0.5.1
[INFO] [stdout] warning: unused import: `core::slice`
[INFO] [stdout]  --> src/fast_array/fast_array_basics.rs:1:5
[INFO] [stdout]   |
[INFO] [stdout] 1 | use core::slice;
[INFO] [stdout]   |     ^^^^^^^^^^^
[INFO] [stdout]   |
[INFO] [stdout]   = note: `#[warn(unused_imports)]` on by default
[INFO] [stdout] 
[INFO] [stdout] 
[INFO] [stdout] warning: unused import: `empty`
[INFO] [stdout]  --> src/fast_array/fast_array.rs:4:15
[INFO] [stdout]   |
[INFO] [stdout] 4 | use std::io::{empty, BufReader, Read};
[INFO] [stdout]   |               ^^^^^
[INFO] [stdout] 
[INFO] [stdout] 
[INFO] [stdout] warning: unused import: `std::time::Duration`
[INFO] [stdout]  --> src/fast_array/fast_array.rs:6:5
[INFO] [stdout]   |
[INFO] [stdout] 6 | use std::time::Duration;
[INFO] [stdout]   |     ^^^^^^^^^^^^^^^^^^^
[INFO] [stdout] 
[INFO] [stdout] 
[INFO] [stdout] warning: unused import: `thread`
[INFO] [stdout]  --> src/fast_array/fast_array.rs:7:16
[INFO] [stdout]   |
[INFO] [stdout] 7 | use std::{ptr, thread};
[INFO] [stdout]   |                ^^^^^^
[INFO] [stdout] 
[INFO] [stdout] 
[INFO] [stdout] warning: unused import: `crate::fast_array::fast_array_basics::AsFastArray`
[INFO] [stdout]   --> src/fast_array/fast_array.rs:10:5
[INFO] [stdout]    |
[INFO] [stdout] 10 | use crate::fast_array::fast_array_basics::AsFastArray;
[INFO] [stdout]    |     ^^^^^^^^^^^^^^^^^^^^^^^^^^^^^^^^^^^^^^^^^^^^^^^^^
[INFO] [stdout] 
[INFO] [stdout] 
[INFO] [stdout] warning: unused imports: `RangeInclusive` and `Range`
[INFO] [stdout]  --> src/fast_iterator/fast_iterator.rs:4:61
[INFO] [stdout]   |
[INFO] [stdout] 4 |     alloc::{alloc, dealloc, Layout}, hint::black_box, ops::{Range, RangeInclusive}, ptr, time::Instant
[INFO] [stdout]   |                                                             ^^^^^  ^^^^^^^^^^^^^^
[INFO] [stdout] 
[INFO] [stdout] 
[INFO] [stdout] warning: unused import: `crate::FastArray`
[INFO] [stdout]  --> src/fast_iterator/fast_iterator.rs:7:5
[INFO] [stdout]   |
[INFO] [stdout] 7 | use crate::FastArray;
[INFO] [stdout]   |     ^^^^^^^^^^^^^^^^
[INFO] [stdout] 
[INFO] [stdout] 
[INFO] [stdout] warning: unused import: `$crate::macros::useless_fn`
[INFO] [stdout]   --> src/macros.rs:63:17
[INFO] [stdout]    |
[INFO] [stdout] 63 |             use $crate::macros::useless_fn;
[INFO] [stdout]    |                 ^^^^^^^^^^^^^^^^^^^^^^^^^^
[INFO] [stdout] ...
[INFO] [stdout] 98 |     let fast_arr = fast_arr!(1,2,3,4,5);
[INFO] [stdout]    |                    -------------------- in this macro invocation
[INFO] [stdout]    |
[INFO] [stdout]    = note: this warning originates in the macro `fast_arr` (in Nightly builds, run with -Z macro-backtrace for more info)
[INFO] [stdout] 
[INFO] [stdout] 
[INFO] [stdout] warning: value assigned to `index` is never read
[INFO] [stdout]   --> src/macros.rs:76:17
[INFO] [stdout]    |
[INFO] [stdout] 76 |                 index += 1;
[INFO] [stdout]    |                 ^^^^^
[INFO] [stdout] ...
[INFO] [stdout] 98 |     let fast_arr = fast_arr!(1,2,3,4,5);
[INFO] [stdout]    |                    -------------------- in this macro invocation
[INFO] [stdout]    |
[INFO] [stdout]    = help: maybe it is overwritten before being read?
[INFO] [stdout]    = note: `#[warn(unused_assignments)]` on by default
[INFO] [stdout]    = note: this warning originates in the macro `fast_arr` (in Nightly builds, run with -Z macro-backtrace for more info)
[INFO] [stdout] 
[INFO] [stdout] 
[INFO] [stdout] warning: function `test` is never used
[INFO] [stdout]    --> src/fast_array/fast_array_basics.rs:337:4
[INFO] [stdout]     |
[INFO] [stdout] 337 | fn test() {
[INFO] [stdout]     |    ^^^^
[INFO] [stdout]     |
[INFO] [stdout]     = note: `#[warn(dead_code)]` on by default
[INFO] [stdout] 
[INFO] [stdout] 
[INFO] [stderr]     Finished `test` profile [optimized + debuginfo] target(s) in 52.74s
[INFO] running `Command { std: "docker" "inspect" "8aa7ff74f5730d3c1c767b9202f74e8c4fcedd2470aa691b254704ea3dcfcfd6", kill_on_drop: false }`
[INFO] running `Command { std: "docker" "rm" "-f" "8aa7ff74f5730d3c1c767b9202f74e8c4fcedd2470aa691b254704ea3dcfcfd6", kill_on_drop: false }`
[INFO] [stdout] 8aa7ff74f5730d3c1c767b9202f74e8c4fcedd2470aa691b254704ea3dcfcfd6
[INFO] running `Command { std: "docker" "create" "-v" "/var/lib/crater-agent-workspace/builds/worker-2-tc2/target:/opt/rustwide/target:rw,Z" "-v" "/var/lib/crater-agent-workspace/builds/worker-2-tc2/source:/opt/rustwide/workdir:ro,Z" "-v" "/var/lib/crater-agent-workspace/cargo-home:/opt/rustwide/cargo-home:ro,Z" "-v" "/var/lib/crater-agent-workspace/rustup-home:/opt/rustwide/rustup-home:ro,Z" "-e" "SOURCE_DIR=/opt/rustwide/workdir" "-e" "CARGO_TARGET_DIR=/opt/rustwide/target" "-e" "CARGO_INCREMENTAL=0" "-e" "RUST_BACKTRACE=full" "-e" "RUSTFLAGS=--cap-lints=forbid -Zrandomize-layout" "-e" "RUSTDOCFLAGS=--cap-lints=forbid" "-e" "CARGO_HOME=/opt/rustwide/cargo-home" "-e" "RUSTUP_HOME=/opt/rustwide/rustup-home" "-w" "/opt/rustwide/workdir" "-m" "1610612736" "--user" "0:0" "--network" "none" "ghcr.io/rust-lang/crates-build-env/linux@sha256:819108c5571ea2e421544af4d832f968d213c87fbe3707a016657f43d2f853bc" "/opt/rustwide/cargo-home/bin/cargo" "+nightly-2025-01-18" "test" "--frozen", kill_on_drop: false }`
[INFO] [stdout] 91f0cdcb8e0a9d52fd08e54da59d4ab67ba32d9decf7cf91ce04491523950bd8
[INFO] running `Command { std: "docker" "start" "-a" "91f0cdcb8e0a9d52fd08e54da59d4ab67ba32d9decf7cf91ce04491523950bd8", kill_on_drop: false }`
[INFO] [stderr] warning: unused import: `core::slice`
[INFO] [stderr]  --> src/fast_array/fast_array_basics.rs:1:5
[INFO] [stderr]   |
[INFO] [stderr] 1 | use core::slice;
[INFO] [stderr]   |     ^^^^^^^^^^^
[INFO] [stderr]   |
[INFO] [stderr]   = note: `#[warn(unused_imports)]` on by default
[INFO] [stderr] 
[INFO] [stderr] warning: unused import: `empty`
[INFO] [stderr]  --> src/fast_array/fast_array.rs:4:15
[INFO] [stderr]   |
[INFO] [stderr] 4 | use std::io::{empty, BufReader, Read};
[INFO] [stderr]   |               ^^^^^
[INFO] [stderr] 
[INFO] [stderr] warning: unused import: `std::time::Duration`
[INFO] [stderr]  --> src/fast_array/fast_array.rs:6:5
[INFO] [stderr]   |
[INFO] [stderr] 6 | use std::time::Duration;
[INFO] [stderr]   |     ^^^^^^^^^^^^^^^^^^^
[INFO] [stderr] 
[INFO] [stderr] warning: unused import: `thread`
[INFO] [stderr]  --> src/fast_array/fast_array.rs:7:16
[INFO] [stderr]   |
[INFO] [stderr] 7 | use std::{ptr, thread};
[INFO] [stderr]   |                ^^^^^^
[INFO] [stderr] 
[INFO] [stderr] warning: unused imports: `RangeInclusive` and `Range`
[INFO] [stderr]  --> src/fast_iterator/fast_iterator.rs:4:61
[INFO] [stderr]   |
[INFO] [stderr] 4 |     alloc::{alloc, dealloc, Layout}, hint::black_box, ops::{Range, RangeInclusive}, ptr, time::Instant
[INFO] [stderr]   |                                                             ^^^^^  ^^^^^^^^^^^^^^
[INFO] [stderr] 
[INFO] [stderr] warning: unused import: `crate::FastArray`
[INFO] [stderr]  --> src/fast_iterator/fast_iterator.rs:7:5
[INFO] [stderr]   |
[INFO] [stderr] 7 | use crate::FastArray;
[INFO] [stderr]   |     ^^^^^^^^^^^^^^^^
[INFO] [stderr] 
[INFO] [stderr] warning: unused import: `crate::fast_array::fast_array_basics::AsFastArray`
[INFO] [stderr]   --> src/fast_array/fast_array.rs:10:5
[INFO] [stderr]    |
[INFO] [stderr] 10 | use crate::fast_array::fast_array_basics::AsFastArray;
[INFO] [stderr]    |     ^^^^^^^^^^^^^^^^^^^^^^^^^^^^^^^^^^^^^^^^^^^^^^^^^
[INFO] [stderr] 
[INFO] [stderr] warning: function `test` is never used
[INFO] [stderr]    --> src/fast_array/fast_array_basics.rs:337:4
[INFO] [stderr]     |
[INFO] [stderr] 337 | fn test() {
[INFO] [stderr]     |    ^^^^
[INFO] [stderr]     |
[INFO] [stderr]     = note: `#[warn(dead_code)]` on by default
[INFO] [stderr] 
[INFO] [stderr] warning: `fast-array` (lib) generated 8 warnings (run `cargo fix --lib -p fast-array` to apply 6 suggestions)
[INFO] [stderr] warning: unused import: `$crate::macros::useless_fn`
[INFO] [stderr]   --> src/macros.rs:63:17
[INFO] [stderr]    |
[INFO] [stderr] 63 |             use $crate::macros::useless_fn;
[INFO] [stderr]    |                 ^^^^^^^^^^^^^^^^^^^^^^^^^^
[INFO] [stderr] ...
[INFO] [stderr] 98 |     let fast_arr = fast_arr!(1,2,3,4,5);
[INFO] [stderr]    |                    -------------------- in this macro invocation
[INFO] [stderr]    |
[INFO] [stderr]    = note: this warning originates in the macro `fast_arr` (in Nightly builds, run with -Z macro-backtrace for more info)
[INFO] [stderr] 
[INFO] [stderr] warning: value assigned to `index` is never read
[INFO] [stderr]   --> src/macros.rs:76:17
[INFO] [stderr]    |
[INFO] [stderr] 76 |                 index += 1;
[INFO] [stderr]    |                 ^^^^^
[INFO] [stderr] ...
[INFO] [stderr] 98 |     let fast_arr = fast_arr!(1,2,3,4,5);
[INFO] [stderr]    |                    -------------------- in this macro invocation
[INFO] [stderr]    |
[INFO] [stderr]    = help: maybe it is overwritten before being read?
[INFO] [stderr]    = note: `#[warn(unused_assignments)]` on by default
[INFO] [stderr]    = note: this warning originates in the macro `fast_arr` (in Nightly builds, run with -Z macro-backtrace for more info)
[INFO] [stderr] 
[INFO] [stderr] warning: `fast-array` (lib test) generated 10 warnings (8 duplicates) (run `cargo fix --lib -p fast-array --tests` to apply 1 suggestion)
[INFO] [stderr]     Finished `test` profile [optimized + debuginfo] target(s) in 0.07s
[INFO] [stderr]      Running unittests src/lib.rs (/opt/rustwide/target/debug/deps/fast_array-69bf4cb6a857aafb)
[INFO] [stdout] 
[INFO] [stdout] running 1 test
[INFO] [stdout] test macros::test ... ok
[INFO] [stdout] 
[INFO] [stdout] test result: ok. 1 passed; 0 failed; 0 ignored; 0 measured; 0 filtered out; finished in 0.00s
[INFO] [stdout] 
[INFO] [stderr]    Doc-tests fast_array
[INFO] [stdout] 
[INFO] [stdout] running 16 tests
[INFO] [stdout] test src/fast_array/fast_array.rs - fast_array::fast_array::FastArray<T>::len (line 179) ... FAILED
[INFO] [stdout] test src/fast_array/fast_array.rs - fast_array::fast_array::FastArray<T>::new_default (line 37) ... FAILED
[INFO] [stdout] test src/fast_array/fast_array.rs - fast_array::fast_array::FastArray<T>::new_func (line 240) ... FAILED
[INFO] [stdout] test src/fast_array/fast_array_basics.rs - fast_array::fast_array_basics::FastArray<T>::join (line 154) ... FAILED
[INFO] [stdout] test src/fast_array/fast_array.rs - fast_array::fast_array::FastArray<T>::new (line 106) ... FAILED
[INFO] [stdout] test src/fast_array/fast_array_basics.rs - fast_array::fast_array_basics::FastArray<T>::concat (line 133) ... FAILED
[INFO] [stdout] test src/fast_array/fast_array_basics.rs - fast_array::fast_array_basics::FastArray<T>::sort (line 60) ... FAILED
[INFO] [stdout] test src/fast_array/fast_array_basics.rs - fast_array::fast_array_basics::FastArray<T>::sort_by (line 77) ... ok
[INFO] [stdout] test src/fast_array/fast_array.rs - fast_array::fast_array::FastArray<T>::iter (line 195) ... ok
[INFO] [stdout] test src/fast_array/fast_array.rs - fast_array::fast_array::FastArray<T>::iter_mut (line 215) ... ok
[INFO] [stdout] test src/fast_iterator/fast_iterator.rs - fast_iterator::fast_iterator::FastIterator<T>::new_func (line 69) ... ok
[INFO] [stdout] test src/fast_array/fast_array.rs - fast_array::fast_array::FastArray<T>::swap_unsafe (line 422) ... ok
[INFO] [stdout] test src/fast_array/fast_array_basics.rs - fast_array::fast_array_basics::FastArray<T>::as_fast_iterator (line 35) ... ok
[INFO] [stdout] test src/fast_array/fast_array.rs - fast_array::fast_array::FastArray<T>::swap (line 369) ... ok
[INFO] [stdout] test src/fast_array/fast_array_basics.rs - fast_array::fast_array_basics::FastArray<T>::get (line 13) ... ok
[INFO] [stdout] test src/fast_array/fast_array.rs - fast_array::fast_array::FastArray (line 19) ... ok
[INFO] [stdout] 
[INFO] [stdout] failures:
[INFO] [stdout] 
[INFO] [stdout] ---- src/fast_array/fast_array.rs - fast_array::fast_array::FastArray<T>::len (line 179) stdout ----
[INFO] [stdout] Couldn't compile the test.
[INFO] [stdout] ---- src/fast_array/fast_array.rs - fast_array::fast_array::FastArray<T>::new_default (line 37) stdout ----
[INFO] [stdout] Couldn't compile the test.
[INFO] [stdout] ---- src/fast_array/fast_array.rs - fast_array::fast_array::FastArray<T>::new_func (line 240) stdout ----
[INFO] [stdout] Couldn't compile the test.
[INFO] [stdout] ---- src/fast_array/fast_array_basics.rs - fast_array::fast_array_basics::FastArray<T>::join (line 154) stdout ----
[INFO] [stdout] Couldn't compile the test.
[INFO] [stdout] ---- src/fast_array/fast_array.rs - fast_array::fast_array::FastArray<T>::new (line 106) stdout ----
[INFO] [stdout] Couldn't compile the test.
[INFO] [stdout] ---- src/fast_array/fast_array_basics.rs - fast_array::fast_array_basics::FastArray<T>::concat (line 133) stdout ----
[INFO] [stdout] Couldn't compile the test.
[INFO] [stdout] ---- src/fast_array/fast_array_basics.rs - fast_array::fast_array_basics::FastArray<T>::sort (line 60) stdout ----
[INFO] [stdout] Couldn't compile the test.
[INFO] [stdout] 
[INFO] [stdout] failures:
[INFO] [stdout]     src/fast_array/fast_array.rs - fast_array::fast_array::FastArray<T>::len (line 179)
[INFO] [stdout]     src/fast_array/fast_array.rs - fast_array::fast_array::FastArray<T>::new (line 106)
[INFO] [stdout]     src/fast_array/fast_array.rs - fast_array::fast_array::FastArray<T>::new_default (line 37)
[INFO] [stdout]     src/fast_array/fast_array.rs - fast_array::fast_array::FastArray<T>::new_func (line 240)
[INFO] [stdout]     src/fast_array/fast_array_basics.rs - fast_array::fast_array_basics::FastArray<T>::concat (line 133)
[INFO] [stdout]     src/fast_array/fast_array_basics.rs - fast_array::fast_array_basics::FastArray<T>::join (line 154)
[INFO] [stdout]     src/fast_array/fast_array_basics.rs - fast_array::fast_array_basics::FastArray<T>::sort (line 60)
[INFO] [stdout] 
[INFO] [stdout] test result: FAILED. 9 passed; 7 failed; 0 ignored; 0 measured; 0 filtered out; finished in 9.55s
[INFO] [stdout] 
[INFO] [stderr] error: doctest failed, to rerun pass `--doc`
[INFO] running `Command { std: "docker" "inspect" "91f0cdcb8e0a9d52fd08e54da59d4ab67ba32d9decf7cf91ce04491523950bd8", kill_on_drop: false }`
[INFO] running `Command { std: "docker" "rm" "-f" "91f0cdcb8e0a9d52fd08e54da59d4ab67ba32d9decf7cf91ce04491523950bd8", kill_on_drop: false }`
[INFO] [stdout] 91f0cdcb8e0a9d52fd08e54da59d4ab67ba32d9decf7cf91ce04491523950bd8
