[INFO] cloning repository https://github.com/condecito/rust_nes_emulator
[INFO] running `Command { std: "git" "-c" "credential.helper=" "-c" "credential.helper=/workspace/cargo-home/bin/git-credential-null" "clone" "--bare" "https://github.com/condecito/rust_nes_emulator" "/workspace/cache/git-repos/https%3A%2F%2Fgithub.com%2Fcondecito%2Frust_nes_emulator", kill_on_drop: false }`
[INFO] [stderr] Cloning into bare repository '/workspace/cache/git-repos/https%3A%2F%2Fgithub.com%2Fcondecito%2Frust_nes_emulator'...
[INFO] running `Command { std: "git" "rev-parse" "HEAD", kill_on_drop: false }`
[INFO] [stdout] 15acbf625dbd7dfd9b3fddfb3526bc354d165451
[INFO] testing condecito/rust_nes_emulator against nightly-2025-01-18+rustflags=-Zrandomize-layout for randomize-layout-2
[INFO] running `Command { std: "git" "clone" "/workspace/cache/git-repos/https%3A%2F%2Fgithub.com%2Fcondecito%2Frust_nes_emulator" "/workspace/builds/worker-1-tc2/source", kill_on_drop: false }`
[INFO] [stderr] Cloning into '/workspace/builds/worker-1-tc2/source'...
[INFO] [stderr] done.
[INFO] validating manifest of git repo https://github.com/condecito/rust_nes_emulator on toolchain nightly-2025-01-18
[INFO] running `Command { std: CARGO_HOME="/workspace/cargo-home" RUSTUP_HOME="/workspace/rustup-home" "/workspace/cargo-home/bin/cargo" "+nightly-2025-01-18" "metadata" "--manifest-path" "Cargo.toml" "--no-deps", kill_on_drop: false }`
[INFO] started tweaking git repo https://github.com/condecito/rust_nes_emulator
[INFO] finished tweaking git repo https://github.com/condecito/rust_nes_emulator
[INFO] tweaked toml for git repo https://github.com/condecito/rust_nes_emulator written to /workspace/builds/worker-1-tc2/source/Cargo.toml
[INFO] crate git repo https://github.com/condecito/rust_nes_emulator already has a lockfile, it will not be regenerated
[INFO] running `Command { std: CARGO_HOME="/workspace/cargo-home" RUSTUP_HOME="/workspace/rustup-home" "/workspace/cargo-home/bin/cargo" "+nightly-2025-01-18" "fetch" "--manifest-path" "Cargo.toml", kill_on_drop: false }`
[INFO] running `Command { std: "docker" "create" "-v" "/var/lib/crater-agent-workspace/builds/worker-1-tc2/target:/opt/rustwide/target:rw,Z" "-v" "/var/lib/crater-agent-workspace/builds/worker-1-tc2/source:/opt/rustwide/workdir:ro,Z" "-v" "/var/lib/crater-agent-workspace/cargo-home:/opt/rustwide/cargo-home:ro,Z" "-v" "/var/lib/crater-agent-workspace/rustup-home:/opt/rustwide/rustup-home:ro,Z" "-e" "SOURCE_DIR=/opt/rustwide/workdir" "-e" "CARGO_TARGET_DIR=/opt/rustwide/target" "-e" "CARGO_HOME=/opt/rustwide/cargo-home" "-e" "RUSTUP_HOME=/opt/rustwide/rustup-home" "-w" "/opt/rustwide/workdir" "-m" "1610612736" "--user" "0:0" "--network" "none" "ghcr.io/rust-lang/crates-build-env/linux@sha256:819108c5571ea2e421544af4d832f968d213c87fbe3707a016657f43d2f853bc" "/opt/rustwide/cargo-home/bin/cargo" "+nightly-2025-01-18" "metadata" "--no-deps" "--format-version=1", kill_on_drop: false }`
[INFO] [stdout] 7021100484e4cae69e03680f701a2d869d19f5ea206c149d2153f0d6e94fef12
[INFO] running `Command { std: "docker" "start" "-a" "7021100484e4cae69e03680f701a2d869d19f5ea206c149d2153f0d6e94fef12", kill_on_drop: false }`
[INFO] running `Command { std: "docker" "inspect" "7021100484e4cae69e03680f701a2d869d19f5ea206c149d2153f0d6e94fef12", kill_on_drop: false }`
[INFO] running `Command { std: "docker" "rm" "-f" "7021100484e4cae69e03680f701a2d869d19f5ea206c149d2153f0d6e94fef12", kill_on_drop: false }`
[INFO] [stdout] 7021100484e4cae69e03680f701a2d869d19f5ea206c149d2153f0d6e94fef12
[INFO] running `Command { std: "docker" "create" "-v" "/var/lib/crater-agent-workspace/builds/worker-1-tc2/target:/opt/rustwide/target:rw,Z" "-v" "/var/lib/crater-agent-workspace/builds/worker-1-tc2/source:/opt/rustwide/workdir:ro,Z" "-v" "/var/lib/crater-agent-workspace/cargo-home:/opt/rustwide/cargo-home:ro,Z" "-v" "/var/lib/crater-agent-workspace/rustup-home:/opt/rustwide/rustup-home:ro,Z" "-e" "SOURCE_DIR=/opt/rustwide/workdir" "-e" "CARGO_TARGET_DIR=/opt/rustwide/target" "-e" "CARGO_INCREMENTAL=0" "-e" "RUST_BACKTRACE=full" "-e" "RUSTFLAGS=--cap-lints=forbid -Zrandomize-layout" "-e" "RUSTDOCFLAGS=--cap-lints=forbid" "-e" "CARGO_HOME=/opt/rustwide/cargo-home" "-e" "RUSTUP_HOME=/opt/rustwide/rustup-home" "-w" "/opt/rustwide/workdir" "-m" "1610612736" "--user" "0:0" "--network" "none" "ghcr.io/rust-lang/crates-build-env/linux@sha256:819108c5571ea2e421544af4d832f968d213c87fbe3707a016657f43d2f853bc" "/opt/rustwide/cargo-home/bin/cargo" "+nightly-2025-01-18" "build" "--frozen" "--message-format=json", kill_on_drop: false }`
[INFO] [stdout] 3707bb0d808919b26b7723e7be2e09e2cf189c3c7dd8258ca6b9080705c523ad
[INFO] running `Command { std: "docker" "start" "-a" "3707bb0d808919b26b7723e7be2e09e2cf189c3c7dd8258ca6b9080705c523ad", kill_on_drop: false }`
[INFO] [stderr]    Compiling libc v0.2.159
[INFO] [stderr]    Compiling cfg-if v1.0.0
[INFO] [stderr]    Compiling proc-macro2 v1.0.87
[INFO] [stderr]    Compiling unicode-ident v1.0.13
[INFO] [stderr]    Compiling autocfg v1.4.0
[INFO] [stderr]    Compiling version-compare v0.1.1
[INFO] [stderr]    Compiling getrandom v0.1.16
[INFO] [stderr]    Compiling parking_lot_core v0.9.10
[INFO] [stderr]    Compiling signal-hook v0.3.17
[INFO] [stderr]    Compiling smallvec v1.13.2
[INFO] [stderr]    Compiling byteorder v1.5.0
[INFO] [stderr]    Compiling log v0.4.22
[INFO] [stderr]    Compiling scopeguard v1.2.0
[INFO] [stderr]    Compiling rustix v0.38.37
[INFO] [stderr]    Compiling linux-raw-sys v0.4.14
[INFO] [stderr]    Compiling sdl2 v0.37.0
[INFO] [stderr]    Compiling bitflags v2.6.0
[INFO] [stderr]    Compiling spin v0.9.8
[INFO] [stderr]    Compiling bytes v1.7.1
[INFO] [stderr]    Compiling pin-project-lite v0.2.14
[INFO] [stderr]    Compiling bitflags v1.3.2
[INFO] [stderr]    Compiling sdl2-sys v0.37.0
[INFO] [stderr]    Compiling lazy_static v1.5.0
[INFO] [stderr]    Compiling lock_api v0.4.12
[INFO] [stderr]    Compiling quote v1.0.37
[INFO] [stderr]    Compiling signal-hook-registry v1.4.2
[INFO] [stderr]    Compiling mio v1.0.2
[INFO] [stderr]    Compiling socket2 v0.5.7
[INFO] [stderr]    Compiling rand_core v0.5.1
[INFO] [stderr]    Compiling syn v2.0.79
[INFO] [stderr]    Compiling parking_lot v0.12.3
[INFO] [stderr]    Compiling signal-hook-mio v0.2.4
[INFO] [stderr]    Compiling crossterm v0.28.1
[INFO] [stderr]    Compiling zerocopy-derive v0.7.35
[INFO] [stderr]    Compiling tokio-macros v2.4.0
[INFO] [stderr]    Compiling tokio v1.40.0
[INFO] [stderr]    Compiling zerocopy v0.7.35
[INFO] [stderr]    Compiling ppv-lite86 v0.2.20
[INFO] [stderr]    Compiling rand_chacha v0.2.2
[INFO] [stderr]    Compiling rand v0.7.3
[INFO] [stderr]    Compiling ferrum v0.1.0 (/opt/rustwide/workdir)
[INFO] [stdout] warning: variant `ZeroPage_X` should have an upper camel case name
[INFO] [stdout]   --> src/arquitecture/cpu.rs:48:5
[INFO] [stdout]    |
[INFO] [stdout] 48 |     ZeroPage_X,
[INFO] [stdout]    |     ^^^^^^^^^^ help: convert the identifier to upper camel case: `ZeroPageX`
[INFO] [stdout]    |
[INFO] [stdout]    = note: `#[warn(non_camel_case_types)]` on by default
[INFO] [stdout] 
[INFO] [stdout] 
[INFO] [stdout] warning: variant `ZeroPage_Y` should have an upper camel case name
[INFO] [stdout]   --> src/arquitecture/cpu.rs:49:5
[INFO] [stdout]    |
[INFO] [stdout] 49 |     ZeroPage_Y,
[INFO] [stdout]    |     ^^^^^^^^^^ help: convert the identifier to upper camel case: `ZeroPageY`
[INFO] [stdout] 
[INFO] [stdout] 
[INFO] [stdout] warning: variant `Absolute_X` should have an upper camel case name
[INFO] [stdout]   --> src/arquitecture/cpu.rs:51:5
[INFO] [stdout]    |
[INFO] [stdout] 51 |     Absolute_X,
[INFO] [stdout]    |     ^^^^^^^^^^ help: convert the identifier to upper camel case: `AbsoluteX`
[INFO] [stdout] 
[INFO] [stdout] 
[INFO] [stdout] warning: variant `Absolute_Y` should have an upper camel case name
[INFO] [stdout]   --> src/arquitecture/cpu.rs:52:5
[INFO] [stdout]    |
[INFO] [stdout] 52 |     Absolute_Y,
[INFO] [stdout]    |     ^^^^^^^^^^ help: convert the identifier to upper camel case: `AbsoluteY`
[INFO] [stdout] 
[INFO] [stdout] 
[INFO] [stdout] warning: variant `Indirect_X` should have an upper camel case name
[INFO] [stdout]   --> src/arquitecture/cpu.rs:53:5
[INFO] [stdout]    |
[INFO] [stdout] 53 |     Indirect_X,
[INFO] [stdout]    |     ^^^^^^^^^^ help: convert the identifier to upper camel case: `IndirectX`
[INFO] [stdout] 
[INFO] [stdout] 
[INFO] [stdout] warning: variant `Indirect_Y` should have an upper camel case name
[INFO] [stdout]   --> src/arquitecture/cpu.rs:54:5
[INFO] [stdout]    |
[INFO] [stdout] 54 |     Indirect_Y,
[INFO] [stdout]    |     ^^^^^^^^^^ help: convert the identifier to upper camel case: `IndirectY`
[INFO] [stdout] 
[INFO] [stdout] 
[INFO] [stdout] warning: unused import: `lazy_static::lazy_static`
[INFO] [stdout]   --> src/main.rs:16:5
[INFO] [stdout]    |
[INFO] [stdout] 16 | use lazy_static::lazy_static;
[INFO] [stdout]    |     ^^^^^^^^^^^^^^^^^^^^^^^^
[INFO] [stdout]    |
[INFO] [stdout]    = note: `#[warn(unused_imports)]` on by default
[INFO] [stdout] 
[INFO] [stdout] 
[INFO] [stdout] warning: function `draw_console` is never used
[INFO] [stdout]    --> src/main.rs:158:10
[INFO] [stdout]     |
[INFO] [stdout] 158 | async fn draw_console() {
[INFO] [stdout]     |          ^^^^^^^^^^^^
[INFO] [stdout]     |
[INFO] [stdout]     = note: `#[warn(dead_code)]` on by default
[INFO] [stdout] 
[INFO] [stdout] 
[INFO] [stdout] warning: function `print_console` is never used
[INFO] [stdout]    --> src/main.rs:214:10
[INFO] [stdout]     |
[INFO] [stdout] 214 | async fn print_console(x: u16, y: u16, stdout: Arc<Mutex<Stdout>>) {
[INFO] [stdout]     |          ^^^^^^^^^^^^^
[INFO] [stdout] 
[INFO] [stdout] 
[INFO] [stdout] warning: function `clear_console` is never used
[INFO] [stdout]    --> src/main.rs:221:4
[INFO] [stdout]     |
[INFO] [stdout] 221 | fn clear_console() {
[INFO] [stdout]     |    ^^^^^^^^^^^^^
[INFO] [stdout] 
[INFO] [stdout] 
[INFO] [stdout] warning: methods `load_and_run` and `run` are never used
[INFO] [stdout]    --> src/arquitecture/cpu.rs:239:12
[INFO] [stdout]     |
[INFO] [stdout] 87  | impl CPU {
[INFO] [stdout]     | -------- methods in this implementation
[INFO] [stdout] ...
[INFO] [stdout] 239 |     pub fn load_and_run(&mut self, program: Vec<u8>) {
[INFO] [stdout]     |            ^^^^^^^^^^^^
[INFO] [stdout] ...
[INFO] [stdout] 537 |     pub fn run(&mut self) {
[INFO] [stdout]     |            ^^^
[INFO] [stdout] 
[INFO] [stdout] 
[INFO] [stdout] warning: fields `mnemonic` and `cycles` are never read
[INFO] [stdout]  --> src/arquitecture/opcodes.rs:7:9
[INFO] [stdout]   |
[INFO] [stdout] 5 | pub struct OpCode {
[INFO] [stdout]   |            ------ fields in this struct
[INFO] [stdout] 6 |     pub code: u8,
[INFO] [stdout] 7 |     pub mnemonic: &'static str,
[INFO] [stdout]   |         ^^^^^^^^
[INFO] [stdout] 8 |     pub len: u8,
[INFO] [stdout] 9 |     pub cycles: u8,
[INFO] [stdout]   |         ^^^^^^
[INFO] [stdout] 
[INFO] [stdout] 
[INFO] [stderr]     Finished `dev` profile [unoptimized + debuginfo] target(s) in 24.00s
[INFO] running `Command { std: "docker" "inspect" "3707bb0d808919b26b7723e7be2e09e2cf189c3c7dd8258ca6b9080705c523ad", kill_on_drop: false }`
[INFO] running `Command { std: "docker" "rm" "-f" "3707bb0d808919b26b7723e7be2e09e2cf189c3c7dd8258ca6b9080705c523ad", kill_on_drop: false }`
[INFO] [stdout] 3707bb0d808919b26b7723e7be2e09e2cf189c3c7dd8258ca6b9080705c523ad
[INFO] running `Command { std: "docker" "create" "-v" "/var/lib/crater-agent-workspace/builds/worker-1-tc2/target:/opt/rustwide/target:rw,Z" "-v" "/var/lib/crater-agent-workspace/builds/worker-1-tc2/source:/opt/rustwide/workdir:ro,Z" "-v" "/var/lib/crater-agent-workspace/cargo-home:/opt/rustwide/cargo-home:ro,Z" "-v" "/var/lib/crater-agent-workspace/rustup-home:/opt/rustwide/rustup-home:ro,Z" "-e" "SOURCE_DIR=/opt/rustwide/workdir" "-e" "CARGO_TARGET_DIR=/opt/rustwide/target" "-e" "CARGO_INCREMENTAL=0" "-e" "RUST_BACKTRACE=full" "-e" "RUSTFLAGS=--cap-lints=forbid -Zrandomize-layout" "-e" "RUSTDOCFLAGS=--cap-lints=forbid" "-e" "CARGO_HOME=/opt/rustwide/cargo-home" "-e" "RUSTUP_HOME=/opt/rustwide/rustup-home" "-w" "/opt/rustwide/workdir" "-m" "1610612736" "--user" "0:0" "--network" "none" "ghcr.io/rust-lang/crates-build-env/linux@sha256:819108c5571ea2e421544af4d832f968d213c87fbe3707a016657f43d2f853bc" "/opt/rustwide/cargo-home/bin/cargo" "+nightly-2025-01-18" "test" "--frozen" "--no-run" "--message-format=json", kill_on_drop: false }`
[INFO] [stdout] 87d08773825939e993f23719d2820bc73fddb5366bf7bb79a1be116f385f0b65
[INFO] running `Command { std: "docker" "start" "-a" "87d08773825939e993f23719d2820bc73fddb5366bf7bb79a1be116f385f0b65", kill_on_drop: false }`
[INFO] [stderr]    Compiling ferrum v0.1.0 (/opt/rustwide/workdir)
[INFO] [stdout] warning: variant `ZeroPage_X` should have an upper camel case name
[INFO] [stdout]   --> src/arquitecture/cpu.rs:48:5
[INFO] [stdout]    |
[INFO] [stdout] 48 |     ZeroPage_X,
[INFO] [stdout]    |     ^^^^^^^^^^ help: convert the identifier to upper camel case: `ZeroPageX`
[INFO] [stdout]    |
[INFO] [stdout]    = note: `#[warn(non_camel_case_types)]` on by default
[INFO] [stdout] 
[INFO] [stdout] 
[INFO] [stdout] warning: variant `ZeroPage_Y` should have an upper camel case name
[INFO] [stdout]   --> src/arquitecture/cpu.rs:49:5
[INFO] [stdout]    |
[INFO] [stdout] 49 |     ZeroPage_Y,
[INFO] [stdout]    |     ^^^^^^^^^^ help: convert the identifier to upper camel case: `ZeroPageY`
[INFO] [stdout] 
[INFO] [stdout] 
[INFO] [stdout] warning: variant `Absolute_X` should have an upper camel case name
[INFO] [stdout]   --> src/arquitecture/cpu.rs:51:5
[INFO] [stdout]    |
[INFO] [stdout] 51 |     Absolute_X,
[INFO] [stdout]    |     ^^^^^^^^^^ help: convert the identifier to upper camel case: `AbsoluteX`
[INFO] [stdout] 
[INFO] [stdout] 
[INFO] [stdout] warning: variant `Absolute_Y` should have an upper camel case name
[INFO] [stdout]   --> src/arquitecture/cpu.rs:52:5
[INFO] [stdout]    |
[INFO] [stdout] 52 |     Absolute_Y,
[INFO] [stdout]    |     ^^^^^^^^^^ help: convert the identifier to upper camel case: `AbsoluteY`
[INFO] [stdout] 
[INFO] [stdout] 
[INFO] [stdout] warning: variant `Indirect_X` should have an upper camel case name
[INFO] [stdout]   --> src/arquitecture/cpu.rs:53:5
[INFO] [stdout]    |
[INFO] [stdout] 53 |     Indirect_X,
[INFO] [stdout]    |     ^^^^^^^^^^ help: convert the identifier to upper camel case: `IndirectX`
[INFO] [stdout] 
[INFO] [stdout] 
[INFO] [stdout] warning: variant `Indirect_Y` should have an upper camel case name
[INFO] [stdout]   --> src/arquitecture/cpu.rs:54:5
[INFO] [stdout]    |
[INFO] [stdout] 54 |     Indirect_Y,
[INFO] [stdout]    |     ^^^^^^^^^^ help: convert the identifier to upper camel case: `IndirectY`
[INFO] [stdout] 
[INFO] [stdout] 
[INFO] [stdout] warning: unused import: `lazy_static::lazy_static`
[INFO] [stdout]   --> src/main.rs:16:5
[INFO] [stdout]    |
[INFO] [stdout] 16 | use lazy_static::lazy_static;
[INFO] [stdout]    |     ^^^^^^^^^^^^^^^^^^^^^^^^
[INFO] [stdout]    |
[INFO] [stdout]    = note: `#[warn(unused_imports)]` on by default
[INFO] [stdout] 
[INFO] [stdout] 
[INFO] [stdout] warning: function `draw_console` is never used
[INFO] [stdout]    --> src/main.rs:158:10
[INFO] [stdout]     |
[INFO] [stdout] 158 | async fn draw_console() {
[INFO] [stdout]     |          ^^^^^^^^^^^^
[INFO] [stdout]     |
[INFO] [stdout]     = note: `#[warn(dead_code)]` on by default
[INFO] [stdout] 
[INFO] [stdout] 
[INFO] [stdout] warning: function `print_console` is never used
[INFO] [stdout]    --> src/main.rs:214:10
[INFO] [stdout]     |
[INFO] [stdout] 214 | async fn print_console(x: u16, y: u16, stdout: Arc<Mutex<Stdout>>) {
[INFO] [stdout]     |          ^^^^^^^^^^^^^
[INFO] [stdout] 
[INFO] [stdout] 
[INFO] [stdout] warning: function `clear_console` is never used
[INFO] [stdout]    --> src/main.rs:221:4
[INFO] [stdout]     |
[INFO] [stdout] 221 | fn clear_console() {
[INFO] [stdout]     |    ^^^^^^^^^^^^^
[INFO] [stdout] 
[INFO] [stdout] 
[INFO] [stdout] warning: fields `mnemonic` and `cycles` are never read
[INFO] [stdout]  --> src/arquitecture/opcodes.rs:7:9
[INFO] [stdout]   |
[INFO] [stdout] 5 | pub struct OpCode {
[INFO] [stdout]   |            ------ fields in this struct
[INFO] [stdout] 6 |     pub code: u8,
[INFO] [stdout] 7 |     pub mnemonic: &'static str,
[INFO] [stdout]   |         ^^^^^^^^
[INFO] [stdout] 8 |     pub len: u8,
[INFO] [stdout] 9 |     pub cycles: u8,
[INFO] [stdout]   |         ^^^^^^
[INFO] [stdout] 
[INFO] [stdout] 
[INFO] [stderr]     Finished `test` profile [unoptimized + debuginfo] target(s) in 0.88s
[INFO] running `Command { std: "docker" "inspect" "87d08773825939e993f23719d2820bc73fddb5366bf7bb79a1be116f385f0b65", kill_on_drop: false }`
[INFO] running `Command { std: "docker" "rm" "-f" "87d08773825939e993f23719d2820bc73fddb5366bf7bb79a1be116f385f0b65", kill_on_drop: false }`
[INFO] [stdout] 87d08773825939e993f23719d2820bc73fddb5366bf7bb79a1be116f385f0b65
[INFO] running `Command { std: "docker" "create" "-v" "/var/lib/crater-agent-workspace/builds/worker-1-tc2/target:/opt/rustwide/target:rw,Z" "-v" "/var/lib/crater-agent-workspace/builds/worker-1-tc2/source:/opt/rustwide/workdir:ro,Z" "-v" "/var/lib/crater-agent-workspace/cargo-home:/opt/rustwide/cargo-home:ro,Z" "-v" "/var/lib/crater-agent-workspace/rustup-home:/opt/rustwide/rustup-home:ro,Z" "-e" "SOURCE_DIR=/opt/rustwide/workdir" "-e" "CARGO_TARGET_DIR=/opt/rustwide/target" "-e" "CARGO_INCREMENTAL=0" "-e" "RUST_BACKTRACE=full" "-e" "RUSTFLAGS=--cap-lints=forbid -Zrandomize-layout" "-e" "RUSTDOCFLAGS=--cap-lints=forbid" "-e" "CARGO_HOME=/opt/rustwide/cargo-home" "-e" "RUSTUP_HOME=/opt/rustwide/rustup-home" "-w" "/opt/rustwide/workdir" "-m" "1610612736" "--user" "0:0" "--network" "none" "ghcr.io/rust-lang/crates-build-env/linux@sha256:819108c5571ea2e421544af4d832f968d213c87fbe3707a016657f43d2f853bc" "/opt/rustwide/cargo-home/bin/cargo" "+nightly-2025-01-18" "test" "--frozen", kill_on_drop: false }`
[INFO] [stdout] ee6eb7b06079fc07475b8817349d21320f9db57b43ac426ff48f4dbca9e2eced
[INFO] running `Command { std: "docker" "start" "-a" "ee6eb7b06079fc07475b8817349d21320f9db57b43ac426ff48f4dbca9e2eced", kill_on_drop: false }`
[INFO] [stderr] warning: variant `ZeroPage_X` should have an upper camel case name
[INFO] [stderr]   --> src/arquitecture/cpu.rs:48:5
[INFO] [stderr]    |
[INFO] [stderr] 48 |     ZeroPage_X,
[INFO] [stderr]    |     ^^^^^^^^^^ help: convert the identifier to upper camel case: `ZeroPageX`
[INFO] [stderr]    |
[INFO] [stderr]    = note: `#[warn(non_camel_case_types)]` on by default
[INFO] [stderr] 
[INFO] [stderr] warning: variant `ZeroPage_Y` should have an upper camel case name
[INFO] [stderr]   --> src/arquitecture/cpu.rs:49:5
[INFO] [stderr]    |
[INFO] [stderr] 49 |     ZeroPage_Y,
[INFO] [stderr]    |     ^^^^^^^^^^ help: convert the identifier to upper camel case: `ZeroPageY`
[INFO] [stderr] 
[INFO] [stderr] warning: variant `Absolute_X` should have an upper camel case name
[INFO] [stderr]   --> src/arquitecture/cpu.rs:51:5
[INFO] [stderr]    |
[INFO] [stderr] 51 |     Absolute_X,
[INFO] [stderr]    |     ^^^^^^^^^^ help: convert the identifier to upper camel case: `AbsoluteX`
[INFO] [stderr] 
[INFO] [stderr] warning: variant `Absolute_Y` should have an upper camel case name
[INFO] [stderr]   --> src/arquitecture/cpu.rs:52:5
[INFO] [stderr]    |
[INFO] [stderr] 52 |     Absolute_Y,
[INFO] [stderr]    |     ^^^^^^^^^^ help: convert the identifier to upper camel case: `AbsoluteY`
[INFO] [stderr] 
[INFO] [stderr] warning: variant `Indirect_X` should have an upper camel case name
[INFO] [stderr]   --> src/arquitecture/cpu.rs:53:5
[INFO] [stderr]    |
[INFO] [stderr] 53 |     Indirect_X,
[INFO] [stderr]    |     ^^^^^^^^^^ help: convert the identifier to upper camel case: `IndirectX`
[INFO] [stderr] 
[INFO] [stderr] warning: variant `Indirect_Y` should have an upper camel case name
[INFO] [stderr]   --> src/arquitecture/cpu.rs:54:5
[INFO] [stderr]    |
[INFO] [stderr] 54 |     Indirect_Y,
[INFO] [stderr]    |     ^^^^^^^^^^ help: convert the identifier to upper camel case: `IndirectY`
[INFO] [stderr] 
[INFO] [stderr] warning: unused import: `lazy_static::lazy_static`
[INFO] [stderr]   --> src/main.rs:16:5
[INFO] [stderr]    |
[INFO] [stderr] 16 | use lazy_static::lazy_static;
[INFO] [stderr]    |     ^^^^^^^^^^^^^^^^^^^^^^^^
[INFO] [stderr]    |
[INFO] [stderr]    = note: `#[warn(unused_imports)]` on by default
[INFO] [stderr] 
[INFO] [stderr] warning: function `draw_console` is never used
[INFO] [stderr]    --> src/main.rs:158:10
[INFO] [stderr]     |
[INFO] [stderr] 158 | async fn draw_console() {
[INFO] [stderr]     |          ^^^^^^^^^^^^
[INFO] [stderr]     |
[INFO] [stderr]     = note: `#[warn(dead_code)]` on by default
[INFO] [stderr] 
[INFO] [stderr] warning: function `print_console` is never used
[INFO] [stderr]    --> src/main.rs:214:10
[INFO] [stderr]     |
[INFO] [stderr] 214 | async fn print_console(x: u16, y: u16, stdout: Arc<Mutex<Stdout>>) {
[INFO] [stderr]     |          ^^^^^^^^^^^^^
[INFO] [stderr] 
[INFO] [stderr] warning: function `clear_console` is never used
[INFO] [stderr]    --> src/main.rs:221:4
[INFO] [stderr]     |
[INFO] [stderr] 221 | fn clear_console() {
[INFO] [stderr]     |    ^^^^^^^^^^^^^
[INFO] [stderr] 
[INFO] [stderr] warning: fields `mnemonic` and `cycles` are never read
[INFO] [stderr]  --> src/arquitecture/opcodes.rs:7:9
[INFO] [stderr]   |
[INFO] [stderr] 5 | pub struct OpCode {
[INFO] [stderr]   |            ------ fields in this struct
[INFO] [stderr] 6 |     pub code: u8,
[INFO] [stderr] 7 |     pub mnemonic: &'static str,
[INFO] [stderr]   |         ^^^^^^^^
[INFO] [stderr] 8 |     pub len: u8,
[INFO] [stderr] 9 |     pub cycles: u8,
[INFO] [stderr]   |         ^^^^^^
[INFO] [stderr] 
[INFO] [stderr] warning: `ferrum` (bin "ferrum" test) generated 11 warnings (run `cargo fix --bin "ferrum" --tests` to apply 1 suggestion)
[INFO] [stderr]     Finished `test` profile [unoptimized + debuginfo] target(s) in 0.08s
[INFO] [stderr]      Running unittests src/main.rs (/opt/rustwide/target/debug/deps/ferrum-bc47b0eda0f71cbb)
[INFO] [stdout] 
[INFO] [stdout] running 5 tests
[INFO] [stdout] test arquitecture::cpu::test::test_lda_from_memory ... ok
[INFO] [stdout] test arquitecture::cpu::test::test_5_ops_working_together ... ok
[INFO] [stdout] test arquitecture::cpu::test::test_0xa9_lda_immediate_load_data ... ok
[INFO] [stdout] test arquitecture::cpu::test::test_inx_overflow ... FAILED
[INFO] [stdout] test arquitecture::cpu::test::test_0xaa_tax_move_a_to_x ... FAILED
[INFO] [stdout] 
[INFO] [stdout] failures:
[INFO] [stderr] error: test failed, to rerun pass `--bin ferrum`
[INFO] [stdout] 
[INFO] [stdout] ---- arquitecture::cpu::test::test_inx_overflow stdout ----
[INFO] [stdout] 
[INFO] [stdout] thread 'arquitecture::cpu::test::test_inx_overflow' panicked at src/arquitecture/cpu.rs:877:9:
[INFO] [stdout] assertion `left == right` failed
[INFO] [stdout]   left: 2
[INFO] [stdout]  right: 1
[INFO] [stdout] stack backtrace:
[INFO] [stdout]    0:     0x6298968fe4aa - std::backtrace_rs::backtrace::libunwind::trace::hb059275cfc8d6126
[INFO] [stdout]                                at /rustc/6067b36314ab5eb2eb47cecc464545ba58e1ad24/library/std/src/../../backtrace/src/backtrace/libunwind.rs:116:5
[INFO] [stdout]    1:     0x6298968fe4aa - std::backtrace_rs::backtrace::trace_unsynchronized::h2da071e4327ce3ee
[INFO] [stdout]                                at /rustc/6067b36314ab5eb2eb47cecc464545ba58e1ad24/library/std/src/../../backtrace/src/backtrace/mod.rs:66:5
[INFO] [stdout]    2:     0x6298968fe4aa - std::sys::backtrace::_print_fmt::h842a1474e6f8d23f
[INFO] [stdout]                                at /rustc/6067b36314ab5eb2eb47cecc464545ba58e1ad24/library/std/src/sys/backtrace.rs:66:9
[INFO] [stdout]    3:     0x6298968fe4aa - <std::sys::backtrace::BacktraceLock::print::DisplayBacktrace as core::fmt::Display>::fmt::h71a62eb3b9696b12
[INFO] [stdout]                                at /rustc/6067b36314ab5eb2eb47cecc464545ba58e1ad24/library/std/src/sys/backtrace.rs:39:26
[INFO] [stdout]    4:     0x629896925ab3 - core::fmt::rt::Argument::fmt::hdb6b616786b41dc1
[INFO] [stdout]                                at /rustc/6067b36314ab5eb2eb47cecc464545ba58e1ad24/library/core/src/fmt/rt.rs:177:76
[INFO] [stdout]    5:     0x629896925ab3 - core::fmt::write::h2cc1698af7e2d686
[INFO] [stdout]                                at /rustc/6067b36314ab5eb2eb47cecc464545ba58e1ad24/library/core/src/fmt/mod.rs:1440:21
[INFO] [stdout]    6:     0x6298968fb003 - std::io::Write::write_fmt::hab1b4cd059a79022
[INFO] [stdout]                                at /rustc/6067b36314ab5eb2eb47cecc464545ba58e1ad24/library/std/src/io/mod.rs:1887:15
[INFO] [stdout]    7:     0x6298968fe2f2 - std::sys::backtrace::BacktraceLock::print::h147fe35b4ea13b08
[INFO] [stdout]                                at /rustc/6067b36314ab5eb2eb47cecc464545ba58e1ad24/library/std/src/sys/backtrace.rs:42:9
[INFO] [stdout]    8:     0x6298968ff8cf - std::panicking::default_hook::{{closure}}::hbd44223dbdc0d208
[INFO] [stdout]                                at /rustc/6067b36314ab5eb2eb47cecc464545ba58e1ad24/library/std/src/panicking.rs:298:22
[INFO] [stdout]    9:     0x6298968ff6e8 - std::panicking::default_hook::h20f81eb0576efcec
[INFO] [stdout]                                at /rustc/6067b36314ab5eb2eb47cecc464545ba58e1ad24/library/std/src/panicking.rs:322:9
[INFO] [stdout]   10:     0x6298968c31e3 - <alloc::boxed::Box<F,A> as core::ops::function::Fn<Args>>::call::hdb53814c496a4d34
[INFO] [stdout]                                at /rustc/6067b36314ab5eb2eb47cecc464545ba58e1ad24/library/alloc/src/boxed.rs:2027:9
[INFO] [stdout]   11:     0x6298968c31e3 - test::test_main::{{closure}}::hc0a4963c59427c24
[INFO] [stdout]                                at /rustc/6067b36314ab5eb2eb47cecc464545ba58e1ad24/library/test/src/lib.rs:134:21
[INFO] [stdout]   12:     0x6298969003c3 - <alloc::boxed::Box<F,A> as core::ops::function::Fn<Args>>::call::h591b2225413a77e9
[INFO] [stdout]                                at /rustc/6067b36314ab5eb2eb47cecc464545ba58e1ad24/library/alloc/src/boxed.rs:2027:9
[INFO] [stdout]   13:     0x6298969003c3 - std::panicking::rust_panic_with_hook::h625eea43051b2edc
[INFO] [stdout]                                at /rustc/6067b36314ab5eb2eb47cecc464545ba58e1ad24/library/std/src/panicking.rs:839:13
[INFO] [stdout]   14:     0x62989690007a - std::panicking::begin_panic_handler::{{closure}}::h4f9159cfbc3f6bd3
[INFO] [stdout]                                at /rustc/6067b36314ab5eb2eb47cecc464545ba58e1ad24/library/std/src/panicking.rs:704:13
[INFO] [stdout]   15:     0x6298968fe9a9 - std::sys::backtrace::__rust_end_short_backtrace::h0390abce48353151
[INFO] [stdout]                                at /rustc/6067b36314ab5eb2eb47cecc464545ba58e1ad24/library/std/src/sys/backtrace.rs:168:18
[INFO] [stdout]   16:     0x6298968ffd0d - rust_begin_unwind
[INFO] [stdout]                                at /rustc/6067b36314ab5eb2eb47cecc464545ba58e1ad24/library/std/src/panicking.rs:695:5
[INFO] [stdout]   17:     0x6298969244c0 - core::panicking::panic_fmt::h9e7c637e9e5f29c9
[INFO] [stdout]                                at /rustc/6067b36314ab5eb2eb47cecc464545ba58e1ad24/library/core/src/panicking.rs:75:14
[INFO] [stdout]   18:     0x629896924882 - core::panicking::assert_failed_inner::h538bec7c1374cd9c
[INFO] [stdout]   19:     0x629896881a58 - core::panicking::assert_failed::h14e39722c4a75c13
[INFO] [stdout]                                at /rustc/6067b36314ab5eb2eb47cecc464545ba58e1ad24/library/core/src/panicking.rs:364:5
[INFO] [stdout]   20:     0x62989688621f - ferrum::arquitecture::cpu::test::test_inx_overflow::h8d67d06da7bc1db2
[INFO] [stdout]                                at /opt/rustwide/workdir/src/arquitecture/cpu.rs:877:9
[INFO] [stdout]   21:     0x629896886127 - ferrum::arquitecture::cpu::test::test_inx_overflow::{{closure}}::h073479c85de2441e
[INFO] [stdout]                                at /opt/rustwide/workdir/src/arquitecture/cpu.rs:872:27
[INFO] [stdout]   22:     0x629896881016 - core::ops::function::FnOnce::call_once::hb748998fdbcfb5fc
[INFO] [stdout]                                at /rustc/6067b36314ab5eb2eb47cecc464545ba58e1ad24/library/core/src/ops/function.rs:250:5
[INFO] [stdout]   23:     0x6298968c893b - core::ops::function::FnOnce::call_once::he27718dfdd183f43
[INFO] [stdout]                                at /rustc/6067b36314ab5eb2eb47cecc464545ba58e1ad24/library/core/src/ops/function.rs:250:5
[INFO] [stdout]   24:     0x6298968c893b - test::__rust_begin_short_backtrace::h4e84902998457a5d
[INFO] [stdout]                                at /rustc/6067b36314ab5eb2eb47cecc464545ba58e1ad24/library/test/src/lib.rs:632:18
[INFO] [stdout]   25:     0x6298968c7873 - test::run_test_in_process::{{closure}}::h7176fd18fc1feca0
[INFO] [stdout]                                at /rustc/6067b36314ab5eb2eb47cecc464545ba58e1ad24/library/test/src/lib.rs:655:60
[INFO] [stdout]   26:     0x6298968c7873 - <core::panic::unwind_safe::AssertUnwindSafe<F> as core::ops::function::FnOnce<()>>::call_once::hf79cff2a624d8cf7
[INFO] [stdout]                                at /rustc/6067b36314ab5eb2eb47cecc464545ba58e1ad24/library/core/src/panic/unwind_safe.rs:272:9
[INFO] [stdout]   27:     0x6298968c7873 - std::panicking::try::do_call::h3da0561d9ab99c25
[INFO] [stdout]                                at /rustc/6067b36314ab5eb2eb47cecc464545ba58e1ad24/library/std/src/panicking.rs:587:40
[INFO] [stdout]   28:     0x6298968c7873 - std::panicking::try::h41c9fa508bc61df6
[INFO] [stdout]                                at /rustc/6067b36314ab5eb2eb47cecc464545ba58e1ad24/library/std/src/panicking.rs:550:19
[INFO] [stdout]   29:     0x6298968c7873 - std::panic::catch_unwind::h6b3ff07bb5afad93
[INFO] [stdout]                                at /rustc/6067b36314ab5eb2eb47cecc464545ba58e1ad24/library/std/src/panic.rs:358:14
[INFO] [stdout]   30:     0x6298968c7873 - test::run_test_in_process::hc7253dd11b39b9f4
[INFO] [stdout]                                at /rustc/6067b36314ab5eb2eb47cecc464545ba58e1ad24/library/test/src/lib.rs:655:27
[INFO] [stdout]   31:     0x6298968c7873 - test::run_test::{{closure}}::hfb2007f8649c30bb
[INFO] [stdout]                                at /rustc/6067b36314ab5eb2eb47cecc464545ba58e1ad24/library/test/src/lib.rs:576:43
[INFO] [stdout]   32:     0x62989688a955 - test::run_test::{{closure}}::h56a17aa7a282a9f4
[INFO] [stdout]                                at /rustc/6067b36314ab5eb2eb47cecc464545ba58e1ad24/library/test/src/lib.rs:606:41
[INFO] [stdout]   33:     0x62989688a955 - std::sys::backtrace::__rust_begin_short_backtrace::hd2d2d2fb8e8c6aac
[INFO] [stdout]                                at /rustc/6067b36314ab5eb2eb47cecc464545ba58e1ad24/library/std/src/sys/backtrace.rs:152:18
[INFO] [stdout]   34:     0x62989688e23a - std::thread::Builder::spawn_unchecked_::{{closure}}::{{closure}}::h4faa3f9db6133423
[INFO] [stdout]                                at /rustc/6067b36314ab5eb2eb47cecc464545ba58e1ad24/library/std/src/thread/mod.rs:559:17
[INFO] [stdout]   35:     0x62989688e23a - <core::panic::unwind_safe::AssertUnwindSafe<F> as core::ops::function::FnOnce<()>>::call_once::hf2e855a36a4ea846
[INFO] [stdout]                                at /rustc/6067b36314ab5eb2eb47cecc464545ba58e1ad24/library/core/src/panic/unwind_safe.rs:272:9
[INFO] [stdout]   36:     0x62989688e23a - std::panicking::try::do_call::h2f73af3616c35465
[INFO] [stdout]                                at /rustc/6067b36314ab5eb2eb47cecc464545ba58e1ad24/library/std/src/panicking.rs:587:40
[INFO] [stdout]   37:     0x62989688e23a - std::panicking::try::hd1660ce9efadef5a
[INFO] [stdout]                                at /rustc/6067b36314ab5eb2eb47cecc464545ba58e1ad24/library/std/src/panicking.rs:550:19
[INFO] [stdout]   38:     0x62989688e23a - std::panic::catch_unwind::h5ee8d7823b8ca744
[INFO] [stdout]                                at /rustc/6067b36314ab5eb2eb47cecc464545ba58e1ad24/library/std/src/panic.rs:358:14
[INFO] [stdout]   39:     0x62989688e23a - std::thread::Builder::spawn_unchecked_::{{closure}}::h53c3a1894dce8407
[INFO] [stdout]                                at /rustc/6067b36314ab5eb2eb47cecc464545ba58e1ad24/library/std/src/thread/mod.rs:557:30
[INFO] [stdout]   40:     0x62989688e23a - core::ops::function::FnOnce::call_once{{vtable.shim}}::h048ce291ad4f62bf
[INFO] [stdout]                                at /rustc/6067b36314ab5eb2eb47cecc464545ba58e1ad24/library/core/src/ops/function.rs:250:5
[INFO] [stdout]   41:     0x6298969042fb - <alloc::boxed::Box<F,A> as core::ops::function::FnOnce<Args>>::call_once::ha52bedf99a3b4981
[INFO] [stdout]                                at /rustc/6067b36314ab5eb2eb47cecc464545ba58e1ad24/library/alloc/src/boxed.rs:2013:9
[INFO] [stdout]   42:     0x6298969042fb - <alloc::boxed::Box<F,A> as core::ops::function::FnOnce<Args>>::call_once::h567748934d80ccf8
[INFO] [stdout]                                at /rustc/6067b36314ab5eb2eb47cecc464545ba58e1ad24/library/alloc/src/boxed.rs:2013:9
[INFO] [stdout]   43:     0x6298969042fb - std::sys::pal::unix::thread::Thread::new::thread_start::h2d970728ae887adc
[INFO] [stdout]                                at /rustc/6067b36314ab5eb2eb47cecc464545ba58e1ad24/library/std/src/sys/pal/unix/thread.rs:106:17
[INFO] [stdout]   44:     0x7e46029c4ac3 - <unknown>
[INFO] [stdout]   45:     0x7e4602a55a04 - clone
[INFO] [stdout]   46:                0x0 - <unknown>
[INFO] [stdout] 
[INFO] [stdout] ---- arquitecture::cpu::test::test_0xaa_tax_move_a_to_x stdout ----
[INFO] [stdout] 
[INFO] [stdout] thread 'arquitecture::cpu::test::test_0xaa_tax_move_a_to_x' panicked at src/arquitecture/cpu.rs:860:9:
[INFO] [stdout] assertion `left == right` failed
[INFO] [stdout]   left: 0
[INFO] [stdout]  right: 10
[INFO] [stdout] stack backtrace:
[INFO] [stdout]    0:     0x6298968fe4aa - std::backtrace_rs::backtrace::libunwind::trace::hb059275cfc8d6126
[INFO] [stdout]                                at /rustc/6067b36314ab5eb2eb47cecc464545ba58e1ad24/library/std/src/../../backtrace/src/backtrace/libunwind.rs:116:5
[INFO] [stdout]    1:     0x6298968fe4aa - std::backtrace_rs::backtrace::trace_unsynchronized::h2da071e4327ce3ee
[INFO] [stdout]                                at /rustc/6067b36314ab5eb2eb47cecc464545ba58e1ad24/library/std/src/../../backtrace/src/backtrace/mod.rs:66:5
[INFO] [stdout]    2:     0x6298968fe4aa - std::sys::backtrace::_print_fmt::h842a1474e6f8d23f
[INFO] [stdout]                                at /rustc/6067b36314ab5eb2eb47cecc464545ba58e1ad24/library/std/src/sys/backtrace.rs:66:9
[INFO] [stdout]    3:     0x6298968fe4aa - <std::sys::backtrace::BacktraceLock::print::DisplayBacktrace as core::fmt::Display>::fmt::h71a62eb3b9696b12
[INFO] [stdout]                                at /rustc/6067b36314ab5eb2eb47cecc464545ba58e1ad24/library/std/src/sys/backtrace.rs:39:26
[INFO] [stdout]    4:     0x629896925ab3 - core::fmt::rt::Argument::fmt::hdb6b616786b41dc1
[INFO] [stdout]                                at /rustc/6067b36314ab5eb2eb47cecc464545ba58e1ad24/library/core/src/fmt/rt.rs:177:76
[INFO] [stdout]    5:     0x629896925ab3 - core::fmt::write::h2cc1698af7e2d686
[INFO] [stdout]                                at /rustc/6067b36314ab5eb2eb47cecc464545ba58e1ad24/library/core/src/fmt/mod.rs:1440:21
[INFO] [stdout]    6:     0x6298968fb003 - std::io::Write::write_fmt::hab1b4cd059a79022
[INFO] [stdout]                                at /rustc/6067b36314ab5eb2eb47cecc464545ba58e1ad24/library/std/src/io/mod.rs:1887:15
[INFO] [stdout]    7:     0x6298968fe2f2 - std::sys::backtrace::BacktraceLock::print::h147fe35b4ea13b08
[INFO] [stdout]                                at /rustc/6067b36314ab5eb2eb47cecc464545ba58e1ad24/library/std/src/sys/backtrace.rs:42:9
[INFO] [stdout]    8:     0x6298968ff8cf - std::panicking::default_hook::{{closure}}::hbd44223dbdc0d208
[INFO] [stdout]                                at /rustc/6067b36314ab5eb2eb47cecc464545ba58e1ad24/library/std/src/panicking.rs:298:22
[INFO] [stdout]    9:     0x6298968ff6e8 - std::panicking::default_hook::h20f81eb0576efcec
[INFO] [stdout]                                at /rustc/6067b36314ab5eb2eb47cecc464545ba58e1ad24/library/std/src/panicking.rs:322:9
[INFO] [stdout]   10:     0x6298968c31e3 - <alloc::boxed::Box<F,A> as core::ops::function::Fn<Args>>::call::hdb53814c496a4d34
[INFO] [stdout]                                at /rustc/6067b36314ab5eb2eb47cecc464545ba58e1ad24/library/alloc/src/boxed.rs:2027:9
[INFO] [stdout]   11:     0x6298968c31e3 - test::test_main::{{closure}}::hc0a4963c59427c24
[INFO] [stdout]                                at /rustc/6067b36314ab5eb2eb47cecc464545ba58e1ad24/library/test/src/lib.rs:134:21
[INFO] [stdout]   12:     0x6298969003c3 - <alloc::boxed::Box<F,A> as core::ops::function::Fn<Args>>::call::h591b2225413a77e9
[INFO] [stdout]                                at /rustc/6067b36314ab5eb2eb47cecc464545ba58e1ad24/library/alloc/src/boxed.rs:2027:9
[INFO] [stdout]   13:     0x6298969003c3 - std::panicking::rust_panic_with_hook::h625eea43051b2edc
[INFO] [stdout]                                at /rustc/6067b36314ab5eb2eb47cecc464545ba58e1ad24/library/std/src/panicking.rs:839:13
[INFO] [stdout]   14:     0x62989690007a - std::panicking::begin_panic_handler::{{closure}}::h4f9159cfbc3f6bd3
[INFO] [stdout]                                at /rustc/6067b36314ab5eb2eb47cecc464545ba58e1ad24/library/std/src/panicking.rs:704:13
[INFO] [stdout]   15:     0x6298968fe9a9 - std::sys::backtrace::__rust_end_short_backtrace::h0390abce48353151
[INFO] [stdout]                                at /rustc/6067b36314ab5eb2eb47cecc464545ba58e1ad24/library/std/src/sys/backtrace.rs:168:18
[INFO] [stdout]   16:     0x6298968ffd0d - rust_begin_unwind
[INFO] [stdout]                                at /rustc/6067b36314ab5eb2eb47cecc464545ba58e1ad24/library/std/src/panicking.rs:695:5
[INFO] [stdout]   17:     0x6298969244c0 - core::panicking::panic_fmt::h9e7c637e9e5f29c9
[INFO] [stdout]                                at /rustc/6067b36314ab5eb2eb47cecc464545ba58e1ad24/library/core/src/panicking.rs:75:14
[INFO] [stdout]   18:     0x629896924882 - core::panicking::assert_failed_inner::h538bec7c1374cd9c
[INFO] [stdout]   19:     0x629896881a58 - core::panicking::assert_failed::h14e39722c4a75c13
[INFO] [stdout]                                at /rustc/6067b36314ab5eb2eb47cecc464545ba58e1ad24/library/core/src/panicking.rs:364:5
[INFO] [stdout]   20:     0x629896885fdb - ferrum::arquitecture::cpu::test::test_0xaa_tax_move_a_to_x::h7ae20dc8e0f51c96
[INFO] [stdout]                                at /opt/rustwide/workdir/src/arquitecture/cpu.rs:860:9
[INFO] [stdout]   21:     0x629896885ee7 - ferrum::arquitecture::cpu::test::test_0xaa_tax_move_a_to_x::{{closure}}::ha4ca9e36ce5e225e
[INFO] [stdout]                                at /opt/rustwide/workdir/src/arquitecture/cpu.rs:855:35
[INFO] [stdout]   22:     0x62989687cc46 - core::ops::function::FnOnce::call_once::h7ab98931f7d88fa9
[INFO] [stdout]                                at /rustc/6067b36314ab5eb2eb47cecc464545ba58e1ad24/library/core/src/ops/function.rs:250:5
[INFO] [stdout]   23:     0x6298968c893b - core::ops::function::FnOnce::call_once::he27718dfdd183f43
[INFO] [stdout]                                at /rustc/6067b36314ab5eb2eb47cecc464545ba58e1ad24/library/core/src/ops/function.rs:250:5
[INFO] [stdout]   24:     0x6298968c893b - test::__rust_begin_short_backtrace::h4e84902998457a5d
[INFO] [stdout]                                at /rustc/6067b36314ab5eb2eb47cecc464545ba58e1ad24/library/test/src/lib.rs:632:18
[INFO] [stdout]   25:     0x6298968c7873 - test::run_test_in_process::{{closure}}::h7176fd18fc1feca0
[INFO] [stdout]                                at /rustc/6067b36314ab5eb2eb47cecc464545ba58e1ad24/library/test/src/lib.rs:655:60
[INFO] [stdout]   26:     0x6298968c7873 - <core::panic::unwind_safe::AssertUnwindSafe<F> as core::ops::function::FnOnce<()>>::call_once::hf79cff2a624d8cf7
[INFO] [stdout]                                at /rustc/6067b36314ab5eb2eb47cecc464545ba58e1ad24/library/core/src/panic/unwind_safe.rs:272:9
[INFO] [stdout]   27:     0x6298968c7873 - std::panicking::try::do_call::h3da0561d9ab99c25
[INFO] [stdout]                                at /rustc/6067b36314ab5eb2eb47cecc464545ba58e1ad24/library/std/src/panicking.rs:587:40
[INFO] [stdout]   28:     0x6298968c7873 - std::panicking::try::h41c9fa508bc61df6
[INFO] [stdout]                                at /rustc/6067b36314ab5eb2eb47cecc464545ba58e1ad24/library/std/src/panicking.rs:550:19
[INFO] [stdout]   29:     0x6298968c7873 - std::panic::catch_unwind::h6b3ff07bb5afad93
[INFO] [stdout]                                at /rustc/6067b36314ab5eb2eb47cecc464545ba58e1ad24/library/std/src/panic.rs:358:14
[INFO] [stdout]   30:     0x6298968c7873 - test::run_test_in_process::hc7253dd11b39b9f4
[INFO] [stdout]                                at /rustc/6067b36314ab5eb2eb47cecc464545ba58e1ad24/library/test/src/lib.rs:655:27
[INFO] [stdout]   31:     0x6298968c7873 - test::run_test::{{closure}}::hfb2007f8649c30bb
[INFO] [stdout]                                at /rustc/6067b36314ab5eb2eb47cecc464545ba58e1ad24/library/test/src/lib.rs:576:43
[INFO] [stdout]   32:     0x62989688a955 - test::run_test::{{closure}}::h56a17aa7a282a9f4
[INFO] [stdout]                                at /rustc/6067b36314ab5eb2eb47cecc464545ba58e1ad24/library/test/src/lib.rs:606:41
[INFO] [stdout]   33:     0x62989688a955 - std::sys::backtrace::__rust_begin_short_backtrace::hd2d2d2fb8e8c6aac
[INFO] [stdout]                                at /rustc/6067b36314ab5eb2eb47cecc464545ba58e1ad24/library/std/src/sys/backtrace.rs:152:18
[INFO] [stdout]   34:     0x62989688e23a - std::thread::Builder::spawn_unchecked_::{{closure}}::{{closure}}::h4faa3f9db6133423
[INFO] [stdout]                                at /rustc/6067b36314ab5eb2eb47cecc464545ba58e1ad24/library/std/src/thread/mod.rs:559:17
[INFO] [stdout]   35:     0x62989688e23a - <core::panic::unwind_safe::AssertUnwindSafe<F> as core::ops::function::FnOnce<()>>::call_once::hf2e855a36a4ea846
[INFO] [stdout]                                at /rustc/6067b36314ab5eb2eb47cecc464545ba58e1ad24/library/core/src/panic/unwind_safe.rs:272:9
[INFO] [stdout]   36:     0x62989688e23a - std::panicking::try::do_call::h2f73af3616c35465
[INFO] [stdout]                                at /rustc/6067b36314ab5eb2eb47cecc464545ba58e1ad24/library/std/src/panicking.rs:587:40
[INFO] [stdout]   37:     0x62989688e23a - std::panicking::try::hd1660ce9efadef5a
[INFO] [stdout]                                at /rustc/6067b36314ab5eb2eb47cecc464545ba58e1ad24/library/std/src/panicking.rs:550:19
[INFO] [stdout]   38:     0x62989688e23a - std::panic::catch_unwind::h5ee8d7823b8ca744
[INFO] [stdout]                                at /rustc/6067b36314ab5eb2eb47cecc464545ba58e1ad24/library/std/src/panic.rs:358:14
[INFO] [stdout]   39:     0x62989688e23a - std::thread::Builder::spawn_unchecked_::{{closure}}::h53c3a1894dce8407
[INFO] [stdout]                                at /rustc/6067b36314ab5eb2eb47cecc464545ba58e1ad24/library/std/src/thread/mod.rs:557:30
[INFO] [stdout]   40:     0x62989688e23a - core::ops::function::FnOnce::call_once{{vtable.shim}}::h048ce291ad4f62bf
[INFO] [stdout]                                at /rustc/6067b36314ab5eb2eb47cecc464545ba58e1ad24/library/core/src/ops/function.rs:250:5
[INFO] [stdout]   41:     0x6298969042fb - <alloc::boxed::Box<F,A> as core::ops::function::FnOnce<Args>>::call_once::ha52bedf99a3b4981
[INFO] [stdout]                                at /rustc/6067b36314ab5eb2eb47cecc464545ba58e1ad24/library/alloc/src/boxed.rs:2013:9
[INFO] [stdout]   42:     0x6298969042fb - <alloc::boxed::Box<F,A> as core::ops::function::FnOnce<Args>>::call_once::h567748934d80ccf8
[INFO] [stdout]                                at /rustc/6067b36314ab5eb2eb47cecc464545ba58e1ad24/library/alloc/src/boxed.rs:2013:9
[INFO] [stdout]   43:     0x6298969042fb - std::sys::pal::unix::thread::Thread::new::thread_start::h2d970728ae887adc
[INFO] [stdout]                                at /rustc/6067b36314ab5eb2eb47cecc464545ba58e1ad24/library/std/src/sys/pal/unix/thread.rs:106:17
[INFO] [stdout]   44:     0x7e46029c4ac3 - <unknown>
[INFO] [stdout]   45:     0x7e4602a55a04 - clone
[INFO] [stdout]   46:                0x0 - <unknown>
[INFO] [stdout] 
[INFO] [stdout] 
[INFO] [stdout] failures:
[INFO] [stdout]     arquitecture::cpu::test::test_0xaa_tax_move_a_to_x
[INFO] [stdout]     arquitecture::cpu::test::test_inx_overflow
[INFO] [stdout] 
[INFO] [stdout] test result: FAILED. 3 passed; 2 failed; 0 ignored; 0 measured; 0 filtered out; finished in 0.05s
[INFO] [stdout] 
[INFO] running `Command { std: "docker" "inspect" "ee6eb7b06079fc07475b8817349d21320f9db57b43ac426ff48f4dbca9e2eced", kill_on_drop: false }`
[INFO] running `Command { std: "docker" "rm" "-f" "ee6eb7b06079fc07475b8817349d21320f9db57b43ac426ff48f4dbca9e2eced", kill_on_drop: false }`
[INFO] [stdout] ee6eb7b06079fc07475b8817349d21320f9db57b43ac426ff48f4dbca9e2eced
