[INFO] cloning repository https://github.com/cody-why/macro-into
[INFO] running `Command { std: "git" "-c" "credential.helper=" "-c" "credential.helper=/workspace/cargo-home/bin/git-credential-null" "clone" "--bare" "https://github.com/cody-why/macro-into" "/workspace/cache/git-repos/https%3A%2F%2Fgithub.com%2Fcody-why%2Fmacro-into", kill_on_drop: false }`
[INFO] [stderr] Cloning into bare repository '/workspace/cache/git-repos/https%3A%2F%2Fgithub.com%2Fcody-why%2Fmacro-into'...
[INFO] running `Command { std: "git" "rev-parse" "HEAD", kill_on_drop: false }`
[INFO] [stdout] f65b2ee3bdfe5852d5e30295e0c883b13b137a30
[INFO] testing cody-why/macro-into against nightly-2025-01-18+rustflags=-Zrandomize-layout for randomize-layout-2
[INFO] running `Command { std: "git" "clone" "/workspace/cache/git-repos/https%3A%2F%2Fgithub.com%2Fcody-why%2Fmacro-into" "/workspace/builds/worker-2-tc2/source", kill_on_drop: false }`
[INFO] [stderr] Cloning into '/workspace/builds/worker-2-tc2/source'...
[INFO] [stderr] done.
[INFO] validating manifest of git repo https://github.com/cody-why/macro-into on toolchain nightly-2025-01-18
[INFO] running `Command { std: CARGO_HOME="/workspace/cargo-home" RUSTUP_HOME="/workspace/rustup-home" "/workspace/cargo-home/bin/cargo" "+nightly-2025-01-18" "metadata" "--manifest-path" "Cargo.toml" "--no-deps", kill_on_drop: false }`
[INFO] started tweaking git repo https://github.com/cody-why/macro-into
[INFO] finished tweaking git repo https://github.com/cody-why/macro-into
[INFO] tweaked toml for git repo https://github.com/cody-why/macro-into written to /workspace/builds/worker-2-tc2/source/Cargo.toml
[INFO] crate git repo https://github.com/cody-why/macro-into already has a lockfile, it will not be regenerated
[INFO] running `Command { std: CARGO_HOME="/workspace/cargo-home" RUSTUP_HOME="/workspace/rustup-home" "/workspace/cargo-home/bin/cargo" "+nightly-2025-01-18" "fetch" "--manifest-path" "Cargo.toml", kill_on_drop: false }`
[INFO] running `Command { std: "docker" "create" "-v" "/var/lib/crater-agent-workspace/builds/worker-2-tc2/target:/opt/rustwide/target:rw,Z" "-v" "/var/lib/crater-agent-workspace/builds/worker-2-tc2/source:/opt/rustwide/workdir:ro,Z" "-v" "/var/lib/crater-agent-workspace/cargo-home:/opt/rustwide/cargo-home:ro,Z" "-v" "/var/lib/crater-agent-workspace/rustup-home:/opt/rustwide/rustup-home:ro,Z" "-e" "SOURCE_DIR=/opt/rustwide/workdir" "-e" "CARGO_TARGET_DIR=/opt/rustwide/target" "-e" "CARGO_HOME=/opt/rustwide/cargo-home" "-e" "RUSTUP_HOME=/opt/rustwide/rustup-home" "-w" "/opt/rustwide/workdir" "-m" "1610612736" "--user" "0:0" "--network" "none" "ghcr.io/rust-lang/crates-build-env/linux@sha256:819108c5571ea2e421544af4d832f968d213c87fbe3707a016657f43d2f853bc" "/opt/rustwide/cargo-home/bin/cargo" "+nightly-2025-01-18" "metadata" "--no-deps" "--format-version=1", kill_on_drop: false }`
[INFO] [stdout] 7c1842891b0db7b322ce74bb9a52ecc1b1a5d92ff7dbf0066832ebd15acead7b
[INFO] running `Command { std: "docker" "start" "-a" "7c1842891b0db7b322ce74bb9a52ecc1b1a5d92ff7dbf0066832ebd15acead7b", kill_on_drop: false }`
[INFO] running `Command { std: "docker" "inspect" "7c1842891b0db7b322ce74bb9a52ecc1b1a5d92ff7dbf0066832ebd15acead7b", kill_on_drop: false }`
[INFO] running `Command { std: "docker" "rm" "-f" "7c1842891b0db7b322ce74bb9a52ecc1b1a5d92ff7dbf0066832ebd15acead7b", kill_on_drop: false }`
[INFO] [stdout] 7c1842891b0db7b322ce74bb9a52ecc1b1a5d92ff7dbf0066832ebd15acead7b
[INFO] running `Command { std: "docker" "create" "-v" "/var/lib/crater-agent-workspace/builds/worker-2-tc2/target:/opt/rustwide/target:rw,Z" "-v" "/var/lib/crater-agent-workspace/builds/worker-2-tc2/source:/opt/rustwide/workdir:ro,Z" "-v" "/var/lib/crater-agent-workspace/cargo-home:/opt/rustwide/cargo-home:ro,Z" "-v" "/var/lib/crater-agent-workspace/rustup-home:/opt/rustwide/rustup-home:ro,Z" "-e" "SOURCE_DIR=/opt/rustwide/workdir" "-e" "CARGO_TARGET_DIR=/opt/rustwide/target" "-e" "CARGO_INCREMENTAL=0" "-e" "RUST_BACKTRACE=full" "-e" "RUSTFLAGS=--cap-lints=forbid -Zrandomize-layout" "-e" "RUSTDOCFLAGS=--cap-lints=forbid" "-e" "CARGO_HOME=/opt/rustwide/cargo-home" "-e" "RUSTUP_HOME=/opt/rustwide/rustup-home" "-w" "/opt/rustwide/workdir" "-m" "1610612736" "--user" "0:0" "--network" "none" "ghcr.io/rust-lang/crates-build-env/linux@sha256:819108c5571ea2e421544af4d832f968d213c87fbe3707a016657f43d2f853bc" "/opt/rustwide/cargo-home/bin/cargo" "+nightly-2025-01-18" "build" "--frozen" "--message-format=json", kill_on_drop: false }`
[INFO] [stdout] 14d14aba0a8532507df95761217d9dd27d8032d72b6cb460462e866ec3a66a6a
[INFO] running `Command { std: "docker" "start" "-a" "14d14aba0a8532507df95761217d9dd27d8032d72b6cb460462e866ec3a66a6a", kill_on_drop: false }`
[INFO] [stderr]    Compiling proc-macro2 v1.0.92
[INFO] [stderr]    Compiling unicode-ident v1.0.14
[INFO] [stderr]    Compiling quote v1.0.37
[INFO] [stderr]    Compiling syn v2.0.90
[INFO] [stderr]    Compiling into-from v0.1.5 (/opt/rustwide/workdir)
[INFO] [stderr]     Finished `dev` profile [unoptimized + debuginfo] target(s) in 6.66s
[INFO] running `Command { std: "docker" "inspect" "14d14aba0a8532507df95761217d9dd27d8032d72b6cb460462e866ec3a66a6a", kill_on_drop: false }`
[INFO] running `Command { std: "docker" "rm" "-f" "14d14aba0a8532507df95761217d9dd27d8032d72b6cb460462e866ec3a66a6a", kill_on_drop: false }`
[INFO] [stdout] 14d14aba0a8532507df95761217d9dd27d8032d72b6cb460462e866ec3a66a6a
[INFO] running `Command { std: "docker" "create" "-v" "/var/lib/crater-agent-workspace/builds/worker-2-tc2/target:/opt/rustwide/target:rw,Z" "-v" "/var/lib/crater-agent-workspace/builds/worker-2-tc2/source:/opt/rustwide/workdir:ro,Z" "-v" "/var/lib/crater-agent-workspace/cargo-home:/opt/rustwide/cargo-home:ro,Z" "-v" "/var/lib/crater-agent-workspace/rustup-home:/opt/rustwide/rustup-home:ro,Z" "-e" "SOURCE_DIR=/opt/rustwide/workdir" "-e" "CARGO_TARGET_DIR=/opt/rustwide/target" "-e" "CARGO_INCREMENTAL=0" "-e" "RUST_BACKTRACE=full" "-e" "RUSTFLAGS=--cap-lints=forbid -Zrandomize-layout" "-e" "RUSTDOCFLAGS=--cap-lints=forbid" "-e" "CARGO_HOME=/opt/rustwide/cargo-home" "-e" "RUSTUP_HOME=/opt/rustwide/rustup-home" "-w" "/opt/rustwide/workdir" "-m" "1610612736" "--user" "0:0" "--network" "none" "ghcr.io/rust-lang/crates-build-env/linux@sha256:819108c5571ea2e421544af4d832f968d213c87fbe3707a016657f43d2f853bc" "/opt/rustwide/cargo-home/bin/cargo" "+nightly-2025-01-18" "test" "--frozen" "--no-run" "--message-format=json", kill_on_drop: false }`
[INFO] [stdout] e247a42fc7d5f92ef49d31ca42a9a11f626a5ce91450383b404ccc52885e0c43
[INFO] running `Command { std: "docker" "start" "-a" "e247a42fc7d5f92ef49d31ca42a9a11f626a5ce91450383b404ccc52885e0c43", kill_on_drop: false }`
[INFO] [stderr]    Compiling into-from v0.1.5 (/opt/rustwide/workdir)
[INFO] [stderr]     Finished `test` profile [unoptimized + debuginfo] target(s) in 0.81s
[INFO] running `Command { std: "docker" "inspect" "e247a42fc7d5f92ef49d31ca42a9a11f626a5ce91450383b404ccc52885e0c43", kill_on_drop: false }`
[INFO] running `Command { std: "docker" "rm" "-f" "e247a42fc7d5f92ef49d31ca42a9a11f626a5ce91450383b404ccc52885e0c43", kill_on_drop: false }`
[INFO] [stdout] e247a42fc7d5f92ef49d31ca42a9a11f626a5ce91450383b404ccc52885e0c43
[INFO] running `Command { std: "docker" "create" "-v" "/var/lib/crater-agent-workspace/builds/worker-2-tc2/target:/opt/rustwide/target:rw,Z" "-v" "/var/lib/crater-agent-workspace/builds/worker-2-tc2/source:/opt/rustwide/workdir:ro,Z" "-v" "/var/lib/crater-agent-workspace/cargo-home:/opt/rustwide/cargo-home:ro,Z" "-v" "/var/lib/crater-agent-workspace/rustup-home:/opt/rustwide/rustup-home:ro,Z" "-e" "SOURCE_DIR=/opt/rustwide/workdir" "-e" "CARGO_TARGET_DIR=/opt/rustwide/target" "-e" "CARGO_INCREMENTAL=0" "-e" "RUST_BACKTRACE=full" "-e" "RUSTFLAGS=--cap-lints=forbid -Zrandomize-layout" "-e" "RUSTDOCFLAGS=--cap-lints=forbid" "-e" "CARGO_HOME=/opt/rustwide/cargo-home" "-e" "RUSTUP_HOME=/opt/rustwide/rustup-home" "-w" "/opt/rustwide/workdir" "-m" "1610612736" "--user" "0:0" "--network" "none" "ghcr.io/rust-lang/crates-build-env/linux@sha256:819108c5571ea2e421544af4d832f968d213c87fbe3707a016657f43d2f853bc" "/opt/rustwide/cargo-home/bin/cargo" "+nightly-2025-01-18" "test" "--frozen", kill_on_drop: false }`
[INFO] [stdout] 536a51b2b70097920b7f1cb9d9f3dc31c21a4ba626e806bc839af0b944e625c3
[INFO] running `Command { std: "docker" "start" "-a" "536a51b2b70097920b7f1cb9d9f3dc31c21a4ba626e806bc839af0b944e625c3", kill_on_drop: false }`
[INFO] [stderr]     Finished `test` profile [unoptimized + debuginfo] target(s) in 0.02s
[INFO] [stderr]      Running unittests src/lib.rs (/opt/rustwide/target/debug/deps/into_from-cddbfc5cb68cdbd3)
[INFO] [stdout] 
[INFO] [stdout] running 0 tests
[INFO] [stdout] 
[INFO] [stdout] test result: ok. 0 passed; 0 failed; 0 ignored; 0 measured; 0 filtered out; finished in 0.00s
[INFO] [stdout] 
[INFO] [stderr]    Doc-tests into_from
[INFO] [stdout] 
[INFO] [stdout] running 2 tests
[INFO] [stdout] test src/lib.rs - into (line 28) - compile ... FAILED
[INFO] [stdout] test src/lib.rs - from (line 123) - compile ... FAILED
[INFO] [stdout] 
[INFO] [stdout] failures:
[INFO] [stdout] 
[INFO] [stdout] ---- src/lib.rs - into (line 28) stdout ----
[INFO] [stdout] error: cannot find attribute `into` in this scope
[INFO] [stdout]  --> src/lib.rs:35:3
[INFO] [stdout]   |
[INFO] [stdout] 9 | #[into(Foo)]  // no default
[INFO] [stdout]   |   ^^^^
[INFO] [stdout]   |
[INFO] [stdout] help: consider importing this attribute macro
[INFO] [stdout]   |
[INFO] [stdout] 2 + use into_from::into;
[INFO] [stdout]   |
[INFO] [stdout] 
[INFO] [stdout] error: cannot find attribute `into_skip` in this scope
[INFO] [stdout]   --> src/lib.rs:39:7
[INFO] [stdout]    |
[INFO] [stdout] 13 |     #[into_skip]
[INFO] [stdout]    |       ^^^^^^^^^
[INFO] [stdout] 
[INFO] [stdout] error: cannot find attribute `into` in this scope
[INFO] [stdout]   --> src/lib.rs:41:7
[INFO] [stdout]    |
[INFO] [stdout] 15 |     #[into(self.field3.to_string())]
[INFO] [stdout]    |       ^^^^
[INFO] [stdout]    |
[INFO] [stdout] help: consider importing this attribute macro
[INFO] [stdout]    |
[INFO] [stdout] 2  + use into_from::into;
[INFO] [stdout]    |
[INFO] [stdout] 
[INFO] [stdout] error: aborting due to 3 previous errors
[INFO] [stdout] 
[INFO] [stdout] Couldn't compile the test.
[INFO] [stdout] ---- src/lib.rs - from (line 123) stdout ----
[INFO] [stdout] error: cannot find attribute `from` in this scope
[INFO] [stdout]  --> src/lib.rs:129:3
[INFO] [stdout]   |
[INFO] [stdout] 8 | #[from(Foo)]
[INFO] [stdout]   |   ^^^^
[INFO] [stdout]   |
[INFO] [stdout] help: consider importing this attribute macro
[INFO] [stdout]   |
[INFO] [stdout] 2 + use into_from::from;
[INFO] [stdout]   |
[INFO] [stdout] 
[INFO] [stdout] error: cannot find attribute `from` in this scope
[INFO] [stdout]   --> src/lib.rs:132:7
[INFO] [stdout]    |
[INFO] [stdout] 11 |     #[from(source.field2.parse::<i32>().unwrap())]
[INFO] [stdout]    |       ^^^^
[INFO] [stdout]    |
[INFO] [stdout] help: consider importing this attribute macro
[INFO] [stdout]    |
[INFO] [stdout] 2  + use into_from::from;
[INFO] [stdout]    |
[INFO] [stdout] 
[INFO] [stdout] error: aborting due to 2 previous errors
[INFO] [stdout] 
[INFO] [stdout] Couldn't compile the test.
[INFO] [stdout] 
[INFO] [stdout] failures:
[INFO] [stdout]     src/lib.rs - from (line 123)
[INFO] [stdout]     src/lib.rs - into (line 28)
[INFO] [stdout] 
[INFO] [stdout] test result: FAILED. 0 passed; 2 failed; 0 ignored; 0 measured; 0 filtered out; finished in 0.22s
[INFO] [stdout] 
[INFO] [stderr] error: doctest failed, to rerun pass `--doc`
[INFO] running `Command { std: "docker" "inspect" "536a51b2b70097920b7f1cb9d9f3dc31c21a4ba626e806bc839af0b944e625c3", kill_on_drop: false }`
[INFO] running `Command { std: "docker" "rm" "-f" "536a51b2b70097920b7f1cb9d9f3dc31c21a4ba626e806bc839af0b944e625c3", kill_on_drop: false }`
[INFO] [stdout] 536a51b2b70097920b7f1cb9d9f3dc31c21a4ba626e806bc839af0b944e625c3
