[INFO] cloning repository https://github.com/codemath3000/NTxVentures
[INFO] running `Command { std: "git" "-c" "credential.helper=" "-c" "credential.helper=/workspace/cargo-home/bin/git-credential-null" "clone" "--bare" "https://github.com/codemath3000/NTxVentures" "/workspace/cache/git-repos/https%3A%2F%2Fgithub.com%2Fcodemath3000%2FNTxVentures", kill_on_drop: false }`
[INFO] [stderr] Cloning into bare repository '/workspace/cache/git-repos/https%3A%2F%2Fgithub.com%2Fcodemath3000%2FNTxVentures'...
[INFO] running `Command { std: "git" "rev-parse" "HEAD", kill_on_drop: false }`
[INFO] [stdout] f6e7200498ff1687d20ff41768f381d29f2b8e5a
[INFO] testing codemath3000/NTxVentures against nightly-2025-01-18 for randomize-layout-2
[INFO] running `Command { std: "git" "clone" "/workspace/cache/git-repos/https%3A%2F%2Fgithub.com%2Fcodemath3000%2FNTxVentures" "/workspace/builds/worker-6-tc1/source", kill_on_drop: false }`
[INFO] [stderr] Cloning into '/workspace/builds/worker-6-tc1/source'...
[INFO] [stderr] done.
[INFO] validating manifest of git repo https://github.com/codemath3000/NTxVentures on toolchain nightly-2025-01-18
[INFO] running `Command { std: CARGO_HOME="/workspace/cargo-home" RUSTUP_HOME="/workspace/rustup-home" "/workspace/cargo-home/bin/cargo" "+nightly-2025-01-18" "metadata" "--manifest-path" "Cargo.toml" "--no-deps", kill_on_drop: false }`
[INFO] started tweaking git repo https://github.com/codemath3000/NTxVentures
[INFO] finished tweaking git repo https://github.com/codemath3000/NTxVentures
[INFO] tweaked toml for git repo https://github.com/codemath3000/NTxVentures written to /workspace/builds/worker-6-tc1/source/Cargo.toml
[INFO] crate git repo https://github.com/codemath3000/NTxVentures already has a lockfile, it will not be regenerated
[INFO] running `Command { std: CARGO_HOME="/workspace/cargo-home" RUSTUP_HOME="/workspace/rustup-home" "/workspace/cargo-home/bin/cargo" "+nightly-2025-01-18" "fetch" "--manifest-path" "Cargo.toml", kill_on_drop: false }`
[INFO] [stderr]  Downloading crates ...
[INFO] [stderr]   Downloaded serde-xml-rs v0.4.1
[INFO] running `Command { std: "docker" "create" "-v" "/var/lib/crater-agent-workspace/builds/worker-6-tc1/target:/opt/rustwide/target:rw,Z" "-v" "/var/lib/crater-agent-workspace/builds/worker-6-tc1/source:/opt/rustwide/workdir:ro,Z" "-v" "/var/lib/crater-agent-workspace/cargo-home:/opt/rustwide/cargo-home:ro,Z" "-v" "/var/lib/crater-agent-workspace/rustup-home:/opt/rustwide/rustup-home:ro,Z" "-e" "SOURCE_DIR=/opt/rustwide/workdir" "-e" "CARGO_TARGET_DIR=/opt/rustwide/target" "-e" "CARGO_HOME=/opt/rustwide/cargo-home" "-e" "RUSTUP_HOME=/opt/rustwide/rustup-home" "-w" "/opt/rustwide/workdir" "-m" "1610612736" "--user" "0:0" "--network" "none" "ghcr.io/rust-lang/crates-build-env/linux@sha256:819108c5571ea2e421544af4d832f968d213c87fbe3707a016657f43d2f853bc" "/opt/rustwide/cargo-home/bin/cargo" "+nightly-2025-01-18" "metadata" "--no-deps" "--format-version=1", kill_on_drop: false }`
[INFO] [stdout] 74b3e1ee4851239bc2acf442c5715b567531d57d5368597ff45e77c9f29cced1
[INFO] running `Command { std: "docker" "start" "-a" "74b3e1ee4851239bc2acf442c5715b567531d57d5368597ff45e77c9f29cced1", kill_on_drop: false }`
[INFO] running `Command { std: "docker" "inspect" "74b3e1ee4851239bc2acf442c5715b567531d57d5368597ff45e77c9f29cced1", kill_on_drop: false }`
[INFO] running `Command { std: "docker" "rm" "-f" "74b3e1ee4851239bc2acf442c5715b567531d57d5368597ff45e77c9f29cced1", kill_on_drop: false }`
[INFO] [stdout] 74b3e1ee4851239bc2acf442c5715b567531d57d5368597ff45e77c9f29cced1
[INFO] running `Command { std: "docker" "create" "-v" "/var/lib/crater-agent-workspace/builds/worker-6-tc1/target:/opt/rustwide/target:rw,Z" "-v" "/var/lib/crater-agent-workspace/builds/worker-6-tc1/source:/opt/rustwide/workdir:ro,Z" "-v" "/var/lib/crater-agent-workspace/cargo-home:/opt/rustwide/cargo-home:ro,Z" "-v" "/var/lib/crater-agent-workspace/rustup-home:/opt/rustwide/rustup-home:ro,Z" "-e" "SOURCE_DIR=/opt/rustwide/workdir" "-e" "CARGO_TARGET_DIR=/opt/rustwide/target" "-e" "CARGO_INCREMENTAL=0" "-e" "RUST_BACKTRACE=full" "-e" "RUSTFLAGS=--cap-lints=forbid" "-e" "RUSTDOCFLAGS=--cap-lints=forbid" "-e" "CARGO_HOME=/opt/rustwide/cargo-home" "-e" "RUSTUP_HOME=/opt/rustwide/rustup-home" "-w" "/opt/rustwide/workdir" "-m" "1610612736" "--user" "0:0" "--network" "none" "ghcr.io/rust-lang/crates-build-env/linux@sha256:819108c5571ea2e421544af4d832f968d213c87fbe3707a016657f43d2f853bc" "/opt/rustwide/cargo-home/bin/cargo" "+nightly-2025-01-18" "build" "--frozen" "--message-format=json", kill_on_drop: false }`
[INFO] [stdout] 981c298af04ea2c14857a1e4633a06c04c4a03e2b1e4ff075cdb9325d0caab98
[INFO] running `Command { std: "docker" "start" "-a" "981c298af04ea2c14857a1e4633a06c04c4a03e2b1e4ff075cdb9325d0caab98", kill_on_drop: false }`
[INFO] [stderr]    Compiling autocfg v1.0.1
[INFO] [stderr]    Compiling proc-macro2 v1.0.28
[INFO] [stderr]    Compiling cfg-if v1.0.0
[INFO] [stderr]    Compiling unicode-xid v0.2.2
[INFO] [stderr]    Compiling syn v1.0.74
[INFO] [stderr]    Compiling libc v0.2.98
[INFO] [stderr]    Compiling log v0.4.14
[INFO] [stderr]    Compiling pin-project-lite v0.2.7
[INFO] [stderr]    Compiling memchr v2.4.0
[INFO] [stderr]    Compiling futures-core v0.3.16
[INFO] [stderr]    Compiling pkg-config v0.3.19
[INFO] [stderr]    Compiling proc-macro-hack v0.5.19
[INFO] [stderr]    Compiling cc v1.0.69
[INFO] [stderr]    Compiling proc-macro-nested v0.1.7
[INFO] [stderr]    Compiling bytes v1.0.1
[INFO] [stderr]    Compiling futures-sink v0.3.16
[INFO] [stderr]    Compiling futures-channel v0.3.16
[INFO] [stderr]    Compiling futures-task v0.3.16
[INFO] [stderr]    Compiling itoa v0.4.7
[INFO] [stderr]    Compiling slab v0.4.3
[INFO] [stderr]    Compiling bitflags v1.2.1
[INFO] [stderr]    Compiling futures-io v0.3.16
[INFO] [stderr]    Compiling futures-macro v0.3.16
[INFO] [stderr]    Compiling tokio v1.9.0
[INFO] [stderr]    Compiling futures-util v0.3.16
[INFO] [stderr]    Compiling pin-utils v0.1.0
[INFO] [stderr]    Compiling indexmap v1.7.0
[INFO] [stderr]    Compiling serde v1.0.126
[INFO] [stderr]    Compiling fnv v1.0.7
[INFO] [stderr]    Compiling matches v0.1.8
[INFO] [stderr]    Compiling openssl v0.10.35
[INFO] [stderr]    Compiling foreign-types-shared v0.1.1
[INFO] [stderr]    Compiling lazy_static v1.4.0
[INFO] [stderr]    Compiling foreign-types v0.3.2
[INFO] [stderr]    Compiling once_cell v1.8.0
[INFO] [stderr]    Compiling tinyvec_macros v0.1.0
[INFO] [stderr]    Compiling hashbrown v0.11.2
[INFO] [stderr]    Compiling ryu v1.0.5
[INFO] [stderr]    Compiling tracing-core v0.1.18
[INFO] [stderr]    Compiling httparse v1.4.1
[INFO] [stderr]    Compiling native-tls v0.2.7
[INFO] [stderr]    Compiling http v0.2.4
[INFO] [stderr]    Compiling tinyvec v1.3.1
[INFO] [stderr]    Compiling openssl-probe v0.1.4
[INFO] [stderr]    Compiling try-lock v0.2.3
[INFO] [stderr]    Compiling percent-encoding v2.1.0
[INFO] [stderr]    Compiling form_urlencoded v1.0.1
[INFO] [stderr]    Compiling want v0.3.0
[INFO] [stderr]    Compiling unicode-bidi v0.3.5
[INFO] [stderr]    Compiling encoding_rs v0.8.28
[INFO] [stderr]    Compiling httpdate v1.0.1
[INFO] [stderr]    Compiling tower-service v0.3.1
[INFO] [stderr]    Compiling serde_json v1.0.66
[INFO] [stderr]    Compiling serde_derive v1.0.126
[INFO] [stderr]    Compiling quote v1.0.9
[INFO] [stderr]    Compiling openssl-sys v0.9.65
[INFO] [stderr]    Compiling mio v0.7.13
[INFO] [stderr]    Compiling tracing v0.1.26
[INFO] [stderr]    Compiling socket2 v0.4.1
[INFO] [stderr]    Compiling base64 v0.13.0
[INFO] [stderr]    Compiling ipnet v2.3.1
[INFO] [stderr]    Compiling xml-rs v0.8.4
[INFO] [stderr]    Compiling mime v0.3.16
[INFO] [stderr]    Compiling json v0.12.4
[INFO] [stderr]    Compiling unicode-normalization v0.1.19
[INFO] [stderr]    Compiling idna v0.2.3
[INFO] [stderr]    Compiling http-body v0.4.2
[INFO] [stderr]    Compiling url v2.2.2
[INFO] [stderr]    Compiling serde_urlencoded v0.7.0
[INFO] [stderr]    Compiling thiserror-impl v1.0.26
[INFO] [stderr]    Compiling tokio-util v0.6.7
[INFO] [stderr]    Compiling tokio-native-tls v0.3.0
[INFO] [stderr]    Compiling thiserror v1.0.26
[INFO] [stderr]    Compiling serde-xml-rs v0.4.1
[INFO] [stderr]    Compiling h2 v0.3.3
[INFO] [stderr]    Compiling futures-executor v0.3.16
[INFO] [stderr]    Compiling futures v0.3.16
[INFO] [stderr]    Compiling hyper v0.14.11
[INFO] [stderr]    Compiling hyper-tls v0.5.0
[INFO] [stderr]    Compiling reqwest v0.11.4
[INFO] [stderr]    Compiling NTxVentures v0.1.0 (/opt/rustwide/workdir)
[INFO] [stdout] warning: unused import: `BTreeMap`
[INFO] [stdout]  --> src/main.rs:9:33
[INFO] [stdout]   |
[INFO] [stdout] 9 | use std::collections::{HashMap, BTreeMap};
[INFO] [stdout]   |                                 ^^^^^^^^
[INFO] [stdout]   |
[INFO] [stdout]   = note: `#[warn(unused_imports)]` on by default
[INFO] [stdout] 
[INFO] [stdout] 
[INFO] [stdout] warning: unused import: `json::object`
[INFO] [stdout]   --> src/main.rs:10:5
[INFO] [stdout]    |
[INFO] [stdout] 10 | use json::object;
[INFO] [stdout]    |     ^^^^^^^^^^^^
[INFO] [stdout] 
[INFO] [stdout] 
[INFO] [stdout] warning: unused import: `std::iter::FromIterator`
[INFO] [stdout]   --> src/main.rs:11:5
[INFO] [stdout]    |
[INFO] [stdout] 11 | use std::iter::FromIterator;
[INFO] [stdout]    |     ^^^^^^^^^^^^^^^^^^^^^^^
[INFO] [stdout] 
[INFO] [stdout] 
[INFO] [stdout] warning: unused import: `std::array::IntoIter`
[INFO] [stdout]   --> src/main.rs:12:5
[INFO] [stdout]    |
[INFO] [stdout] 12 | use std::array::IntoIter;
[INFO] [stdout]    |     ^^^^^^^^^^^^^^^^^^^^
[INFO] [stdout] 
[INFO] [stdout] 
[INFO] [stdout] warning: value assigned to `urlEnd` is never read
[INFO] [stdout]    --> src/main.rs:114:17
[INFO] [stdout]     |
[INFO] [stdout] 114 |         let mut urlEnd: String = String::from("");
[INFO] [stdout]     |                 ^^^^^^
[INFO] [stdout]     |
[INFO] [stdout]     = help: maybe it is overwritten before being read?
[INFO] [stdout]     = note: `#[warn(unused_assignments)]` on by default
[INFO] [stdout] 
[INFO] [stdout] 
[INFO] [stdout] warning: variable does not need to be mutable
[INFO] [stdout]   --> src/main.rs:57:13
[INFO] [stdout]    |
[INFO] [stdout] 57 |         let mut newObject : &mut DataServiceResponseObject = &mut DataServiceResponseObject::default();
[INFO] [stdout]    |             ----^^^^^^^^^
[INFO] [stdout]    |             |
[INFO] [stdout]    |             help: remove this `mut`
[INFO] [stdout]    |
[INFO] [stdout]    = note: `#[warn(unused_mut)]` on by default
[INFO] [stdout] 
[INFO] [stdout] 
[INFO] [stdout] warning: variable does not need to be mutable
[INFO] [stdout]    --> src/main.rs:106:18
[INFO] [stdout]     |
[INFO] [stdout] 106 |     pub fn setup(mut inputConfig: DataServiceConfig) -> Self {
[INFO] [stdout]     |                  ----^^^^^^^^^^^
[INFO] [stdout]     |                  |
[INFO] [stdout]     |                  help: remove this `mut`
[INFO] [stdout] 
[INFO] [stdout] 
[INFO] [stdout] warning: struct `DataServiceConfig` is never constructed
[INFO] [stdout]   --> src/main.rs:15:8
[INFO] [stdout]    |
[INFO] [stdout] 15 | struct DataServiceConfig {
[INFO] [stdout]    |        ^^^^^^^^^^^^^^^^^
[INFO] [stdout]    |
[INFO] [stdout]    = note: `#[warn(dead_code)]` on by default
[INFO] [stdout] 
[INFO] [stdout] 
[INFO] [stdout] warning: associated function `new` is never used
[INFO] [stdout]   --> src/main.rs:20:12
[INFO] [stdout]    |
[INFO] [stdout] 19 | impl DataServiceConfig {
[INFO] [stdout]    | ---------------------- associated function in this implementation
[INFO] [stdout] 20 |     pub fn new(rootUrl: String) -> Self {
[INFO] [stdout]    |            ^^^
[INFO] [stdout] 
[INFO] [stdout] 
[INFO] [stdout] warning: struct `DataServiceRequestOpts` is never constructed
[INFO] [stdout]   --> src/main.rs:27:8
[INFO] [stdout]    |
[INFO] [stdout] 27 | struct DataServiceRequestOpts {
[INFO] [stdout]    |        ^^^^^^^^^^^^^^^^^^^^^^
[INFO] [stdout] 
[INFO] [stdout] 
[INFO] [stdout] warning: associated function `new` is never used
[INFO] [stdout]   --> src/main.rs:37:12
[INFO] [stdout]    |
[INFO] [stdout] 36 | impl DataServiceRequestOpts {
[INFO] [stdout]    | --------------------------- associated function in this implementation
[INFO] [stdout] 37 |     pub fn new(token: String, method: reqwest::Method, body: String, params: HashMap<String, String>, urlPath: String, headers: HashMap<S...
[INFO] [stdout]    |            ^^^
[INFO] [stdout] 
[INFO] [stdout] 
[INFO] [stdout] warning: fields `rootUrl` and `client` are never read
[INFO] [stdout]   --> src/main.rs:93:5
[INFO] [stdout]    |
[INFO] [stdout] 92 | struct DataApiService {
[INFO] [stdout]    |        -------------- fields in this struct
[INFO] [stdout] 93 |     rootUrl: String,
[INFO] [stdout]    |     ^^^^^^^
[INFO] [stdout] 94 |     client: reqwest::Client,
[INFO] [stdout]    |     ^^^^^^
[INFO] [stdout] 
[INFO] [stdout] 
[INFO] [stdout] warning: associated items `setup` and `request` are never used
[INFO] [stdout]    --> src/main.rs:106:12
[INFO] [stdout]     |
[INFO] [stdout] 105 | impl DataApiService {
[INFO] [stdout]     | ------------------- associated items in this implementation
[INFO] [stdout] 106 |     pub fn setup(mut inputConfig: DataServiceConfig) -> Self {
[INFO] [stdout]     |            ^^^^^
[INFO] [stdout] ...
[INFO] [stdout] 109 |     pub async fn request(&self, opts: DataServiceRequestOpts) -> reqwest::Response {
[INFO] [stdout]     |                  ^^^^^^^
[INFO] [stdout] 
[INFO] [stdout] 
[INFO] [stdout] warning: structure field `rootUrl` should have a snake case name
[INFO] [stdout]   --> src/main.rs:16:5
[INFO] [stdout]    |
[INFO] [stdout] 16 |     rootUrl: String,
[INFO] [stdout]    |     ^^^^^^^ help: convert the identifier to snake case: `root_url`
[INFO] [stdout]    |
[INFO] [stdout]    = note: `#[warn(non_snake_case)]` on by default
[INFO] [stdout] 
[INFO] [stdout] 
[INFO] [stdout] warning: variable `rootUrl` should have a snake case name
[INFO] [stdout]   --> src/main.rs:20:16
[INFO] [stdout]    |
[INFO] [stdout] 20 |     pub fn new(rootUrl: String) -> Self {
[INFO] [stdout]    |                ^^^^^^^ help: convert the identifier to snake case: `root_url`
[INFO] [stdout] 
[INFO] [stdout] 
[INFO] [stdout] warning: structure field `urlPath` should have a snake case name
[INFO] [stdout]   --> src/main.rs:32:5
[INFO] [stdout]    |
[INFO] [stdout] 32 |     urlPath: String,
[INFO] [stdout]    |     ^^^^^^^ help: convert the identifier to snake case: `url_path`
[INFO] [stdout] 
[INFO] [stdout] 
[INFO] [stdout] warning: variable `urlPath` should have a snake case name
[INFO] [stdout]   --> src/main.rs:37:103
[INFO] [stdout]    |
[INFO] [stdout] 37 | ...g, params: HashMap<String, String>, urlPath: String, headers: HashMap<String, String>) -> Self {
[INFO] [stdout]    |                                        ^^^^^^^ help: convert the identifier to snake case: `url_path`
[INFO] [stdout] 
[INFO] [stdout] 
[INFO] [stdout] warning: structure field `rawData` should have a snake case name
[INFO] [stdout]   --> src/main.rs:45:5
[INFO] [stdout]    |
[INFO] [stdout] 45 |     rawData: String,
[INFO] [stdout]    |     ^^^^^^^ help: convert the identifier to snake case: `raw_data`
[INFO] [stdout] 
[INFO] [stdout] 
[INFO] [stdout] warning: structure field `dataObject` should have a snake case name
[INFO] [stdout]   --> src/main.rs:46:5
[INFO] [stdout]    |
[INFO] [stdout] 46 |     dataObject: serde_json::Value,
[INFO] [stdout]    |     ^^^^^^^^^^ help: convert the identifier to snake case: `data_object`
[INFO] [stdout] 
[INFO] [stdout] 
[INFO] [stdout] warning: variable `newObject` should have a snake case name
[INFO] [stdout]   --> src/main.rs:57:17
[INFO] [stdout]    |
[INFO] [stdout] 57 |         let mut newObject : &mut DataServiceResponseObject = &mut DataServiceResponseObject::default();
[INFO] [stdout]    |                 ^^^^^^^^^ help: convert the identifier to snake case: `new_object`
[INFO] [stdout] 
[INFO] [stdout] 
[INFO] [stdout] warning: variable `tempData` should have a snake case name
[INFO] [stdout]   --> src/main.rs:64:13
[INFO] [stdout]    |
[INFO] [stdout] 64 |         let tempData = futures::executor::block_on(response.text());
[INFO] [stdout]    |             ^^^^^^^^ help: convert the identifier to snake case: `temp_data`
[INFO] [stdout] 
[INFO] [stdout] 
[INFO] [stdout] warning: variable `tempDataUnwrapped` should have a snake case name
[INFO] [stdout]   --> src/main.rs:70:13
[INFO] [stdout]    |
[INFO] [stdout] 70 |         let tempDataUnwrapped: &String = &(tempData.unwrap());
[INFO] [stdout]    |             ^^^^^^^^^^^^^^^^^ help: convert the identifier to snake case: `temp_data_unwrapped`
[INFO] [stdout] 
[INFO] [stdout] 
[INFO] [stdout] warning: variable `jsonOut` should have a snake case name
[INFO] [stdout]   --> src/main.rs:72:13
[INFO] [stdout]    |
[INFO] [stdout] 72 |         let jsonOut: Result<serde_json::Value, _> = serde_json::from_str(newObject.rawData.as_str());
[INFO] [stdout]    |             ^^^^^^^ help: convert the identifier to snake case: `json_out`
[INFO] [stdout] 
[INFO] [stdout] 
[INFO] [stdout] warning: variable `xmlOut` should have a snake case name
[INFO] [stdout]   --> src/main.rs:78:17
[INFO] [stdout]    |
[INFO] [stdout] 78 |             let xmlOut = serde_xml_rs::from_str(newObject.rawData.as_str());
[INFO] [stdout]    |                 ^^^^^^ help: convert the identifier to snake case: `xml_out`
[INFO] [stdout] 
[INFO] [stdout] 
[INFO] [stdout] warning: structure field `rootUrl` should have a snake case name
[INFO] [stdout]   --> src/main.rs:93:5
[INFO] [stdout]    |
[INFO] [stdout] 93 |     rootUrl: String,
[INFO] [stdout]    |     ^^^^^^^ help: convert the identifier to snake case: `root_url`
[INFO] [stdout] 
[INFO] [stdout] 
[INFO] [stdout] warning: variable `inputConfig` should have a snake case name
[INFO] [stdout]    --> src/main.rs:106:22
[INFO] [stdout]     |
[INFO] [stdout] 106 |     pub fn setup(mut inputConfig: DataServiceConfig) -> Self {
[INFO] [stdout]     |                      ^^^^^^^^^^^ help: convert the identifier to snake case: `input_config`
[INFO] [stdout] 
[INFO] [stdout] 
[INFO] [stdout] warning: variable `headersVar` should have a snake case name
[INFO] [stdout]    --> src/main.rs:110:17
[INFO] [stdout]     |
[INFO] [stdout] 110 |         let mut headersVar = reqwest::header::HeaderMap::new();
[INFO] [stdout]     |                 ^^^^^^^^^^ help: convert the identifier to snake case: `headers_var`
[INFO] [stdout] 
[INFO] [stdout] 
[INFO] [stdout] warning: variable `urlEnd` should have a snake case name
[INFO] [stdout]    --> src/main.rs:114:17
[INFO] [stdout]     |
[INFO] [stdout] 114 |         let mut urlEnd: String = String::from("");
[INFO] [stdout]     |                 ^^^^^^ help: convert the identifier to snake case: `url_end`
[INFO] [stdout] 
[INFO] [stdout] 
[INFO] [stdout] warning: variable `urlTotal` should have a snake case name
[INFO] [stdout]    --> src/main.rs:120:17
[INFO] [stdout]     |
[INFO] [stdout] 120 |         let mut urlTotal = self.rootUrl.as_str().to_owned();
[INFO] [stdout]     |                 ^^^^^^^^ help: convert the identifier to snake case: `url_total`
[INFO] [stdout] 
[INFO] [stdout] 
[INFO] [stdout] warning: variable `tokioRuntime` should have a snake case name
[INFO] [stdout]    --> src/main.rs:122:13
[INFO] [stdout]     |
[INFO] [stdout] 122 |         let tokioRuntime = runtime::Builder::new_current_thread().enable_all().build().unwrap();
[INFO] [stdout]     |             ^^^^^^^^^^^^ help: convert the identifier to snake case: `tokio_runtime`
[INFO] [stdout] 
[INFO] [stdout] 
[INFO] [stderr]     Finished `dev` profile [unoptimized + debuginfo] target(s) in 31.19s
[INFO] running `Command { std: "docker" "inspect" "981c298af04ea2c14857a1e4633a06c04c4a03e2b1e4ff075cdb9325d0caab98", kill_on_drop: false }`
[INFO] running `Command { std: "docker" "rm" "-f" "981c298af04ea2c14857a1e4633a06c04c4a03e2b1e4ff075cdb9325d0caab98", kill_on_drop: false }`
[INFO] [stdout] 981c298af04ea2c14857a1e4633a06c04c4a03e2b1e4ff075cdb9325d0caab98
[INFO] running `Command { std: "docker" "create" "-v" "/var/lib/crater-agent-workspace/builds/worker-6-tc1/target:/opt/rustwide/target:rw,Z" "-v" "/var/lib/crater-agent-workspace/builds/worker-6-tc1/source:/opt/rustwide/workdir:ro,Z" "-v" "/var/lib/crater-agent-workspace/cargo-home:/opt/rustwide/cargo-home:ro,Z" "-v" "/var/lib/crater-agent-workspace/rustup-home:/opt/rustwide/rustup-home:ro,Z" "-e" "SOURCE_DIR=/opt/rustwide/workdir" "-e" "CARGO_TARGET_DIR=/opt/rustwide/target" "-e" "CARGO_INCREMENTAL=0" "-e" "RUST_BACKTRACE=full" "-e" "RUSTFLAGS=--cap-lints=forbid" "-e" "RUSTDOCFLAGS=--cap-lints=forbid" "-e" "CARGO_HOME=/opt/rustwide/cargo-home" "-e" "RUSTUP_HOME=/opt/rustwide/rustup-home" "-w" "/opt/rustwide/workdir" "-m" "1610612736" "--user" "0:0" "--network" "none" "ghcr.io/rust-lang/crates-build-env/linux@sha256:819108c5571ea2e421544af4d832f968d213c87fbe3707a016657f43d2f853bc" "/opt/rustwide/cargo-home/bin/cargo" "+nightly-2025-01-18" "test" "--frozen" "--no-run" "--message-format=json", kill_on_drop: false }`
[INFO] [stdout] 75c4543fbc7fb143516654549e4ff402ffcec487c4f6a5a5d32dac67a99c4a13
[INFO] running `Command { std: "docker" "start" "-a" "75c4543fbc7fb143516654549e4ff402ffcec487c4f6a5a5d32dac67a99c4a13", kill_on_drop: false }`
[INFO] [stderr]    Compiling NTxVentures v0.1.0 (/opt/rustwide/workdir)
[INFO] [stdout] warning: unused import: `BTreeMap`
[INFO] [stdout]  --> src/main.rs:9:33
[INFO] [stdout]   |
[INFO] [stdout] 9 | use std::collections::{HashMap, BTreeMap};
[INFO] [stdout]   |                                 ^^^^^^^^
[INFO] [stdout]   |
[INFO] [stdout]   = note: `#[warn(unused_imports)]` on by default
[INFO] [stdout] 
[INFO] [stdout] 
[INFO] [stdout] warning: unused import: `json::object`
[INFO] [stdout]   --> src/main.rs:10:5
[INFO] [stdout]    |
[INFO] [stdout] 10 | use json::object;
[INFO] [stdout]    |     ^^^^^^^^^^^^
[INFO] [stdout] 
[INFO] [stdout] 
[INFO] [stdout] warning: unused import: `std::iter::FromIterator`
[INFO] [stdout]   --> src/main.rs:11:5
[INFO] [stdout]    |
[INFO] [stdout] 11 | use std::iter::FromIterator;
[INFO] [stdout]    |     ^^^^^^^^^^^^^^^^^^^^^^^
[INFO] [stdout] 
[INFO] [stdout] 
[INFO] [stdout] warning: unused import: `std::array::IntoIter`
[INFO] [stdout]   --> src/main.rs:12:5
[INFO] [stdout]    |
[INFO] [stdout] 12 | use std::array::IntoIter;
[INFO] [stdout]    |     ^^^^^^^^^^^^^^^^^^^^
[INFO] [stdout] 
[INFO] [stdout] 
[INFO] [stdout] warning: value assigned to `urlEnd` is never read
[INFO] [stdout]    --> src/main.rs:114:17
[INFO] [stdout]     |
[INFO] [stdout] 114 |         let mut urlEnd: String = String::from("");
[INFO] [stdout]     |                 ^^^^^^
[INFO] [stdout]     |
[INFO] [stdout]     = help: maybe it is overwritten before being read?
[INFO] [stdout]     = note: `#[warn(unused_assignments)]` on by default
[INFO] [stdout] 
[INFO] [stdout] 
[INFO] [stdout] warning: use of deprecated associated function `std::array::IntoIter::<T, N>::new`: use `IntoIterator::into_iter` instead
[INFO] [stdout]    --> src/main.rs:146:207
[INFO] [stdout]     |
[INFO] [stdout] 146 | ...Method::GET, "".to_owned(), HashMap::<_, _>::from_iter(IntoIter::new([/*("123".to_owned(), "456".to_owned()), ("abc".to_owned(), "def"...
[INFO] [stdout]     |                                                                     ^^^
[INFO] [stdout]     |
[INFO] [stdout]     = note: `#[warn(deprecated)]` on by default
[INFO] [stdout] 
[INFO] [stdout] 
[INFO] [stdout] warning: use of deprecated associated function `std::array::IntoIter::<T, N>::new`: use `IntoIterator::into_iter` instead
[INFO] [stdout]    --> src/main.rs:146:347
[INFO] [stdout]     |
[INFO] [stdout] 146 | ...ned())*/])), "".to_owned(), HashMap::<_, _>::from_iter(IntoIter::new([])))));
[INFO] [stdout]     |                                                                     ^^^
[INFO] [stdout] 
[INFO] [stdout] 
[INFO] [stdout] warning: variable does not need to be mutable
[INFO] [stdout]   --> src/main.rs:57:13
[INFO] [stdout]    |
[INFO] [stdout] 57 |         let mut newObject : &mut DataServiceResponseObject = &mut DataServiceResponseObject::default();
[INFO] [stdout]    |             ----^^^^^^^^^
[INFO] [stdout]    |             |
[INFO] [stdout]    |             help: remove this `mut`
[INFO] [stdout]    |
[INFO] [stdout]    = note: `#[warn(unused_mut)]` on by default
[INFO] [stdout] 
[INFO] [stdout] 
[INFO] [stdout] warning: variable does not need to be mutable
[INFO] [stdout]    --> src/main.rs:106:18
[INFO] [stdout]     |
[INFO] [stdout] 106 |     pub fn setup(mut inputConfig: DataServiceConfig) -> Self {
[INFO] [stdout]     |                  ----^^^^^^^^^^^
[INFO] [stdout]     |                  |
[INFO] [stdout]     |                  help: remove this `mut`
[INFO] [stdout] 
[INFO] [stdout] 
[INFO] [stdout] warning: structure field `rootUrl` should have a snake case name
[INFO] [stdout]   --> src/main.rs:16:5
[INFO] [stdout]    |
[INFO] [stdout] 16 |     rootUrl: String,
[INFO] [stdout]    |     ^^^^^^^ help: convert the identifier to snake case: `root_url`
[INFO] [stdout]    |
[INFO] [stdout]    = note: `#[warn(non_snake_case)]` on by default
[INFO] [stdout] 
[INFO] [stdout] 
[INFO] [stdout] warning: variable `rootUrl` should have a snake case name
[INFO] [stdout]   --> src/main.rs:20:16
[INFO] [stdout]    |
[INFO] [stdout] 20 |     pub fn new(rootUrl: String) -> Self {
[INFO] [stdout]    |                ^^^^^^^ help: convert the identifier to snake case: `root_url`
[INFO] [stdout] 
[INFO] [stdout] 
[INFO] [stdout] warning: structure field `urlPath` should have a snake case name
[INFO] [stdout]   --> src/main.rs:32:5
[INFO] [stdout]    |
[INFO] [stdout] 32 |     urlPath: String,
[INFO] [stdout]    |     ^^^^^^^ help: convert the identifier to snake case: `url_path`
[INFO] [stdout] 
[INFO] [stdout] 
[INFO] [stdout] warning: variable `urlPath` should have a snake case name
[INFO] [stdout]   --> src/main.rs:37:103
[INFO] [stdout]    |
[INFO] [stdout] 37 | ...g, params: HashMap<String, String>, urlPath: String, headers: HashMap<String, String>) -> Self {
[INFO] [stdout]    |                                        ^^^^^^^ help: convert the identifier to snake case: `url_path`
[INFO] [stdout] 
[INFO] [stdout] 
[INFO] [stdout] warning: structure field `rawData` should have a snake case name
[INFO] [stdout]   --> src/main.rs:45:5
[INFO] [stdout]    |
[INFO] [stdout] 45 |     rawData: String,
[INFO] [stdout]    |     ^^^^^^^ help: convert the identifier to snake case: `raw_data`
[INFO] [stdout] 
[INFO] [stdout] 
[INFO] [stdout] warning: structure field `dataObject` should have a snake case name
[INFO] [stdout]   --> src/main.rs:46:5
[INFO] [stdout]    |
[INFO] [stdout] 46 |     dataObject: serde_json::Value,
[INFO] [stdout]    |     ^^^^^^^^^^ help: convert the identifier to snake case: `data_object`
[INFO] [stdout] 
[INFO] [stdout] 
[INFO] [stdout] warning: variable `newObject` should have a snake case name
[INFO] [stdout]   --> src/main.rs:57:17
[INFO] [stdout]    |
[INFO] [stdout] 57 |         let mut newObject : &mut DataServiceResponseObject = &mut DataServiceResponseObject::default();
[INFO] [stdout]    |                 ^^^^^^^^^ help: convert the identifier to snake case: `new_object`
[INFO] [stdout] 
[INFO] [stdout] 
[INFO] [stdout] warning: variable `tempData` should have a snake case name
[INFO] [stdout]   --> src/main.rs:64:13
[INFO] [stdout]    |
[INFO] [stdout] 64 |         let tempData = futures::executor::block_on(response.text());
[INFO] [stdout]    |             ^^^^^^^^ help: convert the identifier to snake case: `temp_data`
[INFO] [stdout] 
[INFO] [stdout] 
[INFO] [stdout] warning: variable `tempDataUnwrapped` should have a snake case name
[INFO] [stdout]   --> src/main.rs:70:13
[INFO] [stdout]    |
[INFO] [stdout] 70 |         let tempDataUnwrapped: &String = &(tempData.unwrap());
[INFO] [stdout]    |             ^^^^^^^^^^^^^^^^^ help: convert the identifier to snake case: `temp_data_unwrapped`
[INFO] [stdout] 
[INFO] [stdout] 
[INFO] [stdout] warning: variable `jsonOut` should have a snake case name
[INFO] [stdout]   --> src/main.rs:72:13
[INFO] [stdout]    |
[INFO] [stdout] 72 |         let jsonOut: Result<serde_json::Value, _> = serde_json::from_str(newObject.rawData.as_str());
[INFO] [stdout]    |             ^^^^^^^ help: convert the identifier to snake case: `json_out`
[INFO] [stdout] 
[INFO] [stdout] 
[INFO] [stdout] warning: variable `xmlOut` should have a snake case name
[INFO] [stdout]   --> src/main.rs:78:17
[INFO] [stdout]    |
[INFO] [stdout] 78 |             let xmlOut = serde_xml_rs::from_str(newObject.rawData.as_str());
[INFO] [stdout]    |                 ^^^^^^ help: convert the identifier to snake case: `xml_out`
[INFO] [stdout] 
[INFO] [stdout] 
[INFO] [stdout] warning: structure field `rootUrl` should have a snake case name
[INFO] [stdout]   --> src/main.rs:93:5
[INFO] [stdout]    |
[INFO] [stdout] 93 |     rootUrl: String,
[INFO] [stdout]    |     ^^^^^^^ help: convert the identifier to snake case: `root_url`
[INFO] [stdout] 
[INFO] [stdout] 
[INFO] [stdout] warning: variable `inputConfig` should have a snake case name
[INFO] [stdout]    --> src/main.rs:106:22
[INFO] [stdout]     |
[INFO] [stdout] 106 |     pub fn setup(mut inputConfig: DataServiceConfig) -> Self {
[INFO] [stdout]     |                      ^^^^^^^^^^^ help: convert the identifier to snake case: `input_config`
[INFO] [stdout] 
[INFO] [stdout] 
[INFO] [stdout] warning: variable `headersVar` should have a snake case name
[INFO] [stdout]    --> src/main.rs:110:17
[INFO] [stdout]     |
[INFO] [stdout] 110 |         let mut headersVar = reqwest::header::HeaderMap::new();
[INFO] [stdout]     |                 ^^^^^^^^^^ help: convert the identifier to snake case: `headers_var`
[INFO] [stdout] 
[INFO] [stdout] 
[INFO] [stdout] warning: variable `urlEnd` should have a snake case name
[INFO] [stdout]    --> src/main.rs:114:17
[INFO] [stdout]     |
[INFO] [stdout] 114 |         let mut urlEnd: String = String::from("");
[INFO] [stdout]     |                 ^^^^^^ help: convert the identifier to snake case: `url_end`
[INFO] [stdout] 
[INFO] [stdout] 
[INFO] [stdout] warning: variable `urlTotal` should have a snake case name
[INFO] [stdout]    --> src/main.rs:120:17
[INFO] [stdout]     |
[INFO] [stdout] 120 |         let mut urlTotal = self.rootUrl.as_str().to_owned();
[INFO] [stdout]     |                 ^^^^^^^^ help: convert the identifier to snake case: `url_total`
[INFO] [stdout] 
[INFO] [stdout] 
[INFO] [stdout] warning: variable `tokioRuntime` should have a snake case name
[INFO] [stdout]    --> src/main.rs:122:13
[INFO] [stdout]     |
[INFO] [stdout] 122 |         let tokioRuntime = runtime::Builder::new_current_thread().enable_all().build().unwrap();
[INFO] [stdout]     |             ^^^^^^^^^^^^ help: convert the identifier to snake case: `tokio_runtime`
[INFO] [stdout] 
[INFO] [stdout] 
[INFO] [stdout] warning: variable `apiService` should have a snake case name
[INFO] [stdout]    --> src/main.rs:137:13
[INFO] [stdout]     |
[INFO] [stdout] 137 |         let apiService: DataApiService = DataApiService::setup(DataServiceConfig::new("https://example.com/".to_owned()));
[INFO] [stdout]     |             ^^^^^^^^^^ help: convert the identifier to snake case: `api_service`
[INFO] [stdout] 
[INFO] [stdout] 
[INFO] [stdout] warning: variable `apiService2` should have a snake case name
[INFO] [stdout]    --> src/main.rs:138:13
[INFO] [stdout]     |
[INFO] [stdout] 138 |         let apiService2: DataApiService = DataApiService::setup(DataServiceConfig::new("https://example.org/".to_owned()));
[INFO] [stdout]     |             ^^^^^^^^^^^ help: convert the identifier to snake case: `api_service2`
[INFO] [stdout] 
[INFO] [stdout] 
[INFO] [stdout] warning: variable `apiService` should have a snake case name
[INFO] [stdout]    --> src/main.rs:145:13
[INFO] [stdout]     |
[INFO] [stdout] 145 | ...   let apiService: DataApiService = DataApiService::setup(DataServiceConfig::new("http://dummy.restapiexample.com/api/v1/employee/1".t...
[INFO] [stdout]     |           ^^^^^^^^^^ help: convert the identifier to snake case: `api_service`
[INFO] [stdout] 
[INFO] [stdout] 
[INFO] [stderr]     Finished `test` profile [unoptimized + debuginfo] target(s) in 1.18s
[INFO] running `Command { std: "docker" "inspect" "75c4543fbc7fb143516654549e4ff402ffcec487c4f6a5a5d32dac67a99c4a13", kill_on_drop: false }`
[INFO] running `Command { std: "docker" "rm" "-f" "75c4543fbc7fb143516654549e4ff402ffcec487c4f6a5a5d32dac67a99c4a13", kill_on_drop: false }`
[INFO] [stdout] 75c4543fbc7fb143516654549e4ff402ffcec487c4f6a5a5d32dac67a99c4a13
[INFO] running `Command { std: "docker" "create" "-v" "/var/lib/crater-agent-workspace/builds/worker-6-tc1/target:/opt/rustwide/target:rw,Z" "-v" "/var/lib/crater-agent-workspace/builds/worker-6-tc1/source:/opt/rustwide/workdir:ro,Z" "-v" "/var/lib/crater-agent-workspace/cargo-home:/opt/rustwide/cargo-home:ro,Z" "-v" "/var/lib/crater-agent-workspace/rustup-home:/opt/rustwide/rustup-home:ro,Z" "-e" "SOURCE_DIR=/opt/rustwide/workdir" "-e" "CARGO_TARGET_DIR=/opt/rustwide/target" "-e" "CARGO_INCREMENTAL=0" "-e" "RUST_BACKTRACE=full" "-e" "RUSTFLAGS=--cap-lints=forbid" "-e" "RUSTDOCFLAGS=--cap-lints=forbid" "-e" "CARGO_HOME=/opt/rustwide/cargo-home" "-e" "RUSTUP_HOME=/opt/rustwide/rustup-home" "-w" "/opt/rustwide/workdir" "-m" "1610612736" "--user" "0:0" "--network" "none" "ghcr.io/rust-lang/crates-build-env/linux@sha256:819108c5571ea2e421544af4d832f968d213c87fbe3707a016657f43d2f853bc" "/opt/rustwide/cargo-home/bin/cargo" "+nightly-2025-01-18" "test" "--frozen", kill_on_drop: false }`
[INFO] [stdout] 960c169ba151f694b5afc3752cffd059c7f73554c2b4a3a0eae43d969732c3d6
[INFO] running `Command { std: "docker" "start" "-a" "960c169ba151f694b5afc3752cffd059c7f73554c2b4a3a0eae43d969732c3d6", kill_on_drop: false }`
[INFO] [stderr] warning: unused import: `BTreeMap`
[INFO] [stderr]  --> src/main.rs:9:33
[INFO] [stderr]   |
[INFO] [stderr] 9 | use std::collections::{HashMap, BTreeMap};
[INFO] [stderr]   |                                 ^^^^^^^^
[INFO] [stderr]   |
[INFO] [stderr]   = note: `#[warn(unused_imports)]` on by default
[INFO] [stderr] 
[INFO] [stderr] warning: unused import: `json::object`
[INFO] [stderr]   --> src/main.rs:10:5
[INFO] [stderr]    |
[INFO] [stderr] 10 | use json::object;
[INFO] [stderr]    |     ^^^^^^^^^^^^
[INFO] [stderr] 
[INFO] [stderr] warning: unused import: `std::iter::FromIterator`
[INFO] [stderr]   --> src/main.rs:11:5
[INFO] [stderr]    |
[INFO] [stderr] 11 | use std::iter::FromIterator;
[INFO] [stderr]    |     ^^^^^^^^^^^^^^^^^^^^^^^
[INFO] [stderr] 
[INFO] [stderr] warning: unused import: `std::array::IntoIter`
[INFO] [stderr]   --> src/main.rs:12:5
[INFO] [stderr]    |
[INFO] [stderr] 12 | use std::array::IntoIter;
[INFO] [stderr]    |     ^^^^^^^^^^^^^^^^^^^^
[INFO] [stderr] 
[INFO] [stderr] warning: value assigned to `urlEnd` is never read
[INFO] [stderr]    --> src/main.rs:114:17
[INFO] [stderr]     |
[INFO] [stderr] 114 |         let mut urlEnd: String = String::from("");
[INFO] [stderr]     |                 ^^^^^^
[INFO] [stderr]     |
[INFO] [stderr]     = help: maybe it is overwritten before being read?
[INFO] [stderr]     = note: `#[warn(unused_assignments)]` on by default
[INFO] [stderr] 
[INFO] [stderr] warning: use of deprecated associated function `std::array::IntoIter::<T, N>::new`: use `IntoIterator::into_iter` instead
[INFO] [stderr]    --> src/main.rs:146:207
[INFO] [stderr]     |
[INFO] [stderr] 146 | ...Method::GET, "".to_owned(), HashMap::<_, _>::from_iter(IntoIter::new([/*("123".to_owned(), "456".to_owned()), ("abc".to_owned(), "def"...
[INFO] [stderr]     |                                                                     ^^^
[INFO] [stderr]     |
[INFO] [stderr]     = note: `#[warn(deprecated)]` on by default
[INFO] [stderr] 
[INFO] [stderr] warning: use of deprecated associated function `std::array::IntoIter::<T, N>::new`: use `IntoIterator::into_iter` instead
[INFO] [stderr]    --> src/main.rs:146:347
[INFO] [stderr]     |
[INFO] [stderr] 146 | ...ned())*/])), "".to_owned(), HashMap::<_, _>::from_iter(IntoIter::new([])))));
[INFO] [stderr]     |                                                                     ^^^
[INFO] [stderr] 
[INFO] [stderr] warning: variable does not need to be mutable
[INFO] [stderr]   --> src/main.rs:57:13
[INFO] [stderr]    |
[INFO] [stderr] 57 |         let mut newObject : &mut DataServiceResponseObject = &mut DataServiceResponseObject::default();
[INFO] [stderr]    |             ----^^^^^^^^^
[INFO] [stderr]    |             |
[INFO] [stderr]    |             help: remove this `mut`
[INFO] [stderr]    |
[INFO] [stderr]    = note: `#[warn(unused_mut)]` on by default
[INFO] [stderr] 
[INFO] [stderr] warning: variable does not need to be mutable
[INFO] [stderr]    --> src/main.rs:106:18
[INFO] [stderr]     |
[INFO] [stderr] 106 |     pub fn setup(mut inputConfig: DataServiceConfig) -> Self {
[INFO] [stderr]     |                  ----^^^^^^^^^^^
[INFO] [stderr]     |                  |
[INFO] [stderr]     |                  help: remove this `mut`
[INFO] [stderr] 
[INFO] [stderr] warning: structure field `rootUrl` should have a snake case name
[INFO] [stderr]   --> src/main.rs:16:5
[INFO] [stderr]    |
[INFO] [stderr] 16 |     rootUrl: String,
[INFO] [stderr]    |     ^^^^^^^ help: convert the identifier to snake case: `root_url`
[INFO] [stderr]    |
[INFO] [stderr]    = note: `#[warn(non_snake_case)]` on by default
[INFO] [stderr] 
[INFO] [stderr] warning: variable `rootUrl` should have a snake case name
[INFO] [stderr]   --> src/main.rs:20:16
[INFO] [stderr]    |
[INFO] [stderr] 20 |     pub fn new(rootUrl: String) -> Self {
[INFO] [stderr]    |                ^^^^^^^ help: convert the identifier to snake case: `root_url`
[INFO] [stderr] 
[INFO] [stderr] warning: structure field `urlPath` should have a snake case name
[INFO] [stderr]   --> src/main.rs:32:5
[INFO] [stderr]    |
[INFO] [stderr] 32 |     urlPath: String,
[INFO] [stderr]    |     ^^^^^^^ help: convert the identifier to snake case: `url_path`
[INFO] [stderr] 
[INFO] [stderr] warning: variable `urlPath` should have a snake case name
[INFO] [stderr]   --> src/main.rs:37:103
[INFO] [stderr]    |
[INFO] [stderr] 37 | ...g, params: HashMap<String, String>, urlPath: String, headers: HashMap<String, String>) -> Self {
[INFO] [stderr]    |                                        ^^^^^^^ help: convert the identifier to snake case: `url_path`
[INFO] [stderr] 
[INFO] [stderr] warning: structure field `rawData` should have a snake case name
[INFO] [stderr]   --> src/main.rs:45:5
[INFO] [stderr]    |
[INFO] [stderr] 45 |     rawData: String,
[INFO] [stderr]    |     ^^^^^^^ help: convert the identifier to snake case: `raw_data`
[INFO] [stderr] 
[INFO] [stderr] warning: structure field `dataObject` should have a snake case name
[INFO] [stderr]   --> src/main.rs:46:5
[INFO] [stderr]    |
[INFO] [stderr] 46 |     dataObject: serde_json::Value,
[INFO] [stderr]    |     ^^^^^^^^^^ help: convert the identifier to snake case: `data_object`
[INFO] [stderr] 
[INFO] [stderr] warning: variable `newObject` should have a snake case name
[INFO] [stderr]   --> src/main.rs:57:17
[INFO] [stderr]    |
[INFO] [stderr] 57 |         let mut newObject : &mut DataServiceResponseObject = &mut DataServiceResponseObject::default();
[INFO] [stderr]    |                 ^^^^^^^^^ help: convert the identifier to snake case: `new_object`
[INFO] [stderr] 
[INFO] [stderr] warning: variable `tempData` should have a snake case name
[INFO] [stderr]   --> src/main.rs:64:13
[INFO] [stderr]    |
[INFO] [stderr] 64 |         let tempData = futures::executor::block_on(response.text());
[INFO] [stderr]    |             ^^^^^^^^ help: convert the identifier to snake case: `temp_data`
[INFO] [stderr] 
[INFO] [stderr] warning: variable `tempDataUnwrapped` should have a snake case name
[INFO] [stderr]   --> src/main.rs:70:13
[INFO] [stderr]    |
[INFO] [stderr] 70 |         let tempDataUnwrapped: &String = &(tempData.unwrap());
[INFO] [stderr]    |             ^^^^^^^^^^^^^^^^^ help: convert the identifier to snake case: `temp_data_unwrapped`
[INFO] [stderr] 
[INFO] [stderr] warning: variable `jsonOut` should have a snake case name
[INFO] [stderr]   --> src/main.rs:72:13
[INFO] [stderr]    |
[INFO] [stderr] 72 |         let jsonOut: Result<serde_json::Value, _> = serde_json::from_str(newObject.rawData.as_str());
[INFO] [stderr]    |             ^^^^^^^ help: convert the identifier to snake case: `json_out`
[INFO] [stderr] 
[INFO] [stderr] warning: variable `xmlOut` should have a snake case name
[INFO] [stderr]   --> src/main.rs:78:17
[INFO] [stderr]    |
[INFO] [stderr] 78 |             let xmlOut = serde_xml_rs::from_str(newObject.rawData.as_str());
[INFO] [stderr]    |                 ^^^^^^ help: convert the identifier to snake case: `xml_out`
[INFO] [stderr] 
[INFO] [stderr] warning: structure field `rootUrl` should have a snake case name
[INFO] [stderr]   --> src/main.rs:93:5
[INFO] [stderr]    |
[INFO] [stderr] 93 |     rootUrl: String,
[INFO] [stderr]    |     ^^^^^^^ help: convert the identifier to snake case: `root_url`
[INFO] [stderr] 
[INFO] [stderr] warning: variable `inputConfig` should have a snake case name
[INFO] [stderr]    --> src/main.rs:106:22
[INFO] [stderr]     |
[INFO] [stderr] 106 |     pub fn setup(mut inputConfig: DataServiceConfig) -> Self {
[INFO] [stderr]     |                      ^^^^^^^^^^^ help: convert the identifier to snake case: `input_config`
[INFO] [stderr] 
[INFO] [stderr] warning: variable `headersVar` should have a snake case name
[INFO] [stderr]    --> src/main.rs:110:17
[INFO] [stderr]     |
[INFO] [stderr] 110 |         let mut headersVar = reqwest::header::HeaderMap::new();
[INFO] [stderr]     |                 ^^^^^^^^^^ help: convert the identifier to snake case: `headers_var`
[INFO] [stderr] 
[INFO] [stderr] warning: variable `urlEnd` should have a snake case name
[INFO] [stderr]    --> src/main.rs:114:17
[INFO] [stderr]     |
[INFO] [stderr] 114 |         let mut urlEnd: String = String::from("");
[INFO] [stderr]     |                 ^^^^^^ help: convert the identifier to snake case: `url_end`
[INFO] [stderr] 
[INFO] [stderr] warning: variable `urlTotal` should have a snake case name
[INFO] [stderr]    --> src/main.rs:120:17
[INFO] [stderr]     |
[INFO] [stderr] 120 |         let mut urlTotal = self.rootUrl.as_str().to_owned();
[INFO] [stderr]     |                 ^^^^^^^^ help: convert the identifier to snake case: `url_total`
[INFO] [stderr] 
[INFO] [stderr] warning: variable `tokioRuntime` should have a snake case name
[INFO] [stderr]    --> src/main.rs:122:13
[INFO] [stderr]     |
[INFO] [stderr] 122 |         let tokioRuntime = runtime::Builder::new_current_thread().enable_all().build().unwrap();
[INFO] [stderr]     |             ^^^^^^^^^^^^ help: convert the identifier to snake case: `tokio_runtime`
[INFO] [stderr] 
[INFO] [stderr] warning: variable `apiService` should have a snake case name
[INFO] [stderr]    --> src/main.rs:137:13
[INFO] [stderr]     |
[INFO] [stderr] 137 |         let apiService: DataApiService = DataApiService::setup(DataServiceConfig::new("https://example.com/".to_owned()));
[INFO] [stderr]     |             ^^^^^^^^^^ help: convert the identifier to snake case: `api_service`
[INFO] [stderr] 
[INFO] [stderr] warning: variable `apiService2` should have a snake case name
[INFO] [stderr]    --> src/main.rs:138:13
[INFO] [stderr]     |
[INFO] [stderr] 138 |         let apiService2: DataApiService = DataApiService::setup(DataServiceConfig::new("https://example.org/".to_owned()));
[INFO] [stderr]     |             ^^^^^^^^^^^ help: convert the identifier to snake case: `api_service2`
[INFO] [stderr] 
[INFO] [stderr] warning: variable `apiService` should have a snake case name
[INFO] [stderr]    --> src/main.rs:145:13
[INFO] [stderr]     |
[INFO] [stderr] 145 | ...   let apiService: DataApiService = DataApiService::setup(DataServiceConfig::new("http://dummy.restapiexample.com/api/v1/employee/1".t...
[INFO] [stderr]     |           ^^^^^^^^^^ help: convert the identifier to snake case: `api_service`
[INFO] [stderr] 
[INFO] [stderr] warning: `NTxVentures` (bin "NTxVentures" test) generated 29 warnings (run `cargo fix --bin "NTxVentures" --tests` to apply 6 suggestions)
[INFO] [stderr]     Finished `test` profile [unoptimized + debuginfo] target(s) in 0.11s
[INFO] [stderr]      Running unittests src/main.rs (/opt/rustwide/target/debug/deps/NTxVentures-b478cd3ce868fd39)
[INFO] [stdout] 
[INFO] [stdout] running 2 tests
[INFO] [stdout] test tests::test_request ... FAILED
[INFO] [stdout] test tests::test_setup ... ok
[INFO] [stdout] 
[INFO] [stdout] failures:
[INFO] [stdout] 
[INFO] [stdout] ---- tests::test_request stdout ----
[INFO] [stdout] 
[INFO] [stdout] thread 'tests::test_request' panicked at src/main.rs:124:225:
[INFO] [stdout] called `Result::unwrap()` on an `Err` value: reqwest::Error { kind: Request, url: Url { scheme: "http", cannot_be_a_base: false, username: "", password: None, host: Some(Domain("dummy.restapiexample.com")), port: None, path: "/api/v1/employee/1", query: None, fragment: None }, source: hyper::Error(Connect, ConnectError("dns error", Custom { kind: Uncategorized, error: "failed to lookup address information: Temporary failure in name resolution" })) }
[INFO] [stdout] stack backtrace:
[INFO] [stdout]    0:     0x583784a50caa - std::backtrace_rs::backtrace::libunwind::trace::hb059275cfc8d6126
[INFO] [stdout]                                at /rustc/6067b36314ab5eb2eb47cecc464545ba58e1ad24/library/std/src/../../backtrace/src/backtrace/libunwind.rs:116:5
[INFO] [stdout]    1:     0x583784a50caa - std::backtrace_rs::backtrace::trace_unsynchronized::h2da071e4327ce3ee
[INFO] [stdout]                                at /rustc/6067b36314ab5eb2eb47cecc464545ba58e1ad24/library/std/src/../../backtrace/src/backtrace/mod.rs:66:5
[INFO] [stdout]    2:     0x583784a50caa - std::sys::backtrace::_print_fmt::h842a1474e6f8d23f
[INFO] [stdout]                                at /rustc/6067b36314ab5eb2eb47cecc464545ba58e1ad24/library/std/src/sys/backtrace.rs:66:9
[INFO] [stdout]    3:     0x583784a50caa - <std::sys::backtrace::BacktraceLock::print::DisplayBacktrace as core::fmt::Display>::fmt::h71a62eb3b9696b12
[INFO] [stdout]                                at /rustc/6067b36314ab5eb2eb47cecc464545ba58e1ad24/library/std/src/sys/backtrace.rs:39:26
[INFO] [stdout]    4:     0x583784a7c683 - core::fmt::rt::Argument::fmt::hdb6b616786b41dc1
[INFO] [stdout]                                at /rustc/6067b36314ab5eb2eb47cecc464545ba58e1ad24/library/core/src/fmt/rt.rs:177:76
[INFO] [stdout]    5:     0x583784a7c683 - core::fmt::write::h2cc1698af7e2d686
[INFO] [stdout]                                at /rustc/6067b36314ab5eb2eb47cecc464545ba58e1ad24/library/core/src/fmt/mod.rs:1440:21
[INFO] [stdout]    6:     0x583784a4cc33 - std::io::Write::write_fmt::hab1b4cd059a79022
[INFO] [stdout]                                at /rustc/6067b36314ab5eb2eb47cecc464545ba58e1ad24/library/std/src/io/mod.rs:1887:15
[INFO] [stdout]    7:     0x583784a50af2 - std::sys::backtrace::BacktraceLock::print::h147fe35b4ea13b08
[INFO] [stdout]                                at /rustc/6067b36314ab5eb2eb47cecc464545ba58e1ad24/library/std/src/sys/backtrace.rs:42:9
[INFO] [stdout]    8:     0x583784a520cf - std::panicking::default_hook::{{closure}}::hbd44223dbdc0d208
[INFO] [stdout]                                at /rustc/6067b36314ab5eb2eb47cecc464545ba58e1ad24/library/std/src/panicking.rs:298:22
[INFO] [stdout]    9:     0x583784a51ee8 - std::panicking::default_hook::h20f81eb0576efcec
[INFO] [stdout]                                at /rustc/6067b36314ab5eb2eb47cecc464545ba58e1ad24/library/std/src/panicking.rs:322:9
[INFO] [stdout]   10:     0x583784633e23 - <alloc::boxed::Box<F,A> as core::ops::function::Fn<Args>>::call::hdb53814c496a4d34
[INFO] [stdout]                                at /rustc/6067b36314ab5eb2eb47cecc464545ba58e1ad24/library/alloc/src/boxed.rs:2027:9
[INFO] [stdout]   11:     0x583784633e23 - test::test_main::{{closure}}::hc0a4963c59427c24
[INFO] [stdout]                                at /rustc/6067b36314ab5eb2eb47cecc464545ba58e1ad24/library/test/src/lib.rs:134:21
[INFO] [stdout]   12:     0x583784a52bc3 - <alloc::boxed::Box<F,A> as core::ops::function::Fn<Args>>::call::h591b2225413a77e9
[INFO] [stdout]                                at /rustc/6067b36314ab5eb2eb47cecc464545ba58e1ad24/library/alloc/src/boxed.rs:2027:9
[INFO] [stdout]   13:     0x583784a52bc3 - std::panicking::rust_panic_with_hook::h625eea43051b2edc
[INFO] [stdout]                                at /rustc/6067b36314ab5eb2eb47cecc464545ba58e1ad24/library/std/src/panicking.rs:839:13
[INFO] [stdout]   14:     0x583784a5287a - std::panicking::begin_panic_handler::{{closure}}::h4f9159cfbc3f6bd3
[INFO] [stdout]                                at /rustc/6067b36314ab5eb2eb47cecc464545ba58e1ad24/library/std/src/panicking.rs:704:13
[INFO] [stdout]   15:     0x583784a511a9 - std::sys::backtrace::__rust_end_short_backtrace::h0390abce48353151
[INFO] [stdout]                                at /rustc/6067b36314ab5eb2eb47cecc464545ba58e1ad24/library/std/src/sys/backtrace.rs:168:18
[INFO] [stdout]   16:     0x583784a5250d - rust_begin_unwind
[INFO] [stdout]                                at /rustc/6067b36314ab5eb2eb47cecc464545ba58e1ad24/library/std/src/panicking.rs:695:5
[INFO] [stdout]   17:     0x583784a7a8f0 - core::panicking::panic_fmt::h9e7c637e9e5f29c9
[INFO] [stdout]                                at /rustc/6067b36314ab5eb2eb47cecc464545ba58e1ad24/library/core/src/panicking.rs:75:14
[INFO] [stdout]   18:     0x583784a7ad66 - core::result::unwrap_failed::h7979f09313fe1849
[INFO] [stdout]                                at /rustc/6067b36314ab5eb2eb47cecc464545ba58e1ad24/library/core/src/result.rs:1704:5
[INFO] [stdout]   19:     0x5837845e4cdd - core::result::Result<T,E>::unwrap::h0d08dada587aaf53
[INFO] [stdout]                                at /rustc/6067b36314ab5eb2eb47cecc464545ba58e1ad24/library/core/src/result.rs:1109:23
[INFO] [stdout]   20:     0x5837845e4cdd - NTxVentures::DataApiService::request::{{closure}}::{{closure}}::h76c1eca60c99460f
[INFO] [stdout]                                at /opt/rustwide/workdir/src/main.rs:124:20
[INFO] [stdout]   21:     0x5837845f39db - <core::pin::Pin<P> as core::future::future::Future>::poll::h0f08153f3482ed58
[INFO] [stdout]                                at /rustc/6067b36314ab5eb2eb47cecc464545ba58e1ad24/library/core/src/future/future.rs:124:9
[INFO] [stdout]   22:     0x5837845f2c8e - tokio::runtime::basic_scheduler::Inner<P>::block_on::{{closure}}::{{closure}}::h5c99eb350de5657c
[INFO] [stdout]                                at /opt/rustwide/cargo-home/registry/src/index.crates.io-1949cf8c6b5b557f/tokio-1.9.0/src/runtime/basic_scheduler.rs:208:62
[INFO] [stdout]   23:     0x5837845e0f8d - tokio::coop::with_budget::{{closure}}::hb50bfa7827f1a095
[INFO] [stdout]                                at /opt/rustwide/cargo-home/registry/src/index.crates.io-1949cf8c6b5b557f/tokio-1.9.0/src/coop.rs:106:9
[INFO] [stdout]   24:     0x5837845e68e1 - std::thread::local::LocalKey<T>::try_with::he7b1a38e9f054cfb
[INFO] [stdout]                                at /rustc/6067b36314ab5eb2eb47cecc464545ba58e1ad24/library/std/src/thread/local.rs:308:12
[INFO] [stdout]   25:     0x5837845e6283 - std::thread::local::LocalKey<T>::with::h51ebfa584b91f659
[INFO] [stdout]                                at /rustc/6067b36314ab5eb2eb47cecc464545ba58e1ad24/library/std/src/thread/local.rs:272:9
[INFO] [stdout]   26:     0x5837845f26e0 - tokio::coop::with_budget::h2c023cbc2277fd72
[INFO] [stdout]                                at /opt/rustwide/cargo-home/registry/src/index.crates.io-1949cf8c6b5b557f/tokio-1.9.0/src/coop.rs:99:5
[INFO] [stdout]   27:     0x5837845f26e0 - tokio::coop::budget::h8ad2dcc6aa5da166
[INFO] [stdout]                                at /opt/rustwide/cargo-home/registry/src/index.crates.io-1949cf8c6b5b557f/tokio-1.9.0/src/coop.rs:76:5
[INFO] [stdout]   28:     0x5837845f26e0 - tokio::runtime::basic_scheduler::Inner<P>::block_on::{{closure}}::hc01fd43e6ebbc45f
[INFO] [stdout]                                at /opt/rustwide/cargo-home/registry/src/index.crates.io-1949cf8c6b5b557f/tokio-1.9.0/src/runtime/basic_scheduler.rs:208:39
[INFO] [stdout]   29:     0x5837845f3871 - tokio::runtime::basic_scheduler::enter::{{closure}}::h40d7d5b508bf2890
[INFO] [stdout]                                at /opt/rustwide/cargo-home/registry/src/index.crates.io-1949cf8c6b5b557f/tokio-1.9.0/src/runtime/basic_scheduler.rs:299:29
[INFO] [stdout]   30:     0x5837845f231a - tokio::macros::scoped_tls::ScopedKey<T>::set::h9ef169ce30f62999
[INFO] [stdout]                                at /opt/rustwide/cargo-home/registry/src/index.crates.io-1949cf8c6b5b557f/tokio-1.9.0/src/macros/scoped_tls.rs:61:9
[INFO] [stdout]   31:     0x5837845f37fb - tokio::runtime::basic_scheduler::enter::h8cfd9a13ccbfcac6
[INFO] [stdout]                                at /opt/rustwide/cargo-home/registry/src/index.crates.io-1949cf8c6b5b557f/tokio-1.9.0/src/runtime/basic_scheduler.rs:299:5
[INFO] [stdout]   32:     0x5837845f23da - tokio::runtime::basic_scheduler::Inner<P>::block_on::h8aaa19665f897ad9
[INFO] [stdout]                                at /opt/rustwide/cargo-home/registry/src/index.crates.io-1949cf8c6b5b557f/tokio-1.9.0/src/runtime/basic_scheduler.rs:197:9
[INFO] [stdout]   33:     0x5837845f2d7f - tokio::runtime::basic_scheduler::InnerGuard<P>::block_on::he5b6743cdcf52bbc
[INFO] [stdout]                                at /opt/rustwide/cargo-home/registry/src/index.crates.io-1949cf8c6b5b557f/tokio-1.9.0/src/runtime/basic_scheduler.rs:452:9
[INFO] [stdout]   34:     0x5837845f309c - tokio::runtime::basic_scheduler::BasicScheduler<P>::block_on::hdec4e80483c44b0f
[INFO] [stdout]                                at /opt/rustwide/cargo-home/registry/src/index.crates.io-1949cf8c6b5b557f/tokio-1.9.0/src/runtime/basic_scheduler.rs:157:24
[INFO] [stdout]   35:     0x5837845e997b - tokio::runtime::Runtime::block_on::hf4d0273d73a89682
[INFO] [stdout]                                at /opt/rustwide/cargo-home/registry/src/index.crates.io-1949cf8c6b5b557f/tokio-1.9.0/src/runtime/mod.rs:450:46
[INFO] [stdout]   36:     0x5837845e421b - NTxVentures::DataApiService::request::{{closure}}::h786ed430c0c491c5
[INFO] [stdout]                                at /opt/rustwide/workdir/src/main.rs:123:16
[INFO] [stdout]   37:     0x5837845ef90f - futures_executor::local_pool::block_on::{{closure}}::h2a85e34dde0216c5
[INFO] [stdout]                                at /opt/rustwide/cargo-home/registry/src/index.crates.io-1949cf8c6b5b557f/futures-executor-0.3.16/src/local_pool.rs:315:23
[INFO] [stdout]   38:     0x5837845ef5b7 - futures_executor::local_pool::run_executor::{{closure}}::h561ca2196b166d06
[INFO] [stdout]                                at /opt/rustwide/cargo-home/registry/src/index.crates.io-1949cf8c6b5b557f/futures-executor-0.3.16/src/local_pool.rs:90:37
[INFO] [stdout]   39:     0x5837845e658c - std::thread::local::LocalKey<T>::try_with::h429c848021de9c7b
[INFO] [stdout]                                at /rustc/6067b36314ab5eb2eb47cecc464545ba58e1ad24/library/std/src/thread/local.rs:308:12
[INFO] [stdout]   40:     0x5837845e622a - std::thread::local::LocalKey<T>::with::h51d474c9921ebf94
[INFO] [stdout]                                at /rustc/6067b36314ab5eb2eb47cecc464545ba58e1ad24/library/std/src/thread/local.rs:272:9
[INFO] [stdout]   41:     0x5837845ef508 - futures_executor::local_pool::run_executor::ha5cc547c1e1e13cc
[INFO] [stdout]                                at /opt/rustwide/cargo-home/registry/src/index.crates.io-1949cf8c6b5b557f/futures-executor-0.3.16/src/local_pool.rs:86:5
[INFO] [stdout]   42:     0x5837845ef800 - futures_executor::local_pool::block_on::h0048bbfe302e8158
[INFO] [stdout]                                at /opt/rustwide/cargo-home/registry/src/index.crates.io-1949cf8c6b5b557f/futures-executor-0.3.16/src/local_pool.rs:315:5
[INFO] [stdout]   43:     0x5837845e5348 - NTxVentures::tests::test_request::h3e65bcca1916cf22
[INFO] [stdout]                                at /opt/rustwide/workdir/src/main.rs:146:43
[INFO] [stdout]   44:     0x5837845e5057 - NTxVentures::tests::test_request::{{closure}}::h7376ee841f866084
[INFO] [stdout]                                at /opt/rustwide/workdir/src/main.rs:144:22
[INFO] [stdout]   45:     0x5837845eff66 - core::ops::function::FnOnce::call_once::h87965a78cfcbd42f
[INFO] [stdout]                                at /rustc/6067b36314ab5eb2eb47cecc464545ba58e1ad24/library/core/src/ops/function.rs:250:5
[INFO] [stdout]   46:     0x58378463957b - core::ops::function::FnOnce::call_once::he27718dfdd183f43
[INFO] [stdout]                                at /rustc/6067b36314ab5eb2eb47cecc464545ba58e1ad24/library/core/src/ops/function.rs:250:5
[INFO] [stdout]   47:     0x58378463957b - test::__rust_begin_short_backtrace::h4e84902998457a5d
[INFO] [stdout]                                at /rustc/6067b36314ab5eb2eb47cecc464545ba58e1ad24/library/test/src/lib.rs:632:18
[INFO] [stdout]   48:     0x5837846384b3 - test::run_test_in_process::{{closure}}::h7176fd18fc1feca0
[INFO] [stdout]                                at /rustc/6067b36314ab5eb2eb47cecc464545ba58e1ad24/library/test/src/lib.rs:655:60
[INFO] [stdout]   49:     0x5837846384b3 - <core::panic::unwind_safe::AssertUnwindSafe<F> as core::ops::function::FnOnce<()>>::call_once::hf79cff2a624d8cf7
[INFO] [stdout]                                at /rustc/6067b36314ab5eb2eb47cecc464545ba58e1ad24/library/core/src/panic/unwind_safe.rs:272:9
[INFO] [stdout]   50:     0x5837846384b3 - std::panicking::try::do_call::h3da0561d9ab99c25
[INFO] [stdout]                                at /rustc/6067b36314ab5eb2eb47cecc464545ba58e1ad24/library/std/src/panicking.rs:587:40
[INFO] [stdout]   51:     0x5837846384b3 - std::panicking::try::h41c9fa508bc61df6
[INFO] [stdout]                                at /rustc/6067b36314ab5eb2eb47cecc464545ba58e1ad24/library/std/src/panicking.rs:550:19
[INFO] [stdout]   52:     0x5837846384b3 - std::panic::catch_unwind::h6b3ff07bb5afad93
[INFO] [stdout]                                at /rustc/6067b36314ab5eb2eb47cecc464545ba58e1ad24/library/std/src/panic.rs:358:14
[INFO] [stdout]   53:     0x5837846384b3 - test::run_test_in_process::hc7253dd11b39b9f4
[INFO] [stdout]                                at /rustc/6067b36314ab5eb2eb47cecc464545ba58e1ad24/library/test/src/lib.rs:655:27
[INFO] [stdout]   54:     0x5837846384b3 - test::run_test::{{closure}}::hfb2007f8649c30bb
[INFO] [stdout]                                at /rustc/6067b36314ab5eb2eb47cecc464545ba58e1ad24/library/test/src/lib.rs:576:43
[INFO] [stdout]   55:     0x5837845fb595 - test::run_test::{{closure}}::h56a17aa7a282a9f4
[INFO] [stdout]                                at /rustc/6067b36314ab5eb2eb47cecc464545ba58e1ad24/library/test/src/lib.rs:606:41
[INFO] [stdout]   56:     0x5837845fb595 - std::sys::backtrace::__rust_begin_short_backtrace::hd2d2d2fb8e8c6aac
[INFO] [stdout]                                at /rustc/6067b36314ab5eb2eb47cecc464545ba58e1ad24/library/std/src/sys/backtrace.rs:152:18
[INFO] [stdout]   57:     0x5837845fee7a - std::thread::Builder::spawn_unchecked_::{{closure}}::{{closure}}::h4faa3f9db6133423
[INFO] [stdout]                                at /rustc/6067b36314ab5eb2eb47cecc464545ba58e1ad24/library/std/src/thread/mod.rs:559:17
[INFO] [stdout]   58:     0x5837845fee7a - <core::panic::unwind_safe::AssertUnwindSafe<F> as core::ops::function::FnOnce<()>>::call_once::hf2e855a36a4ea846
[INFO] [stdout]                                at /rustc/6067b36314ab5eb2eb47cecc464545ba58e1ad24/library/core/src/panic/unwind_safe.rs:272:9
[INFO] [stdout]   59:     0x5837845fee7a - std::panicking::try::do_call::h2f73af3616c35465
[INFO] [stdout]                                at /rustc/6067b36314ab5eb2eb47cecc464545ba58e1ad24/library/std/src/panicking.rs:587:40
[INFO] [stdout]   60:     0x5837845fee7a - std::panicking::try::hd1660ce9efadef5a
[INFO] [stdout]                                at /rustc/6067b36314ab5eb2eb47cecc464545ba58e1ad24/library/std/src/panicking.rs:550:19
[INFO] [stdout]   61:     0x5837845fee7a - std::panic::catch_unwind::h5ee8d7823b8ca744
[INFO] [stdout]                                at /rustc/6067b36314ab5eb2eb47cecc464545ba58e1ad24/library/std/src/panic.rs:358:14
[INFO] [stdout]   62:     0x5837845fee7a - std::thread::Builder::spawn_unchecked_::{{closure}}::h53c3a1894dce8407
[INFO] [stdout]                                at /rustc/6067b36314ab5eb2eb47cecc464545ba58e1ad24/library/std/src/thread/mod.rs:557:30
[INFO] [stdout]   63:     0x5837845fee7a - core::ops::function::FnOnce::call_once{{vtable.shim}}::h048ce291ad4f62bf
[INFO] [stdout]                                at /rustc/6067b36314ab5eb2eb47cecc464545ba58e1ad24/library/core/src/ops/function.rs:250:5
[INFO] [stdout]   64:     0x583784a56f3b - <alloc::boxed::Box<F,A> as core::ops::function::FnOnce<Args>>::call_once::ha52bedf99a3b4981
[INFO] [stdout]                                at /rustc/6067b36314ab5eb2eb47cecc464545ba58e1ad24/library/alloc/src/boxed.rs:2013:9
[INFO] [stdout]   65:     0x583784a56f3b - <alloc::boxed::Box<F,A> as core::ops::function::FnOnce<Args>>::call_once::h567748934d80ccf8
[INFO] [stdout]                                at /rustc/6067b36314ab5eb2eb47cecc464545ba58e1ad24/library/alloc/src/boxed.rs:2013:9
[INFO] [stdout]   66:     0x583784a56f3b - std::sys::pal::unix::thread::Thread::new::thread_start::h2d970728ae887adc
[INFO] [stdout]                                at /rustc/6067b36314ab5eb2eb47cecc464545ba58e1ad24/library/std/src/sys/pal/unix/thread.rs:106:17
[INFO] [stdout]   67:     0x7e6829777ac3 - <unknown>
[INFO] [stdout]   68:     0x7e6829808a04 - clone
[INFO] [stdout]   69:                0x0 - <unknown>
[INFO] [stdout] 
[INFO] [stdout] 
[INFO] [stdout] failures:
[INFO] [stdout]     tests::test_request
[INFO] [stdout] 
[INFO] [stdout] test result: FAILED. 1 passed; 1 failed; 0 ignored; 0 measured; 0 filtered out; finished in 0.15s
[INFO] [stdout] 
[INFO] [stderr] error: test failed, to rerun pass `--bin NTxVentures`
[INFO] running `Command { std: "docker" "inspect" "960c169ba151f694b5afc3752cffd059c7f73554c2b4a3a0eae43d969732c3d6", kill_on_drop: false }`
[INFO] running `Command { std: "docker" "rm" "-f" "960c169ba151f694b5afc3752cffd059c7f73554c2b4a3a0eae43d969732c3d6", kill_on_drop: false }`
[INFO] [stdout] 960c169ba151f694b5afc3752cffd059c7f73554c2b4a3a0eae43d969732c3d6
