[INFO] cloning repository https://github.com/cobaltburn/catalystdb
[INFO] running `Command { std: "git" "-c" "credential.helper=" "-c" "credential.helper=/workspace/cargo-home/bin/git-credential-null" "clone" "--bare" "https://github.com/cobaltburn/catalystdb" "/workspace/cache/git-repos/https%3A%2F%2Fgithub.com%2Fcobaltburn%2Fcatalystdb", kill_on_drop: false }`
[INFO] [stderr] Cloning into bare repository '/workspace/cache/git-repos/https%3A%2F%2Fgithub.com%2Fcobaltburn%2Fcatalystdb'...
[INFO] running `Command { std: "git" "rev-parse" "HEAD", kill_on_drop: false }`
[INFO] [stdout] 3bfebf3764538142f72256020285524e9082cb14
[INFO] testing cobaltburn/catalystdb against nightly-2025-01-18 for randomize-layout-2
[INFO] running `Command { std: "git" "clone" "/workspace/cache/git-repos/https%3A%2F%2Fgithub.com%2Fcobaltburn%2Fcatalystdb" "/workspace/builds/worker-3-tc1/source", kill_on_drop: false }`
[INFO] [stderr] Cloning into '/workspace/builds/worker-3-tc1/source'...
[INFO] [stderr] done.
[INFO] validating manifest of git repo https://github.com/cobaltburn/catalystdb on toolchain nightly-2025-01-18
[INFO] running `Command { std: CARGO_HOME="/workspace/cargo-home" RUSTUP_HOME="/workspace/rustup-home" "/workspace/cargo-home/bin/cargo" "+nightly-2025-01-18" "metadata" "--manifest-path" "Cargo.toml" "--no-deps", kill_on_drop: false }`
[INFO] started tweaking git repo https://github.com/cobaltburn/catalystdb
[INFO] finished tweaking git repo https://github.com/cobaltburn/catalystdb
[INFO] tweaked toml for git repo https://github.com/cobaltburn/catalystdb written to /workspace/builds/worker-3-tc1/source/Cargo.toml
[INFO] crate git repo https://github.com/cobaltburn/catalystdb already has a lockfile, it will not be regenerated
[INFO] running `Command { std: CARGO_HOME="/workspace/cargo-home" RUSTUP_HOME="/workspace/rustup-home" "/workspace/cargo-home/bin/cargo" "+nightly-2025-01-18" "fetch" "--manifest-path" "Cargo.toml", kill_on_drop: false }`
[INFO] [stderr]     Updating crates.io index
[INFO] [stderr]  Downloading crates ...
[INFO] [stderr]   Downloaded serde-content v0.1.0
[INFO] running `Command { std: "docker" "create" "-v" "/var/lib/crater-agent-workspace/builds/worker-3-tc1/target:/opt/rustwide/target:rw,Z" "-v" "/var/lib/crater-agent-workspace/builds/worker-3-tc1/source:/opt/rustwide/workdir:ro,Z" "-v" "/var/lib/crater-agent-workspace/cargo-home:/opt/rustwide/cargo-home:ro,Z" "-v" "/var/lib/crater-agent-workspace/rustup-home:/opt/rustwide/rustup-home:ro,Z" "-e" "SOURCE_DIR=/opt/rustwide/workdir" "-e" "CARGO_TARGET_DIR=/opt/rustwide/target" "-e" "CARGO_HOME=/opt/rustwide/cargo-home" "-e" "RUSTUP_HOME=/opt/rustwide/rustup-home" "-w" "/opt/rustwide/workdir" "-m" "1610612736" "--user" "0:0" "--network" "none" "ghcr.io/rust-lang/crates-build-env/linux@sha256:819108c5571ea2e421544af4d832f968d213c87fbe3707a016657f43d2f853bc" "/opt/rustwide/cargo-home/bin/cargo" "+nightly-2025-01-18" "metadata" "--no-deps" "--format-version=1", kill_on_drop: false }`
[INFO] [stdout] fd76d04ce95164b8713ddc7f49ab10a599daee2fd0470e2a2e639294be6ce19f
[INFO] running `Command { std: "docker" "start" "-a" "fd76d04ce95164b8713ddc7f49ab10a599daee2fd0470e2a2e639294be6ce19f", kill_on_drop: false }`
[INFO] running `Command { std: "docker" "inspect" "fd76d04ce95164b8713ddc7f49ab10a599daee2fd0470e2a2e639294be6ce19f", kill_on_drop: false }`
[INFO] running `Command { std: "docker" "rm" "-f" "fd76d04ce95164b8713ddc7f49ab10a599daee2fd0470e2a2e639294be6ce19f", kill_on_drop: false }`
[INFO] [stdout] fd76d04ce95164b8713ddc7f49ab10a599daee2fd0470e2a2e639294be6ce19f
[INFO] running `Command { std: "docker" "create" "-v" "/var/lib/crater-agent-workspace/builds/worker-3-tc1/target:/opt/rustwide/target:rw,Z" "-v" "/var/lib/crater-agent-workspace/builds/worker-3-tc1/source:/opt/rustwide/workdir:ro,Z" "-v" "/var/lib/crater-agent-workspace/cargo-home:/opt/rustwide/cargo-home:ro,Z" "-v" "/var/lib/crater-agent-workspace/rustup-home:/opt/rustwide/rustup-home:ro,Z" "-e" "SOURCE_DIR=/opt/rustwide/workdir" "-e" "CARGO_TARGET_DIR=/opt/rustwide/target" "-e" "CARGO_INCREMENTAL=0" "-e" "RUST_BACKTRACE=full" "-e" "RUSTFLAGS=--cap-lints=forbid" "-e" "RUSTDOCFLAGS=--cap-lints=forbid" "-e" "CARGO_HOME=/opt/rustwide/cargo-home" "-e" "RUSTUP_HOME=/opt/rustwide/rustup-home" "-w" "/opt/rustwide/workdir" "-m" "1610612736" "--user" "0:0" "--network" "none" "ghcr.io/rust-lang/crates-build-env/linux@sha256:819108c5571ea2e421544af4d832f968d213c87fbe3707a016657f43d2f853bc" "/opt/rustwide/cargo-home/bin/cargo" "+nightly-2025-01-18" "build" "--frozen" "--message-format=json", kill_on_drop: false }`
[INFO] [stdout] bb8f87e1e53569a4f7a1686fa1eb9c593058df5a066bd93a1e5338679ca062a6
[INFO] running `Command { std: "docker" "start" "-a" "bb8f87e1e53569a4f7a1686fa1eb9c593058df5a066bd93a1e5338679ca062a6", kill_on_drop: false }`
[INFO] [stderr]    Compiling proc-macro2 v1.0.92
[INFO] [stderr]    Compiling unicode-ident v1.0.14
[INFO] [stderr]    Compiling libc v0.2.169
[INFO] [stderr]    Compiling pin-project-lite v0.2.15
[INFO] [stderr]    Compiling autocfg v1.4.0
[INFO] [stderr]    Compiling log v0.4.22
[INFO] [stderr]    Compiling version_check v0.9.5
[INFO] [stderr]    Compiling smallvec v1.13.2
[INFO] [stderr]    Compiling stable_deref_trait v1.2.0
[INFO] [stderr]    Compiling parking_lot_core v0.9.10
[INFO] [stderr]    Compiling bytes v1.9.0
[INFO] [stderr]    Compiling scopeguard v1.2.0
[INFO] [stderr]    Compiling futures-core v0.3.31
[INFO] [stderr]    Compiling once_cell v1.20.2
[INFO] [stderr]    Compiling writeable v0.5.5
[INFO] [stderr]    Compiling shlex v1.3.0
[INFO] [stderr]    Compiling typenum v1.17.0
[INFO] [stderr]    Compiling itoa v1.0.14
[INFO] [stderr]    Compiling lock_api v0.4.12
[INFO] [stderr]    Compiling litemap v0.7.4
[INFO] [stderr]    Compiling generic-array v0.14.7
[INFO] [stderr]    Compiling memchr v2.7.4
[INFO] [stderr]    Compiling pkg-config v0.3.31
[INFO] [stderr]    Compiling crossbeam-utils v0.8.21
[INFO] [stderr]    Compiling byteorder v1.5.0
[INFO] [stderr]    Compiling tracing-core v0.1.33
[INFO] [stderr]    Compiling icu_locid_transform_data v1.5.0
[INFO] [stderr]    Compiling quote v1.0.38
[INFO] [stderr]    Compiling futures-sink v0.3.31
[INFO] [stderr]    Compiling serde v1.0.216
[INFO] [stderr]    Compiling syn v2.0.92
[INFO] [stderr]    Compiling futures-task v0.3.31
[INFO] [stderr]    Compiling mio v1.0.3
[INFO] [stderr]    Compiling socket2 v0.5.8
[INFO] [stderr]    Compiling parking_lot v0.12.3
[INFO] [stderr]    Compiling jobserver v0.1.32
[INFO] [stderr]    Compiling signal-hook-registry v1.4.2
[INFO] [stderr]    Compiling getrandom v0.2.15
[INFO] [stderr]    Compiling cc v1.2.6
[INFO] [stderr]    Compiling tracing v0.1.41
[INFO] [stderr]    Compiling paste v1.0.15
[INFO] [stderr]    Compiling percent-encoding v2.3.1
[INFO] [stderr]    Compiling icu_properties_data v1.5.0
[INFO] [stderr]    Compiling rand_core v0.6.4
[INFO] [stderr]    Compiling futures-util v0.3.31
[INFO] [stderr]    Compiling slab v0.4.9
[INFO] [stderr]    Compiling utf16_iter v1.0.5
[INFO] [stderr]    Compiling write16 v1.0.0
[INFO] [stderr]    Compiling icu_normalizer_data v1.5.0
[INFO] [stderr]    Compiling local-waker v0.1.4
[INFO] [stderr]    Compiling alloc-no-stdlib v2.0.4
[INFO] [stderr]    Compiling utf8_iter v1.0.4
[INFO] [stderr]    Compiling zstd-safe v7.2.1
[INFO] [stderr]    Compiling alloc-stdlib v0.2.2
[INFO] [stderr]    Compiling http v0.2.12
[INFO] [stderr]    Compiling aho-corasick v1.1.3
[INFO] [stderr]    Compiling ahash v0.8.11
[INFO] [stderr]    Compiling crypto-common v0.1.6
[INFO] [stderr]    Compiling block-buffer v0.10.4
[INFO] [stderr]    Compiling regex-syntax v0.8.5
[INFO] [stderr]    Compiling hashbrown v0.15.2
[INFO] [stderr]    Compiling bitflags v2.6.0
[INFO] [stderr]    Compiling adler2 v2.0.0
[INFO] [stderr]    Compiling equivalent v1.0.1
[INFO] [stderr]    Compiling httparse v1.9.5
[INFO] [stderr]    Compiling time-core v0.1.2
[INFO] [stderr]    Compiling powerfmt v0.2.0
[INFO] [stderr]    Compiling regex-lite v0.1.6
[INFO] [stderr]    Compiling zstd-sys v2.0.13+zstd.1.5.6
[INFO] [stderr]    Compiling num-conv v0.1.0
[INFO] [stderr]    Compiling time-macros v0.2.19
[INFO] [stderr]    Compiling deranged v0.3.11
[INFO] [stderr]    Compiling bytestring v1.4.0
[INFO] [stderr]    Compiling indexmap v2.7.0
[INFO] [stderr]    Compiling regex-automata v0.4.9
[INFO] [stderr]    Compiling miniz_oxide v0.8.2
[INFO] [stderr]    Compiling actix-service v2.0.2
[INFO] [stderr]    Compiling digest v0.10.7
[INFO] [stderr]    Compiling brotli-decompressor v4.0.1
[INFO] [stderr]    Compiling actix-utils v3.0.1
[INFO] [stderr]    Compiling form_urlencoded v1.2.1
[INFO] [stderr]    Compiling crossbeam-epoch v0.9.18
[INFO] [stderr]    Compiling synstructure v0.13.1
[INFO] [stderr]    Compiling cookie v0.16.2
[INFO] [stderr]    Compiling crc32fast v1.4.2
[INFO] [stderr]    Compiling ryu v1.0.18
[INFO] [stderr]    Compiling convert_case v0.4.0
[INFO] [stderr]    Compiling serde_json v1.0.134
[INFO] [stderr]    Compiling rayon-core v1.12.1
[INFO] [stderr]    Compiling cpufeatures v0.2.16
[INFO] [stderr]    Compiling sha1 v0.10.6
[INFO] [stderr]    Compiling flate2 v1.0.35
[INFO] [stderr]    Compiling brotli v6.0.0
[INFO] [stderr]    Compiling crossbeam-deque v0.8.6
[INFO] [stderr]    Compiling time v0.3.37
[INFO] [stderr]    Compiling local-channel v0.1.5
[INFO] [stderr]    Compiling encoding_rs v0.8.35
[INFO] [stderr]    Compiling base64 v0.22.1
[INFO] [stderr]    Compiling actix-router v0.5.3
[INFO] [stderr]    Compiling regex v1.11.1
[INFO] [stderr]    Compiling zerofrom-derive v0.1.5
[INFO] [stderr]    Compiling yoke-derive v0.7.5
[INFO] [stderr]    Compiling zerovec-derive v0.10.3
[INFO] [stderr]    Compiling displaydoc v0.2.5
[INFO] [stderr]    Compiling tokio-macros v2.4.0
[INFO] [stderr]    Compiling zerocopy-derive v0.7.35
[INFO] [stderr]    Compiling zerofrom v0.1.5
[INFO] [stderr]    Compiling yoke v0.7.5
[INFO] [stderr]    Compiling icu_provider_macros v1.5.0
[INFO] [stderr]    Compiling zerovec v0.10.4
[INFO] [stderr]    Compiling tokio v1.42.0
[INFO] [stderr]    Compiling serde_derive v1.0.216
[INFO] [stderr]    Compiling actix-macros v0.2.4
[INFO] [stderr]    Compiling zerocopy v0.7.35
[INFO] [stderr]    Compiling derive_more v0.99.18
[INFO] [stderr]    Compiling thiserror v1.0.69
[INFO] [stderr]    Compiling language-tags v0.3.2
[INFO] [stderr]    Compiling ppv-lite86 v0.2.20
[INFO] [stderr]    Compiling tinystr v0.7.6
[INFO] [stderr]    Compiling icu_collections v1.5.0
[INFO] [stderr]    Compiling icu_locid v1.5.0
[INFO] [stderr]    Compiling rand_chacha v0.3.1
[INFO] [stderr]    Compiling rand v0.8.5
[INFO] [stderr]    Compiling mime v0.3.17
[INFO] [stderr]    Compiling httpdate v1.0.3
[INFO] [stderr]    Compiling icu_provider v1.5.0
[INFO] [stderr]    Compiling icu_locid_transform v1.5.0
[INFO] [stderr]    Compiling actix-web-codegen v4.3.0
[INFO] [stderr]    Compiling actix_derive v0.6.2
[INFO] [stderr]    Compiling thiserror-impl v1.0.69
[INFO] [stderr]    Compiling icu_properties v1.5.1
[INFO] [stderr]    Compiling tokio-util v0.7.13
[INFO] [stderr]    Compiling actix-rt v2.10.0
[INFO] [stderr]    Compiling crossbeam-channel v0.5.14
[INFO] [stderr]    Compiling h2 v0.3.26
[INFO] [stderr]    Compiling actix-codec v0.5.2
[INFO] [stderr]    Compiling actix-server v2.5.0
[INFO] [stderr]    Compiling impl-more v0.1.9
[INFO] [stderr]    Compiling either v1.13.0
[INFO] [stderr]    Compiling rayon v1.10.0
[INFO] [stderr]    Compiling icu_normalizer v1.5.0
[INFO] [stderr]    Compiling actix v0.13.5
[INFO] [stderr]    Compiling uuid v1.11.0
[INFO] [stderr]    Compiling idna_adapter v1.2.0
[INFO] [stderr]    Compiling idna v1.0.3
[INFO] [stderr]    Compiling async-trait v0.1.83
[INFO] [stderr]    Compiling url v2.5.4
[INFO] [stderr]    Compiling zstd v0.13.2
[INFO] [stderr]    Compiling serde_urlencoded v0.7.1
[INFO] [stderr]    Compiling serde-content v0.1.0
[INFO] [stderr]    Compiling actix-http v3.9.0
[INFO] [stderr]    Compiling actix-web v4.9.0
[INFO] [stderr]    Compiling catalystdb v0.1.0 (/opt/rustwide/workdir)
[INFO] [stdout] warning: unused variable: `idioms`
[INFO] [stdout]   --> src/dbs/iterator.rs:44:16
[INFO] [stdout]    |
[INFO] [stdout] 44 |         Idioms(idioms): Idioms,
[INFO] [stdout]    |                ^^^^^^ help: if this is intentional, prefix it with an underscore: `_idioms`
[INFO] [stdout]    |
[INFO] [stdout]    = note: `#[warn(unused_variables)]` on by default
[INFO] [stdout] 
[INFO] [stdout] 
[INFO] [stdout] warning: unused variable: `graph`
[INFO] [stdout]   --> src/dbs/iterator.rs:45:9
[INFO] [stdout]    |
[INFO] [stdout] 45 |         graph: &Addr<Graph>,
[INFO] [stdout]    |         ^^^^^ help: if this is intentional, prefix it with an underscore: `_graph`
[INFO] [stdout] 
[INFO] [stdout] 
[INFO] [stdout] warning: unused variable: `stm`
[INFO] [stdout]   --> src/dbs/iterator.rs:46:9
[INFO] [stdout]    |
[INFO] [stdout] 46 |         stm: &Statement<'_>,
[INFO] [stdout]    |         ^^^ help: if this is intentional, prefix it with an underscore: `_stm`
[INFO] [stdout] 
[INFO] [stdout] 
[INFO] [stdout] warning: unused variable: `dir`
[INFO] [stdout]   --> src/ql/idiom.rs:53:17
[INFO] [stdout]    |
[INFO] [stdout] 53 |                 dir,
[INFO] [stdout]    |                 ^^^ help: try ignoring the field: `dir: _`
[INFO] [stdout] 
[INFO] [stdout] 
[INFO] [stdout] warning: unused variable: `to`
[INFO] [stdout]   --> src/ql/idiom.rs:54:17
[INFO] [stdout]    |
[INFO] [stdout] 54 |                 to,
[INFO] [stdout]    |                 ^^ help: try ignoring the field: `to: _`
[INFO] [stdout] 
[INFO] [stdout] 
[INFO] [stdout] warning: unused variable: `filter`
[INFO] [stdout]   --> src/ql/idiom.rs:55:17
[INFO] [stdout]    |
[INFO] [stdout] 55 |                 filter,
[INFO] [stdout]    |                 ^^^^^^ help: try ignoring the field: `filter: _`
[INFO] [stdout] 
[INFO] [stdout] 
[INFO] [stdout] warning: unused variable: `alias`
[INFO] [stdout]   --> src/ql/idiom.rs:56:17
[INFO] [stdout]    |
[INFO] [stdout] 56 |                 alias,
[INFO] [stdout]    |                 ^^^^^ help: try ignoring the field: `alias: _`
[INFO] [stdout] 
[INFO] [stdout] 
[INFO] [stdout] warning: unused variable: `dir`
[INFO] [stdout]   --> src/ql/idiom.rs:58:31
[INFO] [stdout]    |
[INFO] [stdout] 58 |             Part::Edge(Edge { dir, from, to }) => todo!(),
[INFO] [stdout]    |                               ^^^ help: try ignoring the field: `dir: _`
[INFO] [stdout] 
[INFO] [stdout] 
[INFO] [stdout] warning: unused variable: `from`
[INFO] [stdout]   --> src/ql/idiom.rs:58:36
[INFO] [stdout]    |
[INFO] [stdout] 58 |             Part::Edge(Edge { dir, from, to }) => todo!(),
[INFO] [stdout]    |                                    ^^^^ help: try ignoring the field: `from: _`
[INFO] [stdout] 
[INFO] [stdout] 
[INFO] [stdout] warning: unused variable: `to`
[INFO] [stdout]   --> src/ql/idiom.rs:58:42
[INFO] [stdout]    |
[INFO] [stdout] 58 |             Part::Edge(Edge { dir, from, to }) => todo!(),
[INFO] [stdout]    |                                          ^^ help: try ignoring the field: `to: _`
[INFO] [stdout] 
[INFO] [stdout] 
[INFO] [stdout] warning: unused variable: `parts`
[INFO] [stdout]   --> src/ql/idiom.rs:50:33
[INFO] [stdout]    |
[INFO] [stdout] 50 |     fn parse_walk(start: &Part, parts: &mut Iter<Part>) -> Result<Value, Error> {
[INFO] [stdout]    |                                 ^^^^^ help: if this is intentional, prefix it with an underscore: `_parts`
[INFO] [stdout] 
[INFO] [stdout] 
[INFO] [stdout] warning: variants `Value`, `Edge`, `Record`, `Table`, and `Idiom` are never constructed
[INFO] [stdout]   --> src/dbs/iterator.rs:25:5
[INFO] [stdout]    |
[INFO] [stdout] 24 | pub enum Iterable {
[INFO] [stdout]    |          -------- variants in this enum
[INFO] [stdout] 25 |     Value(Value),
[INFO] [stdout]    |     ^^^^^
[INFO] [stdout] 26 |     Edge(Edge),
[INFO] [stdout]    |     ^^^^
[INFO] [stdout] 27 |     Record(Addr<Entity>),
[INFO] [stdout]    |     ^^^^^^
[INFO] [stdout] 28 |     Table(Vec<Addr<Entity>>),
[INFO] [stdout]    |     ^^^^^
[INFO] [stdout] 29 |     Idiom(Idioms),
[INFO] [stdout]    |     ^^^^^
[INFO] [stdout]    |
[INFO] [stdout]    = note: `Iterable` has derived impls for the traits `Clone` and `Debug`, but these are intentionally ignored during dead code analysis
[INFO] [stdout]    = note: `#[warn(dead_code)]` on by default
[INFO] [stdout] 
[INFO] [stdout] 
[INFO] [stdout] warning: associated items `process`, `process_idioms`, `process_edge`, `process_value`, `process_record`, and `process_table` are never used
[INFO] [stdout]    --> src/dbs/iterator.rs:33:18
[INFO] [stdout]     |
[INFO] [stdout] 32  | impl Iterable {
[INFO] [stdout]     | ------------- associated items in this implementation
[INFO] [stdout] 33  |     pub async fn process(self, graph: &Addr<Graph>, stm: &Statement<'_>) -> Result<Value, Error> {
[INFO] [stdout]     |                  ^^^^^^^
[INFO] [stdout] ...
[INFO] [stdout] 43  |     async fn process_idioms(
[INFO] [stdout]     |              ^^^^^^^^^^^^^^
[INFO] [stdout] ...
[INFO] [stdout] 51  |     async fn process_edge(
[INFO] [stdout]     |              ^^^^^^^^^^^^
[INFO] [stdout] ...
[INFO] [stdout] 87  |     fn process_value(value: Value, stm: &Statement<'_>) -> Result<Value, Error> {
[INFO] [stdout]     |        ^^^^^^^^^^^^^
[INFO] [stdout] ...
[INFO] [stdout] 105 |     async fn process_record(record: Addr<Entity>, stm: &Statement<'_>) -> Result<Value, Error> {
[INFO] [stdout]     |              ^^^^^^^^^^^^^^
[INFO] [stdout] ...
[INFO] [stdout] 119 |     async fn process_table(table: Vec<Addr<Entity>>, stm: &Statement<'_>) -> Result<Value, Error> {
[INFO] [stdout]     |              ^^^^^^^^^^^^^
[INFO] [stdout] 
[INFO] [stdout] 
[INFO] [stdout] warning: multiple associated items are never used
[INFO] [stdout]    --> src/dbs/iterator.rs:150:12
[INFO] [stdout]     |
[INFO] [stdout] 149 | impl Iterator {
[INFO] [stdout]     | ------------- associated items in this implementation
[INFO] [stdout] 150 |     pub fn new() -> Iterator {
[INFO] [stdout]     |            ^^^
[INFO] [stdout] ...
[INFO] [stdout] 154 |     pub fn ingest(&mut self, value: Iterable) {
[INFO] [stdout]     |            ^^^^^^
[INFO] [stdout] ...
[INFO] [stdout] 158 |     pub async fn ingest_record(&mut self, id: Record, graph: &Addr<Graph>) -> Result<(), Error> {
[INFO] [stdout]     |                  ^^^^^^^^^^^^^
[INFO] [stdout] ...
[INFO] [stdout] 169 |     pub async fn ingest_table(&mut self, table: Table, graph: &Addr<Graph>) -> Result<(), Error> {
[INFO] [stdout]     |                  ^^^^^^^^^^^^
[INFO] [stdout] ...
[INFO] [stdout] 180 |     pub fn ingest_edge(&mut self, edge: Edge) -> Result<(), Error> {
[INFO] [stdout]     |            ^^^^^^^^^^^
[INFO] [stdout] ...
[INFO] [stdout] 185 |     pub fn set_limit(&mut self, stm: &Statement<'_>) -> Result<(), Error> {
[INFO] [stdout]     |            ^^^^^^^^^
[INFO] [stdout] ...
[INFO] [stdout] 191 |     pub fn set_start(&mut self, stm: &Statement<'_>) -> Result<(), Error> {
[INFO] [stdout]     |            ^^^^^^^^^
[INFO] [stdout] ...
[INFO] [stdout] 197 |     pub async fn process(
[INFO] [stdout]     |                  ^^^^^^^
[INFO] [stdout] 
[INFO] [stdout] 
[INFO] [stdout] warning: variants `Table` and `Index` are never constructed
[INFO] [stdout]   --> src/dbs/ops/define.rs:13:5
[INFO] [stdout]    |
[INFO] [stdout] 12 | pub enum Define {
[INFO] [stdout]    |          ------ variants in this enum
[INFO] [stdout] 13 |     Table(String),
[INFO] [stdout]    |     ^^^^^
[INFO] [stdout] 14 |     Index,
[INFO] [stdout]    |     ^^^^^
[INFO] [stdout] 
[INFO] [stdout] 
[INFO] [stdout] warning: variants `Iterator` and `Record` are never constructed
[INFO] [stdout]   --> src/dbs/table.rs:45:5
[INFO] [stdout]    |
[INFO] [stdout] 44 | pub enum Retrieve {
[INFO] [stdout]    |          -------- variants in this enum
[INFO] [stdout] 45 |     Iterator,
[INFO] [stdout]    |     ^^^^^^^^
[INFO] [stdout] 46 |     Record(Record),
[INFO] [stdout]    |     ^^^^^^
[INFO] [stdout] 
[INFO] [stdout] 
[INFO] [stdout] warning: method `compute` is never used
[INFO] [stdout]   --> src/ql/statements/select.rs:28:14
[INFO] [stdout]    |
[INFO] [stdout] 26 | impl Select {
[INFO] [stdout]    | ----------- method in this implementation
[INFO] [stdout] 27 |     // TODO need to implement multi step edges
[INFO] [stdout] 28 |     async fn compute(&self, graph: Addr<Graph>) -> Result<Value, Error> {
[INFO] [stdout]    |              ^^^^^^^
[INFO] [stdout] 
[INFO] [stdout] 
[INFO] [stderr]     Finished `dev` profile [unoptimized + debuginfo] target(s) in 2m 26s
[INFO] running `Command { std: "docker" "inspect" "bb8f87e1e53569a4f7a1686fa1eb9c593058df5a066bd93a1e5338679ca062a6", kill_on_drop: false }`
[INFO] running `Command { std: "docker" "rm" "-f" "bb8f87e1e53569a4f7a1686fa1eb9c593058df5a066bd93a1e5338679ca062a6", kill_on_drop: false }`
[INFO] [stdout] bb8f87e1e53569a4f7a1686fa1eb9c593058df5a066bd93a1e5338679ca062a6
[INFO] running `Command { std: "docker" "create" "-v" "/var/lib/crater-agent-workspace/builds/worker-3-tc1/target:/opt/rustwide/target:rw,Z" "-v" "/var/lib/crater-agent-workspace/builds/worker-3-tc1/source:/opt/rustwide/workdir:ro,Z" "-v" "/var/lib/crater-agent-workspace/cargo-home:/opt/rustwide/cargo-home:ro,Z" "-v" "/var/lib/crater-agent-workspace/rustup-home:/opt/rustwide/rustup-home:ro,Z" "-e" "SOURCE_DIR=/opt/rustwide/workdir" "-e" "CARGO_TARGET_DIR=/opt/rustwide/target" "-e" "CARGO_INCREMENTAL=0" "-e" "RUST_BACKTRACE=full" "-e" "RUSTFLAGS=--cap-lints=forbid" "-e" "RUSTDOCFLAGS=--cap-lints=forbid" "-e" "CARGO_HOME=/opt/rustwide/cargo-home" "-e" "RUSTUP_HOME=/opt/rustwide/rustup-home" "-w" "/opt/rustwide/workdir" "-m" "1610612736" "--user" "0:0" "--network" "none" "ghcr.io/rust-lang/crates-build-env/linux@sha256:819108c5571ea2e421544af4d832f968d213c87fbe3707a016657f43d2f853bc" "/opt/rustwide/cargo-home/bin/cargo" "+nightly-2025-01-18" "test" "--frozen" "--no-run" "--message-format=json", kill_on_drop: false }`
[INFO] [stdout] 1e7fe4c1c772bcc3de720920a52efc1a4410f27980784a263ed6f8ffac7375fe
[INFO] running `Command { std: "docker" "start" "-a" "1e7fe4c1c772bcc3de720920a52efc1a4410f27980784a263ed6f8ffac7375fe", kill_on_drop: false }`
[INFO] [stderr]    Compiling catalystdb v0.1.0 (/opt/rustwide/workdir)
[INFO] [stdout] warning: unused variable: `idioms`
[INFO] [stdout]   --> src/dbs/iterator.rs:44:16
[INFO] [stdout]    |
[INFO] [stdout] 44 |         Idioms(idioms): Idioms,
[INFO] [stdout]    |                ^^^^^^ help: if this is intentional, prefix it with an underscore: `_idioms`
[INFO] [stdout]    |
[INFO] [stdout]    = note: `#[warn(unused_variables)]` on by default
[INFO] [stdout] 
[INFO] [stdout] 
[INFO] [stdout] warning: unused variable: `graph`
[INFO] [stdout]   --> src/dbs/iterator.rs:45:9
[INFO] [stdout]    |
[INFO] [stdout] 45 |         graph: &Addr<Graph>,
[INFO] [stdout]    |         ^^^^^ help: if this is intentional, prefix it with an underscore: `_graph`
[INFO] [stdout] 
[INFO] [stdout] 
[INFO] [stdout] warning: unused variable: `stm`
[INFO] [stdout]   --> src/dbs/iterator.rs:46:9
[INFO] [stdout]    |
[INFO] [stdout] 46 |         stm: &Statement<'_>,
[INFO] [stdout]    |         ^^^ help: if this is intentional, prefix it with an underscore: `_stm`
[INFO] [stdout] 
[INFO] [stdout] 
[INFO] [stdout] warning: unused variable: `dir`
[INFO] [stdout]   --> src/ql/idiom.rs:53:17
[INFO] [stdout]    |
[INFO] [stdout] 53 |                 dir,
[INFO] [stdout]    |                 ^^^ help: try ignoring the field: `dir: _`
[INFO] [stdout] 
[INFO] [stdout] 
[INFO] [stdout] warning: unused variable: `to`
[INFO] [stdout]   --> src/ql/idiom.rs:54:17
[INFO] [stdout]    |
[INFO] [stdout] 54 |                 to,
[INFO] [stdout]    |                 ^^ help: try ignoring the field: `to: _`
[INFO] [stdout] 
[INFO] [stdout] 
[INFO] [stdout] warning: unused variable: `filter`
[INFO] [stdout]   --> src/ql/idiom.rs:55:17
[INFO] [stdout]    |
[INFO] [stdout] 55 |                 filter,
[INFO] [stdout]    |                 ^^^^^^ help: try ignoring the field: `filter: _`
[INFO] [stdout] 
[INFO] [stdout] 
[INFO] [stdout] warning: unused variable: `alias`
[INFO] [stdout]   --> src/ql/idiom.rs:56:17
[INFO] [stdout]    |
[INFO] [stdout] 56 |                 alias,
[INFO] [stdout]    |                 ^^^^^ help: try ignoring the field: `alias: _`
[INFO] [stdout] 
[INFO] [stdout] 
[INFO] [stdout] warning: unused variable: `dir`
[INFO] [stdout]   --> src/ql/idiom.rs:58:31
[INFO] [stdout]    |
[INFO] [stdout] 58 |             Part::Edge(Edge { dir, from, to }) => todo!(),
[INFO] [stdout]    |                               ^^^ help: try ignoring the field: `dir: _`
[INFO] [stdout] 
[INFO] [stdout] 
[INFO] [stdout] warning: unused variable: `from`
[INFO] [stdout]   --> src/ql/idiom.rs:58:36
[INFO] [stdout]    |
[INFO] [stdout] 58 |             Part::Edge(Edge { dir, from, to }) => todo!(),
[INFO] [stdout]    |                                    ^^^^ help: try ignoring the field: `from: _`
[INFO] [stdout] 
[INFO] [stdout] 
[INFO] [stdout] warning: unused variable: `to`
[INFO] [stdout]   --> src/ql/idiom.rs:58:42
[INFO] [stdout]    |
[INFO] [stdout] 58 |             Part::Edge(Edge { dir, from, to }) => todo!(),
[INFO] [stdout]    |                                          ^^ help: try ignoring the field: `to: _`
[INFO] [stdout] 
[INFO] [stdout] 
[INFO] [stdout] warning: unused variable: `parts`
[INFO] [stdout]   --> src/ql/idiom.rs:50:33
[INFO] [stdout]    |
[INFO] [stdout] 50 |     fn parse_walk(start: &Part, parts: &mut Iter<Part>) -> Result<Value, Error> {
[INFO] [stdout]    |                                 ^^^^^ help: if this is intentional, prefix it with an underscore: `_parts`
[INFO] [stdout] 
[INFO] [stdout] 
[INFO] [stdout] warning: variant `Idiom` is never constructed
[INFO] [stdout]   --> src/dbs/iterator.rs:29:5
[INFO] [stdout]    |
[INFO] [stdout] 24 | pub enum Iterable {
[INFO] [stdout]    |          -------- variant in this enum
[INFO] [stdout] ...
[INFO] [stdout] 29 |     Idiom(Idioms),
[INFO] [stdout]    |     ^^^^^
[INFO] [stdout]    |
[INFO] [stdout]    = note: `Iterable` has derived impls for the traits `Clone` and `Debug`, but these are intentionally ignored during dead code analysis
[INFO] [stdout]    = note: `#[warn(dead_code)]` on by default
[INFO] [stdout] 
[INFO] [stdout] 
[INFO] [stdout] warning: variant `Index` is never constructed
[INFO] [stdout]   --> src/dbs/ops/define.rs:14:5
[INFO] [stdout]    |
[INFO] [stdout] 12 | pub enum Define {
[INFO] [stdout]    |          ------ variant in this enum
[INFO] [stdout] 13 |     Table(String),
[INFO] [stdout] 14 |     Index,
[INFO] [stdout]    |     ^^^^^
[INFO] [stdout] 
[INFO] [stdout] 
[INFO] [stderr]     Finished `test` profile [unoptimized + debuginfo] target(s) in 8.60s
[INFO] running `Command { std: "docker" "inspect" "1e7fe4c1c772bcc3de720920a52efc1a4410f27980784a263ed6f8ffac7375fe", kill_on_drop: false }`
[INFO] running `Command { std: "docker" "rm" "-f" "1e7fe4c1c772bcc3de720920a52efc1a4410f27980784a263ed6f8ffac7375fe", kill_on_drop: false }`
[INFO] [stdout] 1e7fe4c1c772bcc3de720920a52efc1a4410f27980784a263ed6f8ffac7375fe
[INFO] running `Command { std: "docker" "create" "-v" "/var/lib/crater-agent-workspace/builds/worker-3-tc1/target:/opt/rustwide/target:rw,Z" "-v" "/var/lib/crater-agent-workspace/builds/worker-3-tc1/source:/opt/rustwide/workdir:ro,Z" "-v" "/var/lib/crater-agent-workspace/cargo-home:/opt/rustwide/cargo-home:ro,Z" "-v" "/var/lib/crater-agent-workspace/rustup-home:/opt/rustwide/rustup-home:ro,Z" "-e" "SOURCE_DIR=/opt/rustwide/workdir" "-e" "CARGO_TARGET_DIR=/opt/rustwide/target" "-e" "CARGO_INCREMENTAL=0" "-e" "RUST_BACKTRACE=full" "-e" "RUSTFLAGS=--cap-lints=forbid" "-e" "RUSTDOCFLAGS=--cap-lints=forbid" "-e" "CARGO_HOME=/opt/rustwide/cargo-home" "-e" "RUSTUP_HOME=/opt/rustwide/rustup-home" "-w" "/opt/rustwide/workdir" "-m" "1610612736" "--user" "0:0" "--network" "none" "ghcr.io/rust-lang/crates-build-env/linux@sha256:819108c5571ea2e421544af4d832f968d213c87fbe3707a016657f43d2f853bc" "/opt/rustwide/cargo-home/bin/cargo" "+nightly-2025-01-18" "test" "--frozen", kill_on_drop: false }`
[INFO] [stdout] 6697cd8949e9746bfa529d1d7c65ccf1081fdc590f3066dcfbb24eaa2cf3ea64
[INFO] running `Command { std: "docker" "start" "-a" "6697cd8949e9746bfa529d1d7c65ccf1081fdc590f3066dcfbb24eaa2cf3ea64", kill_on_drop: false }`
[INFO] [stderr] warning: unused variable: `idioms`
[INFO] [stderr]   --> src/dbs/iterator.rs:44:16
[INFO] [stderr]    |
[INFO] [stderr] 44 |         Idioms(idioms): Idioms,
[INFO] [stderr]    |                ^^^^^^ help: if this is intentional, prefix it with an underscore: `_idioms`
[INFO] [stderr]    |
[INFO] [stderr]    = note: `#[warn(unused_variables)]` on by default
[INFO] [stderr] 
[INFO] [stderr] warning: unused variable: `graph`
[INFO] [stderr]   --> src/dbs/iterator.rs:45:9
[INFO] [stderr]    |
[INFO] [stderr] 45 |         graph: &Addr<Graph>,
[INFO] [stderr]    |         ^^^^^ help: if this is intentional, prefix it with an underscore: `_graph`
[INFO] [stderr] 
[INFO] [stderr] warning: unused variable: `stm`
[INFO] [stderr]   --> src/dbs/iterator.rs:46:9
[INFO] [stderr]    |
[INFO] [stderr] 46 |         stm: &Statement<'_>,
[INFO] [stderr]    |         ^^^ help: if this is intentional, prefix it with an underscore: `_stm`
[INFO] [stderr] 
[INFO] [stderr] warning: unused variable: `dir`
[INFO] [stderr]   --> src/ql/idiom.rs:53:17
[INFO] [stderr]    |
[INFO] [stderr] 53 |                 dir,
[INFO] [stderr]    |                 ^^^ help: try ignoring the field: `dir: _`
[INFO] [stderr] 
[INFO] [stderr] warning: unused variable: `to`
[INFO] [stderr]   --> src/ql/idiom.rs:54:17
[INFO] [stderr]    |
[INFO] [stderr] 54 |                 to,
[INFO] [stderr]    |                 ^^ help: try ignoring the field: `to: _`
[INFO] [stderr] 
[INFO] [stderr] warning: unused variable: `filter`
[INFO] [stderr]   --> src/ql/idiom.rs:55:17
[INFO] [stderr]    |
[INFO] [stderr] 55 |                 filter,
[INFO] [stderr]    |                 ^^^^^^ help: try ignoring the field: `filter: _`
[INFO] [stderr] 
[INFO] [stderr] warning: unused variable: `alias`
[INFO] [stderr]   --> src/ql/idiom.rs:56:17
[INFO] [stderr]    |
[INFO] [stderr] 56 |                 alias,
[INFO] [stderr]    |                 ^^^^^ help: try ignoring the field: `alias: _`
[INFO] [stderr] 
[INFO] [stderr] warning: unused variable: `dir`
[INFO] [stderr]   --> src/ql/idiom.rs:58:31
[INFO] [stderr]    |
[INFO] [stderr] 58 |             Part::Edge(Edge { dir, from, to }) => todo!(),
[INFO] [stderr]    |                               ^^^ help: try ignoring the field: `dir: _`
[INFO] [stderr] 
[INFO] [stderr] warning: unused variable: `from`
[INFO] [stderr]   --> src/ql/idiom.rs:58:36
[INFO] [stderr]    |
[INFO] [stderr] 58 |             Part::Edge(Edge { dir, from, to }) => todo!(),
[INFO] [stderr]    |                                    ^^^^ help: try ignoring the field: `from: _`
[INFO] [stderr] 
[INFO] [stderr] warning: unused variable: `to`
[INFO] [stderr]   --> src/ql/idiom.rs:58:42
[INFO] [stderr]    |
[INFO] [stderr] 58 |             Part::Edge(Edge { dir, from, to }) => todo!(),
[INFO] [stderr]    |                                          ^^ help: try ignoring the field: `to: _`
[INFO] [stderr] 
[INFO] [stderr] warning: unused variable: `parts`
[INFO] [stderr]   --> src/ql/idiom.rs:50:33
[INFO] [stderr]    |
[INFO] [stderr] 50 |     fn parse_walk(start: &Part, parts: &mut Iter<Part>) -> Result<Value, Error> {
[INFO] [stderr]    |                                 ^^^^^ help: if this is intentional, prefix it with an underscore: `_parts`
[INFO] [stderr] 
[INFO] [stderr] warning: variant `Idiom` is never constructed
[INFO] [stderr]   --> src/dbs/iterator.rs:29:5
[INFO] [stderr]    |
[INFO] [stderr] 24 | pub enum Iterable {
[INFO] [stderr]    |          -------- variant in this enum
[INFO] [stderr] ...
[INFO] [stderr] 29 |     Idiom(Idioms),
[INFO] [stderr]    |     ^^^^^
[INFO] [stderr]    |
[INFO] [stderr]    = note: `Iterable` has derived impls for the traits `Clone` and `Debug`, but these are intentionally ignored during dead code analysis
[INFO] [stderr]    = note: `#[warn(dead_code)]` on by default
[INFO] [stderr] 
[INFO] [stderr] warning: variant `Index` is never constructed
[INFO] [stderr]   --> src/dbs/ops/define.rs:14:5
[INFO] [stderr]    |
[INFO] [stderr] 12 | pub enum Define {
[INFO] [stderr]    |          ------ variant in this enum
[INFO] [stderr] 13 |     Table(String),
[INFO] [stderr] 14 |     Index,
[INFO] [stderr]    |     ^^^^^
[INFO] [stderr] 
[INFO] [stderr] warning: `catalystdb` (bin "catalystdb" test) generated 13 warnings
[INFO] [stderr]     Finished `test` profile [unoptimized + debuginfo] target(s) in 0.24s
[INFO] [stderr]      Running unittests src/main.rs (/opt/rustwide/target/debug/deps/catalystdb-ccef1b977489f60e)
[INFO] [stdout] 
[INFO] [stdout] running 51 tests
[INFO] [stdout] test dbs::ops::delete::test::delete_two_test ... ok
[INFO] [stdout] test dbs::graph::test::test_graph_table_fail ... ok
[INFO] [stdout] test dbs::ops::get::test::get_field_alias_test ... ok
[INFO] [stdout] test dbs::ops::get::test::get_field_test ... ok
[INFO] [stdout] test dbs::ops::remove::test::remove_field_test ... ok
[INFO] [stdout] test dbs::ops::get::test::get_wildcard_filter_test ... ok
[INFO] [stdout] test dbs::ops::update::test::update_test ... ok
[INFO] [stdout] test dbs::ops::get::test::get_wildcard_filter_false_test ... ok
[INFO] [stdout] test dbs::ops::delete::test::delete_test ... ok
[INFO] [stdout] test dbs::ops::get::test::get_wildcard_alias_test ... ok
[INFO] [stdout] test dbs::ops::get::test::get_wildcard_test ... ok
[INFO] [stdout] test ql::expression::test::test_and_expression ... ok
[INFO] [stdout] test dbs::ops::walk::test::walk_filter_test ... ok
[INFO] [stdout] test dbs::ops::walk::test::walk_test ... ok
[INFO] [stdout] test ql::expression::test::test_array_eq_expression ... ok
[INFO] [stdout] test ql::expression::test::test_float_lt_expression ... ok
[INFO] [stdout] test ql::expression::test::test_float_gt_expression ... ok
[INFO] [stdout] test ql::expression::test::test_float_gteq_expression ... ok
[INFO] [stdout] test ql::expression::test::test_int_gt_expression ... ok
[INFO] [stdout] test ql::expression::test::test_bool_eq_expression ... ok
[INFO] [stdout] test ql::expression::test::test_int_gteq_expression ... ok
[INFO] [stdout] test ql::expression::test::test_bool_nteq_expression ... ok
[INFO] [stdout] test ql::expression::test::test_int_lteq_expression ... ok
[INFO] [stdout] test ql::expression::test::test_int_lt_expression ... ok
[INFO] [stdout] test ql::expression::test::test_not_expression_false ... ok
[INFO] [stdout] test dbs::ops::walk::test::walk_filter_two_path_test ... ok
[INFO] [stdout] test ql::expression::test::test_array_nteq_expression ... ok
[INFO] [stdout] test ql::expression::test::test_float_lteq_expression ... ok
[INFO] [stdout] test ql::expression::test::test_number_lteq_expression ... ok
[INFO] [stdout] test ql::expression::test::test_num_nteq_expression ... ok
[INFO] [stdout] test ql::expression::test::test_number_gteq_expression ... ok
[INFO] [stdout] test ql::expression::test::test_object_eq_expression ... ok
[INFO] [stdout] test ql::expression::test::test_num_eq_expression ... ok
[INFO] [stdout] test ql::expression::test::test_number_gt_expression ... ok
[INFO] [stdout] test ql::expression::test::test_string_eq_expression ... ok
[INFO] [stdout] test ql::expression::test::test_or_expression ... ok
[INFO] [stdout] test ql::expression::test::test_record_nteq_expression ... ok
[INFO] [stdout] test ql::expression::test::test_not_expression_true ... ok
[INFO] [stdout] test ql::expression::test::test_number_lt_expression ... ok
[INFO] [stdout] test ql::expression::test::test_record_eq_expression ... ok
[INFO] [stdout] test ql::expression::test::test_object_nteq_expression ... ok
[INFO] [stdout] test ql::expression::test::test_string_nteq_expression ... ok
[INFO] [stdout] test ql::idiom::test::test_evaluate_ident ... ok
[INFO] [stdout] test ql::idiom::test::test_evaluate_object ... ok
[INFO] [stdout] test ql::idiom::test::test_evaluate_all ... ok
[INFO] [stdout] test ql::statements::select::test::select_limit_test ... ok
[INFO] [stdout] test ql::statements::select::test::select_start_test ... ok
[INFO] [stdout] test ql::statements::select::test::select_count_test ... ok
[INFO] [stdout] test ql::statements::select::test::select_wildcard_test ... ok
[INFO] [stdout] test ql::statements::select::test::select_two_fields_test ... ok
[INFO] [stdout] test dbs::graph::test::test_graph_table_pass ... FAILED
[INFO] [stdout] 
[INFO] [stdout] failures:
[INFO] [stdout] 
[INFO] [stdout] ---- dbs::graph::test::test_graph_table_pass stdout ----
[INFO] [stdout] 
[INFO] [stdout] thread 'dbs::graph::test::test_graph_table_pass' panicked at src/dbs/graph.rs:55:14:
[INFO] [stdout] called `Option::unwrap()` on a `None` value
[INFO] [stdout] stack backtrace:
[INFO] [stdout]    0:     0x59ea5be977fa - std::backtrace_rs::backtrace::libunwind::trace::hb059275cfc8d6126
[INFO] [stdout]                                at /rustc/6067b36314ab5eb2eb47cecc464545ba58e1ad24/library/std/src/../../backtrace/src/backtrace/libunwind.rs:116:5
[INFO] [stdout]    1:     0x59ea5be977fa - std::backtrace_rs::backtrace::trace_unsynchronized::h2da071e4327ce3ee
[INFO] [stdout]                                at /rustc/6067b36314ab5eb2eb47cecc464545ba58e1ad24/library/std/src/../../backtrace/src/backtrace/mod.rs:66:5
[INFO] [stdout]    2:     0x59ea5be977fa - std::sys::backtrace::_print_fmt::h842a1474e6f8d23f
[INFO] [stdout]                                at /rustc/6067b36314ab5eb2eb47cecc464545ba58e1ad24/library/std/src/sys/backtrace.rs:66:9
[INFO] [stdout]    3:     0x59ea5be977fa - <std::sys::backtrace::BacktraceLock::print::DisplayBacktrace as core::fmt::Display>::fmt::h71a62eb3b9696b12
[INFO] [stdout]                                at /rustc/6067b36314ab5eb2eb47cecc464545ba58e1ad24/library/std/src/sys/backtrace.rs:39:26
[INFO] [stdout]    4:     0x59ea5bec0023 - core::fmt::rt::Argument::fmt::hdb6b616786b41dc1
[INFO] [stdout]                                at /rustc/6067b36314ab5eb2eb47cecc464545ba58e1ad24/library/core/src/fmt/rt.rs:177:76
[INFO] [stdout]    5:     0x59ea5bec0023 - core::fmt::write::h2cc1698af7e2d686
[INFO] [stdout]                                at /rustc/6067b36314ab5eb2eb47cecc464545ba58e1ad24/library/core/src/fmt/mod.rs:1440:21
[INFO] [stdout]    6:     0x59ea5be941b3 - std::io::Write::write_fmt::hab1b4cd059a79022
[INFO] [stdout]                                at /rustc/6067b36314ab5eb2eb47cecc464545ba58e1ad24/library/std/src/io/mod.rs:1887:15
[INFO] [stdout]    7:     0x59ea5be97642 - std::sys::backtrace::BacktraceLock::print::h147fe35b4ea13b08
[INFO] [stdout]                                at /rustc/6067b36314ab5eb2eb47cecc464545ba58e1ad24/library/std/src/sys/backtrace.rs:42:9
[INFO] [stdout]    8:     0x59ea5be98c1f - std::panicking::default_hook::{{closure}}::hbd44223dbdc0d208
[INFO] [stdout]                                at /rustc/6067b36314ab5eb2eb47cecc464545ba58e1ad24/library/std/src/panicking.rs:298:22
[INFO] [stdout]    9:     0x59ea5be98a38 - std::panicking::default_hook::h20f81eb0576efcec
[INFO] [stdout]                                at /rustc/6067b36314ab5eb2eb47cecc464545ba58e1ad24/library/std/src/panicking.rs:322:9
[INFO] [stdout]   10:     0x59ea5bd2a653 - <alloc::boxed::Box<F,A> as core::ops::function::Fn<Args>>::call::hdb53814c496a4d34
[INFO] [stdout]                                at /rustc/6067b36314ab5eb2eb47cecc464545ba58e1ad24/library/alloc/src/boxed.rs:2027:9
[INFO] [stdout]   11:     0x59ea5bd2a653 - test::test_main::{{closure}}::hc0a4963c59427c24
[INFO] [stdout]                                at /rustc/6067b36314ab5eb2eb47cecc464545ba58e1ad24/library/test/src/lib.rs:134:21
[INFO] [stdout]   12:     0x59ea5be99713 - <alloc::boxed::Box<F,A> as core::ops::function::Fn<Args>>::call::h591b2225413a77e9
[INFO] [stdout]                                at /rustc/6067b36314ab5eb2eb47cecc464545ba58e1ad24/library/alloc/src/boxed.rs:2027:9
[INFO] [stdout]   13:     0x59ea5be99713 - std::panicking::rust_panic_with_hook::h625eea43051b2edc
[INFO] [stdout]                                at /rustc/6067b36314ab5eb2eb47cecc464545ba58e1ad24/library/std/src/panicking.rs:839:13
[INFO] [stdout]   14:     0x59ea5be99396 - std::panicking::begin_panic_handler::{{closure}}::h4f9159cfbc3f6bd3
[INFO] [stdout]                                at /rustc/6067b36314ab5eb2eb47cecc464545ba58e1ad24/library/std/src/panicking.rs:697:13
[INFO] [stdout]   15:     0x59ea5be97cf9 - std::sys::backtrace::__rust_end_short_backtrace::h0390abce48353151
[INFO] [stdout]                                at /rustc/6067b36314ab5eb2eb47cecc464545ba58e1ad24/library/std/src/sys/backtrace.rs:168:18
[INFO] [stdout]   16:     0x59ea5be9905d - rust_begin_unwind
[INFO] [stdout]                                at /rustc/6067b36314ab5eb2eb47cecc464545ba58e1ad24/library/std/src/panicking.rs:695:5
[INFO] [stdout]   17:     0x59ea5bebe2a0 - core::panicking::panic_fmt::h9e7c637e9e5f29c9
[INFO] [stdout]                                at /rustc/6067b36314ab5eb2eb47cecc464545ba58e1ad24/library/core/src/panicking.rs:75:14
[INFO] [stdout]   18:     0x59ea5bebe32c - core::panicking::panic::haa3255ea20181a33
[INFO] [stdout]                                at /rustc/6067b36314ab5eb2eb47cecc464545ba58e1ad24/library/core/src/panicking.rs:145:5
[INFO] [stdout]   19:     0x59ea5bebe219 - core::option::unwrap_failed::h5e50c20db1c9e8f1
[INFO] [stdout]                                at /rustc/6067b36314ab5eb2eb47cecc464545ba58e1ad24/library/core/src/option.rs:2015:5
[INFO] [stdout]   20:     0x59ea5bc3ae7a - core::option::Option<T>::unwrap::h30fc6d22e3a7651d
[INFO] [stdout]                                at /rustc/6067b36314ab5eb2eb47cecc464545ba58e1ad24/library/core/src/option.rs:978:21
[INFO] [stdout]   21:     0x59ea5bc3ae7a - catalystdb::dbs::graph::test::test_graph_table_pass::{{closure}}::hd00febc6b95d6436
[INFO] [stdout]                                at /opt/rustwide/workdir/src/dbs/graph.rs:51:17
[INFO] [stdout]   22:     0x59ea5bb9412f - <tokio::task::local::RunUntil<T> as core::future::future::Future>::poll::{{closure}}::h9485e6b83a3b6ab9
[INFO] [stdout]                                at /opt/rustwide/cargo-home/registry/src/index.crates.io-1949cf8c6b5b557f/tokio-1.42.0/src/task/local.rs:1041:42
[INFO] [stdout]   23:     0x59ea5bb8bf60 - tokio::task::local::LocalSet::with::{{closure}}::h3feffcf581d8549b
[INFO] [stdout]                                at /opt/rustwide/cargo-home/registry/src/index.crates.io-1949cf8c6b5b557f/tokio-1.42.0/src/task/local.rs:793:13
[INFO] [stdout]   24:     0x59ea5bb661d5 - std::thread::local::LocalKey<T>::try_with::hd803d73a90111736
[INFO] [stdout]                                at /rustc/6067b36314ab5eb2eb47cecc464545ba58e1ad24/library/std/src/thread/local.rs:308:12
[INFO] [stdout]   25:     0x59ea5bb51dca - std::thread::local::LocalKey<T>::with::h748c2cf644bbdab3
[INFO] [stdout]                                at /rustc/6067b36314ab5eb2eb47cecc464545ba58e1ad24/library/std/src/thread/local.rs:272:9
[INFO] [stdout]   26:     0x59ea5bb8b656 - tokio::task::local::LocalSet::with::h2129b3d10497bc4b
[INFO] [stdout]                                at /opt/rustwide/cargo-home/registry/src/index.crates.io-1949cf8c6b5b557f/tokio-1.42.0/src/task/local.rs:791:9
[INFO] [stdout]   27:     0x59ea5bb92af5 - <tokio::task::local::RunUntil<T> as core::future::future::Future>::poll::h07e1a9843b54902e
[INFO] [stdout]                                at /opt/rustwide/cargo-home/registry/src/index.crates.io-1949cf8c6b5b557f/tokio-1.42.0/src/task/local.rs:1031:9
[INFO] [stdout]   28:     0x59ea5bb90195 - tokio::task::local::LocalSet::run_until::{{closure}}::hc05a5c3036c9d0b0
[INFO] [stdout]                                at /opt/rustwide/cargo-home/registry/src/index.crates.io-1949cf8c6b5b557f/tokio-1.42.0/src/task/local.rs:689:19
[INFO] [stdout]   29:     0x59ea5bc6f0ad - <core::pin::Pin<P> as core::future::future::Future>::poll::h8ca2d298393308a3
[INFO] [stdout]                                at /rustc/6067b36314ab5eb2eb47cecc464545ba58e1ad24/library/core/src/future/future.rs:124:9
[INFO] [stdout]   30:     0x59ea5bb500af - tokio::runtime::scheduler::current_thread::CoreGuard::block_on::{{closure}}::{{closure}}::{{closure}}::h832de5cec05b0907
[INFO] [stdout]                                at /opt/rustwide/cargo-home/registry/src/index.crates.io-1949cf8c6b5b557f/tokio-1.42.0/src/runtime/scheduler/current_thread/mod.rs:729:57
[INFO] [stdout]   31:     0x59ea5bb4bd85 - tokio::runtime::coop::with_budget::hf165ac93ec3f8fc2
[INFO] [stdout]                                at /opt/rustwide/cargo-home/registry/src/index.crates.io-1949cf8c6b5b557f/tokio-1.42.0/src/runtime/coop.rs:107:5
[INFO] [stdout]   32:     0x59ea5bb4bd85 - tokio::runtime::coop::budget::hc77f0ce290018ca9
[INFO] [stdout]                                at /opt/rustwide/cargo-home/registry/src/index.crates.io-1949cf8c6b5b557f/tokio-1.42.0/src/runtime/coop.rs:73:5
[INFO] [stdout]   33:     0x59ea5bb4bd85 - tokio::runtime::scheduler::current_thread::CoreGuard::block_on::{{closure}}::{{closure}}::h122abbb799b1e7ff
[INFO] [stdout]                                at /opt/rustwide/cargo-home/registry/src/index.crates.io-1949cf8c6b5b557f/tokio-1.42.0/src/runtime/scheduler/current_thread/mod.rs:729:25
[INFO] [stdout]   34:     0x59ea5bb1bf60 - tokio::runtime::scheduler::current_thread::Context::enter::h7c270c8c927ef40a
[INFO] [stdout]                                at /opt/rustwide/cargo-home/registry/src/index.crates.io-1949cf8c6b5b557f/tokio-1.42.0/src/runtime/scheduler/current_thread/mod.rs:428:19
[INFO] [stdout]   35:     0x59ea5bb3dade - tokio::runtime::scheduler::current_thread::CoreGuard::block_on::{{closure}}::h821b9c2a94fdc4ef
[INFO] [stdout]                                at /opt/rustwide/cargo-home/registry/src/index.crates.io-1949cf8c6b5b557f/tokio-1.42.0/src/runtime/scheduler/current_thread/mod.rs:728:36
[INFO] [stdout]   36:     0x59ea5bb350d4 - tokio::runtime::scheduler::current_thread::CoreGuard::enter::{{closure}}::hed500ea6138a3bfb
[INFO] [stdout]                                at /opt/rustwide/cargo-home/registry/src/index.crates.io-1949cf8c6b5b557f/tokio-1.42.0/src/runtime/scheduler/current_thread/mod.rs:807:68
[INFO] [stdout]   37:     0x59ea5bbbc61b - tokio::runtime::context::scoped::Scoped<T>::set::hc64af878d6c8fe50
[INFO] [stdout]                                at /opt/rustwide/cargo-home/registry/src/index.crates.io-1949cf8c6b5b557f/tokio-1.42.0/src/runtime/context/scoped.rs:40:9
[INFO] [stdout]   38:     0x59ea5bbe7e99 - tokio::runtime::context::set_scheduler::{{closure}}::h3b785895439f621a
[INFO] [stdout]                                at /opt/rustwide/cargo-home/registry/src/index.crates.io-1949cf8c6b5b557f/tokio-1.42.0/src/runtime/context.rs:180:26
[INFO] [stdout]   39:     0x59ea5bb64e42 - std::thread::local::LocalKey<T>::try_with::hce7826990b86d531
[INFO] [stdout]                                at /rustc/6067b36314ab5eb2eb47cecc464545ba58e1ad24/library/std/src/thread/local.rs:308:12
[INFO] [stdout]   40:     0x59ea5bb506ea - std::thread::local::LocalKey<T>::with::h00d84d422fbac771
[INFO] [stdout]                                at /rustc/6067b36314ab5eb2eb47cecc464545ba58e1ad24/library/std/src/thread/local.rs:272:9
[INFO] [stdout]   41:     0x59ea5bbe788d - tokio::runtime::context::set_scheduler::h80d581a5162d64a5
[INFO] [stdout]                                at /opt/rustwide/cargo-home/registry/src/index.crates.io-1949cf8c6b5b557f/tokio-1.42.0/src/runtime/context.rs:180:9
[INFO] [stdout]   42:     0x59ea5bb307c0 - tokio::runtime::scheduler::current_thread::CoreGuard::enter::h85df50ebb5a345b1
[INFO] [stdout]                                at /opt/rustwide/cargo-home/registry/src/index.crates.io-1949cf8c6b5b557f/tokio-1.42.0/src/runtime/scheduler/current_thread/mod.rs:807:27
[INFO] [stdout]   43:     0x59ea5bb35dd3 - tokio::runtime::scheduler::current_thread::CoreGuard::block_on::hd9af66fc5ac9297f
[INFO] [stdout]                                at /opt/rustwide/cargo-home/registry/src/index.crates.io-1949cf8c6b5b557f/tokio-1.42.0/src/runtime/scheduler/current_thread/mod.rs:716:19
[INFO] [stdout]   44:     0x59ea5bb07eca - tokio::runtime::scheduler::current_thread::CurrentThread::block_on::{{closure}}::h25f9b37e52d04711
[INFO] [stdout]                                at /opt/rustwide/cargo-home/registry/src/index.crates.io-1949cf8c6b5b557f/tokio-1.42.0/src/runtime/scheduler/current_thread/mod.rs:196:28
[INFO] [stdout]   45:     0x59ea5bc23756 - tokio::runtime::context::runtime::enter_runtime::h7462a00e3e1bf693
[INFO] [stdout]                                at /opt/rustwide/cargo-home/registry/src/index.crates.io-1949cf8c6b5b557f/tokio-1.42.0/src/runtime/context/runtime.rs:65:16
[INFO] [stdout]   46:     0x59ea5bb058b6 - tokio::runtime::scheduler::current_thread::CurrentThread::block_on::hee5997741128fc8d
[INFO] [stdout]                                at /opt/rustwide/cargo-home/registry/src/index.crates.io-1949cf8c6b5b557f/tokio-1.42.0/src/runtime/scheduler/current_thread/mod.rs:184:9
[INFO] [stdout]   47:     0x59ea5bca1f68 - tokio::runtime::runtime::Runtime::block_on_inner::h8987f4878b6d816d
[INFO] [stdout]                                at /opt/rustwide/cargo-home/registry/src/index.crates.io-1949cf8c6b5b557f/tokio-1.42.0/src/runtime/runtime.rs:368:47
[INFO] [stdout]   48:     0x59ea5bca469f - tokio::runtime::runtime::Runtime::block_on::h2936e59931e6abff
[INFO] [stdout]                                at /opt/rustwide/cargo-home/registry/src/index.crates.io-1949cf8c6b5b557f/tokio-1.42.0/src/runtime/runtime.rs:342:13
[INFO] [stdout]   49:     0x59ea5bb8d223 - tokio::task::local::LocalSet::block_on::hdadff5397b19231e
[INFO] [stdout]                                at /opt/rustwide/cargo-home/registry/src/index.crates.io-1949cf8c6b5b557f/tokio-1.42.0/src/task/local.rs:646:9
[INFO] [stdout]   50:     0x59ea5bbf114a - actix_rt::runtime::Runtime::block_on::he9c5dfa9882953d1
[INFO] [stdout]                                at /opt/rustwide/cargo-home/registry/src/index.crates.io-1949cf8c6b5b557f/actix-rt-2.10.0/src/runtime.rs:138:9
[INFO] [stdout]   51:     0x59ea5bbdb69a - actix_rt::system::SystemRunner::block_on::h64b947c94672cdd5
[INFO] [stdout]                                at /opt/rustwide/cargo-home/registry/src/index.crates.io-1949cf8c6b5b557f/actix-rt-2.10.0/src/system.rs:244:9
[INFO] [stdout]   52:     0x59ea5bc3a768 - catalystdb::dbs::graph::test::test_graph_table_pass::hd87825b6335727b1
[INFO] [stdout]                                at /opt/rustwide/workdir/src/dbs/graph.rs:44:5
[INFO] [stdout]   53:     0x59ea5bc3a717 - catalystdb::dbs::graph::test::test_graph_table_pass::{{closure}}::h2d857399726410d2
[INFO] [stdout]                                at /opt/rustwide/workdir/src/dbs/graph.rs:45:37
[INFO] [stdout]   54:     0x59ea5bbc3bb6 - core::ops::function::FnOnce::call_once::hae52fd982e250e78
[INFO] [stdout]                                at /rustc/6067b36314ab5eb2eb47cecc464545ba58e1ad24/library/core/src/ops/function.rs:250:5
[INFO] [stdout]   55:     0x59ea5bd2fdab - core::ops::function::FnOnce::call_once::he27718dfdd183f43
[INFO] [stdout]                                at /rustc/6067b36314ab5eb2eb47cecc464545ba58e1ad24/library/core/src/ops/function.rs:250:5
[INFO] [stdout]   56:     0x59ea5bd2fdab - test::__rust_begin_short_backtrace::h4e84902998457a5d
[INFO] [stdout]                                at /rustc/6067b36314ab5eb2eb47cecc464545ba58e1ad24/library/test/src/lib.rs:632:18
[INFO] [stdout]   57:     0x59ea5bd2ece3 - test::run_test_in_process::{{closure}}::h7176fd18fc1feca0
[INFO] [stdout]                                at /rustc/6067b36314ab5eb2eb47cecc464545ba58e1ad24/library/test/src/lib.rs:655:60
[INFO] [stdout]   58:     0x59ea5bd2ece3 - <core::panic::unwind_safe::AssertUnwindSafe<F> as core::ops::function::FnOnce<()>>::call_once::hf79cff2a624d8cf7
[INFO] [stdout]                                at /rustc/6067b36314ab5eb2eb47cecc464545ba58e1ad24/library/core/src/panic/unwind_safe.rs:272:9
[INFO] [stdout]   59:     0x59ea5bd2ece3 - std::panicking::try::do_call::h3da0561d9ab99c25
[INFO] [stdout]                                at /rustc/6067b36314ab5eb2eb47cecc464545ba58e1ad24/library/std/src/panicking.rs:587:40
[INFO] [stdout]   60:     0x59ea5bd2ece3 - std::panicking::try::h41c9fa508bc61df6
[INFO] [stdout]                                at /rustc/6067b36314ab5eb2eb47cecc464545ba58e1ad24/library/std/src/panicking.rs:550:19
[INFO] [stdout]   61:     0x59ea5bd2ece3 - std::panic::catch_unwind::h6b3ff07bb5afad93
[INFO] [stdout]                                at /rustc/6067b36314ab5eb2eb47cecc464545ba58e1ad24/library/std/src/panic.rs:358:14
[INFO] [stdout]   62:     0x59ea5bd2ece3 - test::run_test_in_process::hc7253dd11b39b9f4
[INFO] [stdout]                                at /rustc/6067b36314ab5eb2eb47cecc464545ba58e1ad24/library/test/src/lib.rs:655:27
[INFO] [stdout]   63:     0x59ea5bd2ece3 - test::run_test::{{closure}}::hfb2007f8649c30bb
[INFO] [stdout]                                at /rustc/6067b36314ab5eb2eb47cecc464545ba58e1ad24/library/test/src/lib.rs:576:43
[INFO] [stdout]   64:     0x59ea5bcf1dc5 - test::run_test::{{closure}}::h56a17aa7a282a9f4
[INFO] [stdout]                                at /rustc/6067b36314ab5eb2eb47cecc464545ba58e1ad24/library/test/src/lib.rs:606:41
[INFO] [stdout]   65:     0x59ea5bcf1dc5 - std::sys::backtrace::__rust_begin_short_backtrace::hd2d2d2fb8e8c6aac
[INFO] [stdout]                                at /rustc/6067b36314ab5eb2eb47cecc464545ba58e1ad24/library/std/src/sys/backtrace.rs:152:18
[INFO] [stdout]   66:     0x59ea5bcf56aa - std::thread::Builder::spawn_unchecked_::{{closure}}::{{closure}}::h4faa3f9db6133423
[INFO] [stdout]                                at /rustc/6067b36314ab5eb2eb47cecc464545ba58e1ad24/library/std/src/thread/mod.rs:559:17
[INFO] [stdout]   67:     0x59ea5bcf56aa - <core::panic::unwind_safe::AssertUnwindSafe<F> as core::ops::function::FnOnce<()>>::call_once::hf2e855a36a4ea846
[INFO] [stdout]                                at /rustc/6067b36314ab5eb2eb47cecc464545ba58e1ad24/library/core/src/panic/unwind_safe.rs:272:9
[INFO] [stdout]   68:     0x59ea5bcf56aa - std::panicking::try::do_call::h2f73af3616c35465
[INFO] [stdout]                                at /rustc/6067b36314ab5eb2eb47cecc464545ba58e1ad24/library/std/src/panicking.rs:587:40
[INFO] [stdout]   69:     0x59ea5bcf56aa - std::panicking::try::hd1660ce9efadef5a
[INFO] [stdout]                                at /rustc/6067b36314ab5eb2eb47cecc464545ba58e1ad24/library/std/src/panicking.rs:550:19
[INFO] [stdout]   70:     0x59ea5bcf56aa - std::panic::catch_unwind::h5ee8d7823b8ca744
[INFO] [stdout]                                at /rustc/6067b36314ab5eb2eb47cecc464545ba58e1ad24/library/std/src/panic.rs:358:14
[INFO] [stdout]   71:     0x59ea5bcf56aa - std::thread::Builder::spawn_unchecked_::{{closure}}::h53c3a1894dce8407
[INFO] [stdout]                                at /rustc/6067b36314ab5eb2eb47cecc464545ba58e1ad24/library/std/src/thread/mod.rs:557:30
[INFO] [stdout]   72:     0x59ea5bcf56aa - core::ops::function::FnOnce::call_once{{vtable.shim}}::h048ce291ad4f62bf
[INFO] [stdout]                                at /rustc/6067b36314ab5eb2eb47cecc464545ba58e1ad24/library/core/src/ops/function.rs:250:5
[INFO] [stdout]   73:     0x59ea5be9d7ab - <alloc::boxed::Box<F,A> as core::ops::function::FnOnce<Args>>::call_once::ha52bedf99a3b4981
[INFO] [stdout]                                at /rustc/6067b36314ab5eb2eb47cecc464545ba58e1ad24/library/alloc/src/boxed.rs:2013:9
[INFO] [stdout]   74:     0x59ea5be9d7ab - <alloc::boxed::Box<F,A> as core::ops::function::FnOnce<Args>>::call_once::h567748934d80ccf8
[INFO] [stdout]                                at /rustc/6067b36314ab5eb2eb47cecc464545ba58e1ad24/library/alloc/src/boxed.rs:2013:9
[INFO] [stdout]   75:     0x59ea5be9d7ab - std::sys::pal::unix::thread::Thread::new::thread_start::h2d970728ae887adc
[INFO] [stdout]                                at /rustc/6067b36314ab5eb2eb47cecc464545ba58e1ad24/library/std/src/sys/pal/unix/thread.rs:106:17
[INFO] [stdout]   76:     0x7f7290445ac3 - <unknown>
[INFO] [stdout]   77:     0x7f72904d6a04 - clone
[INFO] [stdout]   78:                0x0 - <unknown>
[INFO] [stdout] 
[INFO] [stdout] 
[INFO] [stdout] failures:
[INFO] [stdout]     dbs::graph::test::test_graph_table_pass
[INFO] [stdout] 
[INFO] [stdout] test result: FAILED. 50 passed; 1 failed; 0 ignored; 0 measured; 0 filtered out; finished in 0.18s
[INFO] [stdout] 
[INFO] [stderr] error: test failed, to rerun pass `--bin catalystdb`
[INFO] running `Command { std: "docker" "inspect" "6697cd8949e9746bfa529d1d7c65ccf1081fdc590f3066dcfbb24eaa2cf3ea64", kill_on_drop: false }`
[INFO] running `Command { std: "docker" "rm" "-f" "6697cd8949e9746bfa529d1d7c65ccf1081fdc590f3066dcfbb24eaa2cf3ea64", kill_on_drop: false }`
[INFO] [stdout] 6697cd8949e9746bfa529d1d7c65ccf1081fdc590f3066dcfbb24eaa2cf3ea64
