[INFO] cloning repository https://github.com/cmaves/bg-setter
[INFO] running `Command { std: "git" "-c" "credential.helper=" "-c" "credential.helper=/workspace/cargo-home/bin/git-credential-null" "clone" "--bare" "https://github.com/cmaves/bg-setter" "/workspace/cache/git-repos/https%3A%2F%2Fgithub.com%2Fcmaves%2Fbg-setter", kill_on_drop: false }`
[INFO] [stderr] Cloning into bare repository '/workspace/cache/git-repos/https%3A%2F%2Fgithub.com%2Fcmaves%2Fbg-setter'...
[INFO] running `Command { std: "git" "rev-parse" "HEAD", kill_on_drop: false }`
[INFO] [stdout] 56ee92f80a181ceab9e0fd16d846a48e428e33ad
[INFO] testing cmaves/bg-setter against nightly-2025-01-18+rustflags=-Zrandomize-layout for randomize-layout-2
[INFO] running `Command { std: "git" "clone" "/workspace/cache/git-repos/https%3A%2F%2Fgithub.com%2Fcmaves%2Fbg-setter" "/workspace/builds/worker-1-tc2/source", kill_on_drop: false }`
[INFO] [stderr] Cloning into '/workspace/builds/worker-1-tc2/source'...
[INFO] [stderr] done.
[INFO] validating manifest of git repo https://github.com/cmaves/bg-setter on toolchain nightly-2025-01-18
[INFO] running `Command { std: CARGO_HOME="/workspace/cargo-home" RUSTUP_HOME="/workspace/rustup-home" "/workspace/cargo-home/bin/cargo" "+nightly-2025-01-18" "metadata" "--manifest-path" "Cargo.toml" "--no-deps", kill_on_drop: false }`
[INFO] started tweaking git repo https://github.com/cmaves/bg-setter
[INFO] finished tweaking git repo https://github.com/cmaves/bg-setter
[INFO] tweaked toml for git repo https://github.com/cmaves/bg-setter written to /workspace/builds/worker-1-tc2/source/Cargo.toml
[INFO] crate git repo https://github.com/cmaves/bg-setter already has a lockfile, it will not be regenerated
[INFO] running `Command { std: CARGO_HOME="/workspace/cargo-home" RUSTUP_HOME="/workspace/rustup-home" "/workspace/cargo-home/bin/cargo" "+nightly-2025-01-18" "fetch" "--manifest-path" "Cargo.toml", kill_on_drop: false }`
[INFO] running `Command { std: "docker" "create" "-v" "/var/lib/crater-agent-workspace/builds/worker-1-tc2/target:/opt/rustwide/target:rw,Z" "-v" "/var/lib/crater-agent-workspace/builds/worker-1-tc2/source:/opt/rustwide/workdir:ro,Z" "-v" "/var/lib/crater-agent-workspace/cargo-home:/opt/rustwide/cargo-home:ro,Z" "-v" "/var/lib/crater-agent-workspace/rustup-home:/opt/rustwide/rustup-home:ro,Z" "-e" "SOURCE_DIR=/opt/rustwide/workdir" "-e" "CARGO_TARGET_DIR=/opt/rustwide/target" "-e" "CARGO_HOME=/opt/rustwide/cargo-home" "-e" "RUSTUP_HOME=/opt/rustwide/rustup-home" "-w" "/opt/rustwide/workdir" "-m" "1610612736" "--user" "0:0" "--network" "none" "ghcr.io/rust-lang/crates-build-env/linux@sha256:819108c5571ea2e421544af4d832f968d213c87fbe3707a016657f43d2f853bc" "/opt/rustwide/cargo-home/bin/cargo" "+nightly-2025-01-18" "metadata" "--no-deps" "--format-version=1", kill_on_drop: false }`
[INFO] [stdout] 40af970b8603f4fc1ec2890c9545213fb4a7ff9bf62fbfeaf2bcf5392d2ac8a5
[INFO] running `Command { std: "docker" "start" "-a" "40af970b8603f4fc1ec2890c9545213fb4a7ff9bf62fbfeaf2bcf5392d2ac8a5", kill_on_drop: false }`
[INFO] running `Command { std: "docker" "inspect" "40af970b8603f4fc1ec2890c9545213fb4a7ff9bf62fbfeaf2bcf5392d2ac8a5", kill_on_drop: false }`
[INFO] running `Command { std: "docker" "rm" "-f" "40af970b8603f4fc1ec2890c9545213fb4a7ff9bf62fbfeaf2bcf5392d2ac8a5", kill_on_drop: false }`
[INFO] [stdout] 40af970b8603f4fc1ec2890c9545213fb4a7ff9bf62fbfeaf2bcf5392d2ac8a5
[INFO] running `Command { std: "docker" "create" "-v" "/var/lib/crater-agent-workspace/builds/worker-1-tc2/target:/opt/rustwide/target:rw,Z" "-v" "/var/lib/crater-agent-workspace/builds/worker-1-tc2/source:/opt/rustwide/workdir:ro,Z" "-v" "/var/lib/crater-agent-workspace/cargo-home:/opt/rustwide/cargo-home:ro,Z" "-v" "/var/lib/crater-agent-workspace/rustup-home:/opt/rustwide/rustup-home:ro,Z" "-e" "SOURCE_DIR=/opt/rustwide/workdir" "-e" "CARGO_TARGET_DIR=/opt/rustwide/target" "-e" "CARGO_INCREMENTAL=0" "-e" "RUST_BACKTRACE=full" "-e" "RUSTFLAGS=--cap-lints=forbid -Zrandomize-layout" "-e" "RUSTDOCFLAGS=--cap-lints=forbid" "-e" "CARGO_HOME=/opt/rustwide/cargo-home" "-e" "RUSTUP_HOME=/opt/rustwide/rustup-home" "-w" "/opt/rustwide/workdir" "-m" "1610612736" "--user" "0:0" "--network" "none" "ghcr.io/rust-lang/crates-build-env/linux@sha256:819108c5571ea2e421544af4d832f968d213c87fbe3707a016657f43d2f853bc" "/opt/rustwide/cargo-home/bin/cargo" "+nightly-2025-01-18" "build" "--frozen" "--message-format=json", kill_on_drop: false }`
[INFO] [stdout] cc536300036314b87188d12adb1bdf08173e1dc6a51a95b3e00ad5151b9ba5dc
[INFO] running `Command { std: "docker" "start" "-a" "cc536300036314b87188d12adb1bdf08173e1dc6a51a95b3e00ad5151b9ba5dc", kill_on_drop: false }`
[INFO] [stderr]    Compiling autocfg v1.0.0
[INFO] [stderr]    Compiling autocfg v0.1.7
[INFO] [stderr]    Compiling semver-parser v0.7.0
[INFO] [stderr]    Compiling libc v0.2.66
[INFO] [stderr]    Compiling proc-macro2 v0.4.30
[INFO] [stderr]    Compiling byteorder v1.3.2
[INFO] [stderr]    Compiling scopeguard v1.0.0
[INFO] [stderr]    Compiling unicode-xid v0.1.0
[INFO] [stderr]    Compiling syn v0.15.44
[INFO] [stderr]    Compiling rayon-core v1.7.0
[INFO] [stderr]    Compiling adler32 v1.0.4
[INFO] [stderr]    Compiling num-derive v0.2.5
[INFO] [stderr]    Compiling crc32fast v1.2.0
[INFO] [stderr]    Compiling either v1.5.3
[INFO] [stderr]    Compiling lzw v0.10.0
[INFO] [stderr]    Compiling log v0.4.8
[INFO] [stderr]    Compiling color_quant v1.0.1
[INFO] [stderr]    Compiling inflate v0.4.5
[INFO] [stderr]    Compiling gif v0.10.3
[INFO] [stderr]    Compiling semver v0.9.0
[INFO] [stderr]    Compiling num-traits v0.2.11
[INFO] [stderr]    Compiling num-integer v0.1.42
[INFO] [stderr]    Compiling num-iter v0.1.40
[INFO] [stderr]    Compiling num-rational v0.2.3
[INFO] [stderr]    Compiling crossbeam-utils v0.7.0
[INFO] [stderr]    Compiling crossbeam-epoch v0.8.0
[INFO] [stderr]    Compiling rustc_version v0.2.3
[INFO] [stderr]    Compiling deflate v0.7.20
[INFO] [stderr]    Compiling memoffset v0.5.3
[INFO] [stderr]    Compiling num_cpus v1.12.0
[INFO] [stderr]    Compiling xcb v0.9.0
[INFO] [stderr]    Compiling quote v0.6.13
[INFO] [stderr]    Compiling crossbeam-queue v0.2.1
[INFO] [stderr]    Compiling png v0.15.3
[INFO] [stderr]    Compiling crossbeam-deque v0.7.2
[INFO] [stderr]    Compiling rayon v1.3.0
[INFO] [stderr]    Compiling jpeg-decoder v0.1.18
[INFO] [stderr]    Compiling tiff v0.3.1
[INFO] [stderr]    Compiling image v0.22.4
[INFO] [stderr]    Compiling bg-setter v0.1.0 (/opt/rustwide/workdir)
[INFO] [stdout] warning: unexpected `cfg` condition value: `r#static`
[INFO] [stdout]   --> src/ffi_image.rs:22:12
[INFO] [stdout]    |
[INFO] [stdout] 22 | #[cfg_attr(feature = "static", link(name = "xcb-image", kind = "static"))]
[INFO] [stdout]    |            ^^^^^^^^^^^^^^^^^^ help: remove the condition
[INFO] [stdout]    |
[INFO] [stdout]    = note: no expected values for `feature`
[INFO] [stdout]    = help: consider adding `r#static` as a feature in `Cargo.toml`
[INFO] [stdout]    = note: see <https://doc.rust-lang.org/nightly/rustc/check-cfg/cargo-specifics.html> for more information about checking conditional configuration
[INFO] [stdout]    = note: `#[warn(unexpected_cfgs)]` on by default
[INFO] [stdout] 
[INFO] [stdout] 
[INFO] [stdout] warning: unexpected `cfg` condition value: `r#static`
[INFO] [stdout]   --> src/ffi_image.rs:23:16
[INFO] [stdout]    |
[INFO] [stdout] 23 | #[cfg_attr(not(feature = "static"), link(name = "xcb-image"))]
[INFO] [stdout]    |                ^^^^^^^^^^^^^^^^^^ help: remove the condition
[INFO] [stdout]    |
[INFO] [stdout]    = note: no expected values for `feature`
[INFO] [stdout]    = help: consider adding `r#static` as a feature in `Cargo.toml`
[INFO] [stdout]    = note: see <https://doc.rust-lang.org/nightly/rustc/check-cfg/cargo-specifics.html> for more information about checking conditional configuration
[INFO] [stdout] 
[INFO] [stdout] 
[INFO] [stdout] warning: unexpected `cfg` condition value: `thread`
[INFO] [stdout]   --> src/shm_img.rs:65:7
[INFO] [stdout]    |
[INFO] [stdout] 65 | #[cfg(feature = "thread")]
[INFO] [stdout]    |       ^^^^^^^^^^^^^^^^^^ help: remove the condition
[INFO] [stdout]    |
[INFO] [stdout]    = note: no expected values for `feature`
[INFO] [stdout]    = help: consider adding `thread` as a feature in `Cargo.toml`
[INFO] [stdout]    = note: see <https://doc.rust-lang.org/nightly/rustc/check-cfg/cargo-specifics.html> for more information about checking conditional configuration
[INFO] [stdout] 
[INFO] [stdout] 
[INFO] [stdout] warning: unexpected `cfg` condition value: `thread`
[INFO] [stdout]   --> src/shm_img.rs:67:7
[INFO] [stdout]    |
[INFO] [stdout] 67 | #[cfg(feature = "thread")]
[INFO] [stdout]    |       ^^^^^^^^^^^^^^^^^^ help: remove the condition
[INFO] [stdout]    |
[INFO] [stdout]    = note: no expected values for `feature`
[INFO] [stdout]    = help: consider adding `thread` as a feature in `Cargo.toml`
[INFO] [stdout]    = note: see <https://doc.rust-lang.org/nightly/rustc/check-cfg/cargo-specifics.html> for more information about checking conditional configuration
[INFO] [stdout] 
[INFO] [stdout] 
[INFO] [stdout] warning: unexpected `cfg` condition value: `thread`
[INFO] [stdout]   --> src/shm_img.rs:80:7
[INFO] [stdout]    |
[INFO] [stdout] 80 | #[cfg(feature = "thread")]
[INFO] [stdout]    |       ^^^^^^^^^^^^^^^^^^ help: remove the condition
[INFO] [stdout]    |
[INFO] [stdout]    = note: no expected values for `feature`
[INFO] [stdout]    = help: consider adding `thread` as a feature in `Cargo.toml`
[INFO] [stdout]    = note: see <https://doc.rust-lang.org/nightly/rustc/check-cfg/cargo-specifics.html> for more information about checking conditional configuration
[INFO] [stdout] 
[INFO] [stdout] 
[INFO] [stdout] warning: unexpected `cfg` condition value: `thread`
[INFO] [stdout]   --> src/shm_img.rs:82:7
[INFO] [stdout]    |
[INFO] [stdout] 82 | #[cfg(feature = "thread")]
[INFO] [stdout]    |       ^^^^^^^^^^^^^^^^^^ help: remove the condition
[INFO] [stdout]    |
[INFO] [stdout]    = note: no expected values for `feature`
[INFO] [stdout]    = help: consider adding `thread` as a feature in `Cargo.toml`
[INFO] [stdout]    = note: see <https://doc.rust-lang.org/nightly/rustc/check-cfg/cargo-specifics.html> for more information about checking conditional configuration
[INFO] [stdout] 
[INFO] [stdout] 
[INFO] [stdout] warning: unused imports: `Connection`, `Pixmap`, `Screen`, and `Window`
[INFO] [stdout]  --> src/lib.rs:6:11
[INFO] [stdout]   |
[INFO] [stdout] 6 | use xcb::{Connection,ConnError,Pixmap,Screen,Window};
[INFO] [stdout]   |           ^^^^^^^^^^           ^^^^^^ ^^^^^^ ^^^^^^
[INFO] [stdout]   |
[INFO] [stdout]   = note: `#[warn(unused_imports)]` on by default
[INFO] [stdout] 
[INFO] [stdout] 
[INFO] [stdout] warning: the feature `div_duration` has been stable since 1.80.0 and no longer requires an attribute to enable
[INFO] [stdout]  --> src/lib.rs:1:12
[INFO] [stdout]   |
[INFO] [stdout] 1 | #![feature(div_duration)]
[INFO] [stdout]   |            ^^^^^^^^^^^^
[INFO] [stdout]   |
[INFO] [stdout]   = note: `#[warn(stable_features)]` on by default
[INFO] [stdout] 
[INFO] [stdout] 
[INFO] [stdout] warning: unused variable: `start`
[INFO] [stdout]    --> src/lib.rs:308:7
[INFO] [stdout]     |
[INFO] [stdout] 308 |         let start = Instant::now();
[INFO] [stdout]     |             ^^^^^ help: if this is intentional, prefix it with an underscore: `_start`
[INFO] [stdout]     |
[INFO] [stdout]     = note: `#[warn(unused_variables)]` on by default
[INFO] [stdout] 
[INFO] [stdout] 
[INFO] [stdout] warning: field `index` is never read
[INFO] [stdout]   --> src/lib.rs:28:2
[INFO] [stdout]    |
[INFO] [stdout] 27 | pub struct Root {
[INFO] [stdout]    |            ---- field in this struct
[INFO] [stdout] 28 |     index: usize,
[INFO] [stdout]    |     ^^^^^
[INFO] [stdout]    |
[INFO] [stdout]    = note: `#[warn(dead_code)]` on by default
[INFO] [stdout] 
[INFO] [stdout] 
[INFO] [stdout] warning: function `rgb_to_zpix` is never used
[INFO] [stdout]    --> src/lib.rs:358:4
[INFO] [stdout]     |
[INFO] [stdout] 358 | fn rgb_to_zpix(r: u8, g: u8, b: u8, order: u32) -> u32 {
[INFO] [stdout]     |    ^^^^^^^^^^^
[INFO] [stdout] 
[INFO] [stdout] 
[INFO] [stdout] warning: function `xcb_image_annotate` is never used
[INFO] [stdout]   --> src/ffi_image.rs:25:9
[INFO] [stdout]    |
[INFO] [stdout] 25 |     pub fn xcb_image_annotate(image: *mut xcb_image_t);
[INFO] [stdout]    |            ^^^^^^^^^^^^^^^^^^
[INFO] [stdout] 
[INFO] [stdout] 
[INFO] [stdout] warning: function `xcb_image_create_native` is never used
[INFO] [stdout]   --> src/ffi_image.rs:27:9
[INFO] [stdout]    |
[INFO] [stdout] 27 |     pub fn xcb_image_create_native(c: *mut xcb_connection_t, width: u16, height: u16, format: xcb_image_format_t, depth: u8, base: *mut c...
[INFO] [stdout]    |            ^^^^^^^^^^^^^^^^^^^^^^^
[INFO] [stdout] 
[INFO] [stdout] 
[INFO] [stdout] warning: function `xcb_image_put_pixel` is never used
[INFO] [stdout]   --> src/ffi_image.rs:32:9
[INFO] [stdout]    |
[INFO] [stdout] 32 |     pub fn xcb_image_put_pixel(image: *mut xcb_image_t, x: u32, y: u32, pixel: u32);
[INFO] [stdout]    |            ^^^^^^^^^^^^^^^^^^^
[INFO] [stdout] 
[INFO] [stdout] 
[INFO] [stdout] warning: function `xcb_image_convert` is never used
[INFO] [stdout]   --> src/ffi_image.rs:34:9
[INFO] [stdout]    |
[INFO] [stdout] 34 |     pub fn xcb_image_convert(src: *const xcb_image_t, dst: *mut xcb_image_t) -> *mut xcb_image_t;
[INFO] [stdout]    |            ^^^^^^^^^^^^^^^^^
[INFO] [stdout] 
[INFO] [stdout] 
[INFO] [stdout] warning: function `xcb_image_subimage` is never used
[INFO] [stdout]   --> src/ffi_image.rs:35:9
[INFO] [stdout]    |
[INFO] [stdout] 35 |     pub fn xcb_image_subimage(image: *const xcb_image_t, x: u32, y: u32, width: u32, height: u32, base: *mut c_void, bytes: u32, data: *m...
[INFO] [stdout]    |            ^^^^^^^^^^^^^^^^^^
[INFO] [stdout] 
[INFO] [stdout] 
[INFO] [stdout] warning: methods `annotate` and `put` are never used
[INFO] [stdout]   --> src/shm_img.rs:25:9
[INFO] [stdout]    |
[INFO] [stdout] 24 | impl BaseImage {
[INFO] [stdout]    | -------------- methods in this implementation
[INFO] [stdout] 25 |     pub fn annotate(&self) {
[INFO] [stdout]    |            ^^^^^^^^
[INFO] [stdout] ...
[INFO] [stdout] 41 |     pub fn put(&mut self, x: u32, y: u32, pixel: u32) {
[INFO] [stdout]    |            ^^^
[INFO] [stdout] 
[INFO] [stdout] 
[INFO] [stdout] warning: fields `width` and `height` are never read
[INFO] [stdout]   --> src/shm_img.rs:76:2
[INFO] [stdout]    |
[INFO] [stdout] 71 | pub struct Image<'conn> {
[INFO] [stdout]    |            ----- fields in this struct
[INFO] [stdout] ...
[INFO] [stdout] 76 |     width:  u16,
[INFO] [stdout]    |     ^^^^^
[INFO] [stdout] 77 |     height: u16,
[INFO] [stdout]    |     ^^^^^^
[INFO] [stdout] 
[INFO] [stdout] 
[INFO] [stdout] warning: methods `resize`, `restore`, `actual_width`, and `actual_height` are never used
[INFO] [stdout]    --> src/shm_img.rs:138:9
[INFO] [stdout]     |
[INFO] [stdout] 137 | impl Image<'_> {
[INFO] [stdout]     | -------------- methods in this implementation
[INFO] [stdout] 138 |     pub fn resize(&mut self, width: u16, height: u16) {
[INFO] [stdout]     |            ^^^^^^
[INFO] [stdout] ...
[INFO] [stdout] 149 |     pub fn restore(&mut self) {
[INFO] [stdout]     |            ^^^^^^^
[INFO] [stdout] ...
[INFO] [stdout] 156 |     pub fn actual_width(&self) -> u16 {
[INFO] [stdout]     |            ^^^^^^^^^^^^
[INFO] [stdout] ...
[INFO] [stdout] 160 |     pub fn actual_height(&self) -> u16 {
[INFO] [stdout]     |            ^^^^^^^^^^^^^
[INFO] [stdout] 
[INFO] [stdout] 
[INFO] [stdout] warning: function `area` is never used
[INFO] [stdout]    --> src/shm_img.rs:216:8
[INFO] [stdout]     |
[INFO] [stdout] 216 | pub fn area<'a>(c: &xcb::Connection, drawable: xcb::Drawable, output: &'a mut Image<'a>, x: i16, y: i16, width: u16, height: u16, plane_m...
[INFO] [stdout]     |        ^^^^
[INFO] [stdout] 
[INFO] [stdout] 
[INFO] [stdout] warning: unused `Result` that must be used
[INFO] [stdout]    --> src/lib.rs:182:4
[INFO] [stdout]     |
[INFO] [stdout] 182 |             self.resize_shm(rgb);
[INFO] [stdout]     |             ^^^^^^^^^^^^^^^^^^^^
[INFO] [stdout]     |
[INFO] [stdout]     = note: this `Result` may be an `Err` variant, which should be handled
[INFO] [stdout]     = note: `#[warn(unused_must_use)]` on by default
[INFO] [stdout] help: use `let _ = ...` to ignore the resulting value
[INFO] [stdout]     |
[INFO] [stdout] 182 |             let _ = self.resize_shm(rgb);
[INFO] [stdout]     |             +++++++
[INFO] [stdout] 
[INFO] [stdout] 
[INFO] [stdout] warning: unused `Result` that must be used
[INFO] [stdout]    --> src/lib.rs:259:5
[INFO] [stdout]     |
[INFO] [stdout] 259 | /                 shm_img::put(&self.conn, pid, self.gc, &self.shm_img, 0, 0, 
[INFO] [stdout] 260 | |                     x as i16, y as i16, width as u16, height as u16, false);
[INFO] [stdout]     | |___________________________________________________________________________^
[INFO] [stdout]     |
[INFO] [stdout]     = note: this `Result` may be an `Err` variant, which should be handled
[INFO] [stdout] help: use `let _ = ...` to ignore the resulting value
[INFO] [stdout]     |
[INFO] [stdout] 259 |                 let _ = shm_img::put(&self.conn, pid, self.gc, &self.shm_img, 0, 0, 
[INFO] [stdout]     |                 +++++++
[INFO] [stdout] 
[INFO] [stdout] 
[INFO] [stdout] warning: unused `Result` that must be used
[INFO] [stdout]    --> src/lib.rs:293:3
[INFO] [stdout]     |
[INFO] [stdout] 293 |         self.fade_abs(screen, x, y , rgb, secs);
[INFO] [stdout]     |         ^^^^^^^^^^^^^^^^^^^^^^^^^^^^^^^^^^^^^^^
[INFO] [stdout]     |
[INFO] [stdout]     = note: this `Result` may be an `Err` variant, which should be handled
[INFO] [stdout] help: use `let _ = ...` to ignore the resulting value
[INFO] [stdout]     |
[INFO] [stdout] 293 |         let _ = self.fade_abs(screen, x, y , rgb, secs);
[INFO] [stdout]     |         +++++++
[INFO] [stdout] 
[INFO] [stdout] 
[INFO] [stderr]     Finished `dev` profile [unoptimized + debuginfo] target(s) in 24.67s
[INFO] running `Command { std: "docker" "inspect" "cc536300036314b87188d12adb1bdf08173e1dc6a51a95b3e00ad5151b9ba5dc", kill_on_drop: false }`
[INFO] running `Command { std: "docker" "rm" "-f" "cc536300036314b87188d12adb1bdf08173e1dc6a51a95b3e00ad5151b9ba5dc", kill_on_drop: false }`
[INFO] [stdout] cc536300036314b87188d12adb1bdf08173e1dc6a51a95b3e00ad5151b9ba5dc
[INFO] running `Command { std: "docker" "create" "-v" "/var/lib/crater-agent-workspace/builds/worker-1-tc2/target:/opt/rustwide/target:rw,Z" "-v" "/var/lib/crater-agent-workspace/builds/worker-1-tc2/source:/opt/rustwide/workdir:ro,Z" "-v" "/var/lib/crater-agent-workspace/cargo-home:/opt/rustwide/cargo-home:ro,Z" "-v" "/var/lib/crater-agent-workspace/rustup-home:/opt/rustwide/rustup-home:ro,Z" "-e" "SOURCE_DIR=/opt/rustwide/workdir" "-e" "CARGO_TARGET_DIR=/opt/rustwide/target" "-e" "CARGO_INCREMENTAL=0" "-e" "RUST_BACKTRACE=full" "-e" "RUSTFLAGS=--cap-lints=forbid -Zrandomize-layout" "-e" "RUSTDOCFLAGS=--cap-lints=forbid" "-e" "CARGO_HOME=/opt/rustwide/cargo-home" "-e" "RUSTUP_HOME=/opt/rustwide/rustup-home" "-w" "/opt/rustwide/workdir" "-m" "1610612736" "--user" "0:0" "--network" "none" "ghcr.io/rust-lang/crates-build-env/linux@sha256:819108c5571ea2e421544af4d832f968d213c87fbe3707a016657f43d2f853bc" "/opt/rustwide/cargo-home/bin/cargo" "+nightly-2025-01-18" "test" "--frozen" "--no-run" "--message-format=json", kill_on_drop: false }`
[INFO] [stdout] e3e9b42e4d60414231076c19be3a45b1481fa5bda65b94b95d0ff015cfa318d0
[INFO] running `Command { std: "docker" "start" "-a" "e3e9b42e4d60414231076c19be3a45b1481fa5bda65b94b95d0ff015cfa318d0", kill_on_drop: false }`
[INFO] [stdout] warning: unexpected `cfg` condition value: `r#static`
[INFO] [stdout]   --> src/ffi_image.rs:22:12
[INFO] [stdout]    |
[INFO] [stdout] 22 | #[cfg_attr(feature = "static", link(name = "xcb-image", kind = "static"))]
[INFO] [stdout]    |            ^^^^^^^^^^^^^^^^^^ help: remove the condition
[INFO] [stdout]    |
[INFO] [stdout]    = note: no expected values for `feature`
[INFO] [stdout]    = help: consider adding `r#static` as a feature in `Cargo.toml`
[INFO] [stdout]    = note: see <https://doc.rust-lang.org/nightly/rustc/check-cfg/cargo-specifics.html> for more information about checking conditional configuration
[INFO] [stdout]    = note: `#[warn(unexpected_cfgs)]` on by default
[INFO] [stdout] 
[INFO] [stdout] 
[INFO] [stdout] warning: unexpected `cfg` condition value: `r#static`
[INFO] [stdout]   --> src/ffi_image.rs:23:16
[INFO] [stdout]    |
[INFO] [stdout] 23 | #[cfg_attr(not(feature = "static"), link(name = "xcb-image"))]
[INFO] [stdout]    |                ^^^^^^^^^^^^^^^^^^ help: remove the condition
[INFO] [stdout]    |
[INFO] [stdout]    = note: no expected values for `feature`
[INFO] [stdout]    = help: consider adding `r#static` as a feature in `Cargo.toml`
[INFO] [stdout]    = note: see <https://doc.rust-lang.org/nightly/rustc/check-cfg/cargo-specifics.html> for more information about checking conditional configuration
[INFO] [stdout] 
[INFO] [stdout] 
[INFO] [stdout] warning: unexpected `cfg` condition value: `thread`
[INFO] [stdout]   --> src/shm_img.rs:65:7
[INFO] [stdout]    |
[INFO] [stdout] 65 | #[cfg(feature = "thread")]
[INFO] [stdout]    |       ^^^^^^^^^^^^^^^^^^ help: remove the condition
[INFO] [stdout]    |
[INFO] [stdout]    = note: no expected values for `feature`
[INFO] [stdout]    = help: consider adding `thread` as a feature in `Cargo.toml`
[INFO] [stdout]    = note: see <https://doc.rust-lang.org/nightly/rustc/check-cfg/cargo-specifics.html> for more information about checking conditional configuration
[INFO] [stdout] 
[INFO] [stdout] 
[INFO] [stderr]    Compiling bg-setter v0.1.0 (/opt/rustwide/workdir)
[INFO] [stdout] warning: unexpected `cfg` condition value: `thread`
[INFO] [stdout]   --> src/shm_img.rs:67:7
[INFO] [stdout]    |
[INFO] [stdout] 67 | #[cfg(feature = "thread")]
[INFO] [stdout]    |       ^^^^^^^^^^^^^^^^^^ help: remove the condition
[INFO] [stdout]    |
[INFO] [stdout]    = note: no expected values for `feature`
[INFO] [stdout]    = help: consider adding `thread` as a feature in `Cargo.toml`
[INFO] [stdout]    = note: see <https://doc.rust-lang.org/nightly/rustc/check-cfg/cargo-specifics.html> for more information about checking conditional configuration
[INFO] [stdout] 
[INFO] [stdout] 
[INFO] [stdout] warning: unexpected `cfg` condition value: `thread`
[INFO] [stdout]   --> src/shm_img.rs:80:7
[INFO] [stdout]    |
[INFO] [stdout] 80 | #[cfg(feature = "thread")]
[INFO] [stdout]    |       ^^^^^^^^^^^^^^^^^^ help: remove the condition
[INFO] [stdout]    |
[INFO] [stdout]    = note: no expected values for `feature`
[INFO] [stdout]    = help: consider adding `thread` as a feature in `Cargo.toml`
[INFO] [stdout]    = note: see <https://doc.rust-lang.org/nightly/rustc/check-cfg/cargo-specifics.html> for more information about checking conditional configuration
[INFO] [stdout] 
[INFO] [stdout] 
[INFO] [stdout] warning: unexpected `cfg` condition value: `thread`
[INFO] [stdout]   --> src/shm_img.rs:82:7
[INFO] [stdout]    |
[INFO] [stdout] 82 | #[cfg(feature = "thread")]
[INFO] [stdout]    |       ^^^^^^^^^^^^^^^^^^ help: remove the condition
[INFO] [stdout]    |
[INFO] [stdout]    = note: no expected values for `feature`
[INFO] [stdout]    = help: consider adding `thread` as a feature in `Cargo.toml`
[INFO] [stdout]    = note: see <https://doc.rust-lang.org/nightly/rustc/check-cfg/cargo-specifics.html> for more information about checking conditional configuration
[INFO] [stdout] 
[INFO] [stdout] 
[INFO] [stdout] warning: unused imports: `Connection`, `Pixmap`, `Screen`, and `Window`
[INFO] [stdout]  --> src/lib.rs:6:11
[INFO] [stdout]   |
[INFO] [stdout] 6 | use xcb::{Connection,ConnError,Pixmap,Screen,Window};
[INFO] [stdout]   |           ^^^^^^^^^^           ^^^^^^ ^^^^^^ ^^^^^^
[INFO] [stdout]   |
[INFO] [stdout]   = note: `#[warn(unused_imports)]` on by default
[INFO] [stdout] 
[INFO] [stdout] 
[INFO] [stdout] warning: the feature `div_duration` has been stable since 1.80.0 and no longer requires an attribute to enable
[INFO] [stdout]  --> src/lib.rs:1:12
[INFO] [stdout]   |
[INFO] [stdout] 1 | #![feature(div_duration)]
[INFO] [stdout]   |            ^^^^^^^^^^^^
[INFO] [stdout]   |
[INFO] [stdout]   = note: `#[warn(stable_features)]` on by default
[INFO] [stdout] 
[INFO] [stdout] 
[INFO] [stdout] warning: unused variable: `start`
[INFO] [stdout]    --> src/lib.rs:308:7
[INFO] [stdout]     |
[INFO] [stdout] 308 |         let start = Instant::now();
[INFO] [stdout]     |             ^^^^^ help: if this is intentional, prefix it with an underscore: `_start`
[INFO] [stdout]     |
[INFO] [stdout]     = note: `#[warn(unused_variables)]` on by default
[INFO] [stdout] 
[INFO] [stdout] 
[INFO] [stdout] warning: field `index` is never read
[INFO] [stdout]   --> src/lib.rs:28:2
[INFO] [stdout]    |
[INFO] [stdout] 27 | pub struct Root {
[INFO] [stdout]    |            ---- field in this struct
[INFO] [stdout] 28 |     index: usize,
[INFO] [stdout]    |     ^^^^^
[INFO] [stdout]    |
[INFO] [stdout]    = note: `#[warn(dead_code)]` on by default
[INFO] [stdout] 
[INFO] [stdout] 
[INFO] [stdout] warning: function `rgb_to_zpix` is never used
[INFO] [stdout]    --> src/lib.rs:358:4
[INFO] [stdout]     |
[INFO] [stdout] 358 | fn rgb_to_zpix(r: u8, g: u8, b: u8, order: u32) -> u32 {
[INFO] [stdout]     |    ^^^^^^^^^^^
[INFO] [stdout] 
[INFO] [stdout] 
[INFO] [stdout] warning: function `xcb_image_annotate` is never used
[INFO] [stdout]   --> src/ffi_image.rs:25:9
[INFO] [stdout]    |
[INFO] [stdout] 25 |     pub fn xcb_image_annotate(image: *mut xcb_image_t);
[INFO] [stdout]    |            ^^^^^^^^^^^^^^^^^^
[INFO] [stdout] 
[INFO] [stdout] 
[INFO] [stdout] warning: function `xcb_image_create_native` is never used
[INFO] [stdout]   --> src/ffi_image.rs:27:9
[INFO] [stdout]    |
[INFO] [stdout] 27 |     pub fn xcb_image_create_native(c: *mut xcb_connection_t, width: u16, height: u16, format: xcb_image_format_t, depth: u8, base: *mut c...
[INFO] [stdout]    |            ^^^^^^^^^^^^^^^^^^^^^^^
[INFO] [stdout] 
[INFO] [stdout] 
[INFO] [stdout] warning: function `xcb_image_put_pixel` is never used
[INFO] [stdout]   --> src/ffi_image.rs:32:9
[INFO] [stdout]    |
[INFO] [stdout] 32 |     pub fn xcb_image_put_pixel(image: *mut xcb_image_t, x: u32, y: u32, pixel: u32);
[INFO] [stdout]    |            ^^^^^^^^^^^^^^^^^^^
[INFO] [stdout] 
[INFO] [stdout] 
[INFO] [stdout] warning: function `xcb_image_convert` is never used
[INFO] [stdout]   --> src/ffi_image.rs:34:9
[INFO] [stdout]    |
[INFO] [stdout] 34 |     pub fn xcb_image_convert(src: *const xcb_image_t, dst: *mut xcb_image_t) -> *mut xcb_image_t;
[INFO] [stdout]    |            ^^^^^^^^^^^^^^^^^
[INFO] [stdout] 
[INFO] [stdout] 
[INFO] [stdout] warning: function `xcb_image_subimage` is never used
[INFO] [stdout]   --> src/ffi_image.rs:35:9
[INFO] [stdout]    |
[INFO] [stdout] 35 |     pub fn xcb_image_subimage(image: *const xcb_image_t, x: u32, y: u32, width: u32, height: u32, base: *mut c_void, bytes: u32, data: *m...
[INFO] [stdout]    |            ^^^^^^^^^^^^^^^^^^
[INFO] [stdout] 
[INFO] [stdout] 
[INFO] [stdout] warning: methods `annotate` and `put` are never used
[INFO] [stdout]   --> src/shm_img.rs:25:9
[INFO] [stdout]    |
[INFO] [stdout] 24 | impl BaseImage {
[INFO] [stdout]    | -------------- methods in this implementation
[INFO] [stdout] 25 |     pub fn annotate(&self) {
[INFO] [stdout]    |            ^^^^^^^^
[INFO] [stdout] ...
[INFO] [stdout] 41 |     pub fn put(&mut self, x: u32, y: u32, pixel: u32) {
[INFO] [stdout]    |            ^^^
[INFO] [stdout] 
[INFO] [stdout] 
[INFO] [stdout] warning: fields `width` and `height` are never read
[INFO] [stdout]   --> src/shm_img.rs:76:2
[INFO] [stdout]    |
[INFO] [stdout] 71 | pub struct Image<'conn> {
[INFO] [stdout]    |            ----- fields in this struct
[INFO] [stdout] ...
[INFO] [stdout] 76 |     width:  u16,
[INFO] [stdout]    |     ^^^^^
[INFO] [stdout] 77 |     height: u16,
[INFO] [stdout]    |     ^^^^^^
[INFO] [stdout] 
[INFO] [stdout] 
[INFO] [stdout] warning: methods `resize`, `restore`, `actual_width`, and `actual_height` are never used
[INFO] [stdout]    --> src/shm_img.rs:138:9
[INFO] [stdout]     |
[INFO] [stdout] 137 | impl Image<'_> {
[INFO] [stdout]     | -------------- methods in this implementation
[INFO] [stdout] 138 |     pub fn resize(&mut self, width: u16, height: u16) {
[INFO] [stdout]     |            ^^^^^^
[INFO] [stdout] ...
[INFO] [stdout] 149 |     pub fn restore(&mut self) {
[INFO] [stdout]     |            ^^^^^^^
[INFO] [stdout] ...
[INFO] [stdout] 156 |     pub fn actual_width(&self) -> u16 {
[INFO] [stdout]     |            ^^^^^^^^^^^^
[INFO] [stdout] ...
[INFO] [stdout] 160 |     pub fn actual_height(&self) -> u16 {
[INFO] [stdout]     |            ^^^^^^^^^^^^^
[INFO] [stdout] 
[INFO] [stdout] 
[INFO] [stdout] warning: function `area` is never used
[INFO] [stdout]    --> src/shm_img.rs:216:8
[INFO] [stdout]     |
[INFO] [stdout] 216 | pub fn area<'a>(c: &xcb::Connection, drawable: xcb::Drawable, output: &'a mut Image<'a>, x: i16, y: i16, width: u16, height: u16, plane_m...
[INFO] [stdout]     |        ^^^^
[INFO] [stdout] 
[INFO] [stdout] 
[INFO] [stdout] warning: unused `Result` that must be used
[INFO] [stdout]    --> src/lib.rs:182:4
[INFO] [stdout]     |
[INFO] [stdout] 182 |             self.resize_shm(rgb);
[INFO] [stdout]     |             ^^^^^^^^^^^^^^^^^^^^
[INFO] [stdout]     |
[INFO] [stdout]     = note: this `Result` may be an `Err` variant, which should be handled
[INFO] [stdout]     = note: `#[warn(unused_must_use)]` on by default
[INFO] [stdout] help: use `let _ = ...` to ignore the resulting value
[INFO] [stdout]     |
[INFO] [stdout] 182 |             let _ = self.resize_shm(rgb);
[INFO] [stdout]     |             +++++++
[INFO] [stdout] 
[INFO] [stdout] 
[INFO] [stdout] warning: unused `Result` that must be used
[INFO] [stdout]    --> src/lib.rs:259:5
[INFO] [stdout]     |
[INFO] [stdout] 259 | /                 shm_img::put(&self.conn, pid, self.gc, &self.shm_img, 0, 0, 
[INFO] [stdout] 260 | |                     x as i16, y as i16, width as u16, height as u16, false);
[INFO] [stdout]     | |___________________________________________________________________________^
[INFO] [stdout]     |
[INFO] [stdout]     = note: this `Result` may be an `Err` variant, which should be handled
[INFO] [stdout] help: use `let _ = ...` to ignore the resulting value
[INFO] [stdout]     |
[INFO] [stdout] 259 |                 let _ = shm_img::put(&self.conn, pid, self.gc, &self.shm_img, 0, 0, 
[INFO] [stdout]     |                 +++++++
[INFO] [stdout] 
[INFO] [stdout] 
[INFO] [stdout] warning: unused `Result` that must be used
[INFO] [stdout]    --> src/lib.rs:293:3
[INFO] [stdout]     |
[INFO] [stdout] 293 |         self.fade_abs(screen, x, y , rgb, secs);
[INFO] [stdout]     |         ^^^^^^^^^^^^^^^^^^^^^^^^^^^^^^^^^^^^^^^
[INFO] [stdout]     |
[INFO] [stdout]     = note: this `Result` may be an `Err` variant, which should be handled
[INFO] [stdout] help: use `let _ = ...` to ignore the resulting value
[INFO] [stdout]     |
[INFO] [stdout] 293 |         let _ = self.fade_abs(screen, x, y , rgb, secs);
[INFO] [stdout]     |         +++++++
[INFO] [stdout] 
[INFO] [stdout] 
[INFO] [stdout] warning: static variable `images` should have an upper case name
[INFO] [stdout]   --> tests/lib.rs:10:13
[INFO] [stdout]    |
[INFO] [stdout] 10 |     static ref images: Vec<RgbImage> = {
[INFO] [stdout]    |                ^^^^^^ help: convert the identifier to upper case: `IMAGES`
[INFO] [stdout]    |
[INFO] [stdout]    = note: `#[warn(non_upper_case_globals)]` on by default
[INFO] [stdout] 
[INFO] [stdout] 
[INFO] [stdout] warning: this method call resolves to `<&[T; N] as IntoIterator>::into_iter` (due to backwards compatibility), but will resolve to `<[T; N] as IntoIterator>::into_iter` in Rust 2021
[INFO] [stdout]   --> tests/lib.rs:16:20
[INFO] [stdout]    |
[INFO] [stdout] 16 |         let imgs = paths.into_iter().map(|x|{
[INFO] [stdout]    |                          ^^^^^^^^^
[INFO] [stdout]    |
[INFO] [stdout]    = warning: this changes meaning in Rust 2021
[INFO] [stdout]    = note: for more information, see <https://doc.rust-lang.org/nightly/edition-guide/rust-2021/IntoIterator-for-arrays.html>
[INFO] [stdout]    = note: `#[warn(array_into_iter)]` on by default
[INFO] [stdout] help: use `.iter()` instead of `.into_iter()` to avoid ambiguity
[INFO] [stdout]    |
[INFO] [stdout] 16 |         let imgs = paths.iter().map(|x|{
[INFO] [stdout]    |                          ~~~~
[INFO] [stdout] help: or use `IntoIterator::into_iter(..)` instead of `.into_iter()` to explicitly iterate by value
[INFO] [stdout]    |
[INFO] [stdout] 16 |         let imgs = IntoIterator::into_iter(paths).map(|x|{
[INFO] [stdout]    |                    ++++++++++++++++++++++++     ~
[INFO] [stdout] 
[INFO] [stdout] 
[INFO] [stdout] warning: unexpected `cfg` condition value: `r#static`
[INFO] [stdout]   --> src/ffi_image.rs:22:12
[INFO] [stdout]    |
[INFO] [stdout] 22 | #[cfg_attr(feature = "static", link(name = "xcb-image", kind = "static"))]
[INFO] [stdout]    |            ^^^^^^^^^^^^^^^^^^ help: remove the condition
[INFO] [stdout]    |
[INFO] [stdout]    = note: no expected values for `feature`
[INFO] [stdout]    = help: consider adding `r#static` as a feature in `Cargo.toml`
[INFO] [stdout]    = note: see <https://doc.rust-lang.org/nightly/rustc/check-cfg/cargo-specifics.html> for more information about checking conditional configuration
[INFO] [stdout]    = note: `#[warn(unexpected_cfgs)]` on by default
[INFO] [stdout] 
[INFO] [stdout] 
[INFO] [stdout] warning: unexpected `cfg` condition value: `r#static`
[INFO] [stdout]   --> src/ffi_image.rs:23:16
[INFO] [stdout]    |
[INFO] [stdout] 23 | #[cfg_attr(not(feature = "static"), link(name = "xcb-image"))]
[INFO] [stdout]    |                ^^^^^^^^^^^^^^^^^^ help: remove the condition
[INFO] [stdout]    |
[INFO] [stdout]    = note: no expected values for `feature`
[INFO] [stdout]    = help: consider adding `r#static` as a feature in `Cargo.toml`
[INFO] [stdout]    = note: see <https://doc.rust-lang.org/nightly/rustc/check-cfg/cargo-specifics.html> for more information about checking conditional configuration
[INFO] [stdout] 
[INFO] [stdout] 
[INFO] [stdout] warning: unexpected `cfg` condition value: `thread`
[INFO] [stdout]   --> src/shm_img.rs:65:7
[INFO] [stdout]    |
[INFO] [stdout] 65 | #[cfg(feature = "thread")]
[INFO] [stdout]    |       ^^^^^^^^^^^^^^^^^^ help: remove the condition
[INFO] [stdout]    |
[INFO] [stdout]    = note: no expected values for `feature`
[INFO] [stdout]    = help: consider adding `thread` as a feature in `Cargo.toml`
[INFO] [stdout]    = note: see <https://doc.rust-lang.org/nightly/rustc/check-cfg/cargo-specifics.html> for more information about checking conditional configuration
[INFO] [stdout] 
[INFO] [stdout] 
[INFO] [stdout] warning: unexpected `cfg` condition value: `thread`
[INFO] [stdout]   --> src/shm_img.rs:67:7
[INFO] [stdout]    |
[INFO] [stdout] 67 | #[cfg(feature = "thread")]
[INFO] [stdout]    |       ^^^^^^^^^^^^^^^^^^ help: remove the condition
[INFO] [stdout]    |
[INFO] [stdout]    = note: no expected values for `feature`
[INFO] [stdout]    = help: consider adding `thread` as a feature in `Cargo.toml`
[INFO] [stdout]    = note: see <https://doc.rust-lang.org/nightly/rustc/check-cfg/cargo-specifics.html> for more information about checking conditional configuration
[INFO] [stdout] 
[INFO] [stdout] 
[INFO] [stdout] warning: unexpected `cfg` condition value: `thread`
[INFO] [stdout]   --> src/shm_img.rs:80:7
[INFO] [stdout]    |
[INFO] [stdout] 80 | #[cfg(feature = "thread")]
[INFO] [stdout]    |       ^^^^^^^^^^^^^^^^^^ help: remove the condition
[INFO] [stdout]    |
[INFO] [stdout]    = note: no expected values for `feature`
[INFO] [stdout]    = help: consider adding `thread` as a feature in `Cargo.toml`
[INFO] [stdout]    = note: see <https://doc.rust-lang.org/nightly/rustc/check-cfg/cargo-specifics.html> for more information about checking conditional configuration
[INFO] [stdout] 
[INFO] [stdout] 
[INFO] [stdout] warning: unexpected `cfg` condition value: `thread`
[INFO] [stdout]   --> src/shm_img.rs:82:7
[INFO] [stdout]    |
[INFO] [stdout] 82 | #[cfg(feature = "thread")]
[INFO] [stdout]    |       ^^^^^^^^^^^^^^^^^^ help: remove the condition
[INFO] [stdout]    |
[INFO] [stdout]    = note: no expected values for `feature`
[INFO] [stdout]    = help: consider adding `thread` as a feature in `Cargo.toml`
[INFO] [stdout]    = note: see <https://doc.rust-lang.org/nightly/rustc/check-cfg/cargo-specifics.html> for more information about checking conditional configuration
[INFO] [stdout] 
[INFO] [stdout] 
[INFO] [stdout] warning: unused imports: `Connection`, `Pixmap`, `Screen`, and `Window`
[INFO] [stdout]  --> src/lib.rs:6:11
[INFO] [stdout]   |
[INFO] [stdout] 6 | use xcb::{Connection,ConnError,Pixmap,Screen,Window};
[INFO] [stdout]   |           ^^^^^^^^^^           ^^^^^^ ^^^^^^ ^^^^^^
[INFO] [stdout]   |
[INFO] [stdout]   = note: `#[warn(unused_imports)]` on by default
[INFO] [stdout] 
[INFO] [stdout] 
[INFO] [stdout] warning: the feature `div_duration` has been stable since 1.80.0 and no longer requires an attribute to enable
[INFO] [stdout]  --> src/lib.rs:1:12
[INFO] [stdout]   |
[INFO] [stdout] 1 | #![feature(div_duration)]
[INFO] [stdout]   |            ^^^^^^^^^^^^
[INFO] [stdout]   |
[INFO] [stdout]   = note: `#[warn(stable_features)]` on by default
[INFO] [stdout] 
[INFO] [stdout] 
[INFO] [stdout] warning: unused variable: `start`
[INFO] [stdout]    --> src/lib.rs:308:7
[INFO] [stdout]     |
[INFO] [stdout] 308 |         let start = Instant::now();
[INFO] [stdout]     |             ^^^^^ help: if this is intentional, prefix it with an underscore: `_start`
[INFO] [stdout]     |
[INFO] [stdout]     = note: `#[warn(unused_variables)]` on by default
[INFO] [stdout] 
[INFO] [stdout] 
[INFO] [stdout] warning: field `index` is never read
[INFO] [stdout]   --> src/lib.rs:28:2
[INFO] [stdout]    |
[INFO] [stdout] 27 | pub struct Root {
[INFO] [stdout]    |            ---- field in this struct
[INFO] [stdout] 28 |     index: usize,
[INFO] [stdout]    |     ^^^^^
[INFO] [stdout]    |
[INFO] [stdout]    = note: `#[warn(dead_code)]` on by default
[INFO] [stdout] 
[INFO] [stdout] 
[INFO] [stdout] warning: function `rgb_to_zpix` is never used
[INFO] [stdout]    --> src/lib.rs:358:4
[INFO] [stdout]     |
[INFO] [stdout] 358 | fn rgb_to_zpix(r: u8, g: u8, b: u8, order: u32) -> u32 {
[INFO] [stdout]     |    ^^^^^^^^^^^
[INFO] [stdout] 
[INFO] [stdout] 
[INFO] [stdout] warning: function `xcb_image_annotate` is never used
[INFO] [stdout]   --> src/ffi_image.rs:25:9
[INFO] [stdout]    |
[INFO] [stdout] 25 |     pub fn xcb_image_annotate(image: *mut xcb_image_t);
[INFO] [stdout]    |            ^^^^^^^^^^^^^^^^^^
[INFO] [stdout] 
[INFO] [stdout] 
[INFO] [stdout] warning: function `xcb_image_create_native` is never used
[INFO] [stdout]   --> src/ffi_image.rs:27:9
[INFO] [stdout]    |
[INFO] [stdout] 27 |     pub fn xcb_image_create_native(c: *mut xcb_connection_t, width: u16, height: u16, format: xcb_image_format_t, depth: u8, base: *mut c...
[INFO] [stdout]    |            ^^^^^^^^^^^^^^^^^^^^^^^
[INFO] [stdout] 
[INFO] [stdout] 
[INFO] [stdout] warning: function `xcb_image_put_pixel` is never used
[INFO] [stdout]   --> src/ffi_image.rs:32:9
[INFO] [stdout]    |
[INFO] [stdout] 32 |     pub fn xcb_image_put_pixel(image: *mut xcb_image_t, x: u32, y: u32, pixel: u32);
[INFO] [stdout]    |            ^^^^^^^^^^^^^^^^^^^
[INFO] [stdout] 
[INFO] [stdout] 
[INFO] [stdout] warning: function `xcb_image_convert` is never used
[INFO] [stdout]   --> src/ffi_image.rs:34:9
[INFO] [stdout]    |
[INFO] [stdout] 34 |     pub fn xcb_image_convert(src: *const xcb_image_t, dst: *mut xcb_image_t) -> *mut xcb_image_t;
[INFO] [stdout]    |            ^^^^^^^^^^^^^^^^^
[INFO] [stdout] 
[INFO] [stdout] 
[INFO] [stdout] warning: function `xcb_image_subimage` is never used
[INFO] [stdout]   --> src/ffi_image.rs:35:9
[INFO] [stdout]    |
[INFO] [stdout] 35 |     pub fn xcb_image_subimage(image: *const xcb_image_t, x: u32, y: u32, width: u32, height: u32, base: *mut c_void, bytes: u32, data: *m...
[INFO] [stdout]    |            ^^^^^^^^^^^^^^^^^^
[INFO] [stdout] 
[INFO] [stdout] 
[INFO] [stdout] warning: methods `annotate` and `put` are never used
[INFO] [stdout]   --> src/shm_img.rs:25:9
[INFO] [stdout]    |
[INFO] [stdout] 24 | impl BaseImage {
[INFO] [stdout]    | -------------- methods in this implementation
[INFO] [stdout] 25 |     pub fn annotate(&self) {
[INFO] [stdout]    |            ^^^^^^^^
[INFO] [stdout] ...
[INFO] [stdout] 41 |     pub fn put(&mut self, x: u32, y: u32, pixel: u32) {
[INFO] [stdout]    |            ^^^
[INFO] [stdout] 
[INFO] [stdout] 
[INFO] [stdout] warning: fields `width` and `height` are never read
[INFO] [stdout]   --> src/shm_img.rs:76:2
[INFO] [stdout]    |
[INFO] [stdout] 71 | pub struct Image<'conn> {
[INFO] [stdout]    |            ----- fields in this struct
[INFO] [stdout] ...
[INFO] [stdout] 76 |     width:  u16,
[INFO] [stdout]    |     ^^^^^
[INFO] [stdout] 77 |     height: u16,
[INFO] [stdout]    |     ^^^^^^
[INFO] [stdout] 
[INFO] [stdout] 
[INFO] [stdout] warning: methods `resize`, `restore`, `actual_width`, and `actual_height` are never used
[INFO] [stdout]    --> src/shm_img.rs:138:9
[INFO] [stdout]     |
[INFO] [stdout] 137 | impl Image<'_> {
[INFO] [stdout]     | -------------- methods in this implementation
[INFO] [stdout] 138 |     pub fn resize(&mut self, width: u16, height: u16) {
[INFO] [stdout]     |            ^^^^^^
[INFO] [stdout] ...
[INFO] [stdout] 149 |     pub fn restore(&mut self) {
[INFO] [stdout]     |            ^^^^^^^
[INFO] [stdout] ...
[INFO] [stdout] 156 |     pub fn actual_width(&self) -> u16 {
[INFO] [stdout]     |            ^^^^^^^^^^^^
[INFO] [stdout] ...
[INFO] [stdout] 160 |     pub fn actual_height(&self) -> u16 {
[INFO] [stdout]     |            ^^^^^^^^^^^^^
[INFO] [stdout] 
[INFO] [stdout] 
[INFO] [stdout] warning: function `area` is never used
[INFO] [stdout]    --> src/shm_img.rs:216:8
[INFO] [stdout]     |
[INFO] [stdout] 216 | pub fn area<'a>(c: &xcb::Connection, drawable: xcb::Drawable, output: &'a mut Image<'a>, x: i16, y: i16, width: u16, height: u16, plane_m...
[INFO] [stdout]     |        ^^^^
[INFO] [stdout] 
[INFO] [stdout] 
[INFO] [stdout] warning: unused `Result` that must be used
[INFO] [stdout]    --> src/lib.rs:182:4
[INFO] [stdout]     |
[INFO] [stdout] 182 |             self.resize_shm(rgb);
[INFO] [stdout]     |             ^^^^^^^^^^^^^^^^^^^^
[INFO] [stdout]     |
[INFO] [stdout]     = note: this `Result` may be an `Err` variant, which should be handled
[INFO] [stdout]     = note: `#[warn(unused_must_use)]` on by default
[INFO] [stdout] help: use `let _ = ...` to ignore the resulting value
[INFO] [stdout]     |
[INFO] [stdout] 182 |             let _ = self.resize_shm(rgb);
[INFO] [stdout]     |             +++++++
[INFO] [stdout] 
[INFO] [stdout] 
[INFO] [stdout] warning: unused `Result` that must be used
[INFO] [stdout]    --> src/lib.rs:259:5
[INFO] [stdout]     |
[INFO] [stdout] 259 | /                 shm_img::put(&self.conn, pid, self.gc, &self.shm_img, 0, 0, 
[INFO] [stdout] 260 | |                     x as i16, y as i16, width as u16, height as u16, false);
[INFO] [stdout]     | |___________________________________________________________________________^
[INFO] [stdout]     |
[INFO] [stdout]     = note: this `Result` may be an `Err` variant, which should be handled
[INFO] [stdout] help: use `let _ = ...` to ignore the resulting value
[INFO] [stdout]     |
[INFO] [stdout] 259 |                 let _ = shm_img::put(&self.conn, pid, self.gc, &self.shm_img, 0, 0, 
[INFO] [stdout]     |                 +++++++
[INFO] [stdout] 
[INFO] [stdout] 
[INFO] [stdout] warning: unused `Result` that must be used
[INFO] [stdout]    --> src/lib.rs:293:3
[INFO] [stdout]     |
[INFO] [stdout] 293 |         self.fade_abs(screen, x, y , rgb, secs);
[INFO] [stdout]     |         ^^^^^^^^^^^^^^^^^^^^^^^^^^^^^^^^^^^^^^^
[INFO] [stdout]     |
[INFO] [stdout]     = note: this `Result` may be an `Err` variant, which should be handled
[INFO] [stdout] help: use `let _ = ...` to ignore the resulting value
[INFO] [stdout]     |
[INFO] [stdout] 293 |         let _ = self.fade_abs(screen, x, y , rgb, secs);
[INFO] [stdout]     |         +++++++
[INFO] [stdout] 
[INFO] [stdout] 
[INFO] [stderr]     Finished `test` profile [unoptimized + debuginfo] target(s) in 0.98s
[INFO] running `Command { std: "docker" "inspect" "e3e9b42e4d60414231076c19be3a45b1481fa5bda65b94b95d0ff015cfa318d0", kill_on_drop: false }`
[INFO] running `Command { std: "docker" "rm" "-f" "e3e9b42e4d60414231076c19be3a45b1481fa5bda65b94b95d0ff015cfa318d0", kill_on_drop: false }`
[INFO] [stdout] e3e9b42e4d60414231076c19be3a45b1481fa5bda65b94b95d0ff015cfa318d0
[INFO] running `Command { std: "docker" "create" "-v" "/var/lib/crater-agent-workspace/builds/worker-1-tc2/target:/opt/rustwide/target:rw,Z" "-v" "/var/lib/crater-agent-workspace/builds/worker-1-tc2/source:/opt/rustwide/workdir:ro,Z" "-v" "/var/lib/crater-agent-workspace/cargo-home:/opt/rustwide/cargo-home:ro,Z" "-v" "/var/lib/crater-agent-workspace/rustup-home:/opt/rustwide/rustup-home:ro,Z" "-e" "SOURCE_DIR=/opt/rustwide/workdir" "-e" "CARGO_TARGET_DIR=/opt/rustwide/target" "-e" "CARGO_INCREMENTAL=0" "-e" "RUST_BACKTRACE=full" "-e" "RUSTFLAGS=--cap-lints=forbid -Zrandomize-layout" "-e" "RUSTDOCFLAGS=--cap-lints=forbid" "-e" "CARGO_HOME=/opt/rustwide/cargo-home" "-e" "RUSTUP_HOME=/opt/rustwide/rustup-home" "-w" "/opt/rustwide/workdir" "-m" "1610612736" "--user" "0:0" "--network" "none" "ghcr.io/rust-lang/crates-build-env/linux@sha256:819108c5571ea2e421544af4d832f968d213c87fbe3707a016657f43d2f853bc" "/opt/rustwide/cargo-home/bin/cargo" "+nightly-2025-01-18" "test" "--frozen", kill_on_drop: false }`
[INFO] [stdout] c4c2b7b6099c82f217978b9078c5a4394509de444496b7939897586e10b52ae4
[INFO] running `Command { std: "docker" "start" "-a" "c4c2b7b6099c82f217978b9078c5a4394509de444496b7939897586e10b52ae4", kill_on_drop: false }`
[INFO] [stderr] warning: unexpected `cfg` condition value: `r#static`
[INFO] [stderr]   --> src/ffi_image.rs:22:12
[INFO] [stderr]    |
[INFO] [stderr] 22 | #[cfg_attr(feature = "static", link(name = "xcb-image", kind = "static"))]
[INFO] [stderr]    |            ^^^^^^^^^^^^^^^^^^ help: remove the condition
[INFO] [stderr]    |
[INFO] [stderr]    = note: no expected values for `feature`
[INFO] [stderr]    = help: consider adding `r#static` as a feature in `Cargo.toml`
[INFO] [stderr]    = note: see <https://doc.rust-lang.org/nightly/rustc/check-cfg/cargo-specifics.html> for more information about checking conditional configuration
[INFO] [stderr]    = note: `#[warn(unexpected_cfgs)]` on by default
[INFO] [stderr] 
[INFO] [stderr] warning: unexpected `cfg` condition value: `r#static`
[INFO] [stderr]   --> src/ffi_image.rs:23:16
[INFO] [stderr]    |
[INFO] [stderr] 23 | #[cfg_attr(not(feature = "static"), link(name = "xcb-image"))]
[INFO] [stderr]    |                ^^^^^^^^^^^^^^^^^^ help: remove the condition
[INFO] [stderr]    |
[INFO] [stderr]    = note: no expected values for `feature`
[INFO] [stderr]    = help: consider adding `r#static` as a feature in `Cargo.toml`
[INFO] [stderr]    = note: see <https://doc.rust-lang.org/nightly/rustc/check-cfg/cargo-specifics.html> for more information about checking conditional configuration
[INFO] [stderr] 
[INFO] [stderr] warning: unexpected `cfg` condition value: `thread`
[INFO] [stderr]   --> src/shm_img.rs:65:7
[INFO] [stderr]    |
[INFO] [stderr] 65 | #[cfg(feature = "thread")]
[INFO] [stderr]    |       ^^^^^^^^^^^^^^^^^^ help: remove the condition
[INFO] [stderr]    |
[INFO] [stderr]    = note: no expected values for `feature`
[INFO] [stderr]    = help: consider adding `thread` as a feature in `Cargo.toml`
[INFO] [stderr]    = note: see <https://doc.rust-lang.org/nightly/rustc/check-cfg/cargo-specifics.html> for more information about checking conditional configuration
[INFO] [stderr] 
[INFO] [stderr] warning: unexpected `cfg` condition value: `thread`
[INFO] [stderr]   --> src/shm_img.rs:67:7
[INFO] [stderr]    |
[INFO] [stderr] 67 | #[cfg(feature = "thread")]
[INFO] [stderr]    |       ^^^^^^^^^^^^^^^^^^ help: remove the condition
[INFO] [stderr]    |
[INFO] [stderr]    = note: no expected values for `feature`
[INFO] [stderr]    = help: consider adding `thread` as a feature in `Cargo.toml`
[INFO] [stderr]    = note: see <https://doc.rust-lang.org/nightly/rustc/check-cfg/cargo-specifics.html> for more information about checking conditional configuration
[INFO] [stderr] 
[INFO] [stderr] warning: unexpected `cfg` condition value: `thread`
[INFO] [stderr]   --> src/shm_img.rs:80:7
[INFO] [stderr]    |
[INFO] [stderr] 80 | #[cfg(feature = "thread")]
[INFO] [stderr]    |       ^^^^^^^^^^^^^^^^^^ help: remove the condition
[INFO] [stderr]    |
[INFO] [stderr]    = note: no expected values for `feature`
[INFO] [stderr]    = help: consider adding `thread` as a feature in `Cargo.toml`
[INFO] [stderr]    = note: see <https://doc.rust-lang.org/nightly/rustc/check-cfg/cargo-specifics.html> for more information about checking conditional configuration
[INFO] [stderr] 
[INFO] [stderr] warning: unexpected `cfg` condition value: `thread`
[INFO] [stderr]   --> src/shm_img.rs:82:7
[INFO] [stderr]    |
[INFO] [stderr] 82 | #[cfg(feature = "thread")]
[INFO] [stderr]    |       ^^^^^^^^^^^^^^^^^^ help: remove the condition
[INFO] [stderr]    |
[INFO] [stderr]    = note: no expected values for `feature`
[INFO] [stderr]    = help: consider adding `thread` as a feature in `Cargo.toml`
[INFO] [stderr]    = note: see <https://doc.rust-lang.org/nightly/rustc/check-cfg/cargo-specifics.html> for more information about checking conditional configuration
[INFO] [stderr] 
[INFO] [stderr] warning: unused imports: `Connection`, `Pixmap`, `Screen`, and `Window`
[INFO] [stderr]  --> src/lib.rs:6:11
[INFO] [stderr]   |
[INFO] [stderr] 6 | use xcb::{Connection,ConnError,Pixmap,Screen,Window};
[INFO] [stderr]   |           ^^^^^^^^^^           ^^^^^^ ^^^^^^ ^^^^^^
[INFO] [stderr]   |
[INFO] [stderr]   = note: `#[warn(unused_imports)]` on by default
[INFO] [stderr] 
[INFO] [stderr] warning: the feature `div_duration` has been stable since 1.80.0 and no longer requires an attribute to enable
[INFO] [stderr]  --> src/lib.rs:1:12
[INFO] [stderr]   |
[INFO] [stderr] 1 | #![feature(div_duration)]
[INFO] [stderr]   |            ^^^^^^^^^^^^
[INFO] [stderr]   |
[INFO] [stderr]   = note: `#[warn(stable_features)]` on by default
[INFO] [stderr] 
[INFO] [stderr] warning: unused variable: `start`
[INFO] [stderr]    --> src/lib.rs:308:7
[INFO] [stderr]     |
[INFO] [stderr] 308 |         let start = Instant::now();
[INFO] [stderr]     |             ^^^^^ help: if this is intentional, prefix it with an underscore: `_start`
[INFO] [stderr]     |
[INFO] [stderr]     = note: `#[warn(unused_variables)]` on by default
[INFO] [stderr] 
[INFO] [stderr] warning: field `index` is never read
[INFO] [stderr]   --> src/lib.rs:28:2
[INFO] [stderr]    |
[INFO] [stderr] 27 | pub struct Root {
[INFO] [stderr]    |            ---- field in this struct
[INFO] [stderr] 28 |     index: usize,
[INFO] [stderr]    |     ^^^^^
[INFO] [stderr]    |
[INFO] [stderr]    = note: `#[warn(dead_code)]` on by default
[INFO] [stderr] 
[INFO] [stderr] warning: function `rgb_to_zpix` is never used
[INFO] [stderr]    --> src/lib.rs:358:4
[INFO] [stderr]     |
[INFO] [stderr] 358 | fn rgb_to_zpix(r: u8, g: u8, b: u8, order: u32) -> u32 {
[INFO] [stderr]     |    ^^^^^^^^^^^
[INFO] [stderr] 
[INFO] [stderr] warning: function `xcb_image_annotate` is never used
[INFO] [stderr]   --> src/ffi_image.rs:25:9
[INFO] [stderr]    |
[INFO] [stderr] 25 |     pub fn xcb_image_annotate(image: *mut xcb_image_t);
[INFO] [stderr]    |            ^^^^^^^^^^^^^^^^^^
[INFO] [stderr] 
[INFO] [stderr] warning: function `xcb_image_create_native` is never used
[INFO] [stderr]   --> src/ffi_image.rs:27:9
[INFO] [stderr]    |
[INFO] [stderr] 27 |     pub fn xcb_image_create_native(c: *mut xcb_connection_t, width: u16, height: u16, format: xcb_image_format_t, depth: u8, base: *mut c...
[INFO] [stderr]    |            ^^^^^^^^^^^^^^^^^^^^^^^
[INFO] [stderr] 
[INFO] [stderr] warning: function `xcb_image_put_pixel` is never used
[INFO] [stderr]   --> src/ffi_image.rs:32:9
[INFO] [stderr]    |
[INFO] [stderr] 32 |     pub fn xcb_image_put_pixel(image: *mut xcb_image_t, x: u32, y: u32, pixel: u32);
[INFO] [stderr]    |            ^^^^^^^^^^^^^^^^^^^
[INFO] [stderr] 
[INFO] [stderr] warning: function `xcb_image_convert` is never used
[INFO] [stderr]   --> src/ffi_image.rs:34:9
[INFO] [stderr]    |
[INFO] [stderr] 34 |     pub fn xcb_image_convert(src: *const xcb_image_t, dst: *mut xcb_image_t) -> *mut xcb_image_t;
[INFO] [stderr]    |            ^^^^^^^^^^^^^^^^^
[INFO] [stderr] 
[INFO] [stderr] warning: function `xcb_image_subimage` is never used
[INFO] [stderr]   --> src/ffi_image.rs:35:9
[INFO] [stderr]    |
[INFO] [stderr] 35 |     pub fn xcb_image_subimage(image: *const xcb_image_t, x: u32, y: u32, width: u32, height: u32, base: *mut c_void, bytes: u32, data: *m...
[INFO] [stderr]    |            ^^^^^^^^^^^^^^^^^^
[INFO] [stderr] 
[INFO] [stderr] warning: methods `annotate` and `put` are never used
[INFO] [stderr]   --> src/shm_img.rs:25:9
[INFO] [stderr]    |
[INFO] [stderr] 24 | impl BaseImage {
[INFO] [stderr]    | -------------- methods in this implementation
[INFO] [stderr] 25 |     pub fn annotate(&self) {
[INFO] [stderr]    |            ^^^^^^^^
[INFO] [stderr] ...
[INFO] [stderr] 41 |     pub fn put(&mut self, x: u32, y: u32, pixel: u32) {
[INFO] [stderr]    |            ^^^
[INFO] [stderr] 
[INFO] [stderr] warning: fields `width` and `height` are never read
[INFO] [stderr]   --> src/shm_img.rs:76:2
[INFO] [stderr]    |
[INFO] [stderr] 71 | pub struct Image<'conn> {
[INFO] [stderr]    |            ----- fields in this struct
[INFO] [stderr] ...
[INFO] [stderr] 76 |     width:  u16,
[INFO] [stderr]    |     ^^^^^
[INFO] [stderr] 77 |     height: u16,
[INFO] [stderr]    |     ^^^^^^
[INFO] [stderr] 
[INFO] [stderr] warning: methods `resize`, `restore`, `actual_width`, and `actual_height` are never used
[INFO] [stderr]    --> src/shm_img.rs:138:9
[INFO] [stderr]     |
[INFO] [stderr] 137 | impl Image<'_> {
[INFO] [stderr]     | -------------- methods in this implementation
[INFO] [stderr] 138 |     pub fn resize(&mut self, width: u16, height: u16) {
[INFO] [stderr]     |            ^^^^^^
[INFO] [stderr] ...
[INFO] [stderr] 149 |     pub fn restore(&mut self) {
[INFO] [stderr]     |            ^^^^^^^
[INFO] [stderr] ...
[INFO] [stderr] 156 |     pub fn actual_width(&self) -> u16 {
[INFO] [stderr]     |            ^^^^^^^^^^^^
[INFO] [stderr] ...
[INFO] [stderr] 160 |     pub fn actual_height(&self) -> u16 {
[INFO] [stderr]     |            ^^^^^^^^^^^^^
[INFO] [stderr] 
[INFO] [stderr] warning: function `area` is never used
[INFO] [stderr]    --> src/shm_img.rs:216:8
[INFO] [stderr]     |
[INFO] [stderr] 216 | pub fn area<'a>(c: &xcb::Connection, drawable: xcb::Drawable, output: &'a mut Image<'a>, x: i16, y: i16, width: u16, height: u16, plane_m...
[INFO] [stderr]     |        ^^^^
[INFO] [stderr] 
[INFO] [stderr] warning: unused `Result` that must be used
[INFO] [stderr]    --> src/lib.rs:182:4
[INFO] [stderr]     |
[INFO] [stderr] 182 |             self.resize_shm(rgb);
[INFO] [stderr]     |             ^^^^^^^^^^^^^^^^^^^^
[INFO] [stderr]     |
[INFO] [stderr]     = note: this `Result` may be an `Err` variant, which should be handled
[INFO] [stderr]     = note: `#[warn(unused_must_use)]` on by default
[INFO] [stderr] help: use `let _ = ...` to ignore the resulting value
[INFO] [stderr]     |
[INFO] [stderr] 182 |             let _ = self.resize_shm(rgb);
[INFO] [stderr]     |             +++++++
[INFO] [stderr] 
[INFO] [stderr] warning: unused `Result` that must be used
[INFO] [stderr]    --> src/lib.rs:259:5
[INFO] [stderr]     |
[INFO] [stderr] 259 | /                 shm_img::put(&self.conn, pid, self.gc, &self.shm_img, 0, 0, 
[INFO] [stderr] 260 | |                     x as i16, y as i16, width as u16, height as u16, false);
[INFO] [stderr]     | |___________________________________________________________________________^
[INFO] [stderr]     |
[INFO] [stderr]     = note: this `Result` may be an `Err` variant, which should be handled
[INFO] [stderr] help: use `let _ = ...` to ignore the resulting value
[INFO] [stderr]     |
[INFO] [stderr] 259 |                 let _ = shm_img::put(&self.conn, pid, self.gc, &self.shm_img, 0, 0, 
[INFO] [stderr]     |                 +++++++
[INFO] [stderr] 
[INFO] [stderr] warning: unused `Result` that must be used
[INFO] [stderr]    --> src/lib.rs:293:3
[INFO] [stderr]     |
[INFO] [stderr] 293 |         self.fade_abs(screen, x, y , rgb, secs);
[INFO] [stderr]     |         ^^^^^^^^^^^^^^^^^^^^^^^^^^^^^^^^^^^^^^^
[INFO] [stderr]     |
[INFO] [stderr]     = note: this `Result` may be an `Err` variant, which should be handled
[INFO] [stderr] help: use `let _ = ...` to ignore the resulting value
[INFO] [stderr]     |
[INFO] [stderr] 293 |         let _ = self.fade_abs(screen, x, y , rgb, secs);
[INFO] [stderr]     |         +++++++
[INFO] [stderr] 
[INFO] [stderr] warning: `bg-setter` (lib) generated 23 warnings (run `cargo fix --lib -p bg-setter` to apply 1 suggestion)
[INFO] [stderr] warning: `bg-setter` (lib test) generated 23 warnings (23 duplicates)
[INFO] [stderr] warning: static variable `images` should have an upper case name
[INFO] [stderr]   --> tests/lib.rs:10:13
[INFO] [stderr]    |
[INFO] [stderr] 10 |     static ref images: Vec<RgbImage> = {
[INFO] [stderr]    |                ^^^^^^ help: convert the identifier to upper case: `IMAGES`
[INFO] [stderr]    |
[INFO] [stderr]    = note: `#[warn(non_upper_case_globals)]` on by default
[INFO] [stderr] 
[INFO] [stderr] warning: this method call resolves to `<&[T; N] as IntoIterator>::into_iter` (due to backwards compatibility), but will resolve to `<[T; N] as IntoIterator>::into_iter` in Rust 2021
[INFO] [stderr]   --> tests/lib.rs:16:20
[INFO] [stderr]    |
[INFO] [stderr] 16 |         let imgs = paths.into_iter().map(|x|{
[INFO] [stderr]    |                          ^^^^^^^^^
[INFO] [stderr]    |
[INFO] [stderr]    = warning: this changes meaning in Rust 2021
[INFO] [stderr]    = note: for more information, see <https://doc.rust-lang.org/nightly/edition-guide/rust-2021/IntoIterator-for-arrays.html>
[INFO] [stderr]    = note: `#[warn(array_into_iter)]` on by default
[INFO] [stderr] help: use `.iter()` instead of `.into_iter()` to avoid ambiguity
[INFO] [stderr]    |
[INFO] [stderr] 16 |         let imgs = paths.iter().map(|x|{
[INFO] [stderr]    |                          ~~~~
[INFO] [stderr] help: or use `IntoIterator::into_iter(..)` instead of `.into_iter()` to explicitly iterate by value
[INFO] [stderr]    |
[INFO] [stderr] 16 |         let imgs = IntoIterator::into_iter(paths).map(|x|{
[INFO] [stderr]    |                    ++++++++++++++++++++++++     ~
[INFO] [stderr] 
[INFO] [stderr] warning: `bg-setter` (test "lib") generated 2 warnings (run `cargo fix --test "lib"` to apply 1 suggestion)
[INFO] [stderr]     Finished `test` profile [unoptimized + debuginfo] target(s) in 0.07s
[INFO] [stderr]      Running unittests src/lib.rs (/opt/rustwide/target/debug/deps/bg_setter-447f8cdcd397f98d)
[INFO] [stdout] 
[INFO] [stdout] running 0 tests
[INFO] [stdout] 
[INFO] [stdout] test result: ok. 0 passed; 0 failed; 0 ignored; 0 measured; 0 filtered out; finished in 0.00s
[INFO] [stdout] 
[INFO] [stderr]      Running unittests src/main.rs (/opt/rustwide/target/debug/deps/bg_setter-a8a75c56839f44f5)
[INFO] [stdout] 
[INFO] [stdout] running 0 tests
[INFO] [stdout] 
[INFO] [stdout] test result: ok. 0 passed; 0 failed; 0 ignored; 0 measured; 0 filtered out; finished in 0.00s
[INFO] [stdout] 
[INFO] [stderr]      Running tests/lib.rs (/opt/rustwide/target/debug/deps/lib-ef32fde7e0fd173c)
[INFO] [stdout] 
[INFO] [stdout] running 2 tests
[INFO] [stdout] test test_fade ... FAILED
[INFO] [stdout] test test_replace ... FAILED
[INFO] [stdout] 
[INFO] [stdout] failures:
[INFO] [stdout] 
[INFO] [stdout] ---- test_fade stdout ----
[INFO] [stdout] 
[INFO] [stdout] thread 'test_fade' panicked at tests/lib.rs:41:52:
[INFO] [stdout] called `Result::unwrap()` on an `Err` value: ClosedParseErr
[INFO] [stdout] stack backtrace:
[INFO] [stdout]    0:     0x5ce00a0b4daa - std::backtrace_rs::backtrace::libunwind::trace::hb059275cfc8d6126
[INFO] [stdout]                                at /rustc/6067b36314ab5eb2eb47cecc464545ba58e1ad24/library/std/src/../../backtrace/src/backtrace/libunwind.rs:116:5
[INFO] [stdout]    1:     0x5ce00a0b4daa - std::backtrace_rs::backtrace::trace_unsynchronized::h2da071e4327ce3ee
[INFO] [stdout]                                at /rustc/6067b36314ab5eb2eb47cecc464545ba58e1ad24/library/std/src/../../backtrace/src/backtrace/mod.rs:66:5
[INFO] [stdout]    2:     0x5ce00a0b4daa - std::sys::backtrace::_print_fmt::h842a1474e6f8d23f
[INFO] [stdout]                                at /rustc/6067b36314ab5eb2eb47cecc464545ba58e1ad24/library/std/src/sys/backtrace.rs:66:9
[INFO] [stdout]    3:     0x5ce00a0b4daa - <std::sys::backtrace::BacktraceLock::print::DisplayBacktrace as core::fmt::Display>::fmt::h71a62eb3b9696b12
[INFO] [stdout]                                at /rustc/6067b36314ab5eb2eb47cecc464545ba58e1ad24/library/std/src/sys/backtrace.rs:39:26
[INFO] [stdout]    4:     0x5ce00a0de363 - core::fmt::rt::Argument::fmt::hdb6b616786b41dc1
[INFO] [stdout]                                at /rustc/6067b36314ab5eb2eb47cecc464545ba58e1ad24/library/core/src/fmt/rt.rs:177:76
[INFO] [stdout]    5:     0x5ce00a0de363 - core::fmt::write::h2cc1698af7e2d686
[INFO] [stdout]                                at /rustc/6067b36314ab5eb2eb47cecc464545ba58e1ad24/library/core/src/fmt/mod.rs:1440:21
[INFO] [stdout]    6:     0x5ce00a0b1763 - std::io::Write::write_fmt::hab1b4cd059a79022
[INFO] [stdout]                                at /rustc/6067b36314ab5eb2eb47cecc464545ba58e1ad24/library/std/src/io/mod.rs:1887:15
[INFO] [stdout]    7:     0x5ce00a0b4bf2 - std::sys::backtrace::BacktraceLock::print::h147fe35b4ea13b08
[INFO] [stdout]                                at /rustc/6067b36314ab5eb2eb47cecc464545ba58e1ad24/library/std/src/sys/backtrace.rs:42:9
[INFO] [stdout]    8:     0x5ce00a0b61cf - std::panicking::default_hook::{{closure}}::hbd44223dbdc0d208
[INFO] [stdout]                                at /rustc/6067b36314ab5eb2eb47cecc464545ba58e1ad24/library/std/src/panicking.rs:298:22
[INFO] [stdout]    9:     0x5ce00a0b5fe8 - std::panicking::default_hook::h20f81eb0576efcec
[INFO] [stdout]                                at /rustc/6067b36314ab5eb2eb47cecc464545ba58e1ad24/library/std/src/panicking.rs:322:9
[INFO] [stdout]   10:     0x5ce009ee25d3 - <alloc::boxed::Box<F,A> as core::ops::function::Fn<Args>>::call::hdb53814c496a4d34
[INFO] [stdout]                                at /rustc/6067b36314ab5eb2eb47cecc464545ba58e1ad24/library/alloc/src/boxed.rs:2027:9
[INFO] [stdout]   11:     0x5ce009ee25d3 - test::test_main::{{closure}}::hc0a4963c59427c24
[INFO] [stdout]                                at /rustc/6067b36314ab5eb2eb47cecc464545ba58e1ad24/library/test/src/lib.rs:134:21
[INFO] [stdout]   12:     0x5ce00a0b6cc3 - <alloc::boxed::Box<F,A> as core::ops::function::Fn<Args>>::call::h591b2225413a77e9
[INFO] [stdout]                                at /rustc/6067b36314ab5eb2eb47cecc464545ba58e1ad24/library/alloc/src/boxed.rs:2027:9
[INFO] [stdout]   13:     0x5ce00a0b6cc3 - std::panicking::rust_panic_with_hook::h625eea43051b2edc
[INFO] [stdout]                                at /rustc/6067b36314ab5eb2eb47cecc464545ba58e1ad24/library/std/src/panicking.rs:839:13
[INFO] [stdout]   14:     0x5ce00a0b697a - std::panicking::begin_panic_handler::{{closure}}::h4f9159cfbc3f6bd3
[INFO] [stdout]                                at /rustc/6067b36314ab5eb2eb47cecc464545ba58e1ad24/library/std/src/panicking.rs:704:13
[INFO] [stdout]   15:     0x5ce00a0b52a9 - std::sys::backtrace::__rust_end_short_backtrace::h0390abce48353151
[INFO] [stdout]                                at /rustc/6067b36314ab5eb2eb47cecc464545ba58e1ad24/library/std/src/sys/backtrace.rs:168:18
[INFO] [stdout]   16:     0x5ce00a0b660d - rust_begin_unwind
[INFO] [stdout]                                at /rustc/6067b36314ab5eb2eb47cecc464545ba58e1ad24/library/std/src/panicking.rs:695:5
[INFO] [stdout]   17:     0x5ce00a0dc680 - core::panicking::panic_fmt::h9e7c637e9e5f29c9
[INFO] [stderr] error: test failed, to rerun pass `--test lib`
[INFO] [stdout]                                at /rustc/6067b36314ab5eb2eb47cecc464545ba58e1ad24/library/core/src/panicking.rs:75:14
[INFO] [stdout]   18:     0x5ce00a0dcaf6 - core::result::unwrap_failed::h7979f09313fe1849
[INFO] [stdout]                                at /rustc/6067b36314ab5eb2eb47cecc464545ba58e1ad24/library/core/src/result.rs:1704:5
[INFO] [stdout]   19:     0x5ce009ea8093 - core::result::Result<T,E>::unwrap::h54f5dd743d135516
[INFO] [stdout]                                at /rustc/6067b36314ab5eb2eb47cecc464545ba58e1ad24/library/core/src/result.rs:1109:23
[INFO] [stdout]   20:     0x5ce009ea8093 - lib::test_fade::hfd3b88b975e0a6f5
[INFO] [stdout]                                at /opt/rustwide/workdir/tests/lib.rs:41:18
[INFO] [stdout]   21:     0x5ce009ea8007 - lib::test_fade::{{closure}}::h5759275301430b16
[INFO] [stdout]                                at /opt/rustwide/workdir/tests/lib.rs:40:15
[INFO] [stdout]   22:     0x5ce009ea6566 - core::ops::function::FnOnce::call_once::h3e9de2a7208a5a2f
[INFO] [stdout]                                at /rustc/6067b36314ab5eb2eb47cecc464545ba58e1ad24/library/core/src/ops/function.rs:250:5
[INFO] [stdout]   23:     0x5ce009ee7d2b - core::ops::function::FnOnce::call_once::he27718dfdd183f43
[INFO] [stdout]                                at /rustc/6067b36314ab5eb2eb47cecc464545ba58e1ad24/library/core/src/ops/function.rs:250:5
[INFO] [stdout]   24:     0x5ce009ee7d2b - test::__rust_begin_short_backtrace::h4e84902998457a5d
[INFO] [stdout]                                at /rustc/6067b36314ab5eb2eb47cecc464545ba58e1ad24/library/test/src/lib.rs:632:18
[INFO] [stdout]   25:     0x5ce009ee6c63 - test::run_test_in_process::{{closure}}::h7176fd18fc1feca0
[INFO] [stdout]                                at /rustc/6067b36314ab5eb2eb47cecc464545ba58e1ad24/library/test/src/lib.rs:655:60
[INFO] [stdout]   26:     0x5ce009ee6c63 - <core::panic::unwind_safe::AssertUnwindSafe<F> as core::ops::function::FnOnce<()>>::call_once::hf79cff2a624d8cf7
[INFO] [stdout]                                at /rustc/6067b36314ab5eb2eb47cecc464545ba58e1ad24/library/core/src/panic/unwind_safe.rs:272:9
[INFO] [stdout]   27:     0x5ce009ee6c63 - std::panicking::try::do_call::h3da0561d9ab99c25
[INFO] [stdout]                                at /rustc/6067b36314ab5eb2eb47cecc464545ba58e1ad24/library/std/src/panicking.rs:587:40
[INFO] [stdout]   28:     0x5ce009ee6c63 - std::panicking::try::h41c9fa508bc61df6
[INFO] [stdout]                                at /rustc/6067b36314ab5eb2eb47cecc464545ba58e1ad24/library/std/src/panicking.rs:550:19
[INFO] [stdout]   29:     0x5ce009ee6c63 - std::panic::catch_unwind::h6b3ff07bb5afad93
[INFO] [stdout]                                at /rustc/6067b36314ab5eb2eb47cecc464545ba58e1ad24/library/std/src/panic.rs:358:14
[INFO] [stdout]   30:     0x5ce009ee6c63 - test::run_test_in_process::hc7253dd11b39b9f4
[INFO] [stdout]                                at /rustc/6067b36314ab5eb2eb47cecc464545ba58e1ad24/library/test/src/lib.rs:655:27
[INFO] [stdout]   31:     0x5ce009ee6c63 - test::run_test::{{closure}}::hfb2007f8649c30bb
[INFO] [stdout]                                at /rustc/6067b36314ab5eb2eb47cecc464545ba58e1ad24/library/test/src/lib.rs:576:43
[INFO] [stdout]   32:     0x5ce009ea9d45 - test::run_test::{{closure}}::h56a17aa7a282a9f4
[INFO] [stdout]                                at /rustc/6067b36314ab5eb2eb47cecc464545ba58e1ad24/library/test/src/lib.rs:606:41
[INFO] [stdout]   33:     0x5ce009ea9d45 - std::sys::backtrace::__rust_begin_short_backtrace::hd2d2d2fb8e8c6aac
[INFO] [stdout]                                at /rustc/6067b36314ab5eb2eb47cecc464545ba58e1ad24/library/std/src/sys/backtrace.rs:152:18
[INFO] [stdout]   34:     0x5ce009ead62a - std::thread::Builder::spawn_unchecked_::{{closure}}::{{closure}}::h4faa3f9db6133423
[INFO] [stdout]                                at /rustc/6067b36314ab5eb2eb47cecc464545ba58e1ad24/library/std/src/thread/mod.rs:559:17
[INFO] [stdout]   35:     0x5ce009ead62a - <core::panic::unwind_safe::AssertUnwindSafe<F> as core::ops::function::FnOnce<()>>::call_once::hf2e855a36a4ea846
[INFO] [stdout]                                at /rustc/6067b36314ab5eb2eb47cecc464545ba58e1ad24/library/core/src/panic/unwind_safe.rs:272:9
[INFO] [stdout]   36:     0x5ce009ead62a - std::panicking::try::do_call::h2f73af3616c35465
[INFO] [stdout]                                at /rustc/6067b36314ab5eb2eb47cecc464545ba58e1ad24/library/std/src/panicking.rs:587:40
[INFO] [stdout]   37:     0x5ce009ead62a - std::panicking::try::hd1660ce9efadef5a
[INFO] [stdout]                                at /rustc/6067b36314ab5eb2eb47cecc464545ba58e1ad24/library/std/src/panicking.rs:550:19
[INFO] [stdout]   38:     0x5ce009ead62a - std::panic::catch_unwind::h5ee8d7823b8ca744
[INFO] [stdout]                                at /rustc/6067b36314ab5eb2eb47cecc464545ba58e1ad24/library/std/src/panic.rs:358:14
[INFO] [stdout]   39:     0x5ce009ead62a - std::thread::Builder::spawn_unchecked_::{{closure}}::h53c3a1894dce8407
[INFO] [stdout]                                at /rustc/6067b36314ab5eb2eb47cecc464545ba58e1ad24/library/std/src/thread/mod.rs:557:30
[INFO] [stdout]   40:     0x5ce009ead62a - core::ops::function::FnOnce::call_once{{vtable.shim}}::h048ce291ad4f62bf
[INFO] [stdout]                                at /rustc/6067b36314ab5eb2eb47cecc464545ba58e1ad24/library/core/src/ops/function.rs:250:5
[INFO] [stdout]   41:     0x5ce00a0bad0b - <alloc::boxed::Box<F,A> as core::ops::function::FnOnce<Args>>::call_once::ha52bedf99a3b4981
[INFO] [stdout]                                at /rustc/6067b36314ab5eb2eb47cecc464545ba58e1ad24/library/alloc/src/boxed.rs:2013:9
[INFO] [stdout]   42:     0x5ce00a0bad0b - <alloc::boxed::Box<F,A> as core::ops::function::FnOnce<Args>>::call_once::h567748934d80ccf8
[INFO] [stdout]                                at /rustc/6067b36314ab5eb2eb47cecc464545ba58e1ad24/library/alloc/src/boxed.rs:2013:9
[INFO] [stdout]   43:     0x5ce00a0bad0b - std::sys::pal::unix::thread::Thread::new::thread_start::h2d970728ae887adc
[INFO] [stdout]                                at /rustc/6067b36314ab5eb2eb47cecc464545ba58e1ad24/library/std/src/sys/pal/unix/thread.rs:106:17
[INFO] [stdout]   44:     0x7de8ab2c4ac3 - <unknown>
[INFO] [stdout]   45:     0x7de8ab355a04 - clone
[INFO] [stdout]   46:                0x0 - <unknown>
[INFO] [stdout] 
[INFO] [stdout] ---- test_replace stdout ----
[INFO] [stdout] 
[INFO] [stdout] thread 'test_replace' panicked at tests/lib.rs:25:52:
[INFO] [stdout] called `Result::unwrap()` on an `Err` value: ClosedParseErr
[INFO] [stdout] stack backtrace:
[INFO] [stdout]    0:     0x5ce00a0b4daa - std::backtrace_rs::backtrace::libunwind::trace::hb059275cfc8d6126
[INFO] [stdout]                                at /rustc/6067b36314ab5eb2eb47cecc464545ba58e1ad24/library/std/src/../../backtrace/src/backtrace/libunwind.rs:116:5
[INFO] [stdout]    1:     0x5ce00a0b4daa - std::backtrace_rs::backtrace::trace_unsynchronized::h2da071e4327ce3ee
[INFO] [stdout]                                at /rustc/6067b36314ab5eb2eb47cecc464545ba58e1ad24/library/std/src/../../backtrace/src/backtrace/mod.rs:66:5
[INFO] [stdout]    2:     0x5ce00a0b4daa - std::sys::backtrace::_print_fmt::h842a1474e6f8d23f
[INFO] [stdout]                                at /rustc/6067b36314ab5eb2eb47cecc464545ba58e1ad24/library/std/src/sys/backtrace.rs:66:9
[INFO] [stdout]    3:     0x5ce00a0b4daa - <std::sys::backtrace::BacktraceLock::print::DisplayBacktrace as core::fmt::Display>::fmt::h71a62eb3b9696b12
[INFO] [stdout]                                at /rustc/6067b36314ab5eb2eb47cecc464545ba58e1ad24/library/std/src/sys/backtrace.rs:39:26
[INFO] [stdout]    4:     0x5ce00a0de363 - core::fmt::rt::Argument::fmt::hdb6b616786b41dc1
[INFO] [stdout]                                at /rustc/6067b36314ab5eb2eb47cecc464545ba58e1ad24/library/core/src/fmt/rt.rs:177:76
[INFO] [stdout]    5:     0x5ce00a0de363 - core::fmt::write::h2cc1698af7e2d686
[INFO] [stdout]                                at /rustc/6067b36314ab5eb2eb47cecc464545ba58e1ad24/library/core/src/fmt/mod.rs:1440:21
[INFO] [stdout]    6:     0x5ce00a0b1763 - std::io::Write::write_fmt::hab1b4cd059a79022
[INFO] [stdout]                                at /rustc/6067b36314ab5eb2eb47cecc464545ba58e1ad24/library/std/src/io/mod.rs:1887:15
[INFO] [stdout]    7:     0x5ce00a0b4bf2 - std::sys::backtrace::BacktraceLock::print::h147fe35b4ea13b08
[INFO] [stdout]                                at /rustc/6067b36314ab5eb2eb47cecc464545ba58e1ad24/library/std/src/sys/backtrace.rs:42:9
[INFO] [stdout]    8:     0x5ce00a0b61cf - std::panicking::default_hook::{{closure}}::hbd44223dbdc0d208
[INFO] [stdout]                                at /rustc/6067b36314ab5eb2eb47cecc464545ba58e1ad24/library/std/src/panicking.rs:298:22
[INFO] [stdout]    9:     0x5ce00a0b5fe8 - std::panicking::default_hook::h20f81eb0576efcec
[INFO] [stdout]                                at /rustc/6067b36314ab5eb2eb47cecc464545ba58e1ad24/library/std/src/panicking.rs:322:9
[INFO] [stdout]   10:     0x5ce009ee25d3 - <alloc::boxed::Box<F,A> as core::ops::function::Fn<Args>>::call::hdb53814c496a4d34
[INFO] [stdout]                                at /rustc/6067b36314ab5eb2eb47cecc464545ba58e1ad24/library/alloc/src/boxed.rs:2027:9
[INFO] [stdout]   11:     0x5ce009ee25d3 - test::test_main::{{closure}}::hc0a4963c59427c24
[INFO] [stdout]                                at /rustc/6067b36314ab5eb2eb47cecc464545ba58e1ad24/library/test/src/lib.rs:134:21
[INFO] [stdout]   12:     0x5ce00a0b6cc3 - <alloc::boxed::Box<F,A> as core::ops::function::Fn<Args>>::call::h591b2225413a77e9
[INFO] [stdout]                                at /rustc/6067b36314ab5eb2eb47cecc464545ba58e1ad24/library/alloc/src/boxed.rs:2027:9
[INFO] [stdout]   13:     0x5ce00a0b6cc3 - std::panicking::rust_panic_with_hook::h625eea43051b2edc
[INFO] [stdout]                                at /rustc/6067b36314ab5eb2eb47cecc464545ba58e1ad24/library/std/src/panicking.rs:839:13
[INFO] [stdout]   14:     0x5ce00a0b697a - std::panicking::begin_panic_handler::{{closure}}::h4f9159cfbc3f6bd3
[INFO] [stdout]                                at /rustc/6067b36314ab5eb2eb47cecc464545ba58e1ad24/library/std/src/panicking.rs:704:13
[INFO] [stdout]   15:     0x5ce00a0b52a9 - std::sys::backtrace::__rust_end_short_backtrace::h0390abce48353151
[INFO] [stdout]                                at /rustc/6067b36314ab5eb2eb47cecc464545ba58e1ad24/library/std/src/sys/backtrace.rs:168:18
[INFO] [stdout]   16:     0x5ce00a0b660d - rust_begin_unwind
[INFO] [stdout]                                at /rustc/6067b36314ab5eb2eb47cecc464545ba58e1ad24/library/std/src/panicking.rs:695:5
[INFO] [stdout]   17:     0x5ce00a0dc680 - core::panicking::panic_fmt::h9e7c637e9e5f29c9
[INFO] [stdout]                                at /rustc/6067b36314ab5eb2eb47cecc464545ba58e1ad24/library/core/src/panicking.rs:75:14
[INFO] [stdout]   18:     0x5ce00a0dcaf6 - core::result::unwrap_failed::h7979f09313fe1849
[INFO] [stdout]                                at /rustc/6067b36314ab5eb2eb47cecc464545ba58e1ad24/library/core/src/result.rs:1704:5
[INFO] [stdout]   19:     0x5ce009ea7bc3 - core::result::Result<T,E>::unwrap::h54f5dd743d135516
[INFO] [stdout]                                at /rustc/6067b36314ab5eb2eb47cecc464545ba58e1ad24/library/core/src/result.rs:1109:23
[INFO] [stdout]   20:     0x5ce009ea7bc3 - lib::test_replace::h60635fa5508025a0
[INFO] [stdout]                                at /opt/rustwide/workdir/tests/lib.rs:25:18
[INFO] [stdout]   21:     0x5ce009ea7b37 - lib::test_replace::{{closure}}::h85a5df48c6c6d8e5
[INFO] [stdout]                                at /opt/rustwide/workdir/tests/lib.rs:24:18
[INFO] [stdout]   22:     0x5ce009ea6676 - core::ops::function::FnOnce::call_once::hfb155da7490933d5
[INFO] [stdout]                                at /rustc/6067b36314ab5eb2eb47cecc464545ba58e1ad24/library/core/src/ops/function.rs:250:5
[INFO] [stdout]   23:     0x5ce009ee7d2b - core::ops::function::FnOnce::call_once::he27718dfdd183f43
[INFO] [stdout]                                at /rustc/6067b36314ab5eb2eb47cecc464545ba58e1ad24/library/core/src/ops/function.rs:250:5
[INFO] [stdout]   24:     0x5ce009ee7d2b - test::__rust_begin_short_backtrace::h4e84902998457a5d
[INFO] [stdout]                                at /rustc/6067b36314ab5eb2eb47cecc464545ba58e1ad24/library/test/src/lib.rs:632:18
[INFO] [stdout]   25:     0x5ce009ee6c63 - test::run_test_in_process::{{closure}}::h7176fd18fc1feca0
[INFO] [stdout]                                at /rustc/6067b36314ab5eb2eb47cecc464545ba58e1ad24/library/test/src/lib.rs:655:60
[INFO] [stdout]   26:     0x5ce009ee6c63 - <core::panic::unwind_safe::AssertUnwindSafe<F> as core::ops::function::FnOnce<()>>::call_once::hf79cff2a624d8cf7
[INFO] [stdout]                                at /rustc/6067b36314ab5eb2eb47cecc464545ba58e1ad24/library/core/src/panic/unwind_safe.rs:272:9
[INFO] [stdout]   27:     0x5ce009ee6c63 - std::panicking::try::do_call::h3da0561d9ab99c25
[INFO] [stdout]                                at /rustc/6067b36314ab5eb2eb47cecc464545ba58e1ad24/library/std/src/panicking.rs:587:40
[INFO] [stdout]   28:     0x5ce009ee6c63 - std::panicking::try::h41c9fa508bc61df6
[INFO] [stdout]                                at /rustc/6067b36314ab5eb2eb47cecc464545ba58e1ad24/library/std/src/panicking.rs:550:19
[INFO] [stdout]   29:     0x5ce009ee6c63 - std::panic::catch_unwind::h6b3ff07bb5afad93
[INFO] [stdout]                                at /rustc/6067b36314ab5eb2eb47cecc464545ba58e1ad24/library/std/src/panic.rs:358:14
[INFO] [stdout]   30:     0x5ce009ee6c63 - test::run_test_in_process::hc7253dd11b39b9f4
[INFO] [stdout]                                at /rustc/6067b36314ab5eb2eb47cecc464545ba58e1ad24/library/test/src/lib.rs:655:27
[INFO] [stdout]   31:     0x5ce009ee6c63 - test::run_test::{{closure}}::hfb2007f8649c30bb
[INFO] [stdout]                                at /rustc/6067b36314ab5eb2eb47cecc464545ba58e1ad24/library/test/src/lib.rs:576:43
[INFO] [stdout]   32:     0x5ce009ea9d45 - test::run_test::{{closure}}::h56a17aa7a282a9f4
[INFO] [stdout]                                at /rustc/6067b36314ab5eb2eb47cecc464545ba58e1ad24/library/test/src/lib.rs:606:41
[INFO] [stdout]   33:     0x5ce009ea9d45 - std::sys::backtrace::__rust_begin_short_backtrace::hd2d2d2fb8e8c6aac
[INFO] [stdout]                                at /rustc/6067b36314ab5eb2eb47cecc464545ba58e1ad24/library/std/src/sys/backtrace.rs:152:18
[INFO] [stdout]   34:     0x5ce009ead62a - std::thread::Builder::spawn_unchecked_::{{closure}}::{{closure}}::h4faa3f9db6133423
[INFO] [stdout]                                at /rustc/6067b36314ab5eb2eb47cecc464545ba58e1ad24/library/std/src/thread/mod.rs:559:17
[INFO] [stdout]   35:     0x5ce009ead62a - <core::panic::unwind_safe::AssertUnwindSafe<F> as core::ops::function::FnOnce<()>>::call_once::hf2e855a36a4ea846
[INFO] [stdout]                                at /rustc/6067b36314ab5eb2eb47cecc464545ba58e1ad24/library/core/src/panic/unwind_safe.rs:272:9
[INFO] [stdout]   36:     0x5ce009ead62a - std::panicking::try::do_call::h2f73af3616c35465
[INFO] [stdout]                                at /rustc/6067b36314ab5eb2eb47cecc464545ba58e1ad24/library/std/src/panicking.rs:587:40
[INFO] [stdout]   37:     0x5ce009ead62a - std::panicking::try::hd1660ce9efadef5a
[INFO] [stdout]                                at /rustc/6067b36314ab5eb2eb47cecc464545ba58e1ad24/library/std/src/panicking.rs:550:19
[INFO] [stdout]   38:     0x5ce009ead62a - std::panic::catch_unwind::h5ee8d7823b8ca744
[INFO] [stdout]                                at /rustc/6067b36314ab5eb2eb47cecc464545ba58e1ad24/library/std/src/panic.rs:358:14
[INFO] [stdout]   39:     0x5ce009ead62a - std::thread::Builder::spawn_unchecked_::{{closure}}::h53c3a1894dce8407
[INFO] [stdout]                                at /rustc/6067b36314ab5eb2eb47cecc464545ba58e1ad24/library/std/src/thread/mod.rs:557:30
[INFO] [stdout]   40:     0x5ce009ead62a - core::ops::function::FnOnce::call_once{{vtable.shim}}::h048ce291ad4f62bf
[INFO] [stdout]                                at /rustc/6067b36314ab5eb2eb47cecc464545ba58e1ad24/library/core/src/ops/function.rs:250:5
[INFO] [stdout]   41:     0x5ce00a0bad0b - <alloc::boxed::Box<F,A> as core::ops::function::FnOnce<Args>>::call_once::ha52bedf99a3b4981
[INFO] [stdout]                                at /rustc/6067b36314ab5eb2eb47cecc464545ba58e1ad24/library/alloc/src/boxed.rs:2013:9
[INFO] [stdout]   42:     0x5ce00a0bad0b - <alloc::boxed::Box<F,A> as core::ops::function::FnOnce<Args>>::call_once::h567748934d80ccf8
[INFO] [stdout]                                at /rustc/6067b36314ab5eb2eb47cecc464545ba58e1ad24/library/alloc/src/boxed.rs:2013:9
[INFO] [stdout]   43:     0x5ce00a0bad0b - std::sys::pal::unix::thread::Thread::new::thread_start::h2d970728ae887adc
[INFO] [stdout]                                at /rustc/6067b36314ab5eb2eb47cecc464545ba58e1ad24/library/std/src/sys/pal/unix/thread.rs:106:17
[INFO] [stdout]   44:     0x7de8ab2c4ac3 - <unknown>
[INFO] [stdout]   45:     0x7de8ab355a04 - clone
[INFO] [stdout]   46:                0x0 - <unknown>
[INFO] [stdout] 
[INFO] [stdout] 
[INFO] [stdout] failures:
[INFO] [stdout]     test_fade
[INFO] [stdout]     test_replace
[INFO] [stdout] 
[INFO] [stdout] test result: FAILED. 0 passed; 2 failed; 0 ignored; 0 measured; 0 filtered out; finished in 0.04s
[INFO] [stdout] 
[INFO] running `Command { std: "docker" "inspect" "c4c2b7b6099c82f217978b9078c5a4394509de444496b7939897586e10b52ae4", kill_on_drop: false }`
[INFO] running `Command { std: "docker" "rm" "-f" "c4c2b7b6099c82f217978b9078c5a4394509de444496b7939897586e10b52ae4", kill_on_drop: false }`
[INFO] [stdout] c4c2b7b6099c82f217978b9078c5a4394509de444496b7939897586e10b52ae4
