[INFO] cloning repository https://github.com/claudebarde/michelson-rust
[INFO] running `Command { std: "git" "-c" "credential.helper=" "-c" "credential.helper=/workspace/cargo-home/bin/git-credential-null" "clone" "--bare" "https://github.com/claudebarde/michelson-rust" "/workspace/cache/git-repos/https%3A%2F%2Fgithub.com%2Fclaudebarde%2Fmichelson-rust", kill_on_drop: false }`
[INFO] [stderr] Cloning into bare repository '/workspace/cache/git-repos/https%3A%2F%2Fgithub.com%2Fclaudebarde%2Fmichelson-rust'...
[INFO] running `Command { std: "git" "rev-parse" "HEAD", kill_on_drop: false }`
[INFO] [stdout] c2602f30b4256c8e461ab65e7254c4ffc1d87acd
[INFO] testing claudebarde/michelson-rust against nightly-2025-01-18 for randomize-layout-2
[INFO] running `Command { std: "git" "clone" "/workspace/cache/git-repos/https%3A%2F%2Fgithub.com%2Fclaudebarde%2Fmichelson-rust" "/workspace/builds/worker-4-tc1/source", kill_on_drop: false }`
[INFO] [stderr] Cloning into '/workspace/builds/worker-4-tc1/source'...
[INFO] [stderr] done.
[INFO] validating manifest of git repo https://github.com/claudebarde/michelson-rust on toolchain nightly-2025-01-18
[INFO] running `Command { std: CARGO_HOME="/workspace/cargo-home" RUSTUP_HOME="/workspace/rustup-home" "/workspace/cargo-home/bin/cargo" "+nightly-2025-01-18" "metadata" "--manifest-path" "Cargo.toml" "--no-deps", kill_on_drop: false }`
[INFO] started tweaking git repo https://github.com/claudebarde/michelson-rust
[INFO] finished tweaking git repo https://github.com/claudebarde/michelson-rust
[INFO] tweaked toml for git repo https://github.com/claudebarde/michelson-rust written to /workspace/builds/worker-4-tc1/source/Cargo.toml
[INFO] crate git repo https://github.com/claudebarde/michelson-rust already has a lockfile, it will not be regenerated
[INFO] running `Command { std: CARGO_HOME="/workspace/cargo-home" RUSTUP_HOME="/workspace/rustup-home" "/workspace/cargo-home/bin/cargo" "+nightly-2025-01-18" "fetch" "--manifest-path" "Cargo.toml", kill_on_drop: false }`
[INFO] [stderr]     Blocking waiting for file lock on package cache
[INFO] running `Command { std: "docker" "create" "-v" "/var/lib/crater-agent-workspace/builds/worker-4-tc1/target:/opt/rustwide/target:rw,Z" "-v" "/var/lib/crater-agent-workspace/builds/worker-4-tc1/source:/opt/rustwide/workdir:ro,Z" "-v" "/var/lib/crater-agent-workspace/cargo-home:/opt/rustwide/cargo-home:ro,Z" "-v" "/var/lib/crater-agent-workspace/rustup-home:/opt/rustwide/rustup-home:ro,Z" "-e" "SOURCE_DIR=/opt/rustwide/workdir" "-e" "CARGO_TARGET_DIR=/opt/rustwide/target" "-e" "CARGO_HOME=/opt/rustwide/cargo-home" "-e" "RUSTUP_HOME=/opt/rustwide/rustup-home" "-w" "/opt/rustwide/workdir" "-m" "1610612736" "--user" "0:0" "--network" "none" "ghcr.io/rust-lang/crates-build-env/linux@sha256:819108c5571ea2e421544af4d832f968d213c87fbe3707a016657f43d2f853bc" "/opt/rustwide/cargo-home/bin/cargo" "+nightly-2025-01-18" "metadata" "--no-deps" "--format-version=1", kill_on_drop: false }`
[INFO] [stdout] 870b2e08b29b889a7209beca121b88ee826289f368abfd5c22a5297f4e441f30
[INFO] running `Command { std: "docker" "start" "-a" "870b2e08b29b889a7209beca121b88ee826289f368abfd5c22a5297f4e441f30", kill_on_drop: false }`
[INFO] running `Command { std: "docker" "inspect" "870b2e08b29b889a7209beca121b88ee826289f368abfd5c22a5297f4e441f30", kill_on_drop: false }`
[INFO] running `Command { std: "docker" "rm" "-f" "870b2e08b29b889a7209beca121b88ee826289f368abfd5c22a5297f4e441f30", kill_on_drop: false }`
[INFO] [stdout] 870b2e08b29b889a7209beca121b88ee826289f368abfd5c22a5297f4e441f30
[INFO] running `Command { std: "docker" "create" "-v" "/var/lib/crater-agent-workspace/builds/worker-4-tc1/target:/opt/rustwide/target:rw,Z" "-v" "/var/lib/crater-agent-workspace/builds/worker-4-tc1/source:/opt/rustwide/workdir:ro,Z" "-v" "/var/lib/crater-agent-workspace/cargo-home:/opt/rustwide/cargo-home:ro,Z" "-v" "/var/lib/crater-agent-workspace/rustup-home:/opt/rustwide/rustup-home:ro,Z" "-e" "SOURCE_DIR=/opt/rustwide/workdir" "-e" "CARGO_TARGET_DIR=/opt/rustwide/target" "-e" "CARGO_INCREMENTAL=0" "-e" "RUST_BACKTRACE=full" "-e" "RUSTFLAGS=--cap-lints=forbid" "-e" "RUSTDOCFLAGS=--cap-lints=forbid" "-e" "CARGO_HOME=/opt/rustwide/cargo-home" "-e" "RUSTUP_HOME=/opt/rustwide/rustup-home" "-w" "/opt/rustwide/workdir" "-m" "1610612736" "--user" "0:0" "--network" "none" "ghcr.io/rust-lang/crates-build-env/linux@sha256:819108c5571ea2e421544af4d832f968d213c87fbe3707a016657f43d2f853bc" "/opt/rustwide/cargo-home/bin/cargo" "+nightly-2025-01-18" "build" "--frozen" "--message-format=json", kill_on_drop: false }`
[INFO] [stdout] ce146d7bcce455c4a398b4537bfa9ecd0d86772e10933381f853844844670dca
[INFO] running `Command { std: "docker" "start" "-a" "ce146d7bcce455c4a398b4537bfa9ecd0d86772e10933381f853844844670dca", kill_on_drop: false }`
[INFO] [stderr]    Compiling typenum v1.15.0
[INFO] [stderr]    Compiling generic-array v0.14.6
[INFO] [stderr]    Compiling libc v0.2.126
[INFO] [stderr]    Compiling serde v1.0.137
[INFO] [stderr]    Compiling serde_json v1.0.81
[INFO] [stderr]    Compiling ppv-lite86 v0.2.16
[INFO] [stderr]    Compiling regex-syntax v0.6.26
[INFO] [stderr]    Compiling aho-corasick v0.7.18
[INFO] [stderr]    Compiling itoa v1.0.2
[INFO] [stderr]    Compiling keccak v0.1.2
[INFO] [stderr]    Compiling bs58 v0.4.0
[INFO] [stderr]    Compiling getrandom v0.2.7
[INFO] [stderr]    Compiling rand_core v0.6.3
[INFO] [stderr]    Compiling rand_chacha v0.3.1
[INFO] [stderr]    Compiling rand v0.8.5
[INFO] [stderr]    Compiling block-buffer v0.10.3
[INFO] [stderr]    Compiling crypto-common v0.1.6
[INFO] [stderr]    Compiling digest v0.10.5
[INFO] [stderr]    Compiling sha3 v0.10.5
[INFO] [stderr]    Compiling regex v1.5.6
[INFO] [stderr]    Compiling michelson-rust v0.1.0 (/opt/rustwide/workdir)
[INFO] [stdout] warning: unused imports: `CollectionValue`, `MType`, and `PairValue`
[INFO] [stdout]  --> src/instructions/UPDATE.rs:2:22
[INFO] [stdout]   |
[INFO] [stdout] 2 | use crate::m_types::{CollectionValue, MType, MValue, PairValue};
[INFO] [stdout]   |                      ^^^^^^^^^^^^^^^  ^^^^^          ^^^^^^^^^
[INFO] [stdout]   |
[INFO] [stdout]   = note: `#[warn(unused_imports)]` on by default
[INFO] [stdout] 
[INFO] [stdout] 
[INFO] [stdout] warning: unused variable: `key`
[INFO] [stdout]   --> src/instructions/UPDATE.rs:27:18
[INFO] [stdout]    |
[INFO] [stdout] 27 |                 (key, value, MValue::Big_map(big_map)) => todo!(),
[INFO] [stdout]    |                  ^^^ help: if this is intentional, prefix it with an underscore: `_key`
[INFO] [stdout]    |
[INFO] [stdout]    = note: `#[warn(unused_variables)]` on by default
[INFO] [stdout] 
[INFO] [stdout] 
[INFO] [stdout] warning: unused variable: `value`
[INFO] [stdout]   --> src/instructions/UPDATE.rs:27:23
[INFO] [stdout]    |
[INFO] [stdout] 27 |                 (key, value, MValue::Big_map(big_map)) => todo!(),
[INFO] [stdout]    |                       ^^^^^ help: if this is intentional, prefix it with an underscore: `_value`
[INFO] [stdout] 
[INFO] [stdout] 
[INFO] [stdout] warning: unused variable: `big_map`
[INFO] [stdout]   --> src/instructions/UPDATE.rs:27:46
[INFO] [stdout]    |
[INFO] [stdout] 27 |                 (key, value, MValue::Big_map(big_map)) => todo!(),
[INFO] [stdout]    |                                              ^^^^^^^ help: if this is intentional, prefix it with an underscore: `_big_map`
[INFO] [stdout] 
[INFO] [stdout] 
[INFO] [stdout] warning: unused variable: `key`
[INFO] [stdout]   --> src/instructions/UPDATE.rs:28:18
[INFO] [stdout]    |
[INFO] [stdout] 28 |                 (key, value, MValue::Map(map)) => todo!(),
[INFO] [stdout]    |                  ^^^ help: if this is intentional, prefix it with an underscore: `_key`
[INFO] [stdout] 
[INFO] [stdout] 
[INFO] [stdout] warning: unused variable: `value`
[INFO] [stdout]   --> src/instructions/UPDATE.rs:28:23
[INFO] [stdout]    |
[INFO] [stdout] 28 |                 (key, value, MValue::Map(map)) => todo!(),
[INFO] [stdout]    |                       ^^^^^ help: if this is intentional, prefix it with an underscore: `_value`
[INFO] [stdout] 
[INFO] [stdout] 
[INFO] [stdout] warning: unused variable: `map`
[INFO] [stdout]   --> src/instructions/UPDATE.rs:28:42
[INFO] [stdout]    |
[INFO] [stdout] 28 |                 (key, value, MValue::Map(map)) => todo!(),
[INFO] [stdout]    |                                          ^^^ help: if this is intentional, prefix it with an underscore: `_map`
[INFO] [stdout] 
[INFO] [stdout] 
[INFO] [stdout] warning: unused variable: `args`
[INFO] [stdout]   --> src/instructions/UPDATE.rs:70:14
[INFO] [stdout]    |
[INFO] [stdout] 70 |         Some(args) => {
[INFO] [stdout]    |              ^^^^ help: if this is intentional, prefix it with an underscore: `_args`
[INFO] [stdout] 
[INFO] [stdout] 
[INFO] [stderr]     Finished `dev` profile [unoptimized + debuginfo] target(s) in 16.35s
[INFO] running `Command { std: "docker" "inspect" "ce146d7bcce455c4a398b4537bfa9ecd0d86772e10933381f853844844670dca", kill_on_drop: false }`
[INFO] running `Command { std: "docker" "rm" "-f" "ce146d7bcce455c4a398b4537bfa9ecd0d86772e10933381f853844844670dca", kill_on_drop: false }`
[INFO] [stdout] ce146d7bcce455c4a398b4537bfa9ecd0d86772e10933381f853844844670dca
[INFO] running `Command { std: "docker" "create" "-v" "/var/lib/crater-agent-workspace/builds/worker-4-tc1/target:/opt/rustwide/target:rw,Z" "-v" "/var/lib/crater-agent-workspace/builds/worker-4-tc1/source:/opt/rustwide/workdir:ro,Z" "-v" "/var/lib/crater-agent-workspace/cargo-home:/opt/rustwide/cargo-home:ro,Z" "-v" "/var/lib/crater-agent-workspace/rustup-home:/opt/rustwide/rustup-home:ro,Z" "-e" "SOURCE_DIR=/opt/rustwide/workdir" "-e" "CARGO_TARGET_DIR=/opt/rustwide/target" "-e" "CARGO_INCREMENTAL=0" "-e" "RUST_BACKTRACE=full" "-e" "RUSTFLAGS=--cap-lints=forbid" "-e" "RUSTDOCFLAGS=--cap-lints=forbid" "-e" "CARGO_HOME=/opt/rustwide/cargo-home" "-e" "RUSTUP_HOME=/opt/rustwide/rustup-home" "-w" "/opt/rustwide/workdir" "-m" "1610612736" "--user" "0:0" "--network" "none" "ghcr.io/rust-lang/crates-build-env/linux@sha256:819108c5571ea2e421544af4d832f968d213c87fbe3707a016657f43d2f853bc" "/opt/rustwide/cargo-home/bin/cargo" "+nightly-2025-01-18" "test" "--frozen" "--no-run" "--message-format=json", kill_on_drop: false }`
[INFO] [stdout] b73e117ce2f6393e6fe51d07e0e3f5ae942ca1942fc676fad6a60ef17d71f2d7
[INFO] running `Command { std: "docker" "start" "-a" "b73e117ce2f6393e6fe51d07e0e3f5ae942ca1942fc676fad6a60ef17d71f2d7", kill_on_drop: false }`
[INFO] [stderr]    Compiling michelson-rust v0.1.0 (/opt/rustwide/workdir)
[INFO] [stdout] warning: unused imports: `CollectionValue`, `MType`, and `PairValue`
[INFO] [stdout]  --> src/instructions/UPDATE.rs:2:22
[INFO] [stdout]   |
[INFO] [stdout] 2 | use crate::m_types::{CollectionValue, MType, MValue, PairValue};
[INFO] [stdout]   |                      ^^^^^^^^^^^^^^^  ^^^^^          ^^^^^^^^^
[INFO] [stdout]   |
[INFO] [stdout]   = note: `#[warn(unused_imports)]` on by default
[INFO] [stdout] 
[INFO] [stdout] 
[INFO] [stdout] warning: unused variable: `key`
[INFO] [stdout]   --> src/instructions/UPDATE.rs:27:18
[INFO] [stdout]    |
[INFO] [stdout] 27 |                 (key, value, MValue::Big_map(big_map)) => todo!(),
[INFO] [stdout]    |                  ^^^ help: if this is intentional, prefix it with an underscore: `_key`
[INFO] [stdout]    |
[INFO] [stdout]    = note: `#[warn(unused_variables)]` on by default
[INFO] [stdout] 
[INFO] [stdout] 
[INFO] [stdout] warning: unused variable: `value`
[INFO] [stdout]   --> src/instructions/UPDATE.rs:27:23
[INFO] [stdout]    |
[INFO] [stdout] 27 |                 (key, value, MValue::Big_map(big_map)) => todo!(),
[INFO] [stdout]    |                       ^^^^^ help: if this is intentional, prefix it with an underscore: `_value`
[INFO] [stdout] 
[INFO] [stdout] 
[INFO] [stdout] warning: unused variable: `big_map`
[INFO] [stdout]   --> src/instructions/UPDATE.rs:27:46
[INFO] [stdout]    |
[INFO] [stdout] 27 |                 (key, value, MValue::Big_map(big_map)) => todo!(),
[INFO] [stdout]    |                                              ^^^^^^^ help: if this is intentional, prefix it with an underscore: `_big_map`
[INFO] [stdout] 
[INFO] [stdout] 
[INFO] [stdout] warning: unused variable: `key`
[INFO] [stdout]   --> src/instructions/UPDATE.rs:28:18
[INFO] [stdout]    |
[INFO] [stdout] 28 |                 (key, value, MValue::Map(map)) => todo!(),
[INFO] [stdout]    |                  ^^^ help: if this is intentional, prefix it with an underscore: `_key`
[INFO] [stdout] 
[INFO] [stdout] 
[INFO] [stdout] warning: unused variable: `value`
[INFO] [stdout]   --> src/instructions/UPDATE.rs:28:23
[INFO] [stdout]    |
[INFO] [stdout] 28 |                 (key, value, MValue::Map(map)) => todo!(),
[INFO] [stdout]    |                       ^^^^^ help: if this is intentional, prefix it with an underscore: `_value`
[INFO] [stdout] 
[INFO] [stdout] 
[INFO] [stdout] warning: unused variable: `map`
[INFO] [stdout]   --> src/instructions/UPDATE.rs:28:42
[INFO] [stdout]    |
[INFO] [stdout] 28 |                 (key, value, MValue::Map(map)) => todo!(),
[INFO] [stdout]    |                                          ^^^ help: if this is intentional, prefix it with an underscore: `_map`
[INFO] [stdout] 
[INFO] [stdout] 
[INFO] [stdout] warning: unused variable: `args`
[INFO] [stdout]   --> src/instructions/UPDATE.rs:70:14
[INFO] [stdout]    |
[INFO] [stdout] 70 |         Some(args) => {
[INFO] [stdout]    |              ^^^^ help: if this is intentional, prefix it with an underscore: `_args`
[INFO] [stdout] 
[INFO] [stdout] 
[INFO] [stdout] warning: unused import: `serde_json::Value`
[INFO] [stdout]   --> src/instructions/UNPAIR.rs:43:9
[INFO] [stdout]    |
[INFO] [stdout] 43 |     use serde_json::Value;
[INFO] [stdout]    |         ^^^^^^^^^^^^^^^^^
[INFO] [stdout]    |
[INFO] [stdout]    = note: `#[warn(unused_imports)]` on by default
[INFO] [stdout] 
[INFO] [stdout] 
[INFO] [stdout] warning: unused imports: `CollectionValue` and `PairValue`
[INFO] [stdout]  --> src/instructions/UPDATE.rs:2:22
[INFO] [stdout]   |
[INFO] [stdout] 2 | use crate::m_types::{CollectionValue, MType, MValue, PairValue};
[INFO] [stdout]   |                      ^^^^^^^^^^^^^^^                 ^^^^^^^^^
[INFO] [stdout] 
[INFO] [stdout] 
[INFO] [stdout] warning: unused variable: `key`
[INFO] [stdout]   --> src/instructions/UPDATE.rs:27:18
[INFO] [stdout]    |
[INFO] [stdout] 27 |                 (key, value, MValue::Big_map(big_map)) => todo!(),
[INFO] [stdout]    |                  ^^^ help: if this is intentional, prefix it with an underscore: `_key`
[INFO] [stdout]    |
[INFO] [stdout]    = note: `#[warn(unused_variables)]` on by default
[INFO] [stdout] 
[INFO] [stdout] 
[INFO] [stdout] warning: unused variable: `value`
[INFO] [stdout]   --> src/instructions/UPDATE.rs:27:23
[INFO] [stdout]    |
[INFO] [stdout] 27 |                 (key, value, MValue::Big_map(big_map)) => todo!(),
[INFO] [stdout]    |                       ^^^^^ help: if this is intentional, prefix it with an underscore: `_value`
[INFO] [stdout] 
[INFO] [stdout] 
[INFO] [stdout] warning: unused variable: `big_map`
[INFO] [stdout]   --> src/instructions/UPDATE.rs:27:46
[INFO] [stdout]    |
[INFO] [stdout] 27 |                 (key, value, MValue::Big_map(big_map)) => todo!(),
[INFO] [stdout]    |                                              ^^^^^^^ help: if this is intentional, prefix it with an underscore: `_big_map`
[INFO] [stdout] 
[INFO] [stdout] 
[INFO] [stdout] warning: unused variable: `key`
[INFO] [stdout]   --> src/instructions/UPDATE.rs:28:18
[INFO] [stdout]    |
[INFO] [stdout] 28 |                 (key, value, MValue::Map(map)) => todo!(),
[INFO] [stdout]    |                  ^^^ help: if this is intentional, prefix it with an underscore: `_key`
[INFO] [stdout] 
[INFO] [stdout] 
[INFO] [stdout] warning: unused variable: `value`
[INFO] [stdout]   --> src/instructions/UPDATE.rs:28:23
[INFO] [stdout]    |
[INFO] [stdout] 28 |                 (key, value, MValue::Map(map)) => todo!(),
[INFO] [stdout]    |                       ^^^^^ help: if this is intentional, prefix it with an underscore: `_value`
[INFO] [stdout] 
[INFO] [stdout] 
[INFO] [stdout] warning: unused variable: `map`
[INFO] [stdout]   --> src/instructions/UPDATE.rs:28:42
[INFO] [stdout]    |
[INFO] [stdout] 28 |                 (key, value, MValue::Map(map)) => todo!(),
[INFO] [stdout]    |                                          ^^^ help: if this is intentional, prefix it with an underscore: `_map`
[INFO] [stdout] 
[INFO] [stdout] 
[INFO] [stdout] warning: unused variable: `args`
[INFO] [stdout]   --> src/instructions/UPDATE.rs:70:14
[INFO] [stdout]    |
[INFO] [stdout] 70 |         Some(args) => {
[INFO] [stdout]    |              ^^^^ help: if this is intentional, prefix it with an underscore: `_args`
[INFO] [stdout] 
[INFO] [stdout] 
[INFO] [stderr]     Finished `test` profile [unoptimized + debuginfo] target(s) in 3.85s
[INFO] running `Command { std: "docker" "inspect" "b73e117ce2f6393e6fe51d07e0e3f5ae942ca1942fc676fad6a60ef17d71f2d7", kill_on_drop: false }`
[INFO] running `Command { std: "docker" "rm" "-f" "b73e117ce2f6393e6fe51d07e0e3f5ae942ca1942fc676fad6a60ef17d71f2d7", kill_on_drop: false }`
[INFO] [stdout] b73e117ce2f6393e6fe51d07e0e3f5ae942ca1942fc676fad6a60ef17d71f2d7
[INFO] running `Command { std: "docker" "create" "-v" "/var/lib/crater-agent-workspace/builds/worker-4-tc1/target:/opt/rustwide/target:rw,Z" "-v" "/var/lib/crater-agent-workspace/builds/worker-4-tc1/source:/opt/rustwide/workdir:ro,Z" "-v" "/var/lib/crater-agent-workspace/cargo-home:/opt/rustwide/cargo-home:ro,Z" "-v" "/var/lib/crater-agent-workspace/rustup-home:/opt/rustwide/rustup-home:ro,Z" "-e" "SOURCE_DIR=/opt/rustwide/workdir" "-e" "CARGO_TARGET_DIR=/opt/rustwide/target" "-e" "CARGO_INCREMENTAL=0" "-e" "RUST_BACKTRACE=full" "-e" "RUSTFLAGS=--cap-lints=forbid" "-e" "RUSTDOCFLAGS=--cap-lints=forbid" "-e" "CARGO_HOME=/opt/rustwide/cargo-home" "-e" "RUSTUP_HOME=/opt/rustwide/rustup-home" "-w" "/opt/rustwide/workdir" "-m" "1610612736" "--user" "0:0" "--network" "none" "ghcr.io/rust-lang/crates-build-env/linux@sha256:819108c5571ea2e421544af4d832f968d213c87fbe3707a016657f43d2f853bc" "/opt/rustwide/cargo-home/bin/cargo" "+nightly-2025-01-18" "test" "--frozen", kill_on_drop: false }`
[INFO] [stdout] 43df822215bb8a36793f627b951a9e5af99a4dc0aa7c43c855bb623ba3136c3b
[INFO] running `Command { std: "docker" "start" "-a" "43df822215bb8a36793f627b951a9e5af99a4dc0aa7c43c855bb623ba3136c3b", kill_on_drop: false }`
[INFO] [stderr] warning: unused imports: `CollectionValue`, `MType`, and `PairValue`
[INFO] [stdout] 
[INFO] [stderr]  --> src/instructions/UPDATE.rs:2:22
[INFO] [stdout] running 234 tests
[INFO] [stderr]   |
[INFO] [stderr] 2 | use crate::m_types::{CollectionValue, MType, MValue, PairValue};
[INFO] [stderr]   |                      ^^^^^^^^^^^^^^^  ^^^^^          ^^^^^^^^^
[INFO] [stderr]   |
[INFO] [stderr]   = note: `#[warn(unused_imports)]` on by default
[INFO] [stderr] 
[INFO] [stderr] warning: unused variable: `key`
[INFO] [stderr]   --> src/instructions/UPDATE.rs:27:18
[INFO] [stderr]    |
[INFO] [stderr] 27 |                 (key, value, MValue::Big_map(big_map)) => todo!(),
[INFO] [stderr]    |                  ^^^ help: if this is intentional, prefix it with an underscore: `_key`
[INFO] [stderr]    |
[INFO] [stderr]    = note: `#[warn(unused_variables)]` on by default
[INFO] [stderr] 
[INFO] [stderr] warning: unused variable: `value`
[INFO] [stderr]   --> src/instructions/UPDATE.rs:27:23
[INFO] [stderr]    |
[INFO] [stderr] 27 |                 (key, value, MValue::Big_map(big_map)) => todo!(),
[INFO] [stderr]    |                       ^^^^^ help: if this is intentional, prefix it with an underscore: `_value`
[INFO] [stderr] 
[INFO] [stderr] warning: unused variable: `big_map`
[INFO] [stderr]   --> src/instructions/UPDATE.rs:27:46
[INFO] [stderr]    |
[INFO] [stderr] 27 |                 (key, value, MValue::Big_map(big_map)) => todo!(),
[INFO] [stderr]    |                                              ^^^^^^^ help: if this is intentional, prefix it with an underscore: `_big_map`
[INFO] [stderr] 
[INFO] [stderr] warning: unused variable: `key`
[INFO] [stderr]   --> src/instructions/UPDATE.rs:28:18
[INFO] [stderr]    |
[INFO] [stderr] 28 |                 (key, value, MValue::Map(map)) => todo!(),
[INFO] [stderr]    |                  ^^^ help: if this is intentional, prefix it with an underscore: `_key`
[INFO] [stderr] 
[INFO] [stderr] warning: unused variable: `value`
[INFO] [stderr]   --> src/instructions/UPDATE.rs:28:23
[INFO] [stderr]    |
[INFO] [stderr] 28 |                 (key, value, MValue::Map(map)) => todo!(),
[INFO] [stderr]    |                       ^^^^^ help: if this is intentional, prefix it with an underscore: `_value`
[INFO] [stderr] 
[INFO] [stderr] warning: unused variable: `map`
[INFO] [stderr]   --> src/instructions/UPDATE.rs:28:42
[INFO] [stderr]    |
[INFO] [stderr] 28 |                 (key, value, MValue::Map(map)) => todo!(),
[INFO] [stderr]    |                                          ^^^ help: if this is intentional, prefix it with an underscore: `_map`
[INFO] [stderr] 
[INFO] [stderr] warning: unused variable: `args`
[INFO] [stderr]   --> src/instructions/UPDATE.rs:70:14
[INFO] [stderr]    |
[INFO] [stderr] 70 |         Some(args) => {
[INFO] [stderr]    |              ^^^^ help: if this is intentional, prefix it with an underscore: `_args`
[INFO] [stderr] 
[INFO] [stderr] warning: `michelson-rust` (lib) generated 8 warnings (run `cargo fix --lib -p michelson-rust` to apply 1 suggestion)
[INFO] [stderr] warning: unused import: `serde_json::Value`
[INFO] [stderr]   --> src/instructions/UNPAIR.rs:43:9
[INFO] [stderr]    |
[INFO] [stderr] 43 |     use serde_json::Value;
[INFO] [stderr]    |         ^^^^^^^^^^^^^^^^^
[INFO] [stderr]    |
[INFO] [stderr]    = note: `#[warn(unused_imports)]` on by default
[INFO] [stderr] 
[INFO] [stderr] warning: unused imports: `CollectionValue` and `PairValue`
[INFO] [stderr]  --> src/instructions/UPDATE.rs:2:22
[INFO] [stderr]   |
[INFO] [stderr] 2 | use crate::m_types::{CollectionValue, MType, MValue, PairValue};
[INFO] [stderr]   |                      ^^^^^^^^^^^^^^^                 ^^^^^^^^^
[INFO] [stderr] 
[INFO] [stderr] warning: `michelson-rust` (lib test) generated 9 warnings (7 duplicates) (run `cargo fix --lib -p michelson-rust --tests` to apply 2 suggestions)
[INFO] [stderr]     Finished `test` profile [unoptimized + debuginfo] target(s) in 0.04s
[INFO] [stderr]      Running unittests src/lib.rs (/opt/rustwide/target/debug/deps/michelson_rust-a668c09729dd3955)
[INFO] [stdout] test instructions::ABS::tests::abs_positive_int ... ok
[INFO] [stdout] test instructions::ABS::tests::abs_success ... ok
[INFO] [stdout] test instructions::ABS::tests::abs_success_pos ... ok
[INFO] [stdout] test instructions::ABS::tests::abs_empty_stack ... ok
[INFO] [stdout] test instructions::ADD::tests::add_int_nat ... ok
[INFO] [stdout] test instructions::ADD::tests::add_int_int ... ok
[INFO] [stdout] test instructions::ADD::tests::add_nat_nat ... ok
[INFO] [stdout] test instructions::ADDRESS::tests::address_empty_stack ... ok
[INFO] [stdout] test instructions::ADDRESS::tests::address_wrong_type ... ok
[INFO] [stdout] test instructions::AMOUNT::tests::amount_rand_success ... ok
[INFO] [stdout] test instructions::ADDRESS::tests::address_success ... ok
[INFO] [stdout] test instructions::AND::tests::and_int_nat ... ok
[INFO] [stdout] test instructions::AND::tests::and_nat_nat ... ok
[INFO] [stdout] test instructions::AND::tests::and_bool_bool ... ok
[INFO] [stdout] test instructions::BALANCE::tests::balance_success ... ok
[INFO] [stdout] test instructions::CAR::test::car_empty_stack ... ok
[INFO] [stdout] test instructions::CAR::test::car_success ... ok
[INFO] [stdout] test instructions::CAR::test::car_wrong_type ... ok
[INFO] [stdout] test instructions::AMOUNT::tests::amount_success ... ok
[INFO] [stdout] test instructions::CDR::test::cdr_empty_stack ... ok
[INFO] [stdout] test instructions::CDR::test::cdr_success ... ok
[INFO] [stdout] test instructions::CHAIN_ID::tests::chain_id_success ... ok
[INFO] [stdout] test instructions::CDR::test::cdr_wrong_type ... ok
[INFO] [stdout] test instructions::COMPARE::tests::compare_address_address ... ok
[INFO] [stdout] test instructions::COMPARE::tests::compare_bool_bool ... ok
[INFO] [stdout] test instructions::COMPARE::tests::compare_different_types ... ok
[INFO] [stdout] test instructions::COMPARE::tests::compare_mutez_mutez ... ok
[INFO] [stdout] test instructions::COMPARE::tests::compare_int_int ... ok
[INFO] [stdout] test instructions::COMPARE::tests::compare_nat_nat ... ok
[INFO] [stdout] test instructions::COMPARE::tests::compare_option_option ... ok
[INFO] [stdout] test instructions::COMPARE::tests::compare_pair_pair ... ok
[INFO] [stdout] test instructions::COMPARE::tests::compare_string_string ... ok
[INFO] [stdout] test instructions::COMPARE::tests::compare_timestamp_timestamp ... ok
[INFO] [stdout] test instructions::COMPARE::tests::compare_union_union ... ok
[INFO] [stdout] test instructions::COMPARE::tests::compare_unit_unit ... ok
[INFO] [stdout] test instructions::CONCAT::tests::concat_bytes_bytes ... ok
[INFO] [stdout] test instructions::CONCAT::tests::concat_list_of_bytes ... ok
[INFO] [stdout] test instructions::CONCAT::tests::concat_list_of_strings ... ok
[INFO] [stdout] test instructions::CONCAT::tests::concat_string_string ... ok
[INFO] [stdout] test instructions::CONCAT::tests::concat_wrong_types ... ok
[INFO] [stdout] test instructions::CONS::tests::cons_success ... ok
[INFO] [stdout] test instructions::CONS::tests::cons_wrong_stack ... ok
[INFO] [stdout] test instructions::ABS::tests::abs_stack_not_deep_enough - should panic ... ok
[INFO] [stdout] test instructions::ABS::tests::abs_wrong_type - should panic ... ok
[INFO] [stdout] test instructions::DIG::tests::dig_success_one ... ok
[INFO] [stdout] test instructions::DIG::tests::dig_success_two ... ok
[INFO] [stdout] test instructions::ADD::tests::add_string_nat - should panic ... ok
[INFO] [stdout] test instructions::DROP::tests::drop_one_no_args ... ok
[INFO] [stdout] test instructions::ADD::tests::add_mutez_nat - should panic ... ok
[INFO] [stdout] test instructions::DROP::tests::drop_one_with_args ... ok
[INFO] [stdout] test instructions::AND::tests::and_wrong_stack_depth - should panic ... ok
[INFO] [stdout] test instructions::DROP::tests::drop_two_with_args ... ok
[INFO] [stdout] test instructions::COMPARE::tests::compare_operation_operation - should panic ... ok
[INFO] [stdout] test instructions::AND::tests::and_wrong_types - should panic ... ok
[INFO] [stdout] test instructions::DROP::tests::drop_wrong_args - should panic ... ok
[INFO] [stdout] test instructions::DIG::tests::dig_wrong_arg_value - should panic ... ok
[INFO] [stdout] test instructions::DIG::tests::dig_wrong_arg - should panic ... ok
[INFO] [stdout] test instructions::DIG::tests::dig_arg_zero - should panic ... ok
[INFO] [stdout] test instructions::DROP::tests::drop_wrong_depth - should panic ... ok
[INFO] [stdout] test instructions::DROP::tests::drop_zero_depth - should panic ... ok
[INFO] [stdout] test instructions::DUG::tests::dug_success_two ... ok
[INFO] [stdout] test instructions::DUG::tests::dug_success_one ... ok
[INFO] [stdout] test instructions::DROP::tests::drop_zero - should panic ... ok
[INFO] [stdout] test instructions::DUP::tests::dup_no_arg_success ... ok
[INFO] [stdout] test instructions::DUP::tests::dup_one_arg_success ... ok
[INFO] [stdout] test instructions::EDIV::tests::ediv_int_int ... ok
[INFO] [stdout] test instructions::DUG::tests::dig_arg_zero - should panic ... ok
[INFO] [stdout] test instructions::EDIV::tests::ediv_int_zero ... ok
[INFO] [stdout] test instructions::EDIV::tests::ediv_mutez_mutez ... ok
[INFO] [stdout] test instructions::EDIV::tests::ediv_mutez_nat ... ok
[INFO] [stdout] test instructions::EDIV::tests::ediv_int_nat ... ok
[INFO] [stdout] test instructions::EDIV::tests::ediv_nat_int ... ok
[INFO] [stdout] test instructions::EDIV::tests::ediv_nat_nat ... ok
[INFO] [stdout] test instructions::EDIV::tests::ediv_string ... ok
[INFO] [stdout] test instructions::EDIV::tests::ediv_wrong_stack ... ok
[INFO] [stdout] test instructions::EDIV::tests::ediv_wrong_stack_values ... ok
[INFO] [stdout] test instructions::EMPTY_COLLECTION::tests::empty_big_map_success ... ok
[INFO] [stdout] test instructions::EMPTY_COLLECTION::tests::empty_map_success ... ok
[INFO] [stdout] test instructions::EMPTY_COLLECTION::tests::empty_map_wrong_args ... ok
[INFO] [stdout] test instructions::EMPTY_COLLECTION::tests::empty_set_success ... ok
[INFO] [stdout] test instructions::EMPTY_COLLECTION::tests::empty_set_wrong_args ... ok
[INFO] [stdout] test instructions::EMPTY_COLLECTION::tests::empty_set_no_args - should panic ... ok
[INFO] [stdout] test instructions::DUG::tests::dig_wrong_arg - should panic ... ok
[INFO] [stdout] test instructions::EQ::tests::eq_success ... ok
[INFO] [stdout] test instructions::EQ::tests::eq_invalid_type - should panic ... ok
[INFO] [stdout] test instructions::DUP::tests::dup_arg_zero - should panic ... ok
[INFO] [stdout] test instructions::DUP::tests::dup_ticket - should panic ... ok
[INFO] [stdout] test instructions::DUP::tests::dup_wrong_arg - should panic ... ok
[INFO] [stdout] test instructions::DUP::tests::dup_wrong_arg_value - should panic ... ok
[INFO] [stdout] test instructions::DUG::tests::dug_wrong_arg_value - should panic ... ok
[INFO] [stdout] test instructions::GE::tests::eq_invalid_type - should panic ... ok
[INFO] [stdout] test instructions::GE::tests::eq_success ... ok
[INFO] [stdout] test instructions::GET::tests::get_map_none_success ... ok
[INFO] [stdout] test instructions::GET::tests::get_map_wrong_key_type ... ok
[INFO] [stdout] test instructions::GET::tests::get_map_success ... ok
[INFO] [stdout] test instructions::GET::tests::get_pair_wrong_depth ... ok
[INFO] [stdout] test instructions::EQ::tests::eq_empty_stack - should panic ... ok
[INFO] [stdout] test instructions::GET::tests::get_pair_wrong_get_arg ... ok
[INFO] [stdout] test instructions::GET::tests::get_map_wrong_stack ... ok
[INFO] [stdout] test instructions::GT::tests::eq_success ... ok
[INFO] [stdout] test instructions::GET::tests::get_pair_wrong_stack ... ok
[INFO] [stdout] test instructions::GET::tests::get_pair_success ... ok
[INFO] [stdout] test instructions::INT::tests::int_success ... ok
[INFO] [stdout] test instructions::INT::tests::int_success_pos ... ok
[INFO] [stdout] test instructions::ISNAT::tests::isnat_negative_int_success ... ok
[INFO] [stdout] test instructions::ISNAT::tests::isnat_positive_int_success ... ok
[INFO] [stdout] test instructions::GE::tests::eq_empty_stack - should panic ... ok
[INFO] [stdout] test instructions::INT::tests::abs_stack_not_deep_enough - should panic ... ok
[INFO] [stdout] test instructions::INT::tests::abs_wrong_type - should panic ... ok
[INFO] [stdout] test instructions::GT::tests::eq_invalid_type - should panic ... ok
[INFO] [stdout] test instructions::ISNAT::tests::isnat_wrong_stack ... ok
[INFO] [stdout] test instructions::KECCAK::tests::keccak_success ... ok
[INFO] [stdout] test instructions::INT::tests::abs_empty_stack - should panic ... ok
[INFO] [stdout] test instructions::LEFT_RIGHT::tests::left_success ... ok
[INFO] [stdout] test instructions::LE::tests::eq_success ... ok
[INFO] [stdout] test instructions::GT::tests::eq_empty_stack - should panic ... ok
[INFO] [stdout] test instructions::LE::tests::eq_invalid_type - should panic ... ok
[INFO] [stdout] test instructions::LEFT_RIGHT::tests::right_success ... ok
[INFO] [stdout] test instructions::LE::tests::eq_empty_stack - should panic ... ok
[INFO] [stdout] test instructions::LEFT_RIGHT::tests::right_arg_wrong_format - should panic ... ok
[INFO] [stdout] test instructions::LEVEL::tests::level_success ... ok
[INFO] [stdout] test instructions::LT::tests::eq_empty_stack - should panic ... ok
[INFO] [stdout] test instructions::LT::tests::eq_invalid_type - should panic ... ok
[INFO] [stdout] test instructions::LEFT_RIGHT::tests::left_wrong_stack - should panic ... ok
[INFO] [stdout] test instructions::LEFT_RIGHT::tests::left_empty_arg - should panic ... ok
[INFO] [stdout] test instructions::LT::tests::eq_success ... ok
[INFO] [stdout] test instructions::MEM::tests::mem_map_success ... ok
[INFO] [stdout] test instructions::MEM::tests::mem_set_complex_type ... ok
[INFO] [stdout] test instructions::MEM::tests::mem_map_wrong_type ... ok
[INFO] [stdout] test instructions::MEM::tests::mem_set_success ... ok
[INFO] [stdout] test instructions::MAP::test::map_success_with_option ... ok
[INFO] [stdout] test instructions::MEM::tests::mem_set_wrong_stack_depth ... ok
[INFO] [stdout] test instructions::MUL::tests::mul_int_nat ... ok
[INFO] [stdout] test instructions::MUL::tests::mul_mutez_mutez - should panic ... ok
[INFO] [stdout] test instructions::MUL::tests::mul_nat_mutez ... ok
[INFO] [stdout] test instructions::MUL::tests::mul_nat_nat ... ok
[INFO] [stdout] test instructions::MEM::tests::mem_set_wrong_stack_types ... ok
[INFO] [stdout] test instructions::MUL::tests::mul_int_int ... ok
[INFO] [stdout] test instructions::MUL::tests::mul_mutez_nat ... ok
[INFO] [stdout] test instructions::MAP::test::map_success_list_of_nats ... ok
[INFO] [stdout] test instructions::MUL::tests::mul_string_nat - should panic ... ok
[INFO] [stdout] test instructions::NEG::tests::neg_empty_stack - should panic ... ok
[INFO] [stdout] test instructions::NEG::tests::neg_success_pos ... ok
[INFO] [stdout] test instructions::NEG::tests::neg_wrong_type - should panic ... ok
[INFO] [stdout] test instructions::NEG::tests::neg_int_success ... ok
[INFO] [stdout] test instructions::NEG::tests::neg_nat_success ... ok
[INFO] [stdout] test instructions::NEG::tests::neg_stack_not_deep_enough - should panic ... ok
[INFO] [stdout] test instructions::NEQ::tests::eq_empty_stack - should panic ... ok
[INFO] [stdout] test instructions::NEQ::tests::eq_invalid_type - should panic ... ok
[INFO] [stdout] test instructions::NEQ::tests::eq_success ... ok
[INFO] [stdout] test instructions::NEVER::tests::never_success ... ok
[INFO] [stdout] test instructions::NIL::tests::nil_empty_args - should panic ... ok
[INFO] [stdout] test instructions::NIL::tests::nil_list_of_nat ... ok
[INFO] [stdout] test instructions::NIL::tests::nil_wrong_args - should panic ... ok
[INFO] [stdout] test instructions::NONE::tests::nil_empty_args - should panic ... ok
[INFO] [stdout] test instructions::NONE::tests::option_of_nat ... ok
[INFO] [stdout] test instructions::NONE::tests::nil_wrong_args - should panic ... ok
[INFO] [stdout] test instructions::NONE::tests::nil_wrong_arg_type - should panic ... ok
[INFO] [stdout] test instructions::MAP::test::map_success_with_simple_map ... ok
[INFO] [stdout] test instructions::NIL::tests::nil_wrong_arg_type - should panic ... ok
[INFO] [stdout] test instructions::NOT::tests::not_bool ... ok
[INFO] [stdout] test instructions::NOT::tests::not_nat ... ok
[INFO] [stdout] test instructions::NOW::tests::now_success ... ok
[INFO] [stdout] test instructions::NOT::tests::not_wrong_stack_depth - should panic ... ok
[INFO] [stdout] test instructions::OR::tests::or_nat_nat ... ok
[INFO] [stdout] test instructions::OR::tests::or_bool_bool ... ok
[INFO] [stdout] test instructions::PAIR::tests::pair_success ... ok
[INFO] [stdout] test instructions::NOT::tests::not_wrong_types - should panic ... ok
[INFO] [stdout] test instructions::OR::tests::or_wrong_stack_depth - should panic ... ok
[INFO] [stdout] test instructions::PUSH::tests::pair_wrong_args_type - should panic ... ok
[INFO] [stdout] test instructions::PUSH::tests::pair_wrong_args_number - should panic ... ok
[INFO] [stdout] test instructions::PUSH::tests::pair_wrong_args_value - should panic ... ok
[INFO] [stdout] test instructions::PUSH::tests::push_success ... ok
[INFO] [stdout] test instructions::OR::tests::or_wrong_types - should panic ... ok
[INFO] [stdout] test instructions::PUSH::tests::pair_wrong_type_value - should panic ... ok
[INFO] [stdout] test instructions::PAIR::tests::pair_wrong_stack - should panic ... ok
[INFO] [stdout] test instructions::MAP::test::map_success_with_complex_map ... ok
[INFO] [stdout] test instructions::SELF_ADDRESS::tests::balance_success ... ok
[INFO] [stdout] test instructions::PUSH::tests::pair_wrong_mich_type - should panic ... ok
[INFO] [stdout] test instructions::MAP::test::map_success_list_of_pairs ... ok
[INFO] [stdout] test instructions::SIZE::tests::size_set_success ... ok
[INFO] [stdout] test instructions::SENDER::tests::sender_invalid_address - should panic ... ok
[INFO] [stdout] test instructions::SIZE::tests::size_string_success ... ok
[INFO] [stdout] test instructions::SLICE::tests::slice_outofbound_length ... ok
[INFO] [stdout] test instructions::SIZE::tests::size_list_success ... ok
[INFO] [stdout] test instructions::SLICE::tests::slice_outofbound_offset ... ok
[INFO] [stdout] test instructions::SLICE::tests::slice_string_success ... ok
[INFO] [stdout] test instructions::SLICE::tests::slice_wrong_stack_depth ... ok
[INFO] [stdout] test instructions::SLICE::tests::slice_wrong_stack_types ... ok
[INFO] [stdout] test instructions::SIZE::tests::size_bytes_success ... ok
[INFO] [stdout] test instructions::SLICE::tests::slice_bytes_success ... ok
[INFO] [stdout] test instructions::SENDER::tests::sender_success ... ok
[INFO] [stdout] test instructions::SIZE::tests::size_map_success ... ok
[INFO] [stdout] test instructions::SOME::tests::abs_empty_stack - should panic ... ok
[INFO] [stdout] test instructions::SOURCE::tests::source_invalid_address - should panic ... ok
[INFO] [stdout] test instructions::SOME::tests::some_success ... ok
[INFO] [stdout] test instructions::SOURCE::tests::source_success ... ok
[INFO] [stdout] test instructions::SUB::tests::sub_int_int ... ok
[INFO] [stdout] test instructions::SUB::tests::sub_int_nat ... ok
[INFO] [stdout] test instructions::SUB::tests::sub_mutez_mutez - should panic ... ok
[INFO] [stdout] test instructions::SUB::tests::sub_nat_nat ... ok
[INFO] [stdout] test instructions::SUB::tests::sub_string_nat - should panic ... ok
[INFO] [stdout] test instructions::SUB_MUTEZ::tests::sub_mutez_fail_2 ... ok
[INFO] [stdout] test instructions::SUB_MUTEZ::tests::sub_mutez_fail_3 ... ok
[INFO] [stdout] test instructions::SUB_MUTEZ::tests::sub_mutez_fail_4 ... ok
[INFO] [stdout] test instructions::SUB_MUTEZ::tests::sub_mutez_success_none ... ok
[INFO] [stdout] test instructions::SUB_MUTEZ::tests::sub_mutez_success_some ... ok
[INFO] [stdout] test instructions::SWAP::tests::swap_success ... ok
[INFO] [stdout] test instructions::TICKET::test::create_ticket_fail_1 ... ok
[INFO] [stdout] test instructions::TICKET::test::create_ticket_fail_2 ... ok
[INFO] [stdout] test instructions::TICKET::test::create_ticket_success_1 ... ok
[INFO] [stdout] test instructions::SWAP::tests::swap_short_stack - should panic ... ok
[INFO] [stdout] test instructions::TICKET::test::create_ticket_success_2 ... ok
[INFO] [stdout] test instructions::UNIT::tests::unit_success ... ok
[INFO] [stdout] test instructions::UPDATE::test::update_success_add_simple_set_no_change ... ok
[INFO] [stdout] test instructions::UPDATE::test::update_success_remove_simple_set_no_change ... ok
[INFO] [stdout] test instructions::UNPAIR::tests::unpair_wrong_stack - should panic ... ok
[INFO] [stdout] test instructions::UPDATE::test::update_success_remove_simple_set ... ok
[INFO] [stdout] test instructions::XOR::tests::xor_nat_nat ... ok
[INFO] [stdout] test m_types::tests::mtype_from_string ... ok
[INFO] [stdout] test instructions::XOR::tests::xor_wrong_stack_depth - should panic ... ok
[INFO] [stdout] test instructions::TICKET::test::create_ticket_success_3 ... ok
[INFO] [stdout] test instructions::UNPAIR::tests::unpair_success ... ok
[INFO] [stdout] test instructions::UPDATE::test::update_success_add_simple_set ... ok
[INFO] [stdout] test instructions::SUB_MUTEZ::tests::sub_mutez_fail_1 ... ok
[INFO] [stdout] test instructions::XOR::tests::xor_bool_bool ... ok
[INFO] [stdout] test instructions::XOR::tests::xor_wrong_types - should panic ... ok
[INFO] [stdout] test test::generic_contract ... ok
[INFO] [stdout] test test::contract_with_map_instruction ... FAILED
[INFO] [stdout] test utils::test::utils_test_micheline_to_json_simple_types ... ok
[INFO] [stdout] test utils::test::utils_test_micheline_to_json_pair_values ... FAILED
[INFO] [stdout] test utils::test::utils_test_micheline_to_json_simple_values ... ok
[INFO] [stdout] test utils::test::utils_test_micheline_to_json_1_param ... ok
[INFO] [stdout] test utils::test::utils_test_micheline_to_json_2_params ... ok
[INFO] [stdout] 
[INFO] [stdout] failures:
[INFO] [stdout] 
[INFO] [stdout] ---- test::contract_with_map_instruction stdout ----
[INFO] [stdout] CAR
[INFO] [stdout] MAP
[INFO] [stdout] PUSH
[INFO] [stdout] MUL
[INFO] [stdout] PUSH
[INFO] [stdout] MUL
[INFO] [stdout] PUSH
[INFO] [stdout] MUL
[INFO] [stdout] NIL
[INFO] [stdout] PAIR
[INFO] [stdout] 
[INFO] [stdout] thread 'test::contract_with_map_instruction' panicked at src/lib.rs:152:17:
[INFO] [stdout] assertion `left == right` failed
[INFO] [stdout]   left: Pair(PairValue { m_type: (List(Operation), List(Int)), value: (List(CollectionValue { m_type: Operation, value: [] }), List(CollectionValue { m_type: Int, value: [Int(9), Int(18), Int(33)] })) })
[INFO] [stdout]  right: Pair(PairValue { m_type: (List(Operation), List(Int)), value: (List(CollectionValue { m_type: Operation, value: [] }), List(CollectionValue { m_type: Int, value: [Int(6), Int(12), Int(22)] })) })
[INFO] [stdout] stack backtrace:
[INFO] [stdout]    0:     0x56beafa3e05a - std::backtrace_rs::backtrace::libunwind::trace::hb059275cfc8d6126
[INFO] [stdout]                                at /rustc/6067b36314ab5eb2eb47cecc464545ba58e1ad24/library/std/src/../../backtrace/src/backtrace/libunwind.rs:116:5
[INFO] [stdout]    1:     0x56beafa3e05a - std::backtrace_rs::backtrace::trace_unsynchronized::h2da071e4327ce3ee
[INFO] [stdout]                                at /rustc/6067b36314ab5eb2eb47cecc464545ba58e1ad24/library/std/src/../../backtrace/src/backtrace/mod.rs:66:5
[INFO] [stdout]    2:     0x56beafa3e05a - std::sys::backtrace::_print_fmt::h842a1474e6f8d23f
[INFO] [stdout]                                at /rustc/6067b36314ab5eb2eb47cecc464545ba58e1ad24/library/std/src/sys/backtrace.rs:66:9
[INFO] [stdout]    3:     0x56beafa3e05a - <std::sys::backtrace::BacktraceLock::print::DisplayBacktrace as core::fmt::Display>::fmt::h71a62eb3b9696b12
[INFO] [stdout]                                at /rustc/6067b36314ab5eb2eb47cecc464545ba58e1ad24/library/std/src/sys/backtrace.rs:39:26
[INFO] [stdout]    4:     0x56beafa67a93 - core::fmt::rt::Argument::fmt::hdb6b616786b41dc1
[INFO] [stdout]                                at /rustc/6067b36314ab5eb2eb47cecc464545ba58e1ad24/library/core/src/fmt/rt.rs:177:76
[INFO] [stdout]    5:     0x56beafa67a93 - core::fmt::write::h2cc1698af7e2d686
[INFO] [stdout]                                at /rustc/6067b36314ab5eb2eb47cecc464545ba58e1ad24/library/core/src/fmt/mod.rs:1440:21
[INFO] [stdout]    6:     0x56beafa3abb3 - std::io::Write::write_fmt::hab1b4cd059a79022
[INFO] [stdout]                                at /rustc/6067b36314ab5eb2eb47cecc464545ba58e1ad24/library/std/src/io/mod.rs:1887:15
[INFO] [stdout]    7:     0x56beafa3dea2 - std::sys::backtrace::BacktraceLock::print::h147fe35b4ea13b08
[INFO] [stdout]                                at /rustc/6067b36314ab5eb2eb47cecc464545ba58e1ad24/library/std/src/sys/backtrace.rs:42:9
[INFO] [stdout]    8:     0x56beafa3f47f - std::panicking::default_hook::{{closure}}::hbd44223dbdc0d208
[INFO] [stdout]                                at /rustc/6067b36314ab5eb2eb47cecc464545ba58e1ad24/library/std/src/panicking.rs:298:22
[INFO] [stdout]    9:     0x56beafa3f298 - std::panicking::default_hook::h20f81eb0576efcec
[INFO] [stdout]                                at /rustc/6067b36314ab5eb2eb47cecc464545ba58e1ad24/library/std/src/panicking.rs:322:9
[INFO] [stdout]   10:     0x56beaf828003 - <alloc::boxed::Box<F,A> as core::ops::function::Fn<Args>>::call::hdb53814c496a4d34
[INFO] [stdout]                                at /rustc/6067b36314ab5eb2eb47cecc464545ba58e1ad24/library/alloc/src/boxed.rs:2027:9
[INFO] [stdout]   11:     0x56beaf828003 - test::test_main::{{closure}}::hc0a4963c59427c24
[INFO] [stdout]                                at /rustc/6067b36314ab5eb2eb47cecc464545ba58e1ad24/library/test/src/lib.rs:134:21
[INFO] [stdout]   12:     0x56beafa3ff73 - <alloc::boxed::Box<F,A> as core::ops::function::Fn<Args>>::call::h591b2225413a77e9
[INFO] [stdout]                                at /rustc/6067b36314ab5eb2eb47cecc464545ba58e1ad24/library/alloc/src/boxed.rs:2027:9
[INFO] [stdout]   13:     0x56beafa3ff73 - std::panicking::rust_panic_with_hook::h625eea43051b2edc
[INFO] [stdout]                                at /rustc/6067b36314ab5eb2eb47cecc464545ba58e1ad24/library/std/src/panicking.rs:839:13
[INFO] [stdout]   14:     0x56beafa3fc2a - std::panicking::begin_panic_handler::{{closure}}::h4f9159cfbc3f6bd3
[INFO] [stdout]                                at /rustc/6067b36314ab5eb2eb47cecc464545ba58e1ad24/library/std/src/panicking.rs:704:13
[INFO] [stdout]   15:     0x56beafa3e559 - std::sys::backtrace::__rust_end_short_backtrace::h0390abce48353151
[INFO] [stdout]                                at /rustc/6067b36314ab5eb2eb47cecc464545ba58e1ad24/library/std/src/sys/backtrace.rs:168:18
[INFO] [stdout]   16:     0x56beafa3f8bd - rust_begin_unwind
[INFO] [stdout]                                at /rustc/6067b36314ab5eb2eb47cecc464545ba58e1ad24/library/std/src/panicking.rs:695:5
[INFO] [stdout]   17:     0x56beafa65840 - core::panicking::panic_fmt::h9e7c637e9e5f29c9
[INFO] [stdout]                                at /rustc/6067b36314ab5eb2eb47cecc464545ba58e1ad24/library/core/src/panicking.rs:75:14
[INFO] [stdout]   18:     0x56beafa65c32 - core::panicking::assert_failed_inner::h538bec7c1374cd9c
[INFO] [stdout]   19:     0x56beaf770a06 - core::panicking::assert_failed::h4a3d6eb3e9da0d47
[INFO] [stdout]                                at /rustc/6067b36314ab5eb2eb47cecc464545ba58e1ad24/library/core/src/panicking.rs:364:5
[INFO] [stdout]   20:     0x56beaf7465b8 - michelson_rust::test::contract_with_map_instruction::h7099184727e52ef8
[INFO] [stdout]                                at /opt/rustwide/workdir/src/lib.rs:152:17
[INFO] [stdout]   21:     0x56beaf744b97 - michelson_rust::test::contract_with_map_instruction::{{closure}}::h9a421e1715c9683d
[INFO] [stdout]                                at /opt/rustwide/workdir/src/lib.rs:100:39
[INFO] [stdout]   22:     0x56beaf7d94e6 - core::ops::function::FnOnce::call_once::hb059c2bbb64ddce5
[INFO] [stdout]                                at /rustc/6067b36314ab5eb2eb47cecc464545ba58e1ad24/library/core/src/ops/function.rs:250:5
[INFO] [stdout]   23:     0x56beaf82d75b - core::ops::function::FnOnce::call_once::he27718dfdd183f43
[INFO] [stdout]                                at /rustc/6067b36314ab5eb2eb47cecc464545ba58e1ad24/library/core/src/ops/function.rs:250:5
[INFO] [stdout]   24:     0x56beaf82d75b - test::__rust_begin_short_backtrace::h4e84902998457a5d
[INFO] [stdout]                                at /rustc/6067b36314ab5eb2eb47cecc464545ba58e1ad24/library/test/src/lib.rs:632:18
[INFO] [stdout]   25:     0x56beaf82c693 - test::run_test_in_process::{{closure}}::h7176fd18fc1feca0
[INFO] [stdout]                                at /rustc/6067b36314ab5eb2eb47cecc464545ba58e1ad24/library/test/src/lib.rs:655:60
[INFO] [stdout]   26:     0x56beaf82c693 - <core::panic::unwind_safe::AssertUnwindSafe<F> as core::ops::function::FnOnce<()>>::call_once::hf79cff2a624d8cf7
[INFO] [stdout]                                at /rustc/6067b36314ab5eb2eb47cecc464545ba58e1ad24/library/core/src/panic/unwind_safe.rs:272:9
[INFO] [stdout]   27:     0x56beaf82c693 - std::panicking::try::do_call::h3da0561d9ab99c25
[INFO] [stdout]                                at /rustc/6067b36314ab5eb2eb47cecc464545ba58e1ad24/library/std/src/panicking.rs:587:40
[INFO] [stdout]   28:     0x56beaf82c693 - std::panicking::try::h41c9fa508bc61df6
[INFO] [stdout]                                at /rustc/6067b36314ab5eb2eb47cecc464545ba58e1ad24/library/std/src/panicking.rs:550:19
[INFO] [stdout]   29:     0x56beaf82c693 - std::panic::catch_unwind::h6b3ff07bb5afad93
[INFO] [stdout]                                at /rustc/6067b36314ab5eb2eb47cecc464545ba58e1ad24/library/std/src/panic.rs:358:14
[INFO] [stdout]   30:     0x56beaf82c693 - test::run_test_in_process::hc7253dd11b39b9f4
[INFO] [stdout]                                at /rustc/6067b36314ab5eb2eb47cecc464545ba58e1ad24/library/test/src/lib.rs:655:27
[INFO] [stdout]   31:     0x56beaf82c693 - test::run_test::{{closure}}::hfb2007f8649c30bb
[INFO] [stdout]                                at /rustc/6067b36314ab5eb2eb47cecc464545ba58e1ad24/library/test/src/lib.rs:576:43
[INFO] [stdout]   32:     0x56beaf7ef775 - test::run_test::{{closure}}::h56a17aa7a282a9f4
[INFO] [stdout]                                at /rustc/6067b36314ab5eb2eb47cecc464545ba58e1ad24/library/test/src/lib.rs:606:41
[INFO] [stdout]   33:     0x56beaf7ef775 - std::sys::backtrace::__rust_begin_short_backtrace::hd2d2d2fb8e8c6aac
[INFO] [stdout]                                at /rustc/6067b36314ab5eb2eb47cecc464545ba58e1ad24/library/std/src/sys/backtrace.rs:152:18
[INFO] [stdout]   34:     0x56beaf7f305a - std::thread::Builder::spawn_unchecked_::{{closure}}::{{closure}}::h4faa3f9db6133423
[INFO] [stdout]                                at /rustc/6067b36314ab5eb2eb47cecc464545ba58e1ad24/library/std/src/thread/mod.rs:559:17
[INFO] [stdout]   35:     0x56beaf7f305a - <core::panic::unwind_safe::AssertUnwindSafe<F> as core::ops::function::FnOnce<()>>::call_once::hf2e855a36a4ea846
[INFO] [stdout]                                at /rustc/6067b36314ab5eb2eb47cecc464545ba58e1ad24/library/core/src/panic/unwind_safe.rs:272:9
[INFO] [stdout]   36:     0x56beaf7f305a - std::panicking::try::do_call::h2f73af3616c35465
[INFO] [stdout]                                at /rustc/6067b36314ab5eb2eb47cecc464545ba58e1ad24/library/std/src/panicking.rs:587:40
[INFO] [stdout]   37:     0x56beaf7f305a - std::panicking::try::hd1660ce9efadef5a
[INFO] [stdout]                                at /rustc/6067b36314ab5eb2eb47cecc464545ba58e1ad24/library/std/src/panicking.rs:550:19
[INFO] [stdout]   38:     0x56beaf7f305a - std::panic::catch_unwind::h5ee8d7823b8ca744
[INFO] [stdout]                                at /rustc/6067b36314ab5eb2eb47cecc464545ba58e1ad24/library/std/src/panic.rs:358:14
[INFO] [stdout]   39:     0x56beaf7f305a - std::thread::Builder::spawn_unchecked_::{{closure}}::h53c3a1894dce8407
[INFO] [stdout]                                at /rustc/6067b36314ab5eb2eb47cecc464545ba58e1ad24/library/std/src/thread/mod.rs:557:30
[INFO] [stdout]   40:     0x56beaf7f305a - core::ops::function::FnOnce::call_once{{vtable.shim}}::h048ce291ad4f62bf
[INFO] [stdout]                                at /rustc/6067b36314ab5eb2eb47cecc464545ba58e1ad24/library/core/src/ops/function.rs:250:5
[INFO] [stdout]   41:     0x56beafa43eab - <alloc::boxed::Box<F,A> as core::ops::function::FnOnce<Args>>::call_once::ha52bedf99a3b4981
[INFO] [stdout]                                at /rustc/6067b36314ab5eb2eb47cecc464545ba58e1ad24/library/alloc/src/boxed.rs:2013:9
[INFO] [stdout]   42:     0x56beafa43eab - <alloc::boxed::Box<F,A> as core::ops::function::FnOnce<Args>>::call_once::h567748934d80ccf8
[INFO] [stdout]                                at /rustc/6067b36314ab5eb2eb47cecc464545ba58e1ad24/library/alloc/src/boxed.rs:2013:9
[INFO] [stdout]   43:     0x56beafa43eab - std::sys::pal::unix::thread::Thread::new::thread_start::h2d970728ae887adc
[INFO] [stdout]                                at /rustc/6067b36314ab5eb2eb47cecc464545ba58e1ad24/library/std/src/sys/pal/unix/thread.rs:106:17
[INFO] [stdout]   44:     0x7059e598aac3 - <unknown>
[INFO] [stdout]   45:     0x7059e5a1ba04 - clone
[INFO] [stdout]   46:                0x0 - <unknown>
[INFO] [stdout] 
[INFO] [stdout] ---- utils::test::utils_test_micheline_to_json_pair_values stdout ----
[INFO] [stdout] Err("Error parsing Pair value: (Pair 45 50), error: Provided string doesn't seem to be a valid Michelson type or value")
[INFO] [stdout] 
[INFO] [stdout] thread 'utils::test::utils_test_micheline_to_json_pair_values' panicked at src/utils.rs:775:9:
[INFO] [stdout] assertion failed: res ==
[INFO] [stdout]     Ok(String::from("{\"prim\":\"Pair\",\"args\":[{\"prim\":\"pair\",\"args\":[{\"int\":\"45\"},{\"int\":\"50\"}]},{\"string\":\"tezos\"}]}"))
[INFO] [stdout] stack backtrace:
[INFO] [stdout]    0:     0x56beafa3e05a - std::backtrace_rs::backtrace::libunwind::trace::hb059275cfc8d6126
[INFO] [stdout]                                at /rustc/6067b36314ab5eb2eb47cecc464545ba58e1ad24/library/std/src/../../backtrace/src/backtrace/libunwind.rs:116:5
[INFO] [stdout]    1:     0x56beafa3e05a - std::backtrace_rs::backtrace::trace_unsynchronized::h2da071e4327ce3ee
[INFO] [stdout]                                at /rustc/6067b36314ab5eb2eb47cecc464545ba58e1ad24/library/std/src/../../backtrace/src/backtrace/mod.rs:66:5
[INFO] [stdout]    2:     0x56beafa3e05a - std::sys::backtrace::_print_fmt::h842a1474e6f8d23f
[INFO] [stdout]                                at /rustc/6067b36314ab5eb2eb47cecc464545ba58e1ad24/library/std/src/sys/backtrace.rs:66:9
[INFO] [stdout]    3:     0x56beafa3e05a - <std::sys::backtrace::BacktraceLock::print::DisplayBacktrace as core::fmt::Display>::fmt::h71a62eb3b9696b12
[INFO] [stdout]                                at /rustc/6067b36314ab5eb2eb47cecc464545ba58e1ad24/library/std/src/sys/backtrace.rs:39:26
[INFO] [stdout]    4:     0x56beafa67a93 - core::fmt::rt::Argument::fmt::hdb6b616786b41dc1
[INFO] [stdout]                                at /rustc/6067b36314ab5eb2eb47cecc464545ba58e1ad24/library/core/src/fmt/rt.rs:177:76
[INFO] [stdout]    5:     0x56beafa67a93 - core::fmt::write::h2cc1698af7e2d686
[INFO] [stdout]                                at /rustc/6067b36314ab5eb2eb47cecc464545ba58e1ad24/library/core/src/fmt/mod.rs:1440:21
[INFO] [stdout]    6:     0x56beafa3abb3 - std::io::Write::write_fmt::hab1b4cd059a79022
[INFO] [stdout]                                at /rustc/6067b36314ab5eb2eb47cecc464545ba58e1ad24/library/std/src/io/mod.rs:1887:15
[INFO] [stdout]    7:     0x56beafa3dea2 - std::sys::backtrace::BacktraceLock::print::h147fe35b4ea13b08
[INFO] [stdout]                                at /rustc/6067b36314ab5eb2eb47cecc464545ba58e1ad24/library/std/src/sys/backtrace.rs:42:9
[INFO] [stdout]    8:     0x56beafa3f47f - std::panicking::default_hook::{{closure}}::hbd44223dbdc0d208
[INFO] [stdout]                                at /rustc/6067b36314ab5eb2eb47cecc464545ba58e1ad24/library/std/src/panicking.rs:298:22
[INFO] [stdout]    9:     0x56beafa3f298 - std::panicking::default_hook::h20f81eb0576efcec
[INFO] [stdout]                                at /rustc/6067b36314ab5eb2eb47cecc464545ba58e1ad24/library/std/src/panicking.rs:322:9
[INFO] [stdout]   10:     0x56beaf828003 - <alloc::boxed::Box<F,A> as core::ops::function::Fn<Args>>::call::hdb53814c496a4d34
[INFO] [stdout]                                at /rustc/6067b36314ab5eb2eb47cecc464545ba58e1ad24/library/alloc/src/boxed.rs:2027:9
[INFO] [stdout]   11:     0x56beaf828003 - test::test_main::{{closure}}::hc0a4963c59427c24
[INFO] [stdout]                                at /rustc/6067b36314ab5eb2eb47cecc464545ba58e1ad24/library/test/src/lib.rs:134:21
[INFO] [stdout]   12:     0x56beafa3ff73 - <alloc::boxed::Box<F,A> as core::ops::function::Fn<Args>>::call::h591b2225413a77e9
[INFO] [stdout]                                at /rustc/6067b36314ab5eb2eb47cecc464545ba58e1ad24/library/alloc/src/boxed.rs:2027:9
[INFO] [stdout]   13:     0x56beafa3ff73 - std::panicking::rust_panic_with_hook::h625eea43051b2edc
[INFO] [stdout]                                at /rustc/6067b36314ab5eb2eb47cecc464545ba58e1ad24/library/std/src/panicking.rs:839:13
[INFO] [stdout]   14:     0x56beafa3fbf6 - std::panicking::begin_panic_handler::{{closure}}::h4f9159cfbc3f6bd3
[INFO] [stdout]                                at /rustc/6067b36314ab5eb2eb47cecc464545ba58e1ad24/library/std/src/panicking.rs:697:13
[INFO] [stdout]   15:     0x56beafa3e559 - std::sys::backtrace::__rust_end_short_backtrace::h0390abce48353151
[INFO] [stdout]                                at /rustc/6067b36314ab5eb2eb47cecc464545ba58e1ad24/library/std/src/sys/backtrace.rs:168:18
[INFO] [stdout]   16:     0x56beafa3f8bd - rust_begin_unwind
[INFO] [stdout]                                at /rustc/6067b36314ab5eb2eb47cecc464545ba58e1ad24/library/std/src/panicking.rs:695:5
[INFO] [stdout]   17:     0x56beafa65840 - core::panicking::panic_fmt::h9e7c637e9e5f29c9
[INFO] [stdout]                                at /rustc/6067b36314ab5eb2eb47cecc464545ba58e1ad24/library/core/src/panicking.rs:75:14
[INFO] [stdout]   18:     0x56beafa658cc - core::panicking::panic::haa3255ea20181a33
[INFO] [stdout]                                at /rustc/6067b36314ab5eb2eb47cecc464545ba58e1ad24/library/core/src/panicking.rs:145:5
[INFO] [stdout]   19:     0x56beaf77048f - michelson_rust::utils::test::utils_test_micheline_to_json_pair_values::h4f9db43fde088aa9
[INFO] [stdout]                                at /opt/rustwide/workdir/src/utils.rs:775:9
[INFO] [stdout]   20:     0x56beaf76ff97 - michelson_rust::utils::test::utils_test_micheline_to_json_pair_values::{{closure}}::h2be96b5435c4d9e9
[INFO] [stdout]                                at /opt/rustwide/workdir/src/utils.rs:747:54
[INFO] [stdout]   21:     0x56beaf7d7976 - core::ops::function::FnOnce::call_once::h27ec0ec467d4a4e0
[INFO] [stdout]                                at /rustc/6067b36314ab5eb2eb47cecc464545ba58e1ad24/library/core/src/ops/function.rs:250:5
[INFO] [stdout]   22:     0x56beaf82d75b - core::ops::function::FnOnce::call_once::he27718dfdd183f43
[INFO] [stdout]                                at /rustc/6067b36314ab5eb2eb47cecc464545ba58e1ad24/library/core/src/ops/function.rs:250:5
[INFO] [stdout]   23:     0x56beaf82d75b - test::__rust_begin_short_backtrace::h4e84902998457a5d
[INFO] [stdout]                                at /rustc/6067b36314ab5eb2eb47cecc464545ba58e1ad24/library/test/src/lib.rs:632:18
[INFO] [stdout]   24:     0x56beaf82c693 - test::run_test_in_process::{{closure}}::h7176fd18fc1feca0
[INFO] [stdout]                                at /rustc/6067b36314ab5eb2eb47cecc464545ba58e1ad24/library/test/src/lib.rs:655:60
[INFO] [stdout]   25:     0x56beaf82c693 - <core::panic::unwind_safe::AssertUnwindSafe<F> as core::ops::function::FnOnce<()>>::call_once::hf79cff2a624d8cf7
[INFO] [stdout]                                at /rustc/6067b36314ab5eb2eb47cecc464545ba58e1ad24/library/core/src/panic/unwind_safe.rs:272:9
[INFO] [stdout]   26:     0x56beaf82c693 - std::panicking::try::do_call::h3da0561d9ab99c25
[INFO] [stdout]                                at /rustc/6067b36314ab5eb2eb47cecc464545ba58e1ad24/library/std/src/panicking.rs:587:40
[INFO] [stdout]   27:     0x56beaf82c693 - std::panicking::try::h41c9fa508bc61df6
[INFO] [stdout]                                at /rustc/6067b36314ab5eb2eb47cecc464545ba58e1ad24/library/std/src/panicking.rs:550:19
[INFO] [stdout]   28:     0x56beaf82c693 - std::panic::catch_unwind::h6b3ff07bb5afad93
[INFO] [stdout]                                at /rustc/6067b36314ab5eb2eb47cecc464545ba58e1ad24/library/std/src/panic.rs:358:14
[INFO] [stdout]   29:     0x56beaf82c693 - test::run_test_in_process::hc7253dd11b39b9f4
[INFO] [stdout]                                at /rustc/6067b36314ab5eb2eb47cecc464545ba58e1ad24/library/test/src/lib.rs:655:27
[INFO] [stdout]   30:     0x56beaf82c693 - test::run_test::{{closure}}::hfb2007f8649c30bb
[INFO] [stdout]                                at /rustc/6067b36314ab5eb2eb47cecc464545ba58e1ad24/library/test/src/lib.rs:576:43
[INFO] [stdout]   31:     0x56beaf7ef775 - test::run_test::{{closure}}::h56a17aa7a282a9f4
[INFO] [stdout]                                at /rustc/6067b36314ab5eb2eb47cecc464545ba58e1ad24/library/test/src/lib.rs:606:41
[INFO] [stdout]   32:     0x56beaf7ef775 - std::sys::backtrace::__rust_begin_short_backtrace::hd2d2d2fb8e8c6aac
[INFO] [stdout]                                at /rustc/6067b36314ab5eb2eb47cecc464545ba58e1ad24/library/std/src/sys/backtrace.rs:152:18
[INFO] [stdout]   33:     0x56beaf7f305a - std::thread::Builder::spawn_unchecked_::{{closure}}::{{closure}}::h4faa3f9db6133423
[INFO] [stdout]                                at /rustc/6067b36314ab5eb2eb47cecc464545ba58e1ad24/library/std/src/thread/mod.rs:559:17
[INFO] [stdout]   34:     0x56beaf7f305a - <core::panic::unwind_safe::AssertUnwindSafe<F> as core::ops::function::FnOnce<()>>::call_once::hf2e855a36a4ea846
[INFO] [stdout]                                at /rustc/6067b36314ab5eb2eb47cecc464545ba58e1ad24/library/core/src/panic/unwind_safe.rs:272:9
[INFO] [stdout]   35:     0x56beaf7f305a - std::panicking::try::do_call::h2f73af3616c35465
[INFO] [stdout]                                at /rustc/6067b36314ab5eb2eb47cecc464545ba58e1ad24/library/std/src/panicking.rs:587:40
[INFO] [stdout]   36:     0x56beaf7f305a - std::panicking::try::hd1660ce9efadef5a
[INFO] [stdout]                                at /rustc/6067b36314ab5eb2eb47cecc464545ba58e1ad24/library/std/src/panicking.rs:550:19
[INFO] [stdout]   37:     0x56beaf7f305a - std::panic::catch_unwind::h5ee8d7823b8ca744
[INFO] [stdout]                                at /rustc/6067b36314ab5eb2eb47cecc464545ba58e1ad24/library/std/src/panic.rs:358:14
[INFO] [stdout]   38:     0x56beaf7f305a - std::thread::Builder::spawn_unchecked_::{{closure}}::h53c3a1894dce8407
[INFO] [stdout]                                at /rustc/6067b36314ab5eb2eb47cecc464545ba58e1ad24/library/std/src/thread/mod.rs:557:30
[INFO] [stdout]   39:     0x56beaf7f305a - core::ops::function::FnOnce::call_once{{vtable.shim}}::h048ce291ad4f62bf
[INFO] [stdout]                                at /rustc/6067b36314ab5eb2eb47cecc464545ba58e1ad24/library/core/src/ops/function.rs:250:5
[INFO] [stdout]   40:     0x56beafa43eab - <alloc::boxed::Box<F,A> as core::ops::function::FnOnce<Args>>::call_once::ha52bedf99a3b4981
[INFO] [stdout]                                at /rustc/6067b36314ab5eb2eb47cecc464545ba58e1ad24/library/alloc/src/boxed.rs:2013:9
[INFO] [stdout]   41:     0x56beafa43eab - <alloc::boxed::Box<F,A> as core::ops::function::FnOnce<Args>>::call_once::h567748934d80ccf8
[INFO] [stdout]                                at /rustc/6067b36314ab5eb2eb47cecc464545ba58e1ad24/library/alloc/src/boxed.rs:2013:9
[INFO] [stdout]   42:     0x56beafa43eab - std::sys::pal::unix::thread::Thread::new::thread_start::h2d970728ae887adc
[INFO] [stdout]                                at /rustc/6067b36314ab5eb2eb47cecc464545ba58e1ad24/library/std/src/sys/pal/unix/thread.rs:106:17
[INFO] [stdout]   43:     0x7059e598aac3 - <unknown>
[INFO] [stdout]   44:     0x7059e5a1ba04 - clone
[INFO] [stdout]   45:                0x0 - <unknown>
[INFO] [stdout] 
[INFO] [stdout] 
[INFO] [stdout] failures:
[INFO] [stdout]     test::contract_with_map_instruction
[INFO] [stdout]     utils::test::utils_test_micheline_to_json_pair_values
[INFO] [stdout] 
[INFO] [stdout] test result: FAILED. 232 passed; 2 failed; 0 ignored; 0 measured; 0 filtered out; finished in 2.04s
[INFO] [stdout] 
[INFO] [stderr] error: test failed, to rerun pass `--lib`
[INFO] running `Command { std: "docker" "inspect" "43df822215bb8a36793f627b951a9e5af99a4dc0aa7c43c855bb623ba3136c3b", kill_on_drop: false }`
[INFO] running `Command { std: "docker" "rm" "-f" "43df822215bb8a36793f627b951a9e5af99a4dc0aa7c43c855bb623ba3136c3b", kill_on_drop: false }`
[INFO] [stdout] 43df822215bb8a36793f627b951a9e5af99a4dc0aa7c43c855bb623ba3136c3b
