[INFO] cloning repository https://github.com/chronicl/tablev2
[INFO] running `Command { std: "git" "-c" "credential.helper=" "-c" "credential.helper=/workspace/cargo-home/bin/git-credential-null" "clone" "--bare" "https://github.com/chronicl/tablev2" "/workspace/cache/git-repos/https%3A%2F%2Fgithub.com%2Fchronicl%2Ftablev2", kill_on_drop: false }`
[INFO] [stderr] Cloning into bare repository '/workspace/cache/git-repos/https%3A%2F%2Fgithub.com%2Fchronicl%2Ftablev2'...
[INFO] running `Command { std: "git" "rev-parse" "HEAD", kill_on_drop: false }`
[INFO] [stdout] 3151d3aeda8356eed9453c9877399bc3b57fe19e
[INFO] testing chronicl/tablev2 against nightly-2025-01-18 for randomize-layout-2
[INFO] running `Command { std: "git" "clone" "/workspace/cache/git-repos/https%3A%2F%2Fgithub.com%2Fchronicl%2Ftablev2" "/workspace/builds/worker-6-tc1/source", kill_on_drop: false }`
[INFO] [stderr] Cloning into '/workspace/builds/worker-6-tc1/source'...
[INFO] [stderr] done.
[INFO] validating manifest of git repo https://github.com/chronicl/tablev2 on toolchain nightly-2025-01-18
[INFO] running `Command { std: CARGO_HOME="/workspace/cargo-home" RUSTUP_HOME="/workspace/rustup-home" "/workspace/cargo-home/bin/cargo" "+nightly-2025-01-18" "metadata" "--manifest-path" "Cargo.toml" "--no-deps", kill_on_drop: false }`
[INFO] started tweaking git repo https://github.com/chronicl/tablev2
[INFO] finished tweaking git repo https://github.com/chronicl/tablev2
[INFO] tweaked toml for git repo https://github.com/chronicl/tablev2 written to /workspace/builds/worker-6-tc1/source/Cargo.toml
[INFO] crate git repo https://github.com/chronicl/tablev2 already has a lockfile, it will not be regenerated
[INFO] running `Command { std: CARGO_HOME="/workspace/cargo-home" RUSTUP_HOME="/workspace/rustup-home" "/workspace/cargo-home/bin/cargo" "+nightly-2025-01-18" "fetch" "--manifest-path" "Cargo.toml", kill_on_drop: false }`
[INFO] [stderr] warning: virtual workspace defaulting to `resolver = "1"` despite one or more workspace members being on edition 2021 which implies `resolver = "2"`
[INFO] [stderr] note: to keep the current resolver, specify `workspace.resolver = "1"` in the workspace root's manifest
[INFO] [stderr] note: to use the edition 2021 resolver, specify `workspace.resolver = "2"` in the workspace root's manifest
[INFO] [stderr] note: for more details see https://doc.rust-lang.org/cargo/reference/resolver.html#resolver-versions
[INFO] [stderr]     Blocking waiting for file lock on package cache
[INFO] [stderr]     Blocking waiting for file lock on package cache
[INFO] running `Command { std: "docker" "create" "-v" "/var/lib/crater-agent-workspace/builds/worker-6-tc1/target:/opt/rustwide/target:rw,Z" "-v" "/var/lib/crater-agent-workspace/builds/worker-6-tc1/source:/opt/rustwide/workdir:ro,Z" "-v" "/var/lib/crater-agent-workspace/cargo-home:/opt/rustwide/cargo-home:ro,Z" "-v" "/var/lib/crater-agent-workspace/rustup-home:/opt/rustwide/rustup-home:ro,Z" "-e" "SOURCE_DIR=/opt/rustwide/workdir" "-e" "CARGO_TARGET_DIR=/opt/rustwide/target" "-e" "CARGO_HOME=/opt/rustwide/cargo-home" "-e" "RUSTUP_HOME=/opt/rustwide/rustup-home" "-w" "/opt/rustwide/workdir" "-m" "1610612736" "--user" "0:0" "--network" "none" "ghcr.io/rust-lang/crates-build-env/linux@sha256:819108c5571ea2e421544af4d832f968d213c87fbe3707a016657f43d2f853bc" "/opt/rustwide/cargo-home/bin/cargo" "+nightly-2025-01-18" "metadata" "--no-deps" "--format-version=1", kill_on_drop: false }`
[INFO] [stdout] dbe954127752d4b36509cb8b1d8c278084116f948fe244a5f23281aea5b1a5d0
[INFO] running `Command { std: "docker" "start" "-a" "dbe954127752d4b36509cb8b1d8c278084116f948fe244a5f23281aea5b1a5d0", kill_on_drop: false }`
[INFO] running `Command { std: "docker" "inspect" "dbe954127752d4b36509cb8b1d8c278084116f948fe244a5f23281aea5b1a5d0", kill_on_drop: false }`
[INFO] running `Command { std: "docker" "rm" "-f" "dbe954127752d4b36509cb8b1d8c278084116f948fe244a5f23281aea5b1a5d0", kill_on_drop: false }`
[INFO] [stdout] dbe954127752d4b36509cb8b1d8c278084116f948fe244a5f23281aea5b1a5d0
[INFO] running `Command { std: "docker" "create" "-v" "/var/lib/crater-agent-workspace/builds/worker-6-tc1/target:/opt/rustwide/target:rw,Z" "-v" "/var/lib/crater-agent-workspace/builds/worker-6-tc1/source:/opt/rustwide/workdir:ro,Z" "-v" "/var/lib/crater-agent-workspace/cargo-home:/opt/rustwide/cargo-home:ro,Z" "-v" "/var/lib/crater-agent-workspace/rustup-home:/opt/rustwide/rustup-home:ro,Z" "-e" "SOURCE_DIR=/opt/rustwide/workdir" "-e" "CARGO_TARGET_DIR=/opt/rustwide/target" "-e" "CARGO_INCREMENTAL=0" "-e" "RUST_BACKTRACE=full" "-e" "RUSTFLAGS=--cap-lints=forbid" "-e" "RUSTDOCFLAGS=--cap-lints=forbid" "-e" "CARGO_HOME=/opt/rustwide/cargo-home" "-e" "RUSTUP_HOME=/opt/rustwide/rustup-home" "-w" "/opt/rustwide/workdir" "-m" "1610612736" "--user" "0:0" "--network" "none" "ghcr.io/rust-lang/crates-build-env/linux@sha256:819108c5571ea2e421544af4d832f968d213c87fbe3707a016657f43d2f853bc" "/opt/rustwide/cargo-home/bin/cargo" "+nightly-2025-01-18" "build" "--frozen" "--message-format=json", kill_on_drop: false }`
[INFO] [stdout] 380fd7b803c23ef57225d1af07e7b508f01a0cc91871824f63f3e74d808553b1
[INFO] running `Command { std: "docker" "start" "-a" "380fd7b803c23ef57225d1af07e7b508f01a0cc91871824f63f3e74d808553b1", kill_on_drop: false }`
[INFO] [stderr] warning: virtual workspace defaulting to `resolver = "1"` despite one or more workspace members being on edition 2021 which implies `resolver = "2"`
[INFO] [stderr] note: to keep the current resolver, specify `workspace.resolver = "1"` in the workspace root's manifest
[INFO] [stderr] note: to use the edition 2021 resolver, specify `workspace.resolver = "2"` in the workspace root's manifest
[INFO] [stderr] note: for more details see https://doc.rust-lang.org/cargo/reference/resolver.html#resolver-versions
[INFO] [stderr]    Compiling proc-macro2 v1.0.36
[INFO] [stderr]    Compiling unicode-xid v0.2.2
[INFO] [stderr]    Compiling syn v1.0.85
[INFO] [stderr]    Compiling quote v1.0.14
[INFO] [stderr]    Compiling tablev2-macros v0.1.0 (/opt/rustwide/workdir/tablev2-macros)
[INFO] [stdout] warning: function `rustfmt` is never used
[INFO] [stdout]    --> tablev2-macros/src/lib.rs:369:4
[INFO] [stdout]     |
[INFO] [stdout] 369 | fn rustfmt(input: &str) -> String {
[INFO] [stdout]     |    ^^^^^^^
[INFO] [stdout]     |
[INFO] [stdout]     = note: `#[warn(dead_code)]` on by default
[INFO] [stdout] 
[INFO] [stdout] 
[INFO] [stdout] warning: struct `A` is never constructed
[INFO] [stdout]    --> tablev2-macros/src/lib.rs:395:8
[INFO] [stdout]     |
[INFO] [stdout] 395 | struct A<T> {
[INFO] [stdout]     |        ^
[INFO] [stdout] 
[INFO] [stdout] 
[INFO] [stderr]    Compiling tablev2 v0.1.0 (/opt/rustwide/workdir/tablev2)
[INFO] [stdout] ItemStruct {
[INFO] [stdout]     attrs: [],
[INFO] [stdout]     vis: Inherited,
[INFO] [stdout]     struct_token: Struct,
[INFO] [stdout]     ident: Ident {
[INFO] [stdout]         ident: "User2",
[INFO] [stdout]         span: #0 bytes(14272..14277),
[INFO] [stdout]     },
[INFO] [stdout]     generics: Generics {
[INFO] [stdout]         lt_token: None,
[INFO] [stdout]         params: [],
[INFO] [stdout]         gt_token: None,
[INFO] [stdout]         where_clause: None,
[INFO] [stdout]     },
[INFO] [stdout]     fields: Named(
[INFO] [stdout]         FieldsNamed {
[INFO] [stdout]             brace_token: Brace,
[INFO] [stdout]             named: [
[INFO] [stdout]                 Field {
[INFO] [stdout]                     attrs: [
[INFO] [stdout]                         Attribute {
[INFO] [stdout]                             pound_token: Pound,
[INFO] [stdout]                             style: Outer,
[INFO] [stdout]                             bracket_token: Bracket,
[INFO] [stdout]                             path: Path {
[INFO] [stdout]                                 leading_colon: None,
[INFO] [stdout]                                 segments: [
[INFO] [stdout]                                     PathSegment {
[INFO] [stdout]                                         ident: Ident {
[INFO] [stdout]                                             ident: "index",
[INFO] [stdout]                                             span: #0 bytes(14290..14295),
[INFO] [stdout]                                         },
[INFO] [stdout]                                         arguments: None,
[INFO] [stdout]                                     },
[INFO] [stdout]                                 ],
[INFO] [stdout]                             },
[INFO] [stdout]                             tokens: TokenStream [],
[INFO] [stdout]                         },
[INFO] [stdout]                     ],
[INFO] [stdout]                     vis: Inherited,
[INFO] [stdout]                     ident: Some(
[INFO] [stdout]                         Ident {
[INFO] [stdout]                             ident: "name",
[INFO] [stdout]                             span: #0 bytes(14305..14309),
[INFO] [stdout]                         },
[INFO] [stdout]                     ),
[INFO] [stdout]                     colon_token: Some(
[INFO] [stdout]                         Colon,
[INFO] [stdout]                     ),
[INFO] [stdout]                     ty: Path(
[INFO] [stdout]                         TypePath {
[INFO] [stdout]                             qself: None,
[INFO] [stdout]                             path: Path {
[INFO] [stdout]                                 leading_colon: None,
[INFO] [stdout]                                 segments: [
[INFO] [stdout]                                     PathSegment {
[INFO] [stdout]                                         ident: Ident {
[INFO] [stdout]                                             ident: "String",
[INFO] [stdout]                                             span: #0 bytes(14311..14317),
[INFO] [stdout]                                         },
[INFO] [stdout]                                         arguments: None,
[INFO] [stdout]                                     },
[INFO] [stdout]                                 ],
[INFO] [stdout]                             },
[INFO] [stdout]                         },
[INFO] [stdout]                     ),
[INFO] [stdout]                 },
[INFO] [stdout]                 Comma,
[INFO] [stdout]                 Field {
[INFO] [stdout]                     attrs: [
[INFO] [stdout]                         Attribute {
[INFO] [stdout]                             pound_token: Pound,
[INFO] [stdout]                             style: Outer,
[INFO] [stdout]                             bracket_token: Bracket,
[INFO] [stdout]                             path: Path {
[INFO] [stdout]                                 leading_colon: None,
[INFO] [stdout]                                 segments: [
[INFO] [stdout]                                     PathSegment {
[INFO] [stdout]                                         ident: Ident {
[INFO] [stdout]                                             ident: "index",
[INFO] [stdout]                                             span: #0 bytes(14329..14334),
[INFO] [stdout]                                         },
[INFO] [stdout]                                         arguments: None,
[INFO] [stdout]                                     },
[INFO] [stdout]                                 ],
[INFO] [stdout]                             },
[INFO] [stdout]                             tokens: TokenStream [],
[INFO] [stdout]                         },
[INFO] [stdout]                     ],
[INFO] [stdout]                     vis: Inherited,
[INFO] [stdout]                     ident: Some(
[INFO] [stdout]                         Ident {
[INFO] [stdout]                             ident: "age",
[INFO] [stdout]                             span: #0 bytes(14344..14347),
[INFO] [stdout]                         },
[INFO] [stdout]                     ),
[INFO] [stdout]                     colon_token: Some(
[INFO] [stdout]                         Colon,
[INFO] [stdout]                     ),
[INFO] [stdout]                     ty: Path(
[INFO] [stdout]                         TypePath {
[INFO] [stdout]                             qself: None,
[INFO] [stdout]                             path: Path {
[INFO] [stdout]                                 leading_colon: None,
[INFO] [stdout]                                 segments: [
[INFO] [stdout]                                     PathSegment {
[INFO] [stdout]                                         ident: Ident {
[INFO] [stdout]                                             ident: "u32",
[INFO] [stdout]                                             span: #0 bytes(14349..14352),
[INFO] [stdout]                                         },
[INFO] [stdout]                                         arguments: None,
[INFO] [stdout]                                     },
[INFO] [stdout]                                 ],
[INFO] [stdout]                             },
[INFO] [stdout]                         },
[INFO] [stdout]                     ),
[INFO] [stdout]                 },
[INFO] [stdout]                 Comma,
[INFO] [stdout]             ],
[INFO] [stdout]         },
[INFO] [stdout]     ),
[INFO] [stdout]     semi_token: None,
[INFO] [stdout] }
[INFO] [stdout] warning: unused import: `marker::PhantomData`
[INFO] [stdout]  --> tablev2/src/store.rs:1:34
[INFO] [stdout]   |
[INFO] [stdout] 1 | use std::{collections::BTreeSet, marker::PhantomData};
[INFO] [stdout]   |                                  ^^^^^^^^^^^^^^^^^^^
[INFO] [stdout]   |
[INFO] [stdout]   = note: `#[warn(unused_imports)]` on by default
[INFO] [stdout] 
[INFO] [stdout] 
[INFO] [stdout] warning: unused import: `Table`
[INFO] [stdout]    --> tablev2/src/lib.rs:529:36
[INFO] [stdout]     |
[INFO] [stdout] 529 |     use tablev2::{Query, QueryMut, Table};
[INFO] [stdout]     |                                    ^^^^^
[INFO] [stdout]     |
[INFO] [stdout] help: if this is a test module, consider adding a `#[cfg(test)]` to the containing module
[INFO] [stdout]    --> tablev2/src/lib.rs:527:1
[INFO] [stdout]     |
[INFO] [stdout] 527 | mod tests {
[INFO] [stdout]     | ^^^^^^^^^
[INFO] [stdout] 
[INFO] [stdout] 
[INFO] [stdout] warning: the feature `generic_associated_types` has been stable since 1.65.0 and no longer requires an attribute to enable
[INFO] [stdout]  --> tablev2/src/lib.rs:2:12
[INFO] [stdout]   |
[INFO] [stdout] 2 | #![feature(generic_associated_types)]
[INFO] [stdout]   |            ^^^^^^^^^^^^^^^^^^^^^^^^
[INFO] [stdout]   |
[INFO] [stdout]   = note: `#[warn(stable_features)]` on by default
[INFO] [stdout] 
[INFO] [stdout] 
[INFO] [stdout] warning: the feature `map_first_last` has been stable since 1.66.0 and no longer requires an attribute to enable
[INFO] [stdout]  --> tablev2/src/lib.rs:1:12
[INFO] [stdout]   |
[INFO] [stdout] 1 | #![feature(map_first_last)]
[INFO] [stdout]   |            ^^^^^^^^^^^^^^
[INFO] [stdout] 
[INFO] [stdout] 
[INFO] [stdout] warning: unused import: `Query`
[INFO] [stdout]    --> tablev2/src/lib.rs:529:19
[INFO] [stdout]     |
[INFO] [stdout] 529 |     use tablev2::{Query, QueryMut, Table};
[INFO] [stdout]     |                   ^^^^^
[INFO] [stdout] 
[INFO] [stdout] 
[INFO] [stdout] warning: unused import: `QueryMut`
[INFO] [stdout]    --> tablev2/src/lib.rs:529:26
[INFO] [stdout]     |
[INFO] [stdout] 529 |     use tablev2::{Query, QueryMut, Table};
[INFO] [stdout]     |                          ^^^^^^^^
[INFO] [stdout] 
[INFO] [stdout] 
[INFO] [stdout] warning: methods `name`, `age`, `name_range`, and `age_range` are never used
[INFO] [stdout]    --> tablev2/src/lib.rs:400:12
[INFO] [stdout]     |
[INFO] [stdout] 399 | impl<'a, S> UserQuery<'a, S> {
[INFO] [stdout]     | ---------------------------- methods in this implementation
[INFO] [stdout] 400 |     pub fn name<T>(mut self, name: &T) -> Self
[INFO] [stdout]     |            ^^^^
[INFO] [stdout] ...
[INFO] [stdout] 412 |     pub fn age<T>(mut self, age: &T) -> Self
[INFO] [stdout]     |            ^^^
[INFO] [stdout] ...
[INFO] [stdout] 424 |     pub fn name_range<T, R>(mut self, name_range: R) -> Self
[INFO] [stdout]     |            ^^^^^^^^^^
[INFO] [stdout] ...
[INFO] [stdout] 438 |     pub fn age_range<T, R>(mut self, age_range: R) -> Self
[INFO] [stdout]     |            ^^^^^^^^^
[INFO] [stdout]     |
[INFO] [stdout]     = note: `#[warn(dead_code)]` on by default
[INFO] [stdout] 
[INFO] [stdout] 
[INFO] [stdout] warning: methods `name`, `age`, and `age_range` are never used
[INFO] [stdout]    --> tablev2/src/lib.rs:454:12
[INFO] [stdout]     |
[INFO] [stdout] 453 | impl<'a, S> UserQueryMut<'a, S> {
[INFO] [stdout]     | ------------------------------- methods in this implementation
[INFO] [stdout] 454 |     pub fn name<T>(mut self, name: &T) -> Self
[INFO] [stdout]     |            ^^^^
[INFO] [stdout] ...
[INFO] [stdout] 469 |     pub fn age<T>(mut self, age: &T) -> Self
[INFO] [stdout]     |            ^^^
[INFO] [stdout] ...
[INFO] [stdout] 484 |     pub fn age_range<T, R>(mut self, age_range: R) -> Self
[INFO] [stdout]     |            ^^^^^^^^^
[INFO] [stdout] 
[INFO] [stdout] 
[INFO] [stderr]     Finished `dev` profile [unoptimized + debuginfo] target(s) in 10.28s
[INFO] running `Command { std: "docker" "inspect" "380fd7b803c23ef57225d1af07e7b508f01a0cc91871824f63f3e74d808553b1", kill_on_drop: false }`
[INFO] running `Command { std: "docker" "rm" "-f" "380fd7b803c23ef57225d1af07e7b508f01a0cc91871824f63f3e74d808553b1", kill_on_drop: false }`
[INFO] [stdout] 380fd7b803c23ef57225d1af07e7b508f01a0cc91871824f63f3e74d808553b1
[INFO] running `Command { std: "docker" "create" "-v" "/var/lib/crater-agent-workspace/builds/worker-6-tc1/target:/opt/rustwide/target:rw,Z" "-v" "/var/lib/crater-agent-workspace/builds/worker-6-tc1/source:/opt/rustwide/workdir:ro,Z" "-v" "/var/lib/crater-agent-workspace/cargo-home:/opt/rustwide/cargo-home:ro,Z" "-v" "/var/lib/crater-agent-workspace/rustup-home:/opt/rustwide/rustup-home:ro,Z" "-e" "SOURCE_DIR=/opt/rustwide/workdir" "-e" "CARGO_TARGET_DIR=/opt/rustwide/target" "-e" "CARGO_INCREMENTAL=0" "-e" "RUST_BACKTRACE=full" "-e" "RUSTFLAGS=--cap-lints=forbid" "-e" "RUSTDOCFLAGS=--cap-lints=forbid" "-e" "CARGO_HOME=/opt/rustwide/cargo-home" "-e" "RUSTUP_HOME=/opt/rustwide/rustup-home" "-w" "/opt/rustwide/workdir" "-m" "1610612736" "--user" "0:0" "--network" "none" "ghcr.io/rust-lang/crates-build-env/linux@sha256:819108c5571ea2e421544af4d832f968d213c87fbe3707a016657f43d2f853bc" "/opt/rustwide/cargo-home/bin/cargo" "+nightly-2025-01-18" "test" "--frozen" "--no-run" "--message-format=json", kill_on_drop: false }`
[INFO] [stdout] bca781d27dc51ec861281f34e18ae0df2e8cee46c740111da3d5be7b72870c3b
[INFO] running `Command { std: "docker" "start" "-a" "bca781d27dc51ec861281f34e18ae0df2e8cee46c740111da3d5be7b72870c3b", kill_on_drop: false }`
[INFO] [stderr] warning: virtual workspace defaulting to `resolver = "1"` despite one or more workspace members being on edition 2021 which implies `resolver = "2"`
[INFO] [stderr] note: to keep the current resolver, specify `workspace.resolver = "1"` in the workspace root's manifest
[INFO] [stderr] note: to use the edition 2021 resolver, specify `workspace.resolver = "2"` in the workspace root's manifest
[INFO] [stderr] note: for more details see https://doc.rust-lang.org/cargo/reference/resolver.html#resolver-versions
[INFO] [stderr]    Compiling autocfg v1.0.1
[INFO] [stderr]    Compiling lazy_static v1.4.0
[INFO] [stderr]    Compiling semver v1.0.4
[INFO] [stderr]    Compiling serde v1.0.135
[INFO] [stderr]    Compiling crossbeam-utils v0.8.6
[INFO] [stderr]    Compiling cfg-if v1.0.0
[INFO] [stderr]    Compiling libc v0.2.113
[INFO] [stderr]    Compiling crossbeam-epoch v0.9.6
[INFO] [stderr]    Compiling memchr v2.4.1
[INFO] [stderr]    Compiling rayon-core v1.9.1
[INFO] [stderr]    Compiling scopeguard v1.1.0
[INFO] [stderr]    Compiling ryu v1.0.9
[INFO] [stderr]    Compiling either v1.6.1
[INFO] [stderr]    Compiling serde_json v1.0.78
[INFO] [stderr]    Compiling unicode-width v0.1.9
[INFO] [stderr]    Compiling regex-automata v0.1.10
[INFO] [stderr]    Compiling memoffset v0.6.5
[INFO] [stderr]    Compiling num-traits v0.2.14
[INFO] [stderr]    Compiling rustc_version v0.4.0
[INFO] [stderr]    Compiling num_cpus v1.13.1
[INFO] [stderr]    Compiling crossbeam-channel v0.5.2
[INFO] [stderr]    Compiling rayon v1.5.1
[INFO] [stderr]    Compiling itoa v1.0.1
[INFO] [stderr]    Compiling crossbeam-deque v0.8.1
[INFO] [stderr]    Compiling plotters-backend v0.3.2
[INFO] [stderr]    Compiling serde_derive v1.0.135
[INFO] [stderr]    Compiling cast v0.2.7
[INFO] [stderr]    Compiling plotters-svg v0.3.1
[INFO] [stderr]    Compiling csv-core v0.1.10
[INFO] [stderr]    Compiling textwrap v0.11.0
[INFO] [stderr]    Compiling itertools v0.10.3
[INFO] [stderr]    Compiling tablev2-macros v0.1.0 (/opt/rustwide/workdir/tablev2-macros)
[INFO] [stderr]    Compiling itoa v0.4.8
[INFO] [stderr]    Compiling bitflags v1.3.2
[INFO] [stdout] warning: function `rustfmt` is never used
[INFO] [stdout]    --> tablev2-macros/src/lib.rs:369:4
[INFO] [stdout]     |
[INFO] [stdout] 369 | fn rustfmt(input: &str) -> String {
[INFO] [stdout]     |    ^^^^^^^
[INFO] [stdout]     |
[INFO] [stdout]     = note: `#[warn(dead_code)]` on by default
[INFO] [stdout] 
[INFO] [stdout] 
[INFO] [stdout] warning: struct `A` is never constructed
[INFO] [stdout]    --> tablev2-macros/src/lib.rs:395:8
[INFO] [stdout]     |
[INFO] [stdout] 395 | struct A<T> {
[INFO] [stdout]     |        ^
[INFO] [stdout] 
[INFO] [stdout] 
[INFO] [stderr]    Compiling regex-syntax v0.6.25
[INFO] [stderr]    Compiling same-file v1.0.6
[INFO] [stderr]    Compiling half v1.8.2
[INFO] [stderr]    Compiling walkdir v2.3.2
[INFO] [stderr]    Compiling plotters v0.3.1
[INFO] [stderr]    Compiling clap v2.34.0
[INFO] [stderr]    Compiling regex v1.5.4
[INFO] [stderr]    Compiling criterion-plot v0.4.4
[INFO] [stderr]    Compiling atty v0.2.14
[INFO] [stderr]    Compiling oorandom v11.1.3
[INFO] [stderr]    Compiling bstr v0.2.17
[INFO] [stderr]    Compiling serde_cbor v0.11.2
[INFO] [stderr]    Compiling tablev2 v0.1.0 (/opt/rustwide/workdir/tablev2)
[INFO] [stdout] ItemStruct {
[INFO] [stdout]     attrs: [],
[INFO] [stdout]     vis: Inherited,
[INFO] [stdout]     struct_token: Struct,
[INFO] [stdout]     ident: Ident {
[INFO] [stdout]         ident: "User2",
[INFO] [stdout]         span: #0 bytes(14272..14277),
[INFO] [stdout]     },
[INFO] [stdout]     generics: Generics {
[INFO] [stdout]         lt_token: None,
[INFO] [stdout]         params: [],
[INFO] [stdout]         gt_token: None,
[INFO] [stdout]         where_clause: None,
[INFO] [stdout]     },
[INFO] [stdout]     fields: Named(
[INFO] [stdout]         FieldsNamed {
[INFO] [stdout]             brace_token: Brace,
[INFO] [stdout]             named: [
[INFO] [stdout]                 Field {
[INFO] [stdout]                     attrs: [
[INFO] [stdout]                         Attribute {
[INFO] [stdout]                             pound_token: Pound,
[INFO] [stdout]                             style: Outer,
[INFO] [stdout]                             bracket_token: Bracket,
[INFO] [stdout]                             path: Path {
[INFO] [stdout]                                 leading_colon: None,
[INFO] [stdout]                                 segments: [
[INFO] [stdout]                                     PathSegment {
[INFO] [stdout]                                         ident: Ident {
[INFO] [stdout]                                             ident: "index",
[INFO] [stdout]                                             span: #0 bytes(14290..14295),
[INFO] [stdout]                                         },
[INFO] [stdout]                                         arguments: None,
[INFO] [stdout]                                     },
[INFO] [stdout]                                 ],
[INFO] [stdout]                             },
[INFO] [stdout]                             tokens: TokenStream [],
[INFO] [stdout]                         },
[INFO] [stdout]                     ],
[INFO] [stdout]                     vis: Inherited,
[INFO] [stdout]                     ident: Some(
[INFO] [stdout]                         Ident {
[INFO] [stdout]                             ident: "name",
[INFO] [stdout]                             span: #0 bytes(14305..14309),
[INFO] [stdout]                         },
[INFO] [stdout]                     ),
[INFO] [stdout]                     colon_token: Some(
[INFO] [stdout]                         Colon,
[INFO] [stdout]                     ),
[INFO] [stdout]                     ty: Path(
[INFO] [stdout]                         TypePath {
[INFO] [stdout]                             qself: None,
[INFO] [stdout]                             path: Path {
[INFO] [stdout]                                 leading_colon: None,
[INFO] [stdout]                                 segments: [
[INFO] [stdout]                                     PathSegment {
[INFO] [stdout]                                         ident: Ident {
[INFO] [stdout]                                             ident: "String",
[INFO] [stdout]                                             span: #0 bytes(14311..14317),
[INFO] [stdout]                                         },
[INFO] [stdout]                                         arguments: None,
[INFO] [stdout]                                     },
[INFO] [stdout]                                 ],
[INFO] [stdout]                             },
[INFO] [stdout]                         },
[INFO] [stdout]                     ),
[INFO] [stdout]                 },
[INFO] [stdout]                 Comma,
[INFO] [stdout]                 Field {
[INFO] [stdout]                     attrs: [
[INFO] [stdout]                         Attribute {
[INFO] [stdout]                             pound_token: Pound,
[INFO] [stdout]                             style: Outer,
[INFO] [stdout]                             bracket_token: Bracket,
[INFO] [stdout]                             path: Path {
[INFO] [stdout]                                 leading_colon: None,
[INFO] [stdout]                                 segments: [
[INFO] [stdout]                                     PathSegment {
[INFO] [stdout]                                         ident: Ident {
[INFO] [stdout]                                             ident: "index",
[INFO] [stdout]                                             span: #0 bytes(14329..14334),
[INFO] [stdout]                                         },
[INFO] [stdout]                                         arguments: None,
[INFO] [stdout]                                     },
[INFO] [stdout]                                 ],
[INFO] [stdout]                             },
[INFO] [stdout]                             tokens: TokenStream [],
[INFO] [stdout]                         },
[INFO] [stdout]                     ],
[INFO] [stdout]                     vis: Inherited,
[INFO] [stdout]                     ident: Some(
[INFO] [stdout]                         Ident {
[INFO] [stdout]                             ident: "age",
[INFO] [stdout]                             span: #0 bytes(14344..14347),
[INFO] [stdout]                         },
[INFO] [stdout]                     ),
[INFO] [stdout]                     colon_token: Some(
[INFO] [stdout]                         Colon,
[INFO] [stdout]                     ),
[INFO] [stdout]                     ty: Path(
[INFO] [stdout]                         TypePath {
[INFO] [stdout]                             qself: None,
[INFO] [stdout]                             path: Path {
[INFO] [stdout]                                 leading_colon: None,
[INFO] [stdout]                                 segments: [
[INFO] [stdout]                                     PathSegment {
[INFO] [stdout]                                         ident: Ident {
[INFO] [stdout]                                             ident: "u32",
[INFO] [stdout]                                             span: #0 bytes(14349..14352),
[INFO] [stdout]                                         },
[INFO] [stdout]                                         arguments: None,
[INFO] [stdout]                                     },
[INFO] [stdout]                                 ],
[INFO] [stdout]                             },
[INFO] [stdout]                         },
[INFO] [stdout]                     ),
[INFO] [stdout]                 },
[INFO] [stdout]                 Comma,
[INFO] [stdout]             ],
[INFO] [stdout]         },
[INFO] [stdout]     ),
[INFO] [stdout]     semi_token: None,
[INFO] [stdout] }
[INFO] [stdout] warning: unused import: `marker::PhantomData`
[INFO] [stdout]  --> tablev2/src/store.rs:1:34
[INFO] [stdout]   |
[INFO] [stdout] 1 | use std::{collections::BTreeSet, marker::PhantomData};
[INFO] [stdout]   |                                  ^^^^^^^^^^^^^^^^^^^
[INFO] [stdout]   |
[INFO] [stdout]   = note: `#[warn(unused_imports)]` on by default
[INFO] [stdout] 
[INFO] [stdout] 
[INFO] [stdout] warning: unused import: `Table`
[INFO] [stdout]    --> tablev2/src/lib.rs:529:36
[INFO] [stdout]     |
[INFO] [stdout] 529 |     use tablev2::{Query, QueryMut, Table};
[INFO] [stdout]     |                                    ^^^^^
[INFO] [stdout]     |
[INFO] [stdout] help: if this is a test module, consider adding a `#[cfg(test)]` to the containing module
[INFO] [stdout]    --> tablev2/src/lib.rs:527:1
[INFO] [stdout]     |
[INFO] [stdout] 527 | mod tests {
[INFO] [stdout]     | ^^^^^^^^^
[INFO] [stdout] 
[INFO] [stdout] 
[INFO] [stdout] warning: the feature `generic_associated_types` has been stable since 1.65.0 and no longer requires an attribute to enable
[INFO] [stdout]  --> tablev2/src/lib.rs:2:12
[INFO] [stdout]   |
[INFO] [stdout] 2 | #![feature(generic_associated_types)]
[INFO] [stdout]   |            ^^^^^^^^^^^^^^^^^^^^^^^^
[INFO] [stdout]   |
[INFO] [stdout]   = note: `#[warn(stable_features)]` on by default
[INFO] [stdout] 
[INFO] [stdout] 
[INFO] [stdout] warning: the feature `map_first_last` has been stable since 1.66.0 and no longer requires an attribute to enable
[INFO] [stdout]  --> tablev2/src/lib.rs:1:12
[INFO] [stdout]   |
[INFO] [stdout] 1 | #![feature(map_first_last)]
[INFO] [stdout]   |            ^^^^^^^^^^^^^^
[INFO] [stdout] 
[INFO] [stdout] 
[INFO] [stdout] warning: unused import: `Query`
[INFO] [stdout]    --> tablev2/src/lib.rs:529:19
[INFO] [stdout]     |
[INFO] [stdout] 529 |     use tablev2::{Query, QueryMut, Table};
[INFO] [stdout]     |                   ^^^^^
[INFO] [stdout] 
[INFO] [stdout] 
[INFO] [stdout] warning: unused import: `QueryMut`
[INFO] [stdout]    --> tablev2/src/lib.rs:529:26
[INFO] [stdout]     |
[INFO] [stdout] 529 |     use tablev2::{Query, QueryMut, Table};
[INFO] [stdout]     |                          ^^^^^^^^
[INFO] [stdout] 
[INFO] [stdout] 
[INFO] [stdout] warning: methods `name`, `age`, `name_range`, and `age_range` are never used
[INFO] [stdout]    --> tablev2/src/lib.rs:400:12
[INFO] [stdout]     |
[INFO] [stdout] 399 | impl<'a, S> UserQuery<'a, S> {
[INFO] [stdout]     | ---------------------------- methods in this implementation
[INFO] [stdout] 400 |     pub fn name<T>(mut self, name: &T) -> Self
[INFO] [stdout]     |            ^^^^
[INFO] [stdout] ...
[INFO] [stdout] 412 |     pub fn age<T>(mut self, age: &T) -> Self
[INFO] [stdout]     |            ^^^
[INFO] [stdout] ...
[INFO] [stdout] 424 |     pub fn name_range<T, R>(mut self, name_range: R) -> Self
[INFO] [stdout]     |            ^^^^^^^^^^
[INFO] [stdout] ...
[INFO] [stdout] 438 |     pub fn age_range<T, R>(mut self, age_range: R) -> Self
[INFO] [stdout]     |            ^^^^^^^^^
[INFO] [stdout]     |
[INFO] [stdout]     = note: `#[warn(dead_code)]` on by default
[INFO] [stdout] 
[INFO] [stdout] 
[INFO] [stdout] warning: methods `name`, `age`, and `age_range` are never used
[INFO] [stdout]    --> tablev2/src/lib.rs:454:12
[INFO] [stdout]     |
[INFO] [stdout] 453 | impl<'a, S> UserQueryMut<'a, S> {
[INFO] [stdout]     | ------------------------------- methods in this implementation
[INFO] [stdout] 454 |     pub fn name<T>(mut self, name: &T) -> Self
[INFO] [stdout]     |            ^^^^
[INFO] [stdout] ...
[INFO] [stdout] 469 |     pub fn age<T>(mut self, age: &T) -> Self
[INFO] [stdout]     |            ^^^
[INFO] [stdout] ...
[INFO] [stdout] 484 |     pub fn age_range<T, R>(mut self, age_range: R) -> Self
[INFO] [stdout]     |            ^^^^^^^^^
[INFO] [stdout] 
[INFO] [stdout] 
[INFO] [stdout] warning: struct `A` is never constructed
[INFO] [stdout]    --> tablev2-macros/src/lib.rs:395:8
[INFO] [stdout]     |
[INFO] [stdout] 395 | struct A<T> {
[INFO] [stdout]     |        ^
[INFO] [stdout]     |
[INFO] [stdout]     = note: `#[warn(dead_code)]` on by default
[INFO] [stdout] 
[INFO] [stdout] 
[INFO] [stderr]    Compiling csv v1.1.6
[INFO] [stderr]    Compiling tinytemplate v1.2.1
[INFO] [stderr]    Compiling criterion v0.3.5
[INFO] [stdout] ItemStruct {
[INFO] [stdout]     attrs: [],
[INFO] [stdout]     vis: Inherited,
[INFO] [stdout]     struct_token: Struct,
[INFO] [stdout]     ident: Ident {
[INFO] [stdout]         ident: "User2",
[INFO] [stdout]         span: #0 bytes(14272..14277),
[INFO] [stdout]     },
[INFO] [stdout]     generics: Generics {
[INFO] [stdout]         lt_token: None,
[INFO] [stdout]         params: [],
[INFO] [stdout]         gt_token: None,
[INFO] [stdout]         where_clause: None,
[INFO] [stdout]     },
[INFO] [stdout]     fields: Named(
[INFO] [stdout]         FieldsNamed {
[INFO] [stdout]             brace_token: Brace,
[INFO] [stdout]             named: [
[INFO] [stdout]                 Field {
[INFO] [stdout]                     attrs: [
[INFO] [stdout]                         Attribute {
[INFO] [stdout]                             pound_token: Pound,
[INFO] [stdout]                             style: Outer,
[INFO] [stdout]                             bracket_token: Bracket,
[INFO] [stdout]                             path: Path {
[INFO] [stdout]                                 leading_colon: None,
[INFO] [stdout]                                 segments: [
[INFO] [stdout]                                     PathSegment {
[INFO] [stdout]                                         ident: Ident {
[INFO] [stdout]                                             ident: "index",
[INFO] [stdout]                                             span: #0 bytes(14290..14295),
[INFO] [stdout]                                         },
[INFO] [stdout]                                         arguments: None,
[INFO] [stdout]                                     },
[INFO] [stdout]                                 ],
[INFO] [stdout]                             },
[INFO] [stdout]                             tokens: TokenStream [],
[INFO] [stdout]                         },
[INFO] [stdout]                     ],
[INFO] [stdout]                     vis: Inherited,
[INFO] [stdout]                     ident: Some(
[INFO] [stdout]                         Ident {
[INFO] [stdout]                             ident: "name",
[INFO] [stdout]                             span: #0 bytes(14305..14309),
[INFO] [stdout]                         },
[INFO] [stdout]                     ),
[INFO] [stdout]                     colon_token: Some(
[INFO] [stdout]                         Colon,
[INFO] [stdout]                     ),
[INFO] [stdout]                     ty: Path(
[INFO] [stdout]                         TypePath {
[INFO] [stdout]                             qself: None,
[INFO] [stdout]                             path: Path {
[INFO] [stdout]                                 leading_colon: None,
[INFO] [stdout]                                 segments: [
[INFO] [stdout]                                     PathSegment {
[INFO] [stdout]                                         ident: Ident {
[INFO] [stdout]                                             ident: "String",
[INFO] [stdout]                                             span: #0 bytes(14311..14317),
[INFO] [stdout]                                         },
[INFO] [stdout]                                         arguments: None,
[INFO] [stdout]                                     },
[INFO] [stdout]                                 ],
[INFO] [stdout]                             },
[INFO] [stdout]                         },
[INFO] [stdout]                     ),
[INFO] [stdout]                 },
[INFO] [stdout]                 Comma,
[INFO] [stdout]                 Field {
[INFO] [stdout]                     attrs: [
[INFO] [stdout]                         Attribute {
[INFO] [stdout]                             pound_token: Pound,
[INFO] [stdout]                             style: Outer,
[INFO] [stdout]                             bracket_token: Bracket,
[INFO] [stdout]                             path: Path {
[INFO] [stdout]                                 leading_colon: None,
[INFO] [stdout]                                 segments: [
[INFO] [stdout]                                     PathSegment {
[INFO] [stdout]                                         ident: Ident {
[INFO] [stdout]                                             ident: "index",
[INFO] [stdout]                                             span: #0 bytes(14329..14334),
[INFO] [stdout]                                         },
[INFO] [stdout]                                         arguments: None,
[INFO] [stdout]                                     },
[INFO] [stdout]                                 ],
[INFO] [stdout]                             },
[INFO] [stdout]                             tokens: TokenStream [],
[INFO] [stdout]                         },
[INFO] [stdout]                     ],
[INFO] [stdout]                     vis: Inherited,
[INFO] [stdout]                     ident: Some(
[INFO] [stdout]                         Ident {
[INFO] [stdout]                             ident: "age",
[INFO] [stdout]                             span: #0 bytes(14344..14347),
[INFO] [stdout]                         },
[INFO] [stdout]                     ),
[INFO] [stdout]                     colon_token: Some(
[INFO] [stdout]                         Colon,
[INFO] [stdout]                     ),
[INFO] [stdout]                     ty: Path(
[INFO] [stdout]                         TypePath {
[INFO] [stdout]                             qself: None,
[INFO] [stdout]                             path: Path {
[INFO] [stdout]                                 leading_colon: None,
[INFO] [stdout]                                 segments: [
[INFO] [stdout]                                     PathSegment {
[INFO] [stdout]                                         ident: Ident {
[INFO] [stdout]                                             ident: "u32",
[INFO] [stdout]                                             span: #0 bytes(14349..14352),
[INFO] [stdout]                                         },
[INFO] [stdout]                                         arguments: None,
[INFO] [stdout]                                     },
[INFO] [stdout]                                 ],
[INFO] [stdout]                             },
[INFO] [stdout]                         },
[INFO] [stdout]                     ),
[INFO] [stdout]                 },
[INFO] [stdout]                 Comma,
[INFO] [stdout]             ],
[INFO] [stdout]         },
[INFO] [stdout]     ),
[INFO] [stdout]     semi_token: None,
[INFO] [stdout] }
[INFO] [stdout] warning: unused import: `marker::PhantomData`
[INFO] [stdout]  --> tablev2/src/store.rs:1:34
[INFO] [stdout]   |
[INFO] [stdout] 1 | use std::{collections::BTreeSet, marker::PhantomData};
[INFO] [stdout]   |                                  ^^^^^^^^^^^^^^^^^^^
[INFO] [stdout]   |
[INFO] [stdout]   = note: `#[warn(unused_imports)]` on by default
[INFO] [stdout] 
[INFO] [stdout] 
[INFO] [stdout] warning: the feature `generic_associated_types` has been stable since 1.65.0 and no longer requires an attribute to enable
[INFO] [stdout]  --> tablev2/src/lib.rs:2:12
[INFO] [stdout]   |
[INFO] [stdout] 2 | #![feature(generic_associated_types)]
[INFO] [stdout]   |            ^^^^^^^^^^^^^^^^^^^^^^^^
[INFO] [stdout]   |
[INFO] [stdout]   = note: `#[warn(stable_features)]` on by default
[INFO] [stdout] 
[INFO] [stdout] 
[INFO] [stdout] warning: the feature `map_first_last` has been stable since 1.66.0 and no longer requires an attribute to enable
[INFO] [stdout]  --> tablev2/src/lib.rs:1:12
[INFO] [stdout]   |
[INFO] [stdout] 1 | #![feature(map_first_last)]
[INFO] [stdout]   |            ^^^^^^^^^^^^^^
[INFO] [stdout] 
[INFO] [stdout] 
[INFO] [stdout] warning: methods `name`, `age`, and `name_range` are never used
[INFO] [stdout]    --> tablev2/src/lib.rs:400:12
[INFO] [stdout]     |
[INFO] [stdout] 399 | impl<'a, S> UserQuery<'a, S> {
[INFO] [stdout]     | ---------------------------- methods in this implementation
[INFO] [stdout] 400 |     pub fn name<T>(mut self, name: &T) -> Self
[INFO] [stdout]     |            ^^^^
[INFO] [stdout] ...
[INFO] [stdout] 412 |     pub fn age<T>(mut self, age: &T) -> Self
[INFO] [stdout]     |            ^^^
[INFO] [stdout] ...
[INFO] [stdout] 424 |     pub fn name_range<T, R>(mut self, name_range: R) -> Self
[INFO] [stdout]     |            ^^^^^^^^^^
[INFO] [stdout]     |
[INFO] [stdout]     = note: `#[warn(dead_code)]` on by default
[INFO] [stdout] 
[INFO] [stdout] 
[INFO] [stdout] warning: methods `name`, `age`, and `age_range` are never used
[INFO] [stdout]    --> tablev2/src/lib.rs:454:12
[INFO] [stdout]     |
[INFO] [stdout] 453 | impl<'a, S> UserQueryMut<'a, S> {
[INFO] [stdout]     | ------------------------------- methods in this implementation
[INFO] [stdout] 454 |     pub fn name<T>(mut self, name: &T) -> Self
[INFO] [stdout]     |            ^^^^
[INFO] [stdout] ...
[INFO] [stdout] 469 |     pub fn age<T>(mut self, age: &T) -> Self
[INFO] [stdout]     |            ^^^
[INFO] [stdout] ...
[INFO] [stdout] 484 |     pub fn age_range<T, R>(mut self, age_range: R) -> Self
[INFO] [stdout]     |            ^^^^^^^^^
[INFO] [stdout] 
[INFO] [stdout] 
[INFO] [stderr]     Finished `test` profile [unoptimized + debuginfo] target(s) in 43.26s
[INFO] [stderr] warning: the following packages contain code that will be rejected by a future version of Rust: criterion v0.3.5
[INFO] [stderr] note: to see what the problems were, use the option `--future-incompat-report`, or run `cargo report future-incompatibilities --id 1`
[INFO] running `Command { std: "docker" "inspect" "bca781d27dc51ec861281f34e18ae0df2e8cee46c740111da3d5be7b72870c3b", kill_on_drop: false }`
[INFO] running `Command { std: "docker" "rm" "-f" "bca781d27dc51ec861281f34e18ae0df2e8cee46c740111da3d5be7b72870c3b", kill_on_drop: false }`
[INFO] [stdout] bca781d27dc51ec861281f34e18ae0df2e8cee46c740111da3d5be7b72870c3b
[INFO] running `Command { std: "docker" "create" "-v" "/var/lib/crater-agent-workspace/builds/worker-6-tc1/target:/opt/rustwide/target:rw,Z" "-v" "/var/lib/crater-agent-workspace/builds/worker-6-tc1/source:/opt/rustwide/workdir:ro,Z" "-v" "/var/lib/crater-agent-workspace/cargo-home:/opt/rustwide/cargo-home:ro,Z" "-v" "/var/lib/crater-agent-workspace/rustup-home:/opt/rustwide/rustup-home:ro,Z" "-e" "SOURCE_DIR=/opt/rustwide/workdir" "-e" "CARGO_TARGET_DIR=/opt/rustwide/target" "-e" "CARGO_INCREMENTAL=0" "-e" "RUST_BACKTRACE=full" "-e" "RUSTFLAGS=--cap-lints=forbid" "-e" "RUSTDOCFLAGS=--cap-lints=forbid" "-e" "CARGO_HOME=/opt/rustwide/cargo-home" "-e" "RUSTUP_HOME=/opt/rustwide/rustup-home" "-w" "/opt/rustwide/workdir" "-m" "1610612736" "--user" "0:0" "--network" "none" "ghcr.io/rust-lang/crates-build-env/linux@sha256:819108c5571ea2e421544af4d832f968d213c87fbe3707a016657f43d2f853bc" "/opt/rustwide/cargo-home/bin/cargo" "+nightly-2025-01-18" "test" "--frozen", kill_on_drop: false }`
[INFO] [stdout] 0045ca25ddbaaae21d8bd5fed2ef4ac2a771f1b8bb3ac67a08d0dd065c7abe43
[INFO] running `Command { std: "docker" "start" "-a" "0045ca25ddbaaae21d8bd5fed2ef4ac2a771f1b8bb3ac67a08d0dd065c7abe43", kill_on_drop: false }`
[INFO] [stderr] warning: virtual workspace defaulting to `resolver = "1"` despite one or more workspace members being on edition 2021 which implies `resolver = "2"`
[INFO] [stderr] note: to keep the current resolver, specify `workspace.resolver = "1"` in the workspace root's manifest
[INFO] [stderr] note: to use the edition 2021 resolver, specify `workspace.resolver = "2"` in the workspace root's manifest
[INFO] [stderr] note: for more details see https://doc.rust-lang.org/cargo/reference/resolver.html#resolver-versions
[INFO] [stderr] warning: function `rustfmt` is never used
[INFO] [stderr]    --> tablev2-macros/src/lib.rs:369:4
[INFO] [stderr]     |
[INFO] [stderr] 369 | fn rustfmt(input: &str) -> String {
[INFO] [stderr]     |    ^^^^^^^
[INFO] [stderr]     |
[INFO] [stderr]     = note: `#[warn(dead_code)]` on by default
[INFO] [stderr] 
[INFO] [stderr] warning: struct `A` is never constructed
[INFO] [stderr]    --> tablev2-macros/src/lib.rs:395:8
[INFO] [stderr]     |
[INFO] [stderr] 395 | struct A<T> {
[INFO] [stderr]     |        ^
[INFO] [stderr] 
[INFO] [stderr] warning: `tablev2-macros` (lib) generated 2 warnings
[INFO] [stderr] warning: unused import: `marker::PhantomData`
[INFO] [stderr]  --> tablev2/src/store.rs:1:34
[INFO] [stderr]   |
[INFO] [stderr] 1 | use std::{collections::BTreeSet, marker::PhantomData};
[INFO] [stderr]   |                                  ^^^^^^^^^^^^^^^^^^^
[INFO] [stderr]   |
[INFO] [stderr]   = note: `#[warn(unused_imports)]` on by default
[INFO] [stderr] 
[INFO] [stderr] warning: unused import: `Table`
[INFO] [stderr]    --> tablev2/src/lib.rs:529:36
[INFO] [stderr]     |
[INFO] [stderr] 529 |     use tablev2::{Query, QueryMut, Table};
[INFO] [stderr]     |                                    ^^^^^
[INFO] [stderr]     |
[INFO] [stderr] help: if this is a test module, consider adding a `#[cfg(test)]` to the containing module
[INFO] [stderr]    --> tablev2/src/lib.rs:527:1
[INFO] [stderr]     |
[INFO] [stderr] 527 | mod tests {
[INFO] [stderr]     | ^^^^^^^^^
[INFO] [stderr] 
[INFO] [stderr] warning: the feature `generic_associated_types` has been stable since 1.65.0 and no longer requires an attribute to enable
[INFO] [stderr]  --> tablev2/src/lib.rs:2:12
[INFO] [stderr]   |
[INFO] [stderr] 2 | #![feature(generic_associated_types)]
[INFO] [stderr]   |            ^^^^^^^^^^^^^^^^^^^^^^^^
[INFO] [stderr]   |
[INFO] [stderr]   = note: `#[warn(stable_features)]` on by default
[INFO] [stderr] 
[INFO] [stderr] warning: the feature `map_first_last` has been stable since 1.66.0 and no longer requires an attribute to enable
[INFO] [stderr]  --> tablev2/src/lib.rs:1:12
[INFO] [stderr]   |
[INFO] [stderr] 1 | #![feature(map_first_last)]
[INFO] [stderr]   |            ^^^^^^^^^^^^^^
[INFO] [stderr] 
[INFO] [stderr] warning: unused import: `Query`
[INFO] [stderr]    --> tablev2/src/lib.rs:529:19
[INFO] [stderr]     |
[INFO] [stderr] 529 |     use tablev2::{Query, QueryMut, Table};
[INFO] [stderr]     |                   ^^^^^
[INFO] [stderr] 
[INFO] [stderr] warning: unused import: `QueryMut`
[INFO] [stderr]    --> tablev2/src/lib.rs:529:26
[INFO] [stderr]     |
[INFO] [stderr] 529 |     use tablev2::{Query, QueryMut, Table};
[INFO] [stderr]     |                          ^^^^^^^^
[INFO] [stderr] 
[INFO] [stderr] warning: methods `name`, `age`, `name_range`, and `age_range` are never used
[INFO] [stderr]    --> tablev2/src/lib.rs:400:12
[INFO] [stderr]     |
[INFO] [stderr] 399 | impl<'a, S> UserQuery<'a, S> {
[INFO] [stderr]     | ---------------------------- methods in this implementation
[INFO] [stderr] 400 |     pub fn name<T>(mut self, name: &T) -> Self
[INFO] [stderr]     |            ^^^^
[INFO] [stderr] ...
[INFO] [stderr] 412 |     pub fn age<T>(mut self, age: &T) -> Self
[INFO] [stderr]     |            ^^^
[INFO] [stderr] ...
[INFO] [stderr] 424 |     pub fn name_range<T, R>(mut self, name_range: R) -> Self
[INFO] [stderr]     |            ^^^^^^^^^^
[INFO] [stderr] ...
[INFO] [stderr] 438 |     pub fn age_range<T, R>(mut self, age_range: R) -> Self
[INFO] [stderr]     |            ^^^^^^^^^
[INFO] [stderr]     |
[INFO] [stderr]     = note: `#[warn(dead_code)]` on by default
[INFO] [stderr] 
[INFO] [stderr] warning: methods `name`, `age`, and `age_range` are never used
[INFO] [stderr]    --> tablev2/src/lib.rs:454:12
[INFO] [stderr]     |
[INFO] [stderr] 453 | impl<'a, S> UserQueryMut<'a, S> {
[INFO] [stderr]     | ------------------------------- methods in this implementation
[INFO] [stderr] 454 |     pub fn name<T>(mut self, name: &T) -> Self
[INFO] [stderr]     |            ^^^^
[INFO] [stderr] ...
[INFO] [stderr] 469 |     pub fn age<T>(mut self, age: &T) -> Self
[INFO] [stderr]     |            ^^^
[INFO] [stderr] ...
[INFO] [stderr] 484 |     pub fn age_range<T, R>(mut self, age_range: R) -> Self
[INFO] [stderr]     |            ^^^^^^^^^
[INFO] [stderr] 
[INFO] [stderr] warning: struct `A` is never constructed
[INFO] [stderr]    --> tablev2-macros/src/lib.rs:395:8
[INFO] [stderr]     |
[INFO] [stderr] 395 | struct A<T> {
[INFO] [stderr]     |        ^
[INFO] [stderr]     |
[INFO] [stderr]     = note: `#[warn(dead_code)]` on by default
[INFO] [stderr] 
[INFO] [stderr] warning: `tablev2` (lib) generated 8 warnings (run `cargo fix --lib -p tablev2` to apply 2 suggestions)
[INFO] [stderr] warning: `tablev2-macros` (lib test) generated 1 warning
[INFO] [stderr] warning: methods `name`, `age`, and `name_range` are never used
[INFO] [stderr]    --> tablev2/src/lib.rs:400:12
[INFO] [stderr]     |
[INFO] [stderr] 399 | impl<'a, S> UserQuery<'a, S> {
[INFO] [stderr]     | ---------------------------- methods in this implementation
[INFO] [stderr] 400 |     pub fn name<T>(mut self, name: &T) -> Self
[INFO] [stderr]     |            ^^^^
[INFO] [stderr] ...
[INFO] [stderr] 412 |     pub fn age<T>(mut self, age: &T) -> Self
[INFO] [stderr]     |            ^^^
[INFO] [stderr] ...
[INFO] [stderr] 424 |     pub fn name_range<T, R>(mut self, name_range: R) -> Self
[INFO] [stderr]     |            ^^^^^^^^^^
[INFO] [stderr]     |
[INFO] [stderr]     = note: `#[warn(dead_code)]` on by default
[INFO] [stderr] 
[INFO] [stderr] warning: `tablev2` (lib test) generated 5 warnings (4 duplicates)
[INFO] [stderr]     Finished `test` profile [unoptimized + debuginfo] target(s) in 0.11s
[INFO] [stderr] warning: the following packages contain code that will be rejected by a future version of Rust: criterion v0.3.5
[INFO] [stderr] note: to see what the problems were, use the option `--future-incompat-report`, or run `cargo report future-incompatibilities --id 1`
[INFO] [stderr]      Running unittests src/lib.rs (/opt/rustwide/target/debug/deps/tablev2-7331b03afeab7a8a)
[INFO] [stdout] 
[INFO] [stdout] running 2 tests
[INFO] [stdout] test test_user_table ... ok
[INFO] [stdout] test tests::test_user2_table ... ok
[INFO] [stdout] 
[INFO] [stdout] test result: ok. 2 passed; 0 failed; 0 ignored; 0 measured; 0 filtered out; finished in 0.00s
[INFO] [stdout] 
[INFO] [stderr]      Running unittests src/lib.rs (/opt/rustwide/target/debug/deps/tablev2_macros-50cefdcbc73aa77e)
[INFO] [stdout] 
[INFO] [stdout] running 3 tests
[INFO] [stdout] test test_derive_queryable_errors ... FAILED
[INFO] [stderr] error: 'rustfmt' is not installed for the toolchain 'nightly-2025-01-18-x86_64-unknown-linux-gnu'.
[INFO] [stderr] To install, run `rustup component add --toolchain nightly-2025-01-18-x86_64-unknown-linux-gnu rustfmt`
[INFO] [stdout] test test_derive_queryable ... ok
[INFO] [stderr] error: 'rustfmt' is not installed for the toolchain 'nightly-2025-01-18-x86_64-unknown-linux-gnu'.
[INFO] [stderr] To install, run `rustup component add --toolchain nightly-2025-01-18-x86_64-unknown-linux-gnu rustfmt`
[INFO] [stdout] test test_rustfmt ... ok
[INFO] [stdout] 
[INFO] [stdout] failures:
[INFO] [stdout] 
[INFO] [stdout] ---- test_derive_queryable_errors stdout ----
[INFO] [stdout] 
[INFO] [stdout] thread 'test_derive_queryable_errors' panicked at tablev2-macros/src/lib.rs:24:48:
[INFO] [stdout] called `Result::unwrap()` on an `Err` value: Error("expected `struct`")
[INFO] [stdout] stack backtrace:
[INFO] [stdout]    0:     0x7a0fae71b84a - std::backtrace_rs::backtrace::libunwind::trace::hb059275cfc8d6126
[INFO] [stdout]                                at /rustc/6067b36314ab5eb2eb47cecc464545ba58e1ad24/library/std/src/../../backtrace/src/backtrace/libunwind.rs:116:5
[INFO] [stdout]    1:     0x7a0fae71b84a - std::backtrace_rs::backtrace::trace_unsynchronized::h2da071e4327ce3ee
[INFO] [stdout]                                at /rustc/6067b36314ab5eb2eb47cecc464545ba58e1ad24/library/std/src/../../backtrace/src/backtrace/mod.rs:66:5
[INFO] [stdout]    2:     0x7a0fae71b84a - std::sys::backtrace::_print_fmt::h842a1474e6f8d23f
[INFO] [stdout]                                at /rustc/6067b36314ab5eb2eb47cecc464545ba58e1ad24/library/std/src/sys/backtrace.rs:66:9
[INFO] [stdout]    3:     0x7a0fae71b84a - <std::sys::backtrace::BacktraceLock::print::DisplayBacktrace as core::fmt::Display>::fmt::h71a62eb3b9696b12
[INFO] [stdout]                                at /rustc/6067b36314ab5eb2eb47cecc464545ba58e1ad24/library/std/src/sys/backtrace.rs:39:26
[INFO] [stdout]    4:     0x7a0fae76d6b3 - core::fmt::rt::Argument::fmt::hdb6b616786b41dc1
[INFO] [stdout]                                at /rustc/6067b36314ab5eb2eb47cecc464545ba58e1ad24/library/core/src/fmt/rt.rs:177:76
[INFO] [stdout]    5:     0x7a0fae76d6b3 - core::fmt::write::h2cc1698af7e2d686
[INFO] [stdout]                                at /rustc/6067b36314ab5eb2eb47cecc464545ba58e1ad24/library/core/src/fmt/mod.rs:1440:21
[INFO] [stdout]    6:     0x7a0fae70f353 - std::io::Write::write_fmt::hab1b4cd059a79022
[INFO] [stdout]                                at /rustc/6067b36314ab5eb2eb47cecc464545ba58e1ad24/library/std/src/io/mod.rs:1887:15
[INFO] [stdout]    7:     0x7a0fae71b692 - std::sys::backtrace::BacktraceLock::print::h147fe35b4ea13b08
[INFO] [stdout]                                at /rustc/6067b36314ab5eb2eb47cecc464545ba58e1ad24/library/std/src/sys/backtrace.rs:42:9
[INFO] [stdout]    8:     0x7a0fae71dc5f - std::panicking::default_hook::{{closure}}::hbd44223dbdc0d208
[INFO] [stdout]                                at /rustc/6067b36314ab5eb2eb47cecc464545ba58e1ad24/library/std/src/panicking.rs:298:22
[INFO] [stdout]    9:     0x7a0fae71da78 - std::panicking::default_hook::h20f81eb0576efcec
[INFO] [stdout]                                at /rustc/6067b36314ab5eb2eb47cecc464545ba58e1ad24/library/std/src/panicking.rs:322:9
[INFO] [stdout]   10:     0x5b8496675e23 - <alloc::boxed::Box<F,A> as core::ops::function::Fn<Args>>::call::hdb53814c496a4d34
[INFO] [stdout]                                at /rustc/6067b36314ab5eb2eb47cecc464545ba58e1ad24/library/alloc/src/boxed.rs:2027:9
[INFO] [stdout]   11:     0x5b8496675e23 - test::test_main::{{closure}}::hc0a4963c59427c24
[INFO] [stdout]                                at /rustc/6067b36314ab5eb2eb47cecc464545ba58e1ad24/library/test/src/lib.rs:134:21
[INFO] [stdout]   12:     0x7a0fae71e7c3 - <alloc::boxed::Box<F,A> as core::ops::function::Fn<Args>>::call::h591b2225413a77e9
[INFO] [stdout]                                at /rustc/6067b36314ab5eb2eb47cecc464545ba58e1ad24/library/alloc/src/boxed.rs:2027:9
[INFO] [stdout]   13:     0x7a0fae71e7c3 - std::panicking::rust_panic_with_hook::h625eea43051b2edc
[INFO] [stdout]                                at /rustc/6067b36314ab5eb2eb47cecc464545ba58e1ad24/library/std/src/panicking.rs:839:13
[INFO] [stdout]   14:     0x7a0fae71e47a - std::panicking::begin_panic_handler::{{closure}}::h4f9159cfbc3f6bd3
[INFO] [stdout]                                at /rustc/6067b36314ab5eb2eb47cecc464545ba58e1ad24/library/std/src/panicking.rs:704:13
[INFO] [stdout]   15:     0x7a0fae71bd49 - std::sys::backtrace::__rust_end_short_backtrace::h0390abce48353151
[INFO] [stdout]                                at /rustc/6067b36314ab5eb2eb47cecc464545ba58e1ad24/library/std/src/sys/backtrace.rs:168:18
[INFO] [stdout]   16:     0x7a0fae71e10d - rust_begin_unwind
[INFO] [stdout]                                at /rustc/6067b36314ab5eb2eb47cecc464545ba58e1ad24/library/std/src/panicking.rs:695:5
[INFO] [stdout]   17:     0x7a0fae769780 - core::panicking::panic_fmt::h9e7c637e9e5f29c9
[INFO] [stdout]                                at /rustc/6067b36314ab5eb2eb47cecc464545ba58e1ad24/library/core/src/panicking.rs:75:14
[INFO] [stdout]   18:     0x7a0fae769cf6 - core::result::unwrap_failed::h7979f09313fe1849
[INFO] [stdout]                                at /rustc/6067b36314ab5eb2eb47cecc464545ba58e1ad24/library/core/src/result.rs:1704:5
[INFO] [stdout]   19:     0x5b84966202fc - core::result::Result<T,E>::unwrap::h5283c259e8347187
[INFO] [stdout]                                at /rustc/6067b36314ab5eb2eb47cecc464545ba58e1ad24/library/core/src/result.rs:1109:23
[INFO] [stdout]   20:     0x5b84966202fc - tablev2_macros::derive_queryable_inner::h62d1cfd5d1c1bf6f
[INFO] [stdout]                                at /opt/rustwide/workdir/tablev2-macros/src/lib.rs:24:29
[INFO] [stdout]   21:     0x5b84966307b5 - tablev2_macros::test_derive_queryable_errors::h30799b7f3f917591
[INFO] [stdout]                                at /opt/rustwide/workdir/tablev2-macros/src/lib.rs:410:13
[INFO] [stdout]   22:     0x5b8496630647 - tablev2_macros::test_derive_queryable_errors::{{closure}}::hbc6dd3b4963b3020
[INFO] [stdout]                                at /opt/rustwide/workdir/tablev2-macros/src/lib.rs:404:34
[INFO] [stdout]   23:     0x5b8496634166 - core::ops::function::FnOnce::call_once::h19977ce238f2fe68
[INFO] [stdout]                                at /rustc/6067b36314ab5eb2eb47cecc464545ba58e1ad24/library/core/src/ops/function.rs:250:5
[INFO] [stdout]   24:     0x5b849667b57b - core::ops::function::FnOnce::call_once::he27718dfdd183f43
[INFO] [stdout]                                at /rustc/6067b36314ab5eb2eb47cecc464545ba58e1ad24/library/core/src/ops/function.rs:250:5
[INFO] [stdout]   25:     0x5b849667b57b - test::__rust_begin_short_backtrace::h4e84902998457a5d
[INFO] [stdout]                                at /rustc/6067b36314ab5eb2eb47cecc464545ba58e1ad24/library/test/src/lib.rs:632:18
[INFO] [stdout]   26:     0x5b849667a4b3 - test::run_test_in_process::{{closure}}::h7176fd18fc1feca0
[INFO] [stdout]                                at /rustc/6067b36314ab5eb2eb47cecc464545ba58e1ad24/library/test/src/lib.rs:655:60
[INFO] [stdout]   27:     0x5b849667a4b3 - <core::panic::unwind_safe::AssertUnwindSafe<F> as core::ops::function::FnOnce<()>>::call_once::hf79cff2a624d8cf7
[INFO] [stdout]                                at /rustc/6067b36314ab5eb2eb47cecc464545ba58e1ad24/library/core/src/panic/unwind_safe.rs:272:9
[INFO] [stdout]   28:     0x5b849667a4b3 - std::panicking::try::do_call::h3da0561d9ab99c25
[INFO] [stdout]                                at /rustc/6067b36314ab5eb2eb47cecc464545ba58e1ad24/library/std/src/panicking.rs:587:40
[INFO] [stdout]   29:     0x5b849667a4b3 - std::panicking::try::h41c9fa508bc61df6
[INFO] [stdout]                                at /rustc/6067b36314ab5eb2eb47cecc464545ba58e1ad24/library/std/src/panicking.rs:550:19
[INFO] [stdout]   30:     0x5b849667a4b3 - std::panic::catch_unwind::h6b3ff07bb5afad93
[INFO] [stdout]                                at /rustc/6067b36314ab5eb2eb47cecc464545ba58e1ad24/library/std/src/panic.rs:358:14
[INFO] [stdout]   31:     0x5b849667a4b3 - test::run_test_in_process::hc7253dd11b39b9f4
[INFO] [stdout]                                at /rustc/6067b36314ab5eb2eb47cecc464545ba58e1ad24/library/test/src/lib.rs:655:27
[INFO] [stdout]   32:     0x5b849667a4b3 - test::run_test::{{closure}}::hfb2007f8649c30bb
[INFO] [stdout]                                at /rustc/6067b36314ab5eb2eb47cecc464545ba58e1ad24/library/test/src/lib.rs:576:43
[INFO] [stdout]   33:     0x5b849663d595 - test::run_test::{{closure}}::h56a17aa7a282a9f4
[INFO] [stdout]                                at /rustc/6067b36314ab5eb2eb47cecc464545ba58e1ad24/library/test/src/lib.rs:606:41
[INFO] [stdout]   34:     0x5b849663d595 - std::sys::backtrace::__rust_begin_short_backtrace::hd2d2d2fb8e8c6aac
[INFO] [stdout]                                at /rustc/6067b36314ab5eb2eb47cecc464545ba58e1ad24/library/std/src/sys/backtrace.rs:152:18
[INFO] [stdout]   35:     0x5b8496640e7a - std::thread::Builder::spawn_unchecked_::{{closure}}::{{closure}}::h4faa3f9db6133423
[INFO] [stdout]                                at /rustc/6067b36314ab5eb2eb47cecc464545ba58e1ad24/library/std/src/thread/mod.rs:559:17
[INFO] [stdout]   36:     0x5b8496640e7a - <core::panic::unwind_safe::AssertUnwindSafe<F> as core::ops::function::FnOnce<()>>::call_once::hf2e855a36a4ea846
[INFO] [stdout]                                at /rustc/6067b36314ab5eb2eb47cecc464545ba58e1ad24/library/core/src/panic/unwind_safe.rs:272:9
[INFO] [stdout]   37:     0x5b8496640e7a - std::panicking::try::do_call::h2f73af3616c35465
[INFO] [stdout]                                at /rustc/6067b36314ab5eb2eb47cecc464545ba58e1ad24/library/std/src/panicking.rs:587:40
[INFO] [stdout]   38:     0x5b8496640e7a - std::panicking::try::hd1660ce9efadef5a
[INFO] [stdout]                                at /rustc/6067b36314ab5eb2eb47cecc464545ba58e1ad24/library/std/src/panicking.rs:550:19
[INFO] [stdout]   39:     0x5b8496640e7a - std::panic::catch_unwind::h5ee8d7823b8ca744
[INFO] [stdout]                                at /rustc/6067b36314ab5eb2eb47cecc464545ba58e1ad24/library/std/src/panic.rs:358:14
[INFO] [stdout]   40:     0x5b8496640e7a - std::thread::Builder::spawn_unchecked_::{{closure}}::h53c3a1894dce8407
[INFO] [stdout]                                at /rustc/6067b36314ab5eb2eb47cecc464545ba58e1ad24/library/std/src/thread/mod.rs:557:30
[INFO] [stdout]   41:     0x5b8496640e7a - core::ops::function::FnOnce::call_once{{vtable.shim}}::h048ce291ad4f62bf
[INFO] [stdout]                                at /rustc/6067b36314ab5eb2eb47cecc464545ba58e1ad24/library/core/src/ops/function.rs:250:5
[INFO] [stdout]   42:     0x7a0fae72889b - <alloc::boxed::Box<F,A> as core::ops::function::FnOnce<Args>>::call_once::ha52bedf99a3b4981
[INFO] [stdout]                                at /rustc/6067b36314ab5eb2eb47cecc464545ba58e1ad24/library/alloc/src/boxed.rs:2013:9
[INFO] [stdout]   43:     0x7a0fae72889b - <alloc::boxed::Box<F,A> as core::ops::function::FnOnce<Args>>::call_once::h567748934d80ccf8
[INFO] [stdout]                                at /rustc/6067b36314ab5eb2eb47cecc464545ba58e1ad24/library/alloc/src/boxed.rs:2013:9
[INFO] [stdout]   44:     0x7a0fae72889b - std::sys::pal::unix::thread::Thread::new::thread_start::h2d970728ae887adc
[INFO] [stdout]                                at /rustc/6067b36314ab5eb2eb47cecc464545ba58e1ad24/library/std/src/sys/pal/unix/thread.rs:106:17
[INFO] [stdout]   45:     0x7a0fae396ac3 - <unknown>
[INFO] [stdout]   46:     0x7a0fae427a04 - clone
[INFO] [stdout]   47:                0x0 - <unknown>
[INFO] [stdout] 
[INFO] [stdout] 
[INFO] [stdout] failures:
[INFO] [stdout]     test_derive_queryable_errors
[INFO] [stdout] 
[INFO] [stdout] test result: FAILED. 2 passed; 1 failed; 0 ignored; 0 measured; 0 filtered out; finished in 3.03s
[INFO] [stdout] 
[INFO] [stderr] error: test failed, to rerun pass `-p tablev2-macros --lib`
[INFO] running `Command { std: "docker" "inspect" "0045ca25ddbaaae21d8bd5fed2ef4ac2a771f1b8bb3ac67a08d0dd065c7abe43", kill_on_drop: false }`
[INFO] running `Command { std: "docker" "rm" "-f" "0045ca25ddbaaae21d8bd5fed2ef4ac2a771f1b8bb3ac67a08d0dd065c7abe43", kill_on_drop: false }`
[INFO] [stdout] 0045ca25ddbaaae21d8bd5fed2ef4ac2a771f1b8bb3ac67a08d0dd065c7abe43
