[INFO] cloning repository https://github.com/chmod77/pusher-rs
[INFO] running `Command { std: "git" "-c" "credential.helper=" "-c" "credential.helper=/workspace/cargo-home/bin/git-credential-null" "clone" "--bare" "https://github.com/chmod77/pusher-rs" "/workspace/cache/git-repos/https%3A%2F%2Fgithub.com%2Fchmod77%2Fpusher-rs", kill_on_drop: false }`
[INFO] [stderr] Cloning into bare repository '/workspace/cache/git-repos/https%3A%2F%2Fgithub.com%2Fchmod77%2Fpusher-rs'...
[INFO] running `Command { std: "git" "rev-parse" "HEAD", kill_on_drop: false }`
[INFO] [stdout] ee09847f904bf49932f3d6f9d552c2f0439af08d
[INFO] testing chmod77/pusher-rs against nightly-2025-01-18 for randomize-layout-2
[INFO] running `Command { std: "git" "clone" "/workspace/cache/git-repos/https%3A%2F%2Fgithub.com%2Fchmod77%2Fpusher-rs" "/workspace/builds/worker-1-tc1/source", kill_on_drop: false }`
[INFO] [stderr] Cloning into '/workspace/builds/worker-1-tc1/source'...
[INFO] [stderr] done.
[INFO] validating manifest of git repo https://github.com/chmod77/pusher-rs on toolchain nightly-2025-01-18
[INFO] running `Command { std: CARGO_HOME="/workspace/cargo-home" RUSTUP_HOME="/workspace/rustup-home" "/workspace/cargo-home/bin/cargo" "+nightly-2025-01-18" "metadata" "--manifest-path" "Cargo.toml" "--no-deps", kill_on_drop: false }`
[INFO] started tweaking git repo https://github.com/chmod77/pusher-rs
[INFO] finished tweaking git repo https://github.com/chmod77/pusher-rs
[INFO] tweaked toml for git repo https://github.com/chmod77/pusher-rs written to /workspace/builds/worker-1-tc1/source/Cargo.toml
[INFO] crate git repo https://github.com/chmod77/pusher-rs already has a lockfile, it will not be regenerated
[INFO] running `Command { std: CARGO_HOME="/workspace/cargo-home" RUSTUP_HOME="/workspace/rustup-home" "/workspace/cargo-home/bin/cargo" "+nightly-2025-01-18" "fetch" "--manifest-path" "Cargo.toml", kill_on_drop: false }`
[INFO] running `Command { std: "docker" "create" "-v" "/var/lib/crater-agent-workspace/builds/worker-1-tc1/target:/opt/rustwide/target:rw,Z" "-v" "/var/lib/crater-agent-workspace/builds/worker-1-tc1/source:/opt/rustwide/workdir:ro,Z" "-v" "/var/lib/crater-agent-workspace/cargo-home:/opt/rustwide/cargo-home:ro,Z" "-v" "/var/lib/crater-agent-workspace/rustup-home:/opt/rustwide/rustup-home:ro,Z" "-e" "SOURCE_DIR=/opt/rustwide/workdir" "-e" "CARGO_TARGET_DIR=/opt/rustwide/target" "-e" "CARGO_HOME=/opt/rustwide/cargo-home" "-e" "RUSTUP_HOME=/opt/rustwide/rustup-home" "-w" "/opt/rustwide/workdir" "-m" "1610612736" "--user" "0:0" "--network" "none" "ghcr.io/rust-lang/crates-build-env/linux@sha256:819108c5571ea2e421544af4d832f968d213c87fbe3707a016657f43d2f853bc" "/opt/rustwide/cargo-home/bin/cargo" "+nightly-2025-01-18" "metadata" "--no-deps" "--format-version=1", kill_on_drop: false }`
[INFO] [stdout] 427878a25e0925df4180ba06f2574bb3e4e66f07e590ac9f4aef8d0d51accfee
[INFO] running `Command { std: "docker" "start" "-a" "427878a25e0925df4180ba06f2574bb3e4e66f07e590ac9f4aef8d0d51accfee", kill_on_drop: false }`
[INFO] running `Command { std: "docker" "inspect" "427878a25e0925df4180ba06f2574bb3e4e66f07e590ac9f4aef8d0d51accfee", kill_on_drop: false }`
[INFO] running `Command { std: "docker" "rm" "-f" "427878a25e0925df4180ba06f2574bb3e4e66f07e590ac9f4aef8d0d51accfee", kill_on_drop: false }`
[INFO] [stdout] 427878a25e0925df4180ba06f2574bb3e4e66f07e590ac9f4aef8d0d51accfee
[INFO] running `Command { std: "docker" "create" "-v" "/var/lib/crater-agent-workspace/builds/worker-1-tc1/target:/opt/rustwide/target:rw,Z" "-v" "/var/lib/crater-agent-workspace/builds/worker-1-tc1/source:/opt/rustwide/workdir:ro,Z" "-v" "/var/lib/crater-agent-workspace/cargo-home:/opt/rustwide/cargo-home:ro,Z" "-v" "/var/lib/crater-agent-workspace/rustup-home:/opt/rustwide/rustup-home:ro,Z" "-e" "SOURCE_DIR=/opt/rustwide/workdir" "-e" "CARGO_TARGET_DIR=/opt/rustwide/target" "-e" "CARGO_INCREMENTAL=0" "-e" "RUST_BACKTRACE=full" "-e" "RUSTFLAGS=--cap-lints=forbid" "-e" "RUSTDOCFLAGS=--cap-lints=forbid" "-e" "CARGO_HOME=/opt/rustwide/cargo-home" "-e" "RUSTUP_HOME=/opt/rustwide/rustup-home" "-w" "/opt/rustwide/workdir" "-m" "1610612736" "--user" "0:0" "--network" "none" "ghcr.io/rust-lang/crates-build-env/linux@sha256:819108c5571ea2e421544af4d832f968d213c87fbe3707a016657f43d2f853bc" "/opt/rustwide/cargo-home/bin/cargo" "+nightly-2025-01-18" "build" "--frozen" "--message-format=json", kill_on_drop: false }`
[INFO] [stdout] 4cd95e6fbedddd9eb3e2a8cfdf4978e547f3277ac013161ae8a0bc23a25a1782
[INFO] running `Command { std: "docker" "start" "-a" "4cd95e6fbedddd9eb3e2a8cfdf4978e547f3277ac013161ae8a0bc23a25a1782", kill_on_drop: false }`
[INFO] [stderr]    Compiling proc-macro2 v1.0.86
[INFO] [stderr]    Compiling unicode-ident v1.0.12
[INFO] [stderr]    Compiling libc v0.2.158
[INFO] [stderr]    Compiling autocfg v1.3.0
[INFO] [stderr]    Compiling version_check v0.9.5
[INFO] [stderr]    Compiling typenum v1.17.0
[INFO] [stderr]    Compiling bytes v1.7.1
[INFO] [stderr]    Compiling pin-project-lite v0.2.14
[INFO] [stderr]    Compiling parking_lot_core v0.9.10
[INFO] [stderr]    Compiling itoa v1.0.11
[INFO] [stderr]    Compiling futures-core v0.3.30
[INFO] [stderr]    Compiling scopeguard v1.2.0
[INFO] [stderr]    Compiling smallvec v1.13.2
[INFO] [stderr]    Compiling shlex v1.3.0
[INFO] [stderr]    Compiling vcpkg v0.2.15
[INFO] [stderr]    Compiling pkg-config v0.3.30
[INFO] [stderr]    Compiling cc v1.1.15
[INFO] [stderr]    Compiling once_cell v1.19.0
[INFO] [stderr]    Compiling futures-sink v0.3.30
[INFO] [stderr]    Compiling log v0.4.22
[INFO] [stderr]    Compiling futures-task v0.3.30
[INFO] [stderr]    Compiling httparse v1.9.4
[INFO] [stderr]    Compiling memchr v2.7.4
[INFO] [stderr]    Compiling byteorder v1.5.0
[INFO] [stderr]    Compiling hashbrown v0.14.5
[INFO] [stderr]    Compiling subtle v2.6.1
[INFO] [stderr]    Compiling generic-array v0.14.7
[INFO] [stderr]    Compiling equivalent v1.0.1
[INFO] [stderr]    Compiling lock_api v0.4.12
[INFO] [stderr]    Compiling slab v0.4.9
[INFO] [stderr]    Compiling openssl v0.10.66
[INFO] [stderr]    Compiling try-lock v0.2.5
[INFO] [stderr]    Compiling tracing-core v0.1.32
[INFO] [stderr]    Compiling serde v1.0.209
[INFO] [stderr]    Compiling http v1.1.0
[INFO] [stderr]    Compiling cpufeatures v0.2.13
[INFO] [stderr]    Compiling atomic-waker v1.1.2
[INFO] [stderr]    Compiling bitflags v2.6.0
[INFO] [stderr]    Compiling tinyvec_macros v0.1.1
[INFO] [stderr]    Compiling native-tls v0.2.12
[INFO] [stderr]    Compiling tinyvec v1.8.0
[INFO] [stderr]    Compiling want v0.3.1
[INFO] [stderr]    Compiling quote v1.0.37
[INFO] [stderr]    Compiling aho-corasick v1.1.3
[INFO] [stderr]    Compiling indexmap v2.4.0
[INFO] [stderr]    Compiling futures-channel v0.3.30
[INFO] [stderr]    Compiling tracing v0.1.40
[INFO] [stderr]    Compiling percent-encoding v2.3.1
[INFO] [stderr]    Compiling openssl-probe v0.1.5
[INFO] [stderr]    Compiling syn v2.0.76
[INFO] [stderr]    Compiling mio v1.0.2
[INFO] [stderr]    Compiling socket2 v0.5.7
[INFO] [stderr]    Compiling signal-hook-registry v1.4.2
[INFO] [stderr]    Compiling http-body v1.0.1
[INFO] [stderr]    Compiling getrandom v0.2.15
[INFO] [stderr]    Compiling tower-service v0.3.3
[INFO] [stderr]    Compiling tower-layer v0.3.3
[INFO] [stderr]    Compiling rand_core v0.6.4
[INFO] [stderr]    Compiling parking_lot v0.12.3
[INFO] [stderr]    Compiling regex-syntax v0.8.4
[INFO] [stderr]    Compiling thiserror v1.0.63
[INFO] [stderr]    Compiling form_urlencoded v1.2.1
[INFO] [stderr]    Compiling ryu v1.0.18
[INFO] [stderr]    Compiling utf8parse v0.2.2
[INFO] [stderr]    Compiling openssl-sys v0.9.103
[INFO] [stderr]    Compiling unicode-normalization v0.1.23
[INFO] [stderr]    Compiling serde_json v1.0.127
[INFO] [stderr]    Compiling unicode-bidi v0.3.15
[INFO] [stderr]    Compiling anstyle-parse v0.2.5
[INFO] [stderr]    Compiling colorchoice v1.0.2
[INFO] [stderr]    Compiling base64 v0.22.1
[INFO] [stderr]    Compiling anstyle-query v1.1.1
[INFO] [stderr]    Compiling data-encoding v2.6.0
[INFO] [stderr]    Compiling is_terminal_polyfill v1.70.1
[INFO] [stderr]    Compiling rustls-pki-types v1.8.0
[INFO] [stderr]    Compiling utf-8 v0.7.6
[INFO] [stderr]    Compiling anstyle v1.0.8
[INFO] [stderr]    Compiling sync_wrapper v1.0.1
[INFO] [stderr]    Compiling encoding_rs v0.8.34
[INFO] [stderr]    Compiling ipnet v2.9.0
[INFO] [stderr]    Compiling humantime v2.1.0
[INFO] [stderr]    Compiling mime v0.3.17
[INFO] [stderr]    Compiling md5 v0.7.0
[INFO] [stderr]    Compiling anstream v0.6.15
[INFO] [stderr]    Compiling idna v0.5.0
[INFO] [stderr]    Compiling rustls-pemfile v2.1.3
[INFO] [stderr]    Compiling hex v0.4.3
[INFO] [stderr]    Compiling dotenv v0.15.0
[INFO] [stderr]    Compiling crypto-common v0.1.6
[INFO] [stderr]    Compiling block-buffer v0.10.4
[INFO] [stderr]    Compiling block-padding v0.3.3
[INFO] [stderr]    Compiling inout v0.1.3
[INFO] [stderr]    Compiling regex-automata v0.4.7
[INFO] [stderr]    Compiling digest v0.10.7
[INFO] [stderr]    Compiling cipher v0.4.4
[INFO] [stderr]    Compiling sha1 v0.10.6
[INFO] [stderr]    Compiling hmac v0.12.1
[INFO] [stderr]    Compiling sha2 v0.10.8
[INFO] [stderr]    Compiling cbc v0.1.2
[INFO] [stderr]    Compiling aes v0.8.4
[INFO] [stderr]    Compiling url v2.5.2
[INFO] [stderr]    Compiling tokio-macros v2.4.0
[INFO] [stderr]    Compiling futures-macro v0.3.30
[INFO] [stderr]    Compiling zerocopy-derive v0.7.35
[INFO] [stderr]    Compiling openssl-macros v0.1.1
[INFO] [stderr]    Compiling pin-project-internal v1.1.5
[INFO] [stderr]    Compiling serde_derive v1.0.209
[INFO] [stderr]    Compiling thiserror-impl v1.0.63
[INFO] [stderr]    Compiling async-trait v0.1.81
[INFO] [stderr]    Compiling tokio v1.39.3
[INFO] [stderr]    Compiling zerocopy v0.7.35
[INFO] [stderr]    Compiling futures-util v0.3.30
[INFO] [stderr]    Compiling regex v1.10.6
[INFO] [stderr]    Compiling pin-project v1.1.5
[INFO] [stderr]    Compiling ppv-lite86 v0.2.20
[INFO] [stderr]    Compiling env_filter v0.1.2
[INFO] [stderr]    Compiling env_logger v0.11.5
[INFO] [stderr]    Compiling rand_chacha v0.3.1
[INFO] [stderr]    Compiling rand v0.8.5
[INFO] [stderr]    Compiling tungstenite v0.23.0
[INFO] [stderr]    Compiling http-body-util v0.1.2
[INFO] [stderr]    Compiling tokio-util v0.7.11
[INFO] [stderr]    Compiling tower v0.4.13
[INFO] [stderr]    Compiling tokio-native-tls v0.3.1
[INFO] [stderr]    Compiling tokio-tungstenite v0.23.1
[INFO] [stderr]    Compiling h2 v0.4.6
[INFO] [stderr]    Compiling serde_urlencoded v0.7.1
[INFO] [stderr]    Compiling hyper v1.4.1
[INFO] [stderr]    Compiling hyper-util v0.1.7
[INFO] [stderr]    Compiling hyper-tls v0.6.0
[INFO] [stderr]    Compiling reqwest v0.12.7
[INFO] [stderr]    Compiling pusher-rs v0.1.2 (/opt/rustwide/workdir)
[INFO] [stdout] warning: unused import: `warn`
[INFO] [stdout]   --> src/websocket.rs:13:31
[INFO] [stdout]    |
[INFO] [stdout] 13 | use log::{debug, error, info, warn};
[INFO] [stdout]    |                               ^^^^
[INFO] [stdout]    |
[INFO] [stdout]    = note: `#[warn(unused_imports)]` on by default
[INFO] [stdout] 
[INFO] [stdout] 
[INFO] [stdout] warning: unused import: `std::pin::Pin`
[INFO] [stdout]   --> src/websocket.rs:14:5
[INFO] [stdout]    |
[INFO] [stdout] 14 | use std::pin::Pin;
[INFO] [stdout]    |     ^^^^^^^^^^^^^
[INFO] [stdout] 
[INFO] [stdout] 
[INFO] [stdout] warning: unused import: `SystemEvent`
[INFO] [stdout]   --> src/websocket.rs:17:20
[INFO] [stdout]    |
[INFO] [stdout] 17 | use crate::{Event, SystemEvent, ConnectionState};
[INFO] [stdout]    |                    ^^^^^^^^^^^
[INFO] [stdout] 
[INFO] [stdout] 
[INFO] [stdout] warning: unused import: `Value`
[INFO] [stdout]   --> src/lib.rs:18:24
[INFO] [stdout]    |
[INFO] [stdout] 18 | use serde_json::{json, Value};
[INFO] [stdout]    |                        ^^^^^
[INFO] [stdout] 
[INFO] [stdout] 
[INFO] [stdout] warning: use of deprecated function `base64::encode`: Use Engine::encode
[INFO] [stdout]    --> src/lib.rs:458:20
[INFO] [stdout]     |
[INFO] [stdout] 458 |         Ok(base64::encode(result))
[INFO] [stdout]     |                    ^^^^^^
[INFO] [stdout]     |
[INFO] [stdout]     = note: `#[warn(deprecated)]` on by default
[INFO] [stdout] 
[INFO] [stdout] 
[INFO] [stdout] warning: use of deprecated function `base64::decode`: Use Engine::decode
[INFO] [stdout]    --> src/lib.rs:477:31
[INFO] [stdout]     |
[INFO] [stdout] 477 |         let decoded = base64::decode(encrypted_data)
[INFO] [stdout]     |                               ^^^^^^
[INFO] [stdout] 
[INFO] [stdout] 
[INFO] [stdout] warning: associated items `handle_event` and `decrypt_data` are never used
[INFO] [stdout]    --> src/lib.rs:406:14
[INFO] [stdout]     |
[INFO] [stdout] 63  | impl PusherClient {
[INFO] [stdout]     | ----------------- associated items in this implementation
[INFO] [stdout] ...
[INFO] [stdout] 406 |     async fn handle_event(
[INFO] [stdout]     |              ^^^^^^^^^^^^
[INFO] [stdout] ...
[INFO] [stdout] 476 |     fn decrypt_data(&self, encrypted_data: &str, shared_secret: &[u8]) -> PusherResult<String> {
[INFO] [stdout]     |        ^^^^^^^^^^^^
[INFO] [stdout]     |
[INFO] [stdout]     = note: `#[warn(dead_code)]` on by default
[INFO] [stdout] 
[INFO] [stdout] 
[INFO] [stdout] warning: type alias `HmacSha256` is never used
[INFO] [stdout]   --> src/auth.rs:10:6
[INFO] [stdout]    |
[INFO] [stdout] 10 | type HmacSha256 = Hmac<Sha256>;
[INFO] [stdout]    |      ^^^^^^^^^^
[INFO] [stdout] 
[INFO] [stdout] 
[INFO] [stdout] warning: field `channels` is never read
[INFO] [stdout]   --> src/channels.rs:95:5
[INFO] [stdout]    |
[INFO] [stdout] 94 | pub struct ChannelList {
[INFO] [stdout]    |            ----------- field in this struct
[INFO] [stdout] 95 |     channels: HashMap<String, Channel>,
[INFO] [stdout]    |     ^^^^^^^^
[INFO] [stdout] 
[INFO] [stdout] 
[INFO] [stdout] warning: multiple methods are never used
[INFO] [stdout]    --> src/channels.rs:105:12
[INFO] [stdout]     |
[INFO] [stdout] 98  | impl ChannelList {
[INFO] [stdout]     | ---------------- methods in this implementation
[INFO] [stdout] ...
[INFO] [stdout] 105 |     pub fn add(&mut self, channel: Channel) {
[INFO] [stdout]     |            ^^^
[INFO] [stdout] ...
[INFO] [stdout] 109 |     pub fn remove(&mut self, channel_name: &str) -> Option<Channel> {
[INFO] [stdout]     |            ^^^^^^
[INFO] [stdout] ...
[INFO] [stdout] 113 |     pub fn get(&self, channel_name: &str) -> Option<&Channel> {
[INFO] [stdout]     |            ^^^
[INFO] [stdout] ...
[INFO] [stdout] 117 |     pub fn get_mut(&mut self, channel_name: &str) -> Option<&mut Channel> {
[INFO] [stdout]     |            ^^^^^^^
[INFO] [stdout] ...
[INFO] [stdout] 121 |     pub fn contains(&self, channel_name: &str) -> bool {
[INFO] [stdout]     |            ^^^^^^^^
[INFO] [stdout] ...
[INFO] [stdout] 125 |     pub fn iter(&self) -> impl Iterator<Item = &Channel> {
[INFO] [stdout]     |            ^^^^
[INFO] [stdout] ...
[INFO] [stdout] 129 |     pub fn iter_mut(&mut self) -> impl Iterator<Item = &mut Channel> {
[INFO] [stdout]     |            ^^^^^^^^
[INFO] [stdout] 
[INFO] [stdout] 
[INFO] [stdout] warning: function `auth_error` is never used
[INFO] [stdout]   --> src/error.rs:80:8
[INFO] [stdout]    |
[INFO] [stdout] 80 | pub fn auth_error(message: impl Into<String>) -> PusherError {
[INFO] [stdout]    |        ^^^^^^^^^^
[INFO] [stdout] 
[INFO] [stdout] 
[INFO] [stdout] warning: function `event_error` is never used
[INFO] [stdout]   --> src/error.rs:88:8
[INFO] [stdout]    |
[INFO] [stdout] 88 | pub fn event_error(message: impl Into<String>) -> PusherError {
[INFO] [stdout]    |        ^^^^^^^^^^^
[INFO] [stdout] 
[INFO] [stdout] 
[INFO] [stdout] warning: function `connection_error` is never used
[INFO] [stdout]   --> src/error.rs:92:8
[INFO] [stdout]    |
[INFO] [stdout] 92 | pub fn connection_error(message: impl Into<String>) -> PusherError {
[INFO] [stdout]    |        ^^^^^^^^^^^^^^^^
[INFO] [stdout] 
[INFO] [stdout] 
[INFO] [stdout] warning: function `config_error` is never used
[INFO] [stdout]   --> src/error.rs:96:8
[INFO] [stdout]    |
[INFO] [stdout] 96 | pub fn config_error(message: impl Into<String>) -> PusherError {
[INFO] [stdout]    |        ^^^^^^^^^^^^
[INFO] [stdout] 
[INFO] [stdout] 
[INFO] [stdout] warning: function `rate_limit_error` is never used
[INFO] [stdout]    --> src/error.rs:100:8
[INFO] [stdout]     |
[INFO] [stdout] 100 | pub fn rate_limit_error(message: impl Into<String>) -> PusherError {
[INFO] [stdout]     |        ^^^^^^^^^^^^^^^^
[INFO] [stdout] 
[INFO] [stdout] 
[INFO] [stdout] warning: function `encryption_error` is never used
[INFO] [stdout]    --> src/error.rs:104:8
[INFO] [stdout]     |
[INFO] [stdout] 104 | pub fn encryption_error(message: impl Into<String>) -> PusherError {
[INFO] [stdout]     |        ^^^^^^^^^^^^^^^^
[INFO] [stdout] 
[INFO] [stdout] 
[INFO] [stdout] warning: function `decryption_error` is never used
[INFO] [stdout]    --> src/error.rs:108:8
[INFO] [stdout]     |
[INFO] [stdout] 108 | pub fn decryption_error(message: impl Into<String>) -> PusherError {
[INFO] [stdout]     |        ^^^^^^^^^^^^^^^^
[INFO] [stdout] 
[INFO] [stdout] 
[INFO] [stdout] warning: function `presence_data_error` is never used
[INFO] [stdout]    --> src/error.rs:112:8
[INFO] [stdout]     |
[INFO] [stdout] 112 | pub fn presence_data_error(message: impl Into<String>) -> PusherError {
[INFO] [stdout]     |        ^^^^^^^^^^^^^^^^^^^
[INFO] [stdout] 
[INFO] [stdout] 
[INFO] [stdout] warning: function `api_error` is never used
[INFO] [stdout]    --> src/error.rs:116:8
[INFO] [stdout]     |
[INFO] [stdout] 116 | pub fn api_error(message: impl Into<String>) -> PusherError {
[INFO] [stdout]     |        ^^^^^^^^^
[INFO] [stdout] 
[INFO] [stdout] 
[INFO] [stdout] warning: function `timeout_error` is never used
[INFO] [stdout]    --> src/error.rs:120:8
[INFO] [stdout]     |
[INFO] [stdout] 120 | pub fn timeout_error(message: impl Into<String>) -> PusherError {
[INFO] [stdout]     |        ^^^^^^^^^^^^^
[INFO] [stdout] 
[INFO] [stdout] 
[INFO] [stderr]     Finished `dev` profile [unoptimized + debuginfo] target(s) in 30.77s
[INFO] running `Command { std: "docker" "inspect" "4cd95e6fbedddd9eb3e2a8cfdf4978e547f3277ac013161ae8a0bc23a25a1782", kill_on_drop: false }`
[INFO] running `Command { std: "docker" "rm" "-f" "4cd95e6fbedddd9eb3e2a8cfdf4978e547f3277ac013161ae8a0bc23a25a1782", kill_on_drop: false }`
[INFO] [stdout] 4cd95e6fbedddd9eb3e2a8cfdf4978e547f3277ac013161ae8a0bc23a25a1782
[INFO] running `Command { std: "docker" "create" "-v" "/var/lib/crater-agent-workspace/builds/worker-1-tc1/target:/opt/rustwide/target:rw,Z" "-v" "/var/lib/crater-agent-workspace/builds/worker-1-tc1/source:/opt/rustwide/workdir:ro,Z" "-v" "/var/lib/crater-agent-workspace/cargo-home:/opt/rustwide/cargo-home:ro,Z" "-v" "/var/lib/crater-agent-workspace/rustup-home:/opt/rustwide/rustup-home:ro,Z" "-e" "SOURCE_DIR=/opt/rustwide/workdir" "-e" "CARGO_TARGET_DIR=/opt/rustwide/target" "-e" "CARGO_INCREMENTAL=0" "-e" "RUST_BACKTRACE=full" "-e" "RUSTFLAGS=--cap-lints=forbid" "-e" "RUSTDOCFLAGS=--cap-lints=forbid" "-e" "CARGO_HOME=/opt/rustwide/cargo-home" "-e" "RUSTUP_HOME=/opt/rustwide/rustup-home" "-w" "/opt/rustwide/workdir" "-m" "1610612736" "--user" "0:0" "--network" "none" "ghcr.io/rust-lang/crates-build-env/linux@sha256:819108c5571ea2e421544af4d832f968d213c87fbe3707a016657f43d2f853bc" "/opt/rustwide/cargo-home/bin/cargo" "+nightly-2025-01-18" "test" "--frozen" "--no-run" "--message-format=json", kill_on_drop: false }`
[INFO] [stdout] ff1a59912b168778231f3fcc12d2846c3c59346def146c49c0abd9770c8ddd88
[INFO] running `Command { std: "docker" "start" "-a" "ff1a59912b168778231f3fcc12d2846c3c59346def146c49c0abd9770c8ddd88", kill_on_drop: false }`
[INFO] [stderr]    Compiling tokio v1.39.3
[INFO] [stderr]    Compiling async-stream-impl v0.3.5
[INFO] [stderr]    Compiling async-stream v0.3.5
[INFO] [stderr]    Compiling tokio-util v0.7.11
[INFO] [stderr]    Compiling tower v0.4.13
[INFO] [stderr]    Compiling tokio-native-tls v0.3.1
[INFO] [stderr]    Compiling tokio-stream v0.1.15
[INFO] [stderr]    Compiling tokio-tungstenite v0.23.1
[INFO] [stderr]    Compiling tokio-test v0.4.4
[INFO] [stderr]    Compiling h2 v0.4.6
[INFO] [stderr]    Compiling hyper v1.4.1
[INFO] [stderr]    Compiling hyper-util v0.1.7
[INFO] [stderr]    Compiling hyper-tls v0.6.0
[INFO] [stderr]    Compiling reqwest v0.12.7
[INFO] [stderr]    Compiling pusher-rs v0.1.2 (/opt/rustwide/workdir)
[INFO] [stdout] warning: unused import: `warn`
[INFO] [stdout]   --> src/websocket.rs:13:31
[INFO] [stdout]    |
[INFO] [stdout] 13 | use log::{debug, error, info, warn};
[INFO] [stdout]    |                               ^^^^
[INFO] [stdout]    |
[INFO] [stdout]    = note: `#[warn(unused_imports)]` on by default
[INFO] [stdout] 
[INFO] [stdout] 
[INFO] [stdout] warning: unused import: `std::pin::Pin`
[INFO] [stdout]   --> src/websocket.rs:14:5
[INFO] [stdout]    |
[INFO] [stdout] 14 | use std::pin::Pin;
[INFO] [stdout]    |     ^^^^^^^^^^^^^
[INFO] [stdout] 
[INFO] [stdout] 
[INFO] [stdout] warning: unused import: `SystemEvent`
[INFO] [stdout]   --> src/websocket.rs:17:20
[INFO] [stdout]    |
[INFO] [stdout] 17 | use crate::{Event, SystemEvent, ConnectionState};
[INFO] [stdout]    |                    ^^^^^^^^^^^
[INFO] [stdout] 
[INFO] [stdout] 
[INFO] [stdout] warning: unused import: `Value`
[INFO] [stdout]   --> src/lib.rs:18:24
[INFO] [stdout]    |
[INFO] [stdout] 18 | use serde_json::{json, Value};
[INFO] [stdout]    |                        ^^^^^
[INFO] [stdout] 
[INFO] [stdout] 
[INFO] [stdout] warning: use of deprecated function `base64::encode`: Use Engine::encode
[INFO] [stdout]    --> src/lib.rs:458:20
[INFO] [stdout]     |
[INFO] [stdout] 458 |         Ok(base64::encode(result))
[INFO] [stdout]     |                    ^^^^^^
[INFO] [stdout]     |
[INFO] [stdout]     = note: `#[warn(deprecated)]` on by default
[INFO] [stdout] 
[INFO] [stdout] 
[INFO] [stdout] warning: use of deprecated function `base64::decode`: Use Engine::decode
[INFO] [stdout]    --> src/lib.rs:477:31
[INFO] [stdout]     |
[INFO] [stdout] 477 |         let decoded = base64::decode(encrypted_data)
[INFO] [stdout]     |                               ^^^^^^
[INFO] [stdout] 
[INFO] [stdout] 
[INFO] [stdout] warning: associated items `handle_event` and `decrypt_data` are never used
[INFO] [stdout]    --> src/lib.rs:406:14
[INFO] [stdout]     |
[INFO] [stdout] 63  | impl PusherClient {
[INFO] [stdout]     | ----------------- associated items in this implementation
[INFO] [stdout] ...
[INFO] [stdout] 406 |     async fn handle_event(
[INFO] [stdout]     |              ^^^^^^^^^^^^
[INFO] [stdout] ...
[INFO] [stdout] 476 |     fn decrypt_data(&self, encrypted_data: &str, shared_secret: &[u8]) -> PusherResult<String> {
[INFO] [stdout]     |        ^^^^^^^^^^^^
[INFO] [stdout]     |
[INFO] [stdout]     = note: `#[warn(dead_code)]` on by default
[INFO] [stdout] 
[INFO] [stdout] 
[INFO] [stdout] warning: type alias `HmacSha256` is never used
[INFO] [stdout]   --> src/auth.rs:10:6
[INFO] [stdout]    |
[INFO] [stdout] 10 | type HmacSha256 = Hmac<Sha256>;
[INFO] [stdout]    |      ^^^^^^^^^^
[INFO] [stdout] 
[INFO] [stdout] 
[INFO] [stdout] warning: field `channels` is never read
[INFO] [stdout]   --> src/channels.rs:95:5
[INFO] [stdout]    |
[INFO] [stdout] 94 | pub struct ChannelList {
[INFO] [stdout]    |            ----------- field in this struct
[INFO] [stdout] 95 |     channels: HashMap<String, Channel>,
[INFO] [stdout]    |     ^^^^^^^^
[INFO] [stdout] 
[INFO] [stdout] 
[INFO] [stdout] warning: multiple methods are never used
[INFO] [stdout]    --> src/channels.rs:105:12
[INFO] [stdout]     |
[INFO] [stdout] 98  | impl ChannelList {
[INFO] [stdout]     | ---------------- methods in this implementation
[INFO] [stdout] ...
[INFO] [stdout] 105 |     pub fn add(&mut self, channel: Channel) {
[INFO] [stdout]     |            ^^^
[INFO] [stdout] ...
[INFO] [stdout] 109 |     pub fn remove(&mut self, channel_name: &str) -> Option<Channel> {
[INFO] [stdout]     |            ^^^^^^
[INFO] [stdout] ...
[INFO] [stdout] 113 |     pub fn get(&self, channel_name: &str) -> Option<&Channel> {
[INFO] [stdout]     |            ^^^
[INFO] [stdout] ...
[INFO] [stdout] 117 |     pub fn get_mut(&mut self, channel_name: &str) -> Option<&mut Channel> {
[INFO] [stdout]     |            ^^^^^^^
[INFO] [stdout] ...
[INFO] [stdout] 121 |     pub fn contains(&self, channel_name: &str) -> bool {
[INFO] [stdout]     |            ^^^^^^^^
[INFO] [stdout] ...
[INFO] [stdout] 125 |     pub fn iter(&self) -> impl Iterator<Item = &Channel> {
[INFO] [stdout]     |            ^^^^
[INFO] [stdout] ...
[INFO] [stdout] 129 |     pub fn iter_mut(&mut self) -> impl Iterator<Item = &mut Channel> {
[INFO] [stdout]     |            ^^^^^^^^
[INFO] [stdout] 
[INFO] [stdout] 
[INFO] [stdout] warning: function `auth_error` is never used
[INFO] [stdout]   --> src/error.rs:80:8
[INFO] [stdout]    |
[INFO] [stdout] 80 | pub fn auth_error(message: impl Into<String>) -> PusherError {
[INFO] [stdout]    |        ^^^^^^^^^^
[INFO] [stdout] 
[INFO] [stdout] 
[INFO] [stdout] warning: function `event_error` is never used
[INFO] [stdout]   --> src/error.rs:88:8
[INFO] [stdout]    |
[INFO] [stdout] 88 | pub fn event_error(message: impl Into<String>) -> PusherError {
[INFO] [stdout]    |        ^^^^^^^^^^^
[INFO] [stdout] 
[INFO] [stdout] 
[INFO] [stdout] warning: function `connection_error` is never used
[INFO] [stdout]   --> src/error.rs:92:8
[INFO] [stdout]    |
[INFO] [stdout] 92 | pub fn connection_error(message: impl Into<String>) -> PusherError {
[INFO] [stdout]    |        ^^^^^^^^^^^^^^^^
[INFO] [stdout] 
[INFO] [stdout] 
[INFO] [stdout] warning: function `config_error` is never used
[INFO] [stdout]   --> src/error.rs:96:8
[INFO] [stdout]    |
[INFO] [stdout] 96 | pub fn config_error(message: impl Into<String>) -> PusherError {
[INFO] [stdout]    |        ^^^^^^^^^^^^
[INFO] [stdout] 
[INFO] [stdout] 
[INFO] [stdout] warning: function `rate_limit_error` is never used
[INFO] [stdout]    --> src/error.rs:100:8
[INFO] [stdout]     |
[INFO] [stdout] 100 | pub fn rate_limit_error(message: impl Into<String>) -> PusherError {
[INFO] [stdout]     |        ^^^^^^^^^^^^^^^^
[INFO] [stdout] 
[INFO] [stdout] 
[INFO] [stdout] warning: function `encryption_error` is never used
[INFO] [stdout]    --> src/error.rs:104:8
[INFO] [stdout]     |
[INFO] [stdout] 104 | pub fn encryption_error(message: impl Into<String>) -> PusherError {
[INFO] [stdout]     |        ^^^^^^^^^^^^^^^^
[INFO] [stdout] 
[INFO] [stdout] 
[INFO] [stdout] warning: function `decryption_error` is never used
[INFO] [stdout]    --> src/error.rs:108:8
[INFO] [stdout]     |
[INFO] [stdout] 108 | pub fn decryption_error(message: impl Into<String>) -> PusherError {
[INFO] [stdout]     |        ^^^^^^^^^^^^^^^^
[INFO] [stdout] 
[INFO] [stdout] 
[INFO] [stdout] warning: function `presence_data_error` is never used
[INFO] [stdout]    --> src/error.rs:112:8
[INFO] [stdout]     |
[INFO] [stdout] 112 | pub fn presence_data_error(message: impl Into<String>) -> PusherError {
[INFO] [stdout]     |        ^^^^^^^^^^^^^^^^^^^
[INFO] [stdout] 
[INFO] [stdout] 
[INFO] [stdout] warning: function `api_error` is never used
[INFO] [stdout]    --> src/error.rs:116:8
[INFO] [stdout]     |
[INFO] [stdout] 116 | pub fn api_error(message: impl Into<String>) -> PusherError {
[INFO] [stdout]     |        ^^^^^^^^^
[INFO] [stdout] 
[INFO] [stdout] 
[INFO] [stdout] warning: function `timeout_error` is never used
[INFO] [stdout]    --> src/error.rs:120:8
[INFO] [stdout]     |
[INFO] [stdout] 120 | pub fn timeout_error(message: impl Into<String>) -> PusherError {
[INFO] [stdout]     |        ^^^^^^^^^^^^^
[INFO] [stdout] 
[INFO] [stdout] 
[INFO] [stdout] warning: unused import: `warn`
[INFO] [stdout]   --> src/websocket.rs:13:31
[INFO] [stdout]    |
[INFO] [stdout] 13 | use log::{debug, error, info, warn};
[INFO] [stdout]    |                               ^^^^
[INFO] [stdout]    |
[INFO] [stdout]    = note: `#[warn(unused_imports)]` on by default
[INFO] [stdout] 
[INFO] [stdout] 
[INFO] [stdout] warning: unused import: `std::pin::Pin`
[INFO] [stdout]   --> src/websocket.rs:14:5
[INFO] [stdout]    |
[INFO] [stdout] 14 | use std::pin::Pin;
[INFO] [stdout]    |     ^^^^^^^^^^^^^
[INFO] [stdout] 
[INFO] [stdout] 
[INFO] [stdout] warning: unused import: `SystemEvent`
[INFO] [stdout]   --> src/websocket.rs:17:20
[INFO] [stdout]    |
[INFO] [stdout] 17 | use crate::{Event, SystemEvent, ConnectionState};
[INFO] [stdout]    |                    ^^^^^^^^^^^
[INFO] [stdout] 
[INFO] [stdout] 
[INFO] [stdout] warning: unused import: `Value`
[INFO] [stdout]   --> src/lib.rs:18:24
[INFO] [stdout]    |
[INFO] [stdout] 18 | use serde_json::{json, Value};
[INFO] [stdout]    |                        ^^^^^
[INFO] [stdout] 
[INFO] [stdout] 
[INFO] [stdout] warning: use of deprecated function `base64::encode`: Use Engine::encode
[INFO] [stdout]    --> src/lib.rs:458:20
[INFO] [stdout]     |
[INFO] [stdout] 458 |         Ok(base64::encode(result))
[INFO] [stdout]     |                    ^^^^^^
[INFO] [stdout]     |
[INFO] [stdout]     = note: `#[warn(deprecated)]` on by default
[INFO] [stdout] 
[INFO] [stdout] 
[INFO] [stdout] warning: use of deprecated function `base64::decode`: Use Engine::decode
[INFO] [stdout]    --> src/lib.rs:477:31
[INFO] [stdout]     |
[INFO] [stdout] 477 |         let decoded = base64::decode(encrypted_data)
[INFO] [stdout]     |                               ^^^^^^
[INFO] [stdout] 
[INFO] [stdout] 
[INFO] [stdout] warning: associated items `handle_event` and `decrypt_data` are never used
[INFO] [stdout]    --> src/lib.rs:406:14
[INFO] [stdout]     |
[INFO] [stdout] 63  | impl PusherClient {
[INFO] [stdout]     | ----------------- associated items in this implementation
[INFO] [stdout] ...
[INFO] [stdout] 406 |     async fn handle_event(
[INFO] [stdout]     |              ^^^^^^^^^^^^
[INFO] [stdout] ...
[INFO] [stdout] 476 |     fn decrypt_data(&self, encrypted_data: &str, shared_secret: &[u8]) -> PusherResult<String> {
[INFO] [stdout]     |        ^^^^^^^^^^^^
[INFO] [stdout]     |
[INFO] [stdout]     = note: `#[warn(dead_code)]` on by default
[INFO] [stdout] 
[INFO] [stdout] 
[INFO] [stdout] warning: type alias `HmacSha256` is never used
[INFO] [stdout]   --> src/auth.rs:10:6
[INFO] [stdout]    |
[INFO] [stdout] 10 | type HmacSha256 = Hmac<Sha256>;
[INFO] [stdout]    |      ^^^^^^^^^^
[INFO] [stdout] 
[INFO] [stdout] 
[INFO] [stdout] warning: field `channels` is never read
[INFO] [stdout]   --> src/channels.rs:95:5
[INFO] [stdout]    |
[INFO] [stdout] 94 | pub struct ChannelList {
[INFO] [stdout]    |            ----------- field in this struct
[INFO] [stdout] 95 |     channels: HashMap<String, Channel>,
[INFO] [stdout]    |     ^^^^^^^^
[INFO] [stdout] 
[INFO] [stdout] 
[INFO] [stdout] warning: multiple methods are never used
[INFO] [stdout]    --> src/channels.rs:105:12
[INFO] [stdout]     |
[INFO] [stdout] 98  | impl ChannelList {
[INFO] [stdout]     | ---------------- methods in this implementation
[INFO] [stdout] ...
[INFO] [stdout] 105 |     pub fn add(&mut self, channel: Channel) {
[INFO] [stdout]     |            ^^^
[INFO] [stdout] ...
[INFO] [stdout] 109 |     pub fn remove(&mut self, channel_name: &str) -> Option<Channel> {
[INFO] [stdout]     |            ^^^^^^
[INFO] [stdout] ...
[INFO] [stdout] 113 |     pub fn get(&self, channel_name: &str) -> Option<&Channel> {
[INFO] [stdout]     |            ^^^
[INFO] [stdout] ...
[INFO] [stdout] 117 |     pub fn get_mut(&mut self, channel_name: &str) -> Option<&mut Channel> {
[INFO] [stdout]     |            ^^^^^^^
[INFO] [stdout] ...
[INFO] [stdout] 121 |     pub fn contains(&self, channel_name: &str) -> bool {
[INFO] [stdout]     |            ^^^^^^^^
[INFO] [stdout] ...
[INFO] [stdout] 125 |     pub fn iter(&self) -> impl Iterator<Item = &Channel> {
[INFO] [stdout]     |            ^^^^
[INFO] [stdout] ...
[INFO] [stdout] 129 |     pub fn iter_mut(&mut self) -> impl Iterator<Item = &mut Channel> {
[INFO] [stdout]     |            ^^^^^^^^
[INFO] [stdout] 
[INFO] [stdout] 
[INFO] [stdout] warning: function `connection_error` is never used
[INFO] [stdout]   --> src/error.rs:92:8
[INFO] [stdout]    |
[INFO] [stdout] 92 | pub fn connection_error(message: impl Into<String>) -> PusherError {
[INFO] [stdout]    |        ^^^^^^^^^^^^^^^^
[INFO] [stdout] 
[INFO] [stdout] 
[INFO] [stdout] warning: function `config_error` is never used
[INFO] [stdout]   --> src/error.rs:96:8
[INFO] [stdout]    |
[INFO] [stdout] 96 | pub fn config_error(message: impl Into<String>) -> PusherError {
[INFO] [stdout]    |        ^^^^^^^^^^^^
[INFO] [stdout] 
[INFO] [stdout] 
[INFO] [stdout] warning: function `rate_limit_error` is never used
[INFO] [stdout]    --> src/error.rs:100:8
[INFO] [stdout]     |
[INFO] [stdout] 100 | pub fn rate_limit_error(message: impl Into<String>) -> PusherError {
[INFO] [stdout]     |        ^^^^^^^^^^^^^^^^
[INFO] [stdout] 
[INFO] [stdout] 
[INFO] [stdout] warning: function `encryption_error` is never used
[INFO] [stdout]    --> src/error.rs:104:8
[INFO] [stdout]     |
[INFO] [stdout] 104 | pub fn encryption_error(message: impl Into<String>) -> PusherError {
[INFO] [stdout]     |        ^^^^^^^^^^^^^^^^
[INFO] [stdout] 
[INFO] [stdout] 
[INFO] [stdout] warning: function `decryption_error` is never used
[INFO] [stdout]    --> src/error.rs:108:8
[INFO] [stdout]     |
[INFO] [stdout] 108 | pub fn decryption_error(message: impl Into<String>) -> PusherError {
[INFO] [stdout]     |        ^^^^^^^^^^^^^^^^
[INFO] [stdout] 
[INFO] [stdout] 
[INFO] [stdout] warning: function `presence_data_error` is never used
[INFO] [stdout]    --> src/error.rs:112:8
[INFO] [stdout]     |
[INFO] [stdout] 112 | pub fn presence_data_error(message: impl Into<String>) -> PusherError {
[INFO] [stdout]     |        ^^^^^^^^^^^^^^^^^^^
[INFO] [stdout] 
[INFO] [stdout] 
[INFO] [stdout] warning: function `api_error` is never used
[INFO] [stdout]    --> src/error.rs:116:8
[INFO] [stdout]     |
[INFO] [stdout] 116 | pub fn api_error(message: impl Into<String>) -> PusherError {
[INFO] [stdout]     |        ^^^^^^^^^
[INFO] [stdout] 
[INFO] [stdout] 
[INFO] [stdout] warning: function `timeout_error` is never used
[INFO] [stdout]    --> src/error.rs:120:8
[INFO] [stdout]     |
[INFO] [stdout] 120 | pub fn timeout_error(message: impl Into<String>) -> PusherError {
[INFO] [stdout]     |        ^^^^^^^^^^^^^
[INFO] [stdout] 
[INFO] [stdout] 
[INFO] [stderr]     Finished `test` profile [unoptimized + debuginfo] target(s) in 21.84s
[INFO] running `Command { std: "docker" "inspect" "ff1a59912b168778231f3fcc12d2846c3c59346def146c49c0abd9770c8ddd88", kill_on_drop: false }`
[INFO] running `Command { std: "docker" "rm" "-f" "ff1a59912b168778231f3fcc12d2846c3c59346def146c49c0abd9770c8ddd88", kill_on_drop: false }`
[INFO] [stdout] ff1a59912b168778231f3fcc12d2846c3c59346def146c49c0abd9770c8ddd88
[INFO] running `Command { std: "docker" "create" "-v" "/var/lib/crater-agent-workspace/builds/worker-1-tc1/target:/opt/rustwide/target:rw,Z" "-v" "/var/lib/crater-agent-workspace/builds/worker-1-tc1/source:/opt/rustwide/workdir:ro,Z" "-v" "/var/lib/crater-agent-workspace/cargo-home:/opt/rustwide/cargo-home:ro,Z" "-v" "/var/lib/crater-agent-workspace/rustup-home:/opt/rustwide/rustup-home:ro,Z" "-e" "SOURCE_DIR=/opt/rustwide/workdir" "-e" "CARGO_TARGET_DIR=/opt/rustwide/target" "-e" "CARGO_INCREMENTAL=0" "-e" "RUST_BACKTRACE=full" "-e" "RUSTFLAGS=--cap-lints=forbid" "-e" "RUSTDOCFLAGS=--cap-lints=forbid" "-e" "CARGO_HOME=/opt/rustwide/cargo-home" "-e" "RUSTUP_HOME=/opt/rustwide/rustup-home" "-w" "/opt/rustwide/workdir" "-m" "1610612736" "--user" "0:0" "--network" "none" "ghcr.io/rust-lang/crates-build-env/linux@sha256:819108c5571ea2e421544af4d832f968d213c87fbe3707a016657f43d2f853bc" "/opt/rustwide/cargo-home/bin/cargo" "+nightly-2025-01-18" "test" "--frozen", kill_on_drop: false }`
[INFO] [stdout] e9bea203aa6aca0742f5f41ee67055ec4757c76f76ba8433754a092d58f36a32
[INFO] running `Command { std: "docker" "start" "-a" "e9bea203aa6aca0742f5f41ee67055ec4757c76f76ba8433754a092d58f36a32", kill_on_drop: false }`
[INFO] [stderr] warning: unused import: `warn`
[INFO] [stderr]   --> src/websocket.rs:13:31
[INFO] [stderr]    |
[INFO] [stderr] 13 | use log::{debug, error, info, warn};
[INFO] [stderr]    |                               ^^^^
[INFO] [stderr]    |
[INFO] [stderr]    = note: `#[warn(unused_imports)]` on by default
[INFO] [stderr] 
[INFO] [stderr] warning: unused import: `std::pin::Pin`
[INFO] [stderr]   --> src/websocket.rs:14:5
[INFO] [stderr]    |
[INFO] [stderr] 14 | use std::pin::Pin;
[INFO] [stderr]    |     ^^^^^^^^^^^^^
[INFO] [stderr] 
[INFO] [stderr] warning: unused import: `SystemEvent`
[INFO] [stderr]   --> src/websocket.rs:17:20
[INFO] [stderr]    |
[INFO] [stderr] 17 | use crate::{Event, SystemEvent, ConnectionState};
[INFO] [stderr]    |                    ^^^^^^^^^^^
[INFO] [stderr] 
[INFO] [stderr] warning: unused import: `Value`
[INFO] [stderr]   --> src/lib.rs:18:24
[INFO] [stderr]    |
[INFO] [stderr] 18 | use serde_json::{json, Value};
[INFO] [stderr]    |                        ^^^^^
[INFO] [stderr] 
[INFO] [stderr] warning: use of deprecated function `base64::encode`: Use Engine::encode
[INFO] [stderr]    --> src/lib.rs:458:20
[INFO] [stderr]     |
[INFO] [stderr] 458 |         Ok(base64::encode(result))
[INFO] [stderr]     |                    ^^^^^^
[INFO] [stderr]     |
[INFO] [stderr]     = note: `#[warn(deprecated)]` on by default
[INFO] [stderr] 
[INFO] [stderr] warning: use of deprecated function `base64::decode`: Use Engine::decode
[INFO] [stderr]    --> src/lib.rs:477:31
[INFO] [stderr]     |
[INFO] [stderr] 477 |         let decoded = base64::decode(encrypted_data)
[INFO] [stderr]     |                               ^^^^^^
[INFO] [stderr] 
[INFO] [stderr] warning: associated items `handle_event` and `decrypt_data` are never used
[INFO] [stderr]    --> src/lib.rs:406:14
[INFO] [stderr]     |
[INFO] [stderr] 63  | impl PusherClient {
[INFO] [stderr]     | ----------------- associated items in this implementation
[INFO] [stderr] ...
[INFO] [stderr] 406 |     async fn handle_event(
[INFO] [stderr]     |              ^^^^^^^^^^^^
[INFO] [stderr] ...
[INFO] [stderr] 476 |     fn decrypt_data(&self, encrypted_data: &str, shared_secret: &[u8]) -> PusherResult<String> {
[INFO] [stderr]     |        ^^^^^^^^^^^^
[INFO] [stderr]     |
[INFO] [stderr]     = note: `#[warn(dead_code)]` on by default
[INFO] [stderr] 
[INFO] [stderr] warning: type alias `HmacSha256` is never used
[INFO] [stderr]   --> src/auth.rs:10:6
[INFO] [stderr]    |
[INFO] [stderr] 10 | type HmacSha256 = Hmac<Sha256>;
[INFO] [stderr]    |      ^^^^^^^^^^
[INFO] [stderr] 
[INFO] [stderr] warning: field `channels` is never read
[INFO] [stderr]   --> src/channels.rs:95:5
[INFO] [stderr]    |
[INFO] [stderr] 94 | pub struct ChannelList {
[INFO] [stderr]    |            ----------- field in this struct
[INFO] [stderr] 95 |     channels: HashMap<String, Channel>,
[INFO] [stderr]    |     ^^^^^^^^
[INFO] [stderr] 
[INFO] [stderr] warning: multiple methods are never used
[INFO] [stderr]    --> src/channels.rs:105:12
[INFO] [stderr]     |
[INFO] [stderr] 98  | impl ChannelList {
[INFO] [stderr]     | ---------------- methods in this implementation
[INFO] [stderr] ...
[INFO] [stderr] 105 |     pub fn add(&mut self, channel: Channel) {
[INFO] [stderr]     |            ^^^
[INFO] [stderr] ...
[INFO] [stderr] 109 |     pub fn remove(&mut self, channel_name: &str) -> Option<Channel> {
[INFO] [stderr]     |            ^^^^^^
[INFO] [stderr] ...
[INFO] [stderr] 113 |     pub fn get(&self, channel_name: &str) -> Option<&Channel> {
[INFO] [stderr]     |            ^^^
[INFO] [stderr] ...
[INFO] [stderr] 117 |     pub fn get_mut(&mut self, channel_name: &str) -> Option<&mut Channel> {
[INFO] [stderr]     |            ^^^^^^^
[INFO] [stderr] ...
[INFO] [stderr] 121 |     pub fn contains(&self, channel_name: &str) -> bool {
[INFO] [stderr]     |            ^^^^^^^^
[INFO] [stderr] ...
[INFO] [stderr] 125 |     pub fn iter(&self) -> impl Iterator<Item = &Channel> {
[INFO] [stderr]     |            ^^^^
[INFO] [stderr] ...
[INFO] [stderr] 129 |     pub fn iter_mut(&mut self) -> impl Iterator<Item = &mut Channel> {
[INFO] [stderr]     |            ^^^^^^^^
[INFO] [stderr] 
[INFO] [stderr] warning: function `auth_error` is never used
[INFO] [stderr]   --> src/error.rs:80:8
[INFO] [stderr]    |
[INFO] [stderr] 80 | pub fn auth_error(message: impl Into<String>) -> PusherError {
[INFO] [stderr]    |        ^^^^^^^^^^
[INFO] [stderr] 
[INFO] [stderr] warning: function `event_error` is never used
[INFO] [stderr]   --> src/error.rs:88:8
[INFO] [stderr]    |
[INFO] [stderr] 88 | pub fn event_error(message: impl Into<String>) -> PusherError {
[INFO] [stderr]    |        ^^^^^^^^^^^
[INFO] [stderr] 
[INFO] [stderr] warning: function `connection_error` is never used
[INFO] [stderr]   --> src/error.rs:92:8
[INFO] [stderr]    |
[INFO] [stderr] 92 | pub fn connection_error(message: impl Into<String>) -> PusherError {
[INFO] [stderr]    |        ^^^^^^^^^^^^^^^^
[INFO] [stderr] 
[INFO] [stderr] warning: function `config_error` is never used
[INFO] [stderr]   --> src/error.rs:96:8
[INFO] [stderr]    |
[INFO] [stderr] 96 | pub fn config_error(message: impl Into<String>) -> PusherError {
[INFO] [stderr]    |        ^^^^^^^^^^^^
[INFO] [stderr] 
[INFO] [stderr] warning: function `rate_limit_error` is never used
[INFO] [stderr]    --> src/error.rs:100:8
[INFO] [stderr]     |
[INFO] [stderr] 100 | pub fn rate_limit_error(message: impl Into<String>) -> PusherError {
[INFO] [stderr]     |        ^^^^^^^^^^^^^^^^
[INFO] [stderr] 
[INFO] [stderr] warning: function `encryption_error` is never used
[INFO] [stderr]    --> src/error.rs:104:8
[INFO] [stderr]     |
[INFO] [stderr] 104 | pub fn encryption_error(message: impl Into<String>) -> PusherError {
[INFO] [stderr]     |        ^^^^^^^^^^^^^^^^
[INFO] [stderr] 
[INFO] [stderr] warning: function `decryption_error` is never used
[INFO] [stderr]    --> src/error.rs:108:8
[INFO] [stderr]     |
[INFO] [stderr] 108 | pub fn decryption_error(message: impl Into<String>) -> PusherError {
[INFO] [stderr]     |        ^^^^^^^^^^^^^^^^
[INFO] [stderr] 
[INFO] [stderr] warning: function `presence_data_error` is never used
[INFO] [stderr]    --> src/error.rs:112:8
[INFO] [stderr]     |
[INFO] [stderr] 112 | pub fn presence_data_error(message: impl Into<String>) -> PusherError {
[INFO] [stderr]     |        ^^^^^^^^^^^^^^^^^^^
[INFO] [stderr] 
[INFO] [stderr] warning: function `api_error` is never used
[INFO] [stderr]    --> src/error.rs:116:8
[INFO] [stderr]     |
[INFO] [stderr] 116 | pub fn api_error(message: impl Into<String>) -> PusherError {
[INFO] [stderr]     |        ^^^^^^^^^
[INFO] [stderr] 
[INFO] [stderr] warning: function `timeout_error` is never used
[INFO] [stderr]    --> src/error.rs:120:8
[INFO] [stderr]     |
[INFO] [stderr] 120 | pub fn timeout_error(message: impl Into<String>) -> PusherError {
[INFO] [stderr]     |        ^^^^^^^^^^^^^
[INFO] [stderr] 
[INFO] [stderr] warning: `pusher-rs` (lib) generated 20 warnings (run `cargo fix --lib -p pusher-rs` to apply 4 suggestions)
[INFO] [stderr] warning: `pusher-rs` (lib test) generated 18 warnings (18 duplicates)
[INFO] [stderr]     Finished `test` profile [unoptimized + debuginfo] target(s) in 0.32s
[INFO] [stderr]      Running unittests src/lib.rs (/opt/rustwide/target/debug/deps/pusher_rs-c5c9c8c573c42e72)
[INFO] [stdout] 
[INFO] [stdout] running 16 tests
[INFO] [stdout] test auth::tests::test_authenticate_presence_channel ... ok
[INFO] [stdout] test config::tests::test_new_config ... ignored
[INFO] [stdout] test error::tests::test_helper_functions ... ok
[INFO] [stdout] test error::tests::test_error_conversion ... ok
[INFO] [stdout] test error::tests::test_error_display ... ok
[INFO] [stdout] test tests::test_generate_shared_secret ... ignored
[INFO] [stdout] test events::tests::test_system_event_connection_established ... ok
[INFO] [stdout] test events::tests::test_system_event_error ... ok
[INFO] [stdout] test events::tests::test_system_event_member_added ... ok
[INFO] [stdout] test events::tests::test_system_event_member_removed ... ok
[INFO] [stdout] test events::tests::test_system_event_subscription_succeeded ... ok
[INFO] [stdout] test config::tests::test_default_config ... ok
[INFO] [stdout] test auth::tests::test_authenticate_socket ... ok
[INFO] [stdout] test events::tests::test_event_serialization ... ok
[INFO] [stdout] test tests::test_trigger_batch ... FAILED
[INFO] [stdout] test tests::test_client_creation ... FAILED
[INFO] [stdout] 
[INFO] [stdout] failures:
[INFO] [stdout] 
[INFO] [stdout] ---- tests::test_trigger_batch stdout ----
[INFO] [stdout] 
[INFO] [stdout] thread 'tests::test_trigger_batch' panicked at src/lib.rs:558:38:
[INFO] [stdout] Failed to load Pusher configuration from environment: NotPresent
[INFO] [stdout] stack backtrace:
[INFO] [stdout]    0:     0x620197a35dea - std::backtrace_rs::backtrace::libunwind::trace::hb059275cfc8d6126
[INFO] [stdout]                                at /rustc/6067b36314ab5eb2eb47cecc464545ba58e1ad24/library/std/src/../../backtrace/src/backtrace/libunwind.rs:116:5
[INFO] [stdout]    1:     0x620197a35dea - std::backtrace_rs::backtrace::trace_unsynchronized::h2da071e4327ce3ee
[INFO] [stdout]                                at /rustc/6067b36314ab5eb2eb47cecc464545ba58e1ad24/library/std/src/../../backtrace/src/backtrace/mod.rs:66:5
[INFO] [stdout]    2:     0x620197a35dea - std::sys::backtrace::_print_fmt::h842a1474e6f8d23f
[INFO] [stdout]                                at /rustc/6067b36314ab5eb2eb47cecc464545ba58e1ad24/library/std/src/sys/backtrace.rs:66:9
[INFO] [stdout]    3:     0x620197a35dea - <std::sys::backtrace::BacktraceLock::print::DisplayBacktrace as core::fmt::Display>::fmt::h71a62eb3b9696b12
[INFO] [stdout]                                at /rustc/6067b36314ab5eb2eb47cecc464545ba58e1ad24/library/std/src/sys/backtrace.rs:39:26
[INFO] [stdout]    4:     0x620197a61993 - core::fmt::rt::Argument::fmt::hdb6b616786b41dc1
[INFO] [stdout]                                at /rustc/6067b36314ab5eb2eb47cecc464545ba58e1ad24/library/core/src/fmt/rt.rs:177:76
[INFO] [stdout]    5:     0x620197a61993 - core::fmt::write::h2cc1698af7e2d686
[INFO] [stdout]                                at /rustc/6067b36314ab5eb2eb47cecc464545ba58e1ad24/library/core/src/fmt/mod.rs:1440:21
[INFO] [stdout]    6:     0x620197a31b93 - std::io::Write::write_fmt::hab1b4cd059a79022
[INFO] [stdout]                                at /rustc/6067b36314ab5eb2eb47cecc464545ba58e1ad24/library/std/src/io/mod.rs:1887:15
[INFO] [stdout]    7:     0x620197a35c32 - std::sys::backtrace::BacktraceLock::print::h147fe35b4ea13b08
[INFO] [stdout]                                at /rustc/6067b36314ab5eb2eb47cecc464545ba58e1ad24/library/std/src/sys/backtrace.rs:42:9
[INFO] [stdout]    8:     0x620197a3720f - std::panicking::default_hook::{{closure}}::hbd44223dbdc0d208
[INFO] [stdout]                                at /rustc/6067b36314ab5eb2eb47cecc464545ba58e1ad24/library/std/src/panicking.rs:298:22
[INFO] [stdout]    9:     0x620197a37028 - std::panicking::default_hook::h20f81eb0576efcec
[INFO] [stdout]                                at /rustc/6067b36314ab5eb2eb47cecc464545ba58e1ad24/library/std/src/panicking.rs:322:9
[INFO] [stdout]   10:     0x62019760dbb3 - <alloc::boxed::Box<F,A> as core::ops::function::Fn<Args>>::call::hdb53814c496a4d34
[INFO] [stdout]                                at /rustc/6067b36314ab5eb2eb47cecc464545ba58e1ad24/library/alloc/src/boxed.rs:2027:9
[INFO] [stdout]   11:     0x62019760dbb3 - test::test_main::{{closure}}::hc0a4963c59427c24
[INFO] [stdout]                                at /rustc/6067b36314ab5eb2eb47cecc464545ba58e1ad24/library/test/src/lib.rs:134:21
[INFO] [stdout]   12:     0x620197a37d03 - <alloc::boxed::Box<F,A> as core::ops::function::Fn<Args>>::call::h591b2225413a77e9
[INFO] [stdout]                                at /rustc/6067b36314ab5eb2eb47cecc464545ba58e1ad24/library/alloc/src/boxed.rs:2027:9
[INFO] [stdout]   13:     0x620197a37d03 - std::panicking::rust_panic_with_hook::h625eea43051b2edc
[INFO] [stdout]                                at /rustc/6067b36314ab5eb2eb47cecc464545ba58e1ad24/library/std/src/panicking.rs:839:13
[INFO] [stdout]   14:     0x620197a379ba - std::panicking::begin_panic_handler::{{closure}}::h4f9159cfbc3f6bd3
[INFO] [stdout]                                at /rustc/6067b36314ab5eb2eb47cecc464545ba58e1ad24/library/std/src/panicking.rs:704:13
[INFO] [stdout]   15:     0x620197a362e9 - std::sys::backtrace::__rust_end_short_backtrace::h0390abce48353151
[INFO] [stdout]                                at /rustc/6067b36314ab5eb2eb47cecc464545ba58e1ad24/library/std/src/sys/backtrace.rs:168:18
[INFO] [stdout]   16:     0x620197a3764d - rust_begin_unwind
[INFO] [stdout]                                at /rustc/6067b36314ab5eb2eb47cecc464545ba58e1ad24/library/std/src/panicking.rs:695:5
[INFO] [stdout]   17:     0x620197a5fba0 - core::panicking::panic_fmt::h9e7c637e9e5f29c9
[INFO] [stdout]                                at /rustc/6067b36314ab5eb2eb47cecc464545ba58e1ad24/library/core/src/panicking.rs:75:14
[INFO] [stdout]   18:     0x620197a60076 - core::result::unwrap_failed::h7979f09313fe1849
[INFO] [stdout]                                at /rustc/6067b36314ab5eb2eb47cecc464545ba58e1ad24/library/core/src/result.rs:1704:5
[INFO] [stdout]   19:     0x620197580c61 - core::result::Result<T,E>::expect::h1c58ae76115170c9
[INFO] [stdout]                                at /rustc/6067b36314ab5eb2eb47cecc464545ba58e1ad24/library/core/src/result.rs:1061:23
[INFO] [stdout]   20:     0x6201975c14dd - pusher_rs::tests::test_trigger_batch::{{closure}}::hacb8886c8fac89aa
[INFO] [stdout]                                at /opt/rustwide/workdir/src/lib.rs:558:13
[INFO] [stdout]   21:     0x6201975cef02 - <core::pin::Pin<P> as core::future::future::Future>::poll::h239dde56e118c684
[INFO] [stdout]                                at /rustc/6067b36314ab5eb2eb47cecc464545ba58e1ad24/library/core/src/future/future.rs:124:9
[INFO] [stdout]   22:     0x6201975cefbd - <core::pin::Pin<P> as core::future::future::Future>::poll::he7c9d3bfea6991a2
[INFO] [stdout]                                at /rustc/6067b36314ab5eb2eb47cecc464545ba58e1ad24/library/core/src/future/future.rs:124:9
[INFO] [stdout]   23:     0x6201975c974f - tokio::runtime::scheduler::current_thread::CoreGuard::block_on::{{closure}}::{{closure}}::{{closure}}::he7705cfbbae518a4
[INFO] [stdout]                                at /opt/rustwide/cargo-home/registry/src/index.crates.io-1949cf8c6b5b557f/tokio-1.39.3/src/runtime/scheduler/current_thread/mod.rs:673:57
[INFO] [stdout]   24:     0x6201975c94a5 - tokio::runtime::coop::with_budget::h59537e60f88e4bf5
[INFO] [stdout]                                at /opt/rustwide/cargo-home/registry/src/index.crates.io-1949cf8c6b5b557f/tokio-1.39.3/src/runtime/coop.rs:107:5
[INFO] [stdout]   25:     0x6201975c94a5 - tokio::runtime::coop::budget::h3f4864546861ec01
[INFO] [stdout]                                at /opt/rustwide/cargo-home/registry/src/index.crates.io-1949cf8c6b5b557f/tokio-1.39.3/src/runtime/coop.rs:73:5
[INFO] [stdout]   26:     0x6201975c94a5 - tokio::runtime::scheduler::current_thread::CoreGuard::block_on::{{closure}}::{{closure}}::h7fb6836c2f36b436
[INFO] [stdout]                                at /opt/rustwide/cargo-home/registry/src/index.crates.io-1949cf8c6b5b557f/tokio-1.39.3/src/runtime/scheduler/current_thread/mod.rs:673:25
[INFO] [stdout]   27:     0x6201975c6c70 - tokio::runtime::scheduler::current_thread::Context::enter::hb06dd949848c6a36
[INFO] [stdout]                                at /opt/rustwide/cargo-home/registry/src/index.crates.io-1949cf8c6b5b557f/tokio-1.39.3/src/runtime/scheduler/current_thread/mod.rs:412:19
[INFO] [stdout]   28:     0x6201975c8cfe - tokio::runtime::scheduler::current_thread::CoreGuard::block_on::{{closure}}::h1f31c1b69f8fe311
[INFO] [stdout]                                at /opt/rustwide/cargo-home/registry/src/index.crates.io-1949cf8c6b5b557f/tokio-1.39.3/src/runtime/scheduler/current_thread/mod.rs:672:36
[INFO] [stdout]   29:     0x6201975c8154 - tokio::runtime::scheduler::current_thread::CoreGuard::enter::{{closure}}::h64c901cd251be7e5
[INFO] [stdout]                                at /opt/rustwide/cargo-home/registry/src/index.crates.io-1949cf8c6b5b557f/tokio-1.39.3/src/runtime/scheduler/current_thread/mod.rs:751:68
[INFO] [stdout]   30:     0x6201975939cb - tokio::runtime::context::scoped::Scoped<T>::set::h4e6fab2f7e391625
[INFO] [stdout]                                at /opt/rustwide/cargo-home/registry/src/index.crates.io-1949cf8c6b5b557f/tokio-1.39.3/src/runtime/context/scoped.rs:40:9
[INFO] [stdout]   31:     0x62019759ffe9 - tokio::runtime::context::set_scheduler::{{closure}}::h72aa67d80cb55b68
[INFO] [stdout]                                at /opt/rustwide/cargo-home/registry/src/index.crates.io-1949cf8c6b5b557f/tokio-1.39.3/src/runtime/context.rs:180:26
[INFO] [stdout]   32:     0x6201975b9c02 - std::thread::local::LocalKey<T>::try_with::h4b923411dd1e148e
[INFO] [stdout]                                at /rustc/6067b36314ab5eb2eb47cecc464545ba58e1ad24/library/std/src/thread/local.rs:308:12
[INFO] [stdout]   33:     0x6201975b93da - std::thread::local::LocalKey<T>::with::h8f54d1451b740b9c
[INFO] [stdout]                                at /rustc/6067b36314ab5eb2eb47cecc464545ba58e1ad24/library/std/src/thread/local.rs:272:9
[INFO] [stdout]   34:     0x62019759ff5d - tokio::runtime::context::set_scheduler::h8520c2d0640eb390
[INFO] [stdout]                                at /opt/rustwide/cargo-home/registry/src/index.crates.io-1949cf8c6b5b557f/tokio-1.39.3/src/runtime/context.rs:180:9
[INFO] [stdout]   35:     0x6201975c7f00 - tokio::runtime::scheduler::current_thread::CoreGuard::enter::he3e50a90323e2927
[INFO] [stdout]                                at /opt/rustwide/cargo-home/registry/src/index.crates.io-1949cf8c6b5b557f/tokio-1.39.3/src/runtime/scheduler/current_thread/mod.rs:751:27
[INFO] [stdout]   36:     0x6201975c8193 - tokio::runtime::scheduler::current_thread::CoreGuard::block_on::haeaffec006803db2
[INFO] [stdout]                                at /opt/rustwide/cargo-home/registry/src/index.crates.io-1949cf8c6b5b557f/tokio-1.39.3/src/runtime/scheduler/current_thread/mod.rs:660:19
[INFO] [stdout]   37:     0x6201975c5efa - tokio::runtime::scheduler::current_thread::CurrentThread::block_on::{{closure}}::he294f1d20b1088f0
[INFO] [stdout]                                at /opt/rustwide/cargo-home/registry/src/index.crates.io-1949cf8c6b5b557f/tokio-1.39.3/src/runtime/scheduler/current_thread/mod.rs:180:28
[INFO] [stdout]   38:     0x6201975891e6 - tokio::runtime::context::runtime::enter_runtime::h687c9bb2e007c1fb
[INFO] [stdout]                                at /opt/rustwide/cargo-home/registry/src/index.crates.io-1949cf8c6b5b557f/tokio-1.39.3/src/runtime/context/runtime.rs:65:16
[INFO] [stdout]   39:     0x6201975c5821 - tokio::runtime::scheduler::current_thread::CurrentThread::block_on::h59d80937e0291a8e
[INFO] [stdout]                                at /opt/rustwide/cargo-home/registry/src/index.crates.io-1949cf8c6b5b557f/tokio-1.39.3/src/runtime/scheduler/current_thread/mod.rs:168:9
[INFO] [stdout]   40:     0x6201975b6bcd - tokio::runtime::runtime::Runtime::block_on_inner::h190f76fe045f606f
[INFO] [stdout]                                at /opt/rustwide/cargo-home/registry/src/index.crates.io-1949cf8c6b5b557f/tokio-1.39.3/src/runtime/runtime.rs:361:47
[INFO] [stdout]   41:     0x6201975b6df5 - tokio::runtime::runtime::Runtime::block_on::h648ed004ba3c3742
[INFO] [stdout]                                at /opt/rustwide/cargo-home/registry/src/index.crates.io-1949cf8c6b5b557f/tokio-1.39.3/src/runtime/runtime.rs:335:13
[INFO] [stdout]   42:     0x6201975c1371 - pusher_rs::tests::test_trigger_batch::h9b8097b99c0cb9ea
[INFO] [stdout]                                at /opt/rustwide/workdir/src/lib.rs:575:9
[INFO] [stdout]   43:     0x6201975c1217 - pusher_rs::tests::test_trigger_batch::{{closure}}::h760c726539688b91
[INFO] [stdout]                                at /opt/rustwide/workdir/src/lib.rs:556:34
[INFO] [stdout]   44:     0x6201975850f6 - core::ops::function::FnOnce::call_once::h26f833f396417ca7
[INFO] [stdout]                                at /rustc/6067b36314ab5eb2eb47cecc464545ba58e1ad24/library/core/src/ops/function.rs:250:5
[INFO] [stdout]   45:     0x62019761330b - core::ops::function::FnOnce::call_once::he27718dfdd183f43
[INFO] [stdout]                                at /rustc/6067b36314ab5eb2eb47cecc464545ba58e1ad24/library/core/src/ops/function.rs:250:5
[INFO] [stdout]   46:     0x62019761330b - test::__rust_begin_short_backtrace::h4e84902998457a5d
[INFO] [stdout]                                at /rustc/6067b36314ab5eb2eb47cecc464545ba58e1ad24/library/test/src/lib.rs:632:18
[INFO] [stdout]   47:     0x620197612243 - test::run_test_in_process::{{closure}}::h7176fd18fc1feca0
[INFO] [stdout]                                at /rustc/6067b36314ab5eb2eb47cecc464545ba58e1ad24/library/test/src/lib.rs:655:60
[INFO] [stdout]   48:     0x620197612243 - <core::panic::unwind_safe::AssertUnwindSafe<F> as core::ops::function::FnOnce<()>>::call_once::hf79cff2a624d8cf7
[INFO] [stdout]                                at /rustc/6067b36314ab5eb2eb47cecc464545ba58e1ad24/library/core/src/panic/unwind_safe.rs:272:9
[INFO] [stdout]   49:     0x620197612243 - std::panicking::try::do_call::h3da0561d9ab99c25
[INFO] [stdout]                                at /rustc/6067b36314ab5eb2eb47cecc464545ba58e1ad24/library/std/src/panicking.rs:587:40
[INFO] [stdout]   50:     0x620197612243 - std::panicking::try::h41c9fa508bc61df6
[INFO] [stdout]                                at /rustc/6067b36314ab5eb2eb47cecc464545ba58e1ad24/library/std/src/panicking.rs:550:19
[INFO] [stdout]   51:     0x620197612243 - std::panic::catch_unwind::h6b3ff07bb5afad93
[INFO] [stdout]                                at /rustc/6067b36314ab5eb2eb47cecc464545ba58e1ad24/library/std/src/panic.rs:358:14
[INFO] [stdout]   52:     0x620197612243 - test::run_test_in_process::hc7253dd11b39b9f4
[INFO] [stdout]                                at /rustc/6067b36314ab5eb2eb47cecc464545ba58e1ad24/library/test/src/lib.rs:655:27
[INFO] [stdout]   53:     0x620197612243 - test::run_test::{{closure}}::hfb2007f8649c30bb
[INFO] [stdout]                                at /rustc/6067b36314ab5eb2eb47cecc464545ba58e1ad24/library/test/src/lib.rs:576:43
[INFO] [stdout]   54:     0x6201975d5325 - test::run_test::{{closure}}::h56a17aa7a282a9f4
[INFO] [stdout]                                at /rustc/6067b36314ab5eb2eb47cecc464545ba58e1ad24/library/test/src/lib.rs:606:41
[INFO] [stdout]   55:     0x6201975d5325 - std::sys::backtrace::__rust_begin_short_backtrace::hd2d2d2fb8e8c6aac
[INFO] [stdout]                                at /rustc/6067b36314ab5eb2eb47cecc464545ba58e1ad24/library/std/src/sys/backtrace.rs:152:18
[INFO] [stdout]   56:     0x6201975d8c0a - std::thread::Builder::spawn_unchecked_::{{closure}}::{{closure}}::h4faa3f9db6133423
[INFO] [stdout]                                at /rustc/6067b36314ab5eb2eb47cecc464545ba58e1ad24/library/std/src/thread/mod.rs:559:17
[INFO] [stdout]   57:     0x6201975d8c0a - <core::panic::unwind_safe::AssertUnwindSafe<F> as core::ops::function::FnOnce<()>>::call_once::hf2e855a36a4ea846
[INFO] [stdout]                                at /rustc/6067b36314ab5eb2eb47cecc464545ba58e1ad24/library/core/src/panic/unwind_safe.rs:272:9
[INFO] [stdout]   58:     0x6201975d8c0a - std::panicking::try::do_call::h2f73af3616c35465
[INFO] [stdout]                                at /rustc/6067b36314ab5eb2eb47cecc464545ba58e1ad24/library/std/src/panicking.rs:587:40
[INFO] [stdout]   59:     0x6201975d8c0a - std::panicking::try::hd1660ce9efadef5a
[INFO] [stdout]                                at /rustc/6067b36314ab5eb2eb47cecc464545ba58e1ad24/library/std/src/panicking.rs:550:19
[INFO] [stdout]   60:     0x6201975d8c0a - std::panic::catch_unwind::h5ee8d7823b8ca744
[INFO] [stdout]                                at /rustc/6067b36314ab5eb2eb47cecc464545ba58e1ad24/library/std/src/panic.rs:358:14
[INFO] [stdout]   61:     0x6201975d8c0a - std::thread::Builder::spawn_unchecked_::{{closure}}::h53c3a1894dce8407
[INFO] [stdout]                                at /rustc/6067b36314ab5eb2eb47cecc464545ba58e1ad24/library/std/src/thread/mod.rs:557:30
[INFO] [stdout]   62:     0x6201975d8c0a - core::ops::function::FnOnce::call_once{{vtable.shim}}::h048ce291ad4f62bf
[INFO] [stdout]                                at /rustc/6067b36314ab5eb2eb47cecc464545ba58e1ad24/library/core/src/ops/function.rs:250:5
[INFO] [stdout]   63:     0x620197a3c1ab - <alloc::boxed::Box<F,A> as core::ops::function::FnOnce<Args>>::call_once::ha52bedf99a3b4981
[INFO] [stdout]                                at /rustc/6067b36314ab5eb2eb47cecc464545ba58e1ad24/library/alloc/src/boxed.rs:2013:9
[INFO] [stdout]   64:     0x620197a3c1ab - <alloc::boxed::Box<F,A> as core::ops::function::FnOnce<Args>>::call_once::h567748934d80ccf8
[INFO] [stdout]                                at /rustc/6067b36314ab5eb2eb47cecc464545ba58e1ad24/library/alloc/src/boxed.rs:2013:9
[INFO] [stdout]   65:     0x620197a3c1ab - std::sys::pal::unix::thread::Thread::new::thread_start::h2d970728ae887adc
[INFO] [stdout]                                at /rustc/6067b36314ab5eb2eb47cecc464545ba58e1ad24/library/std/src/sys/pal/unix/thread.rs:106:17
[INFO] [stdout]   66:     0x76a242369ac3 - <unknown>
[INFO] [stdout]   67:     0x76a2423faa04 - clone
[INFO] [stdout]   68:                0x0 - <unknown>
[INFO] [stdout] 
[INFO] [stdout] ---- tests::test_client_creation stdout ----
[INFO] [stdout] 
[INFO] [stdout] thread 'tests::test_client_creation' panicked at src/lib.rs:540:38:
[INFO] [stdout] Failed to load Pusher configuration from environment: NotPresent
[INFO] [stdout] stack backtrace:
[INFO] [stdout]    0:     0x620197a35dea - std::backtrace_rs::backtrace::libunwind::trace::hb059275cfc8d6126
[INFO] [stdout]                                at /rustc/6067b36314ab5eb2eb47cecc464545ba58e1ad24/library/std/src/../../backtrace/src/backtrace/libunwind.rs:116:5
[INFO] [stdout]    1:     0x620197a35dea - std::backtrace_rs::backtrace::trace_unsynchronized::h2da071e4327ce3ee
[INFO] [stdout]                                at /rustc/6067b36314ab5eb2eb47cecc464545ba58e1ad24/library/std/src/../../backtrace/src/backtrace/mod.rs:66:5
[INFO] [stdout]    2:     0x620197a35dea - std::sys::backtrace::_print_fmt::h842a1474e6f8d23f
[INFO] [stdout]                                at /rustc/6067b36314ab5eb2eb47cecc464545ba58e1ad24/library/std/src/sys/backtrace.rs:66:9
[INFO] [stdout]    3:     0x620197a35dea - <std::sys::backtrace::BacktraceLock::print::DisplayBacktrace as core::fmt::Display>::fmt::h71a62eb3b9696b12
[INFO] [stdout]                                at /rustc/6067b36314ab5eb2eb47cecc464545ba58e1ad24/library/std/src/sys/backtrace.rs:39:26
[INFO] [stdout]    4:     0x620197a61993 - core::fmt::rt::Argument::fmt::hdb6b616786b41dc1
[INFO] [stdout]                                at /rustc/6067b36314ab5eb2eb47cecc464545ba58e1ad24/library/core/src/fmt/rt.rs:177:76
[INFO] [stdout]    5:     0x620197a61993 - core::fmt::write::h2cc1698af7e2d686
[INFO] [stdout]                                at /rustc/6067b36314ab5eb2eb47cecc464545ba58e1ad24/library/core/src/fmt/mod.rs:1440:21
[INFO] [stdout]    6:     0x620197a31b93 - std::io::Write::write_fmt::hab1b4cd059a79022
[INFO] [stdout]                                at /rustc/6067b36314ab5eb2eb47cecc464545ba58e1ad24/library/std/src/io/mod.rs:1887:15
[INFO] [stdout]    7:     0x620197a35c32 - std::sys::backtrace::BacktraceLock::print::h147fe35b4ea13b08
[INFO] [stdout]                                at /rustc/6067b36314ab5eb2eb47cecc464545ba58e1ad24/library/std/src/sys/backtrace.rs:42:9
[INFO] [stdout]    8:     0x620197a3720f - std::panicking::default_hook::{{closure}}::hbd44223dbdc0d208
[INFO] [stdout]                                at /rustc/6067b36314ab5eb2eb47cecc464545ba58e1ad24/library/std/src/panicking.rs:298:22
[INFO] [stdout]    9:     0x620197a37028 - std::panicking::default_hook::h20f81eb0576efcec
[INFO] [stdout]                                at /rustc/6067b36314ab5eb2eb47cecc464545ba58e1ad24/library/std/src/panicking.rs:322:9
[INFO] [stdout]   10:     0x62019760dbb3 - <alloc::boxed::Box<F,A> as core::ops::function::Fn<Args>>::call::hdb53814c496a4d34
[INFO] [stdout]                                at /rustc/6067b36314ab5eb2eb47cecc464545ba58e1ad24/library/alloc/src/boxed.rs:2027:9
[INFO] [stdout]   11:     0x62019760dbb3 - test::test_main::{{closure}}::hc0a4963c59427c24
[INFO] [stdout]                                at /rustc/6067b36314ab5eb2eb47cecc464545ba58e1ad24/library/test/src/lib.rs:134:21
[INFO] [stdout]   12:     0x620197a37d03 - <alloc::boxed::Box<F,A> as core::ops::function::Fn<Args>>::call::h591b2225413a77e9
[INFO] [stdout]                                at /rustc/6067b36314ab5eb2eb47cecc464545ba58e1ad24/library/alloc/src/boxed.rs:2027:9
[INFO] [stdout]   13:     0x620197a37d03 - std::panicking::rust_panic_with_hook::h625eea43051b2edc
[INFO] [stdout]                                at /rustc/6067b36314ab5eb2eb47cecc464545ba58e1ad24/library/std/src/panicking.rs:839:13
[INFO] [stdout]   14:     0x620197a379ba - std::panicking::begin_panic_handler::{{closure}}::h4f9159cfbc3f6bd3
[INFO] [stdout]                                at /rustc/6067b36314ab5eb2eb47cecc464545ba58e1ad24/library/std/src/panicking.rs:704:13
[INFO] [stdout]   15:     0x620197a362e9 - std::sys::backtrace::__rust_end_short_backtrace::h0390abce48353151
[INFO] [stdout]                                at /rustc/6067b36314ab5eb2eb47cecc464545ba58e1ad24/library/std/src/sys/backtrace.rs:168:18
[INFO] [stdout]   16:     0x620197a3764d - rust_begin_unwind
[INFO] [stdout]                                at /rustc/6067b36314ab5eb2eb47cecc464545ba58e1ad24/library/std/src/panicking.rs:695:5
[INFO] [stdout]   17:     0x620197a5fba0 - core::panicking::panic_fmt::h9e7c637e9e5f29c9
[INFO] [stdout]                                at /rustc/6067b36314ab5eb2eb47cecc464545ba58e1ad24/library/core/src/panicking.rs:75:14
[INFO] [stdout]   18:     0x620197a60076 - core::result::unwrap_failed::h7979f09313fe1849
[INFO] [stdout]                                at /rustc/6067b36314ab5eb2eb47cecc464545ba58e1ad24/library/core/src/result.rs:1704:5
[INFO] [stdout]   19:     0x620197580c61 - core::result::Result<T,E>::expect::h1c58ae76115170c9
[INFO] [stdout]                                at /rustc/6067b36314ab5eb2eb47cecc464545ba58e1ad24/library/core/src/result.rs:1061:23
[INFO] [stdout]   20:     0x6201975c09dd - pusher_rs::tests::test_client_creation::{{closure}}::hd52acd1525b92e12
[INFO] [stdout]                                at /opt/rustwide/workdir/src/lib.rs:540:13
[INFO] [stdout]   21:     0x6201975cef02 - <core::pin::Pin<P> as core::future::future::Future>::poll::h239dde56e118c684
[INFO] [stdout]                                at /rustc/6067b36314ab5eb2eb47cecc464545ba58e1ad24/library/core/src/future/future.rs:124:9
[INFO] [stdout]   22:     0x6201975cefbd - <core::pin::Pin<P> as core::future::future::Future>::poll::he7c9d3bfea6991a2
[INFO] [stdout]                                at /rustc/6067b36314ab5eb2eb47cecc464545ba58e1ad24/library/core/src/future/future.rs:124:9
[INFO] [stdout]   23:     0x6201975c974f - tokio::runtime::scheduler::current_thread::CoreGuard::block_on::{{closure}}::{{closure}}::{{closure}}::he7705cfbbae518a4
[INFO] [stdout]                                at /opt/rustwide/cargo-home/registry/src/index.crates.io-1949cf8c6b5b557f/tokio-1.39.3/src/runtime/scheduler/current_thread/mod.rs:673:57
[INFO] [stdout]   24:     0x6201975c94a5 - tokio::runtime::coop::with_budget::h59537e60f88e4bf5
[INFO] [stdout]                                at /opt/rustwide/cargo-home/registry/src/index.crates.io-1949cf8c6b5b557f/tokio-1.39.3/src/runtime/coop.rs:107:5
[INFO] [stdout]   25:     0x6201975c94a5 - tokio::runtime::coop::budget::h3f4864546861ec01
[INFO] [stdout]                                at /opt/rustwide/cargo-home/registry/src/index.crates.io-1949cf8c6b5b557f/tokio-1.39.3/src/runtime/coop.rs:73:5
[INFO] [stdout]   26:     0x6201975c94a5 - tokio::runtime::scheduler::current_thread::CoreGuard::block_on::{{closure}}::{{closure}}::h7fb6836c2f36b436
[INFO] [stdout]                                at /opt/rustwide/cargo-home/registry/src/index.crates.io-1949cf8c6b5b557f/tokio-1.39.3/src/runtime/scheduler/current_thread/mod.rs:673:25
[INFO] [stdout]   27:     0x6201975c6c70 - tokio::runtime::scheduler::current_thread::Context::enter::hb06dd949848c6a36
[INFO] [stdout]                                at /opt/rustwide/cargo-home/registry/src/index.crates.io-1949cf8c6b5b557f/tokio-1.39.3/src/runtime/scheduler/current_thread/mod.rs:412:19
[INFO] [stdout]   28:     0x6201975c8cfe - tokio::runtime::scheduler::current_thread::CoreGuard::block_on::{{closure}}::h1f31c1b69f8fe311
[INFO] [stdout]                                at /opt/rustwide/cargo-home/registry/src/index.crates.io-1949cf8c6b5b557f/tokio-1.39.3/src/runtime/scheduler/current_thread/mod.rs:672:36
[INFO] [stdout]   29:     0x6201975c8154 - tokio::runtime::scheduler::current_thread::CoreGuard::enter::{{closure}}::h64c901cd251be7e5
[INFO] [stdout]                                at /opt/rustwide/cargo-home/registry/src/index.crates.io-1949cf8c6b5b557f/tokio-1.39.3/src/runtime/scheduler/current_thread/mod.rs:751:68
[INFO] [stdout]   30:     0x6201975939cb - tokio::runtime::context::scoped::Scoped<T>::set::h4e6fab2f7e391625
[INFO] [stdout]                                at /opt/rustwide/cargo-home/registry/src/index.crates.io-1949cf8c6b5b557f/tokio-1.39.3/src/runtime/context/scoped.rs:40:9
[INFO] [stdout]   31:     0x62019759ffe9 - tokio::runtime::context::set_scheduler::{{closure}}::h72aa67d80cb55b68
[INFO] [stdout]                                at /opt/rustwide/cargo-home/registry/src/index.crates.io-1949cf8c6b5b557f/tokio-1.39.3/src/runtime/context.rs:180:26
[INFO] [stdout]   32:     0x6201975b9c02 - std::thread::local::LocalKey<T>::try_with::h4b923411dd1e148e
[INFO] [stdout]                                at /rustc/6067b36314ab5eb2eb47cecc464545ba58e1ad24/library/std/src/thread/local.rs:308:12
[INFO] [stdout]   33:     0x6201975b93da - std::thread::local::LocalKey<T>::with::h8f54d1451b740b9c
[INFO] [stdout]                                at /rustc/6067b36314ab5eb2eb47cecc464545ba58e1ad24/library/std/src/thread/local.rs:272:9
[INFO] [stdout]   34:     0x62019759ff5d - tokio::runtime::context::set_scheduler::h8520c2d0640eb390
[INFO] [stdout]                                at /opt/rustwide/cargo-home/registry/src/index.crates.io-1949cf8c6b5b557f/tokio-1.39.3/src/runtime/context.rs:180:9
[INFO] [stdout]   35:     0x6201975c7f00 - tokio::runtime::scheduler::current_thread::CoreGuard::enter::he3e50a90323e2927
[INFO] [stdout]                                at /opt/rustwide/cargo-home/registry/src/index.crates.io-1949cf8c6b5b557f/tokio-1.39.3/src/runtime/scheduler/current_thread/mod.rs:751:27
[INFO] [stdout]   36:     0x6201975c8193 - tokio::runtime::scheduler::current_thread::CoreGuard::block_on::haeaffec006803db2
[INFO] [stdout]                                at /opt/rustwide/cargo-home/registry/src/index.crates.io-1949cf8c6b5b557f/tokio-1.39.3/src/runtime/scheduler/current_thread/mod.rs:660:19
[INFO] [stdout]   37:     0x6201975c5efa - tokio::runtime::scheduler::current_thread::CurrentThread::block_on::{{closure}}::he294f1d20b1088f0
[INFO] [stdout]                                at /opt/rustwide/cargo-home/registry/src/index.crates.io-1949cf8c6b5b557f/tokio-1.39.3/src/runtime/scheduler/current_thread/mod.rs:180:28
[INFO] [stdout]   38:     0x6201975891e6 - tokio::runtime::context::runtime::enter_runtime::h687c9bb2e007c1fb
[INFO] [stdout]                                at /opt/rustwide/cargo-home/registry/src/index.crates.io-1949cf8c6b5b557f/tokio-1.39.3/src/runtime/context/runtime.rs:65:16
[INFO] [stdout]   39:     0x6201975c5821 - tokio::runtime::scheduler::current_thread::CurrentThread::block_on::h59d80937e0291a8e
[INFO] [stdout]                                at /opt/rustwide/cargo-home/registry/src/index.crates.io-1949cf8c6b5b557f/tokio-1.39.3/src/runtime/scheduler/current_thread/mod.rs:168:9
[INFO] [stdout]   40:     0x6201975b6bcd - tokio::runtime::runtime::Runtime::block_on_inner::h190f76fe045f606f
[INFO] [stdout]                                at /opt/rustwide/cargo-home/registry/src/index.crates.io-1949cf8c6b5b557f/tokio-1.39.3/src/runtime/runtime.rs:361:47
[INFO] [stdout]   41:     0x6201975b6df5 - tokio::runtime::runtime::Runtime::block_on::h648ed004ba3c3742
[INFO] [stdout]                                at /opt/rustwide/cargo-home/registry/src/index.crates.io-1949cf8c6b5b557f/tokio-1.39.3/src/runtime/runtime.rs:335:13
[INFO] [stdout]   42:     0x6201975c0871 - pusher_rs::tests::test_client_creation::hfe41b7f9aab5a3c9
[INFO] [stdout]                                at /opt/rustwide/workdir/src/lib.rs:542:9
[INFO] [stdout]   43:     0x6201975c0717 - pusher_rs::tests::test_client_creation::{{closure}}::h01ae06a8e95268db
[INFO] [stdout]                                at /opt/rustwide/workdir/src/lib.rs:538:36
[INFO] [stdout]   44:     0x620197585736 - core::ops::function::FnOnce::call_once::hc79032e114ba1b3c
[INFO] [stdout]                                at /rustc/6067b36314ab5eb2eb47cecc464545ba58e1ad24/library/core/src/ops/function.rs:250:5
[INFO] [stdout]   45:     0x62019761330b - core::ops::function::FnOnce::call_once::he27718dfdd183f43
[INFO] [stdout]                                at /rustc/6067b36314ab5eb2eb47cecc464545ba58e1ad24/library/core/src/ops/function.rs:250:5
[INFO] [stdout]   46:     0x62019761330b - test::__rust_begin_short_backtrace::h4e84902998457a5d
[INFO] [stdout]                                at /rustc/6067b36314ab5eb2eb47cecc464545ba58e1ad24/library/test/src/lib.rs:632:18
[INFO] [stdout]   47:     0x620197612243 - test::run_test_in_process::{{closure}}::h7176fd18fc1feca0
[INFO] [stdout]                                at /rustc/6067b36314ab5eb2eb47cecc464545ba58e1ad24/library/test/src/lib.rs:655:60
[INFO] [stdout]   48:     0x620197612243 - <core::panic::unwind_safe::AssertUnwindSafe<F> as core::ops::function::FnOnce<()>>::call_once::hf79cff2a624d8cf7
[INFO] [stdout]                                at /rustc/6067b36314ab5eb2eb47cecc464545ba58e1ad24/library/core/src/panic/unwind_safe.rs:272:9
[INFO] [stdout]   49:     0x620197612243 - std::panicking::try::do_call::h3da0561d9ab99c25
[INFO] [stdout]                                at /rustc/6067b36314ab5eb2eb47cecc464545ba58e1ad24/library/std/src/panicking.rs:587:40
[INFO] [stdout]   50:     0x620197612243 - std::panicking::try::h41c9fa508bc61df6
[INFO] [stdout]                                at /rustc/6067b36314ab5eb2eb47cecc464545ba58e1ad24/library/std/src/panicking.rs:550:19
[INFO] [stdout]   51:     0x620197612243 - std::panic::catch_unwind::h6b3ff07bb5afad93
[INFO] [stdout]                                at /rustc/6067b36314ab5eb2eb47cecc464545ba58e1ad24/library/std/src/panic.rs:358:14
[INFO] [stdout]   52:     0x620197612243 - test::run_test_in_process::hc7253dd11b39b9f4
[INFO] [stdout]                                at /rustc/6067b36314ab5eb2eb47cecc464545ba58e1ad24/library/test/src/lib.rs:655:27
[INFO] [stdout]   53:     0x620197612243 - test::run_test::{{closure}}::hfb2007f8649c30bb
[INFO] [stdout]                                at /rustc/6067b36314ab5eb2eb47cecc464545ba58e1ad24/library/test/src/lib.rs:576:43
[INFO] [stdout]   54:     0x6201975d5325 - test::run_test::{{closure}}::h56a17aa7a282a9f4
[INFO] [stdout]                                at /rustc/6067b36314ab5eb2eb47cecc464545ba58e1ad24/library/test/src/lib.rs:606:41
[INFO] [stdout]   55:     0x6201975d5325 - std::sys::backtrace::__rust_begin_short_backtrace::hd2d2d2fb8e8c6aac
[INFO] [stdout]                                at /rustc/6067b36314ab5eb2eb47cecc464545ba58e1ad24/library/std/src/sys/backtrace.rs:152:18
[INFO] [stdout]   56:     0x6201975d8c0a - std::thread::Builder::spawn_unchecked_::{{closure}}::{{closure}}::h4faa3f9db6133423
[INFO] [stdout]                                at /rustc/6067b36314ab5eb2eb47cecc464545ba58e1ad24/library/std/src/thread/mod.rs:559:17
[INFO] [stdout]   57:     0x6201975d8c0a - <core::panic::unwind_safe::AssertUnwindSafe<F> as core::ops::function::FnOnce<()>>::call_once::hf2e855a36a4ea846
[INFO] [stdout]                                at /rustc/6067b36314ab5eb2eb47cecc464545ba58e1ad24/library/core/src/panic/unwind_safe.rs:272:9
[INFO] [stdout]   58:     0x6201975d8c0a - std::panicking::try::do_call::h2f73af3616c35465
[INFO] [stdout]                                at /rustc/6067b36314ab5eb2eb47cecc464545ba58e1ad24/library/std/src/panicking.rs:587:40
[INFO] [stdout]   59:     0x6201975d8c0a - std::panicking::try::hd1660ce9efadef5a
[INFO] [stdout]                                at /rustc/6067b36314ab5eb2eb47cecc464545ba58e1ad24/library/std/src/panicking.rs:550:19
[INFO] [stdout]   60:     0x6201975d8c0a - std::panic::catch_unwind::h5ee8d7823b8ca744
[INFO] [stdout]                                at /rustc/6067b36314ab5eb2eb47cecc464545ba58e1ad24/library/std/src/panic.rs:358:14
[INFO] [stdout]   61:     0x6201975d8c0a - std::thread::Builder::spawn_unchecked_::{{closure}}::h53c3a1894dce8407
[INFO] [stdout]                                at /rustc/6067b36314ab5eb2eb47cecc464545ba58e1ad24/library/std/src/thread/mod.rs:557:30
[INFO] [stdout]   62:     0x6201975d8c0a - core::ops::function::FnOnce::call_once{{vtable.shim}}::h048ce291ad4f62bf
[INFO] [stdout]                                at /rustc/6067b36314ab5eb2eb47cecc464545ba58e1ad24/library/core/src/ops/function.rs:250:5
[INFO] [stdout]   63:     0x620197a3c1ab - <alloc::boxed::Box<F,A> as core::ops::function::FnOnce<Args>>::call_once::ha52bedf99a3b4981
[INFO] [stdout]                                at /rustc/6067b36314ab5eb2eb47cecc464545ba58e1ad24/library/alloc/src/boxed.rs:2013:9
[INFO] [stdout]   64:     0x620197a3c1ab - <alloc::boxed::Box<F,A> as core::ops::function::FnOnce<Args>>::call_once::h567748934d80ccf8
[INFO] [stdout]                                at /rustc/6067b36314ab5eb2eb47cecc464545ba58e1ad24/library/alloc/src/boxed.rs:2013:9
[INFO] [stdout]   65:     0x620197a3c1ab - std::sys::pal::unix::thread::Thread::new::thread_start::h2d970728ae887adc
[INFO] [stdout]                                at /rustc/6067b36314ab5eb2eb47cecc464545ba58e1ad24/library/std/src/sys/pal/unix/thread.rs:106:17
[INFO] [stdout]   66:     0x76a242369ac3 - <unknown>
[INFO] [stdout]   67:     0x76a2423faa04 - clone
[INFO] [stdout]   68:                0x0 - <unknown>
[INFO] [stdout] 
[INFO] [stdout] 
[INFO] [stdout] failures:
[INFO] [stdout]     tests::test_client_creation
[INFO] [stdout]     tests::test_trigger_batch
[INFO] [stdout] 
[INFO] [stdout] test result: FAILED. 12 passed; 2 failed; 2 ignored; 0 measured; 0 filtered out; finished in 0.07s
[INFO] [stdout] 
[INFO] [stderr] error: test failed, to rerun pass `--lib`
[INFO] running `Command { std: "docker" "inspect" "e9bea203aa6aca0742f5f41ee67055ec4757c76f76ba8433754a092d58f36a32", kill_on_drop: false }`
[INFO] running `Command { std: "docker" "rm" "-f" "e9bea203aa6aca0742f5f41ee67055ec4757c76f76ba8433754a092d58f36a32", kill_on_drop: false }`
[INFO] [stdout] e9bea203aa6aca0742f5f41ee67055ec4757c76f76ba8433754a092d58f36a32
