[INFO] cloning repository https://github.com/chikuwait1703/pue-ue
[INFO] running `Command { std: "git" "-c" "credential.helper=" "-c" "credential.helper=/workspace/cargo-home/bin/git-credential-null" "clone" "--bare" "https://github.com/chikuwait1703/pue-ue" "/workspace/cache/git-repos/https%3A%2F%2Fgithub.com%2Fchikuwait1703%2Fpue-ue", kill_on_drop: false }`
[INFO] [stderr] Cloning into bare repository '/workspace/cache/git-repos/https%3A%2F%2Fgithub.com%2Fchikuwait1703%2Fpue-ue'...
[INFO] running `Command { std: "git" "rev-parse" "HEAD", kill_on_drop: false }`
[INFO] [stdout] 3fddf33d11be039e35b0d62e8fcd5babd7a9fb3e
[INFO] testing chikuwait1703/pue-ue against nightly-2025-01-18+rustflags=-Zrandomize-layout for randomize-layout-2
[INFO] running `Command { std: "git" "clone" "/workspace/cache/git-repos/https%3A%2F%2Fgithub.com%2Fchikuwait1703%2Fpue-ue" "/workspace/builds/worker-7-tc2/source", kill_on_drop: false }`
[INFO] [stderr] Cloning into '/workspace/builds/worker-7-tc2/source'...
[INFO] [stderr] done.
[INFO] validating manifest of git repo https://github.com/chikuwait1703/pue-ue on toolchain nightly-2025-01-18
[INFO] running `Command { std: CARGO_HOME="/workspace/cargo-home" RUSTUP_HOME="/workspace/rustup-home" "/workspace/cargo-home/bin/cargo" "+nightly-2025-01-18" "metadata" "--manifest-path" "Cargo.toml" "--no-deps", kill_on_drop: false }`
[INFO] started tweaking git repo https://github.com/chikuwait1703/pue-ue
[INFO] finished tweaking git repo https://github.com/chikuwait1703/pue-ue
[INFO] tweaked toml for git repo https://github.com/chikuwait1703/pue-ue written to /workspace/builds/worker-7-tc2/source/Cargo.toml
[INFO] crate git repo https://github.com/chikuwait1703/pue-ue already has a lockfile, it will not be regenerated
[INFO] running `Command { std: CARGO_HOME="/workspace/cargo-home" RUSTUP_HOME="/workspace/rustup-home" "/workspace/cargo-home/bin/cargo" "+nightly-2025-01-18" "fetch" "--manifest-path" "Cargo.toml", kill_on_drop: false }`
[INFO] running `Command { std: "docker" "create" "-v" "/var/lib/crater-agent-workspace/builds/worker-7-tc2/target:/opt/rustwide/target:rw,Z" "-v" "/var/lib/crater-agent-workspace/builds/worker-7-tc2/source:/opt/rustwide/workdir:ro,Z" "-v" "/var/lib/crater-agent-workspace/cargo-home:/opt/rustwide/cargo-home:ro,Z" "-v" "/var/lib/crater-agent-workspace/rustup-home:/opt/rustwide/rustup-home:ro,Z" "-e" "SOURCE_DIR=/opt/rustwide/workdir" "-e" "CARGO_TARGET_DIR=/opt/rustwide/target" "-e" "CARGO_HOME=/opt/rustwide/cargo-home" "-e" "RUSTUP_HOME=/opt/rustwide/rustup-home" "-w" "/opt/rustwide/workdir" "-m" "1610612736" "--user" "0:0" "--network" "none" "ghcr.io/rust-lang/crates-build-env/linux@sha256:819108c5571ea2e421544af4d832f968d213c87fbe3707a016657f43d2f853bc" "/opt/rustwide/cargo-home/bin/cargo" "+nightly-2025-01-18" "metadata" "--no-deps" "--format-version=1", kill_on_drop: false }`
[INFO] [stdout] 7532e532e9bc2b66a6f0f7963590380fad21e3e2bd8094ffb0d38f96da084611
[INFO] running `Command { std: "docker" "start" "-a" "7532e532e9bc2b66a6f0f7963590380fad21e3e2bd8094ffb0d38f96da084611", kill_on_drop: false }`
[INFO] running `Command { std: "docker" "inspect" "7532e532e9bc2b66a6f0f7963590380fad21e3e2bd8094ffb0d38f96da084611", kill_on_drop: false }`
[INFO] running `Command { std: "docker" "rm" "-f" "7532e532e9bc2b66a6f0f7963590380fad21e3e2bd8094ffb0d38f96da084611", kill_on_drop: false }`
[INFO] [stdout] 7532e532e9bc2b66a6f0f7963590380fad21e3e2bd8094ffb0d38f96da084611
[INFO] running `Command { std: "docker" "create" "-v" "/var/lib/crater-agent-workspace/builds/worker-7-tc2/target:/opt/rustwide/target:rw,Z" "-v" "/var/lib/crater-agent-workspace/builds/worker-7-tc2/source:/opt/rustwide/workdir:ro,Z" "-v" "/var/lib/crater-agent-workspace/cargo-home:/opt/rustwide/cargo-home:ro,Z" "-v" "/var/lib/crater-agent-workspace/rustup-home:/opt/rustwide/rustup-home:ro,Z" "-e" "SOURCE_DIR=/opt/rustwide/workdir" "-e" "CARGO_TARGET_DIR=/opt/rustwide/target" "-e" "CARGO_INCREMENTAL=0" "-e" "RUST_BACKTRACE=full" "-e" "RUSTFLAGS=--cap-lints=forbid -Zrandomize-layout" "-e" "RUSTDOCFLAGS=--cap-lints=forbid" "-e" "CARGO_HOME=/opt/rustwide/cargo-home" "-e" "RUSTUP_HOME=/opt/rustwide/rustup-home" "-w" "/opt/rustwide/workdir" "-m" "1610612736" "--user" "0:0" "--network" "none" "ghcr.io/rust-lang/crates-build-env/linux@sha256:819108c5571ea2e421544af4d832f968d213c87fbe3707a016657f43d2f853bc" "/opt/rustwide/cargo-home/bin/cargo" "+nightly-2025-01-18" "build" "--frozen" "--message-format=json", kill_on_drop: false }`
[INFO] [stdout] 4b4d267ee3059d87c09b9a5caf6c5b33460504b372d97b778e21feba4b83791f
[INFO] running `Command { std: "docker" "start" "-a" "4b4d267ee3059d87c09b9a5caf6c5b33460504b372d97b778e21feba4b83791f", kill_on_drop: false }`
[INFO] [stderr]    Compiling libc v0.2.126
[INFO] [stderr]    Compiling autocfg v1.1.0
[INFO] [stderr]    Compiling cfg-if v1.0.0
[INFO] [stderr]    Compiling proc-macro2 v1.0.39
[INFO] [stderr]    Compiling unicode-ident v1.0.0
[INFO] [stderr]    Compiling syn v1.0.95
[INFO] [stderr]    Compiling log v0.4.17
[INFO] [stderr]    Compiling cc v1.0.73
[INFO] [stderr]    Compiling serde v1.0.137
[INFO] [stderr]    Compiling version_check v0.9.4
[INFO] [stderr]    Compiling once_cell v1.12.0
[INFO] [stderr]    Compiling itoa v1.0.2
[INFO] [stderr]    Compiling untrusted v0.7.1
[INFO] [stderr]    Compiling spin v0.5.2
[INFO] [stderr]    Compiling bitflags v1.3.2
[INFO] [stderr]    Compiling heck v0.4.0
[INFO] [stderr]    Compiling memchr v2.5.0
[INFO] [stderr]    Compiling rustversion v1.0.6
[INFO] [stderr]    Compiling signal-hook v0.3.14
[INFO] [stderr]    Compiling lazy_static v1.4.0
[INFO] [stderr]    Compiling hashbrown v0.11.2
[INFO] [stderr]    Compiling num_threads v0.1.6
[INFO] [stderr]    Compiling ucd-trie v0.1.3
[INFO] [stderr]    Compiling time-macros v0.2.4
[INFO] [stderr]    Compiling parking_lot_core v0.9.3
[INFO] [stderr]    Compiling num-traits v0.2.15
[INFO] [stderr]    Compiling indexmap v1.8.2
[INFO] [stderr]    Compiling num-integer v0.1.45
[INFO] [stderr]    Compiling lock_api v0.4.7
[INFO] [stderr]    Compiling proc-macro-error-attr v1.0.4
[INFO] [stderr]    Compiling proc-macro-error v1.0.4
[INFO] [stderr]    Compiling pest v2.1.3
[INFO] [stderr]    Compiling memoffset v0.6.5
[INFO] [stderr]    Compiling base64 v0.13.0
[INFO] [stderr]    Compiling scopeguard v1.1.0
[INFO] [stderr]    Compiling rustls v0.20.6
[INFO] [stderr]    Compiling serde_json v1.0.81
[INFO] [stderr]    Compiling smallvec v1.8.0
[INFO] [stderr]    Compiling maplit v1.0.2
[INFO] [stderr]    Compiling ryu v1.0.10
[INFO] [stderr]    Compiling quote v1.0.18
[INFO] [stderr]    Compiling pin-project-lite v0.2.9
[INFO] [stderr]    Compiling crossbeam-utils v0.8.8
[INFO] [stderr]    Compiling bytes v1.1.0
[INFO] [stderr]    Compiling os_str_bytes v6.1.0
[INFO] [stderr]    Compiling ppv-lite86 v0.2.16
[INFO] [stderr]    Compiling snap v1.0.5
[INFO] [stderr]    Compiling pest_meta v2.1.3
[INFO] [stderr]    Compiling serde_derive v1.0.137
[INFO] [stderr]    Compiling async-trait v0.1.53
[INFO] [stderr]    Compiling linked-hash-map v0.5.4
[INFO] [stderr]    Compiling clap_lex v0.2.0
[INFO] [stderr]    Compiling pem v1.0.2
[INFO] [stderr]    Compiling strum v0.24.0
[INFO] [stderr]    Compiling strsim v0.10.0
[INFO] [stderr]    Compiling anyhow v1.0.57
[INFO] [stderr]    Compiling yaml-rust v0.4.5
[INFO] [stderr]    Compiling half v1.8.2
[INFO] [stderr]    Compiling ring v0.16.20
[INFO] [stderr]    Compiling termcolor v1.1.3
[INFO] [stderr]    Compiling byteorder v1.4.3
[INFO] [stderr]    Compiling textwrap v0.15.0
[INFO] [stderr]    Compiling mio v0.8.3
[INFO] [stderr]    Compiling getrandom v0.2.6
[INFO] [stderr]    Compiling signal-hook-registry v1.4.0
[INFO] [stderr]    Compiling time v0.1.43
[INFO] [stderr]    Compiling time v0.3.9
[INFO] [stderr]    Compiling rand_core v0.6.3
[INFO] [stderr]    Compiling num_cpus v1.13.1
[INFO] [stderr]    Compiling dirs-sys-next v0.1.2
[INFO] [stderr]    Compiling socket2 v0.4.4
[INFO] [stderr]    Compiling rand_chacha v0.3.1
[INFO] [stderr]    Compiling dirs-next v2.0.0
[INFO] [stderr]    Compiling signal-hook-mio v0.2.3
[INFO] [stderr]    Compiling yasna v0.5.0
[INFO] [stderr]    Compiling parking_lot v0.12.0
[INFO] [stderr]    Compiling dirs-sys v0.3.7
[INFO] [stderr]    Compiling atty v0.2.14
[INFO] [stderr]    Compiling shellexpand v2.1.0
[INFO] [stderr]    Compiling rand v0.8.5
[INFO] [stderr]    Compiling crossterm v0.23.2
[INFO] [stderr]    Compiling nix v0.24.1
[INFO] [stderr]    Compiling rustls-pemfile v0.2.1
[INFO] [stderr]    Compiling rev_buf_reader v0.3.0
[INFO] [stderr]    Compiling hex v0.4.3
[INFO] [stderr]    Compiling dirs v4.0.0
[INFO] [stderr]    Compiling fastrand v1.7.0
[INFO] [stderr]    Compiling unicode-width v0.1.9
[INFO] [stderr]    Compiling whoami v1.2.1
[INFO] [stderr]    Compiling remove_dir_all v0.5.3
[INFO] [stderr]    Compiling scanlex v0.1.4
[INFO] [stderr]    Compiling simplelog v0.12.0
[INFO] [stderr]    Compiling crossbeam-channel v0.5.4
[INFO] [stderr]    Compiling tempfile v3.3.0
[INFO] [stderr]    Compiling shell-escape v0.1.5
[INFO] [stderr]    Compiling procfs v0.12.0
[INFO] [stderr]    Compiling chrono v0.4.19
[INFO] [stderr]    Compiling serde_cbor v0.11.2
[INFO] [stderr]    Compiling serde_yaml v0.8.24
[INFO] [stderr]    Compiling chrono-english v0.1.7
[INFO] [stderr]    Compiling pest_generator v2.1.3
[INFO] [stderr]    Compiling sct v0.7.0
[INFO] [stderr]    Compiling webpki v0.22.0
[INFO] [stderr]    Compiling rcgen v0.9.2
[INFO] [stderr]    Compiling tokio-macros v1.7.0
[INFO] [stderr]    Compiling thiserror-impl v1.0.31
[INFO] [stderr]    Compiling clap_derive v3.1.18
[INFO] [stderr]    Compiling strum_macros v0.24.0
[INFO] [stderr]    Compiling pest_derive v2.1.0
[INFO] [stderr]    Compiling ctrlc v3.2.2
[INFO] [stderr]    Compiling tokio v1.18.2
[INFO] [stderr]    Compiling thiserror v1.0.31
[INFO] [stderr]    Compiling handlebars v4.3.0
[INFO] [stderr]    Compiling comfy-table v6.0.0
[INFO] [stderr]    Compiling clap v3.1.18
[INFO] [stderr]    Compiling tokio-rustls v0.23.4
[INFO] [stderr]    Compiling pueue-lib v0.19.7 (/opt/rustwide/workdir/lib)
[INFO] [stderr]    Compiling clap_complete v3.1.4
[INFO] [stderr]    Compiling pueue v2.0.4 (/opt/rustwide/workdir)
[INFO] [stdout] warning: unnecessary parentheses around match arm expression
[INFO] [stdout]   --> daemon/network/message_handler/log.rs:30:35
[INFO] [stdout]    |
[INFO] [stdout] 30 |                     Ok(output) => (Some(output)),
[INFO] [stdout]    |                                   ^            ^
[INFO] [stdout]    |
[INFO] [stdout]    = note: `#[warn(unused_parens)]` on by default
[INFO] [stdout] help: remove these parentheses
[INFO] [stdout]    |
[INFO] [stdout] 30 -                     Ok(output) => (Some(output)),
[INFO] [stdout] 30 +                     Ok(output) => Some(output),
[INFO] [stdout]    |
[INFO] [stdout] 
[INFO] [stdout] 
[INFO] [stdout] warning: variable does not need to be mutable
[INFO] [stdout]   --> daemon/task_handler/finish_task.rs:36:25
[INFO] [stdout]    |
[INFO] [stdout] 36 |                     let mut task = state.tasks.get_mut(task_id).unwrap();
[INFO] [stdout]    |                         ----^^^^
[INFO] [stdout]    |                         |
[INFO] [stdout]    |                         help: remove this `mut`
[INFO] [stdout]    |
[INFO] [stdout]    = note: `#[warn(unused_mut)]` on by default
[INFO] [stdout] 
[INFO] [stdout] 
[INFO] [stdout] warning: variable does not need to be mutable
[INFO] [stdout]   --> daemon/task_handler/finish_task.rs:79:21
[INFO] [stdout]    |
[INFO] [stdout] 79 |                 let mut task = state
[INFO] [stdout]    |                     ----^^^^
[INFO] [stdout]    |                     |
[INFO] [stdout]    |                     help: remove this `mut`
[INFO] [stdout] 
[INFO] [stdout] 
[INFO] [stdout] warning: variable does not need to be mutable
[INFO] [stdout]   --> daemon/task_handler/messages/group.rs:33:21
[INFO] [stdout]    |
[INFO] [stdout] 33 |                 let mut group = state.create_group(&name);
[INFO] [stdout]    |                     ----^^^^^
[INFO] [stdout]    |                     |
[INFO] [stdout]    |                     help: remove this `mut`
[INFO] [stdout] 
[INFO] [stdout] 
[INFO] [stderr]     Finished `dev` profile [unoptimized + debuginfo] target(s) in 39.41s
[INFO] running `Command { std: "docker" "inspect" "4b4d267ee3059d87c09b9a5caf6c5b33460504b372d97b778e21feba4b83791f", kill_on_drop: false }`
[INFO] running `Command { std: "docker" "rm" "-f" "4b4d267ee3059d87c09b9a5caf6c5b33460504b372d97b778e21feba4b83791f", kill_on_drop: false }`
[INFO] [stdout] 4b4d267ee3059d87c09b9a5caf6c5b33460504b372d97b778e21feba4b83791f
[INFO] running `Command { std: "docker" "create" "-v" "/var/lib/crater-agent-workspace/builds/worker-7-tc2/target:/opt/rustwide/target:rw,Z" "-v" "/var/lib/crater-agent-workspace/builds/worker-7-tc2/source:/opt/rustwide/workdir:ro,Z" "-v" "/var/lib/crater-agent-workspace/cargo-home:/opt/rustwide/cargo-home:ro,Z" "-v" "/var/lib/crater-agent-workspace/rustup-home:/opt/rustwide/rustup-home:ro,Z" "-e" "SOURCE_DIR=/opt/rustwide/workdir" "-e" "CARGO_TARGET_DIR=/opt/rustwide/target" "-e" "CARGO_INCREMENTAL=0" "-e" "RUST_BACKTRACE=full" "-e" "RUSTFLAGS=--cap-lints=forbid -Zrandomize-layout" "-e" "RUSTDOCFLAGS=--cap-lints=forbid" "-e" "CARGO_HOME=/opt/rustwide/cargo-home" "-e" "RUSTUP_HOME=/opt/rustwide/rustup-home" "-w" "/opt/rustwide/workdir" "-m" "1610612736" "--user" "0:0" "--network" "none" "ghcr.io/rust-lang/crates-build-env/linux@sha256:819108c5571ea2e421544af4d832f968d213c87fbe3707a016657f43d2f853bc" "/opt/rustwide/cargo-home/bin/cargo" "+nightly-2025-01-18" "test" "--frozen" "--no-run" "--message-format=json", kill_on_drop: false }`
[INFO] [stdout] d45e3d8cc868b0160bf4e07534d156967dc1c4500274df4154abb1014ec2211f
[INFO] running `Command { std: "docker" "start" "-a" "d45e3d8cc868b0160bf4e07534d156967dc1c4500274df4154abb1014ec2211f", kill_on_drop: false }`
[INFO] [stderr]    Compiling syn v1.0.95
[INFO] [stderr]    Compiling semver v1.0.9
[INFO] [stderr]    Compiling backtrace v0.3.65
[INFO] [stderr]    Compiling predicates-core v1.0.3
[INFO] [stderr]    Compiling either v1.6.1
[INFO] [stderr]    Compiling doc-comment v0.3.3
[INFO] [stderr]    Compiling adler v1.0.2
[INFO] [stderr]    Compiling gimli v0.26.1
[INFO] [stderr]    Compiling object v0.28.4
[INFO] [stderr]    Compiling terminal_size v0.1.17
[INFO] [stderr]    Compiling rustc-demangle v0.1.21
[INFO] [stderr]    Compiling regex-automata v0.1.10
[INFO] [stderr]    Compiling difflib v0.4.0
[INFO] [stderr]    Compiling termtree v0.2.4
[INFO] [stderr]    Compiling wait-timeout v0.2.0
[INFO] [stderr]    Compiling diff v0.1.12
[INFO] [stderr]    Compiling itertools v0.10.3
[INFO] [stderr]    Compiling ansi_term v0.12.1
[INFO] [stderr]    Compiling miniz_oxide v0.5.3
[INFO] [stderr]    Compiling console v0.15.0
[INFO] [stderr]    Compiling predicates-tree v1.0.5
[INFO] [stderr]    Compiling bstr v0.2.17
[INFO] [stderr]    Compiling pretty_assertions v1.2.1
[INFO] [stderr]    Compiling rustc_version v0.4.0
[INFO] [stderr]    Compiling rstest v0.12.0
[INFO] [stderr]    Compiling predicates v2.1.1
[INFO] [stderr]    Compiling assert_cmd v2.0.4
[INFO] [stderr]    Compiling addr2line v0.17.0
[INFO] [stderr]    Compiling better-panic v0.3.0
[INFO] [stderr]    Compiling proc-macro-error v1.0.4
[INFO] [stderr]    Compiling pest_generator v2.1.3
[INFO] [stderr]    Compiling tokio-macros v1.7.0
[INFO] [stderr]    Compiling thiserror-impl v1.0.31
[INFO] [stderr]    Compiling clap_derive v3.1.18
[INFO] [stderr]    Compiling strum_macros v0.24.0
[INFO] [stderr]    Compiling pest_derive v2.1.0
[INFO] [stderr]    Compiling async-trait v0.1.53
[INFO] [stderr]    Compiling serde_derive v1.0.137
[INFO] [stderr]    Compiling tokio v1.18.2
[INFO] [stderr]    Compiling thiserror v1.0.31
[INFO] [stderr]    Compiling handlebars v4.3.0
[INFO] [stderr]    Compiling comfy-table v6.0.0
[INFO] [stderr]    Compiling clap v3.1.18
[INFO] [stderr]    Compiling tokio-rustls v0.23.4
[INFO] [stderr]    Compiling clap_complete v3.1.4
[INFO] [stderr]    Compiling pueue-lib v0.19.7 (/opt/rustwide/workdir/lib)
[INFO] [stderr]    Compiling pueue v2.0.4 (/opt/rustwide/workdir)
[INFO] [stdout] warning: unnecessary parentheses around match arm expression
[INFO] [stdout]   --> daemon/network/message_handler/log.rs:30:35
[INFO] [stdout]    |
[INFO] [stdout] 30 |                     Ok(output) => (Some(output)),
[INFO] [stdout]    |                                   ^            ^
[INFO] [stdout]    |
[INFO] [stdout]    = note: `#[warn(unused_parens)]` on by default
[INFO] [stdout] help: remove these parentheses
[INFO] [stdout]    |
[INFO] [stdout] 30 -                     Ok(output) => (Some(output)),
[INFO] [stdout] 30 +                     Ok(output) => Some(output),
[INFO] [stdout]    |
[INFO] [stdout] 
[INFO] [stdout] 
[INFO] [stdout] warning: variable does not need to be mutable
[INFO] [stdout]   --> daemon/task_handler/finish_task.rs:36:25
[INFO] [stdout]    |
[INFO] [stdout] 36 |                     let mut task = state.tasks.get_mut(task_id).unwrap();
[INFO] [stdout]    |                         ----^^^^
[INFO] [stdout]    |                         |
[INFO] [stdout]    |                         help: remove this `mut`
[INFO] [stdout]    |
[INFO] [stdout]    = note: `#[warn(unused_mut)]` on by default
[INFO] [stdout] 
[INFO] [stdout] 
[INFO] [stdout] warning: variable does not need to be mutable
[INFO] [stdout]   --> daemon/task_handler/finish_task.rs:79:21
[INFO] [stdout]    |
[INFO] [stdout] 79 |                 let mut task = state
[INFO] [stdout]    |                     ----^^^^
[INFO] [stdout]    |                     |
[INFO] [stdout]    |                     help: remove this `mut`
[INFO] [stdout] 
[INFO] [stdout] 
[INFO] [stdout] warning: variable does not need to be mutable
[INFO] [stdout]   --> daemon/task_handler/messages/group.rs:33:21
[INFO] [stdout]    |
[INFO] [stdout] 33 |                 let mut group = state.create_group(&name);
[INFO] [stdout]    |                     ----^^^^^
[INFO] [stdout]    |                     |
[INFO] [stdout]    |                     help: remove this `mut`
[INFO] [stdout] 
[INFO] [stdout] 
[INFO] [stdout] warning: unnecessary parentheses around match arm expression
[INFO] [stdout]   --> daemon/network/message_handler/log.rs:30:35
[INFO] [stdout]    |
[INFO] [stdout] 30 |                     Ok(output) => (Some(output)),
[INFO] [stdout]    |                                   ^            ^
[INFO] [stdout]    |
[INFO] [stdout]    = note: `#[warn(unused_parens)]` on by default
[INFO] [stdout] help: remove these parentheses
[INFO] [stdout]    |
[INFO] [stdout] 30 -                     Ok(output) => (Some(output)),
[INFO] [stdout] 30 +                     Ok(output) => Some(output),
[INFO] [stdout]    |
[INFO] [stdout] 
[INFO] [stdout] 
[INFO] [stdout] warning: unused import: `crossbeam_channel::Sender`
[INFO] [stdout]   --> daemon/network/message_handler/mod.rs:88:13
[INFO] [stdout]    |
[INFO] [stdout] 88 |     pub use crossbeam_channel::Sender;
[INFO] [stdout]    |             ^^^^^^^^^^^^^^^^^^^^^^^^^
[INFO] [stdout]    |
[INFO] [stdout]    = note: `#[warn(unused_imports)]` on by default
[INFO] [stdout] 
[INFO] [stdout] 
[INFO] [stdout] warning: unused import: `pueue_lib::network::message::*`
[INFO] [stdout]   --> daemon/network/message_handler/mod.rs:94:13
[INFO] [stdout]    |
[INFO] [stdout] 94 |     pub use pueue_lib::network::message::*;
[INFO] [stdout]    |             ^^^^^^^^^^^^^^^^^^^^^^^^^^^^^^
[INFO] [stdout] 
[INFO] [stdout] 
[INFO] [stdout] warning: unused import: `pueue_lib::network::protocol::socket_cleanup`
[INFO] [stdout]   --> daemon/network/message_handler/mod.rs:95:13
[INFO] [stdout]    |
[INFO] [stdout] 95 |     pub use pueue_lib::network::protocol::socket_cleanup;
[INFO] [stdout]    |             ^^^^^^^^^^^^^^^^^^^^^^^^^^^^^^^^^^^^^^^^^^^^
[INFO] [stdout] 
[INFO] [stdout] 
[INFO] [stdout] warning: unused import: `super::*`
[INFO] [stdout]    --> daemon/network/message_handler/mod.rs:100:13
[INFO] [stdout]     |
[INFO] [stdout] 100 |     pub use super::*;
[INFO] [stdout]     |             ^^^^^^^^
[INFO] [stdout] 
[INFO] [stdout] 
[INFO] [stdout] warning: unused import: `crate::network::response_helper::*`
[INFO] [stdout]    --> daemon/network/message_handler/mod.rs:101:13
[INFO] [stdout]     |
[INFO] [stdout] 101 |     pub use crate::network::response_helper::*;
[INFO] [stdout]     |             ^^^^^^^^^^^^^^^^^^^^^^^^^^^^^^^^^^
[INFO] [stdout] 
[INFO] [stdout] 
[INFO] [stdout] warning: variable does not need to be mutable
[INFO] [stdout]   --> daemon/task_handler/finish_task.rs:36:25
[INFO] [stdout]    |
[INFO] [stdout] 36 |                     let mut task = state.tasks.get_mut(task_id).unwrap();
[INFO] [stdout]    |                         ----^^^^
[INFO] [stdout]    |                         |
[INFO] [stdout]    |                         help: remove this `mut`
[INFO] [stdout]    |
[INFO] [stdout]    = note: `#[warn(unused_mut)]` on by default
[INFO] [stdout] 
[INFO] [stdout] 
[INFO] [stdout] warning: variable does not need to be mutable
[INFO] [stdout]   --> daemon/task_handler/finish_task.rs:79:21
[INFO] [stdout]    |
[INFO] [stdout] 79 |                 let mut task = state
[INFO] [stdout]    |                     ----^^^^
[INFO] [stdout]    |                     |
[INFO] [stdout]    |                     help: remove this `mut`
[INFO] [stdout] 
[INFO] [stdout] 
[INFO] [stdout] warning: variable does not need to be mutable
[INFO] [stdout]   --> daemon/task_handler/messages/group.rs:33:21
[INFO] [stdout]    |
[INFO] [stdout] 33 |                 let mut group = state.create_group(&name);
[INFO] [stdout]    |                     ----^^^^^
[INFO] [stdout]    |                     |
[INFO] [stdout]    |                     help: remove this `mut`
[INFO] [stdout] 
[INFO] [stdout] 
[INFO] [stdout] warning: field `pid` is never read
[INFO] [stdout]   --> tests/fixtures/daemon.rs:20:9
[INFO] [stdout]    |
[INFO] [stdout] 17 | pub struct PueueDaemon {
[INFO] [stdout]    |            ----------- field in this struct
[INFO] [stdout] ...
[INFO] [stdout] 20 |     pub pid: i32,
[INFO] [stdout]    |         ^^^
[INFO] [stdout]    |
[INFO] [stdout]    = note: `#[warn(dead_code)]` on by default
[INFO] [stdout] 
[INFO] [stdout] 
[INFO] [stderr]     Finished `test` profile [unoptimized + debuginfo] target(s) in 27.93s
[INFO] running `Command { std: "docker" "inspect" "d45e3d8cc868b0160bf4e07534d156967dc1c4500274df4154abb1014ec2211f", kill_on_drop: false }`
[INFO] running `Command { std: "docker" "rm" "-f" "d45e3d8cc868b0160bf4e07534d156967dc1c4500274df4154abb1014ec2211f", kill_on_drop: false }`
[INFO] [stdout] d45e3d8cc868b0160bf4e07534d156967dc1c4500274df4154abb1014ec2211f
[INFO] running `Command { std: "docker" "create" "-v" "/var/lib/crater-agent-workspace/builds/worker-7-tc2/target:/opt/rustwide/target:rw,Z" "-v" "/var/lib/crater-agent-workspace/builds/worker-7-tc2/source:/opt/rustwide/workdir:ro,Z" "-v" "/var/lib/crater-agent-workspace/cargo-home:/opt/rustwide/cargo-home:ro,Z" "-v" "/var/lib/crater-agent-workspace/rustup-home:/opt/rustwide/rustup-home:ro,Z" "-e" "SOURCE_DIR=/opt/rustwide/workdir" "-e" "CARGO_TARGET_DIR=/opt/rustwide/target" "-e" "CARGO_INCREMENTAL=0" "-e" "RUST_BACKTRACE=full" "-e" "RUSTFLAGS=--cap-lints=forbid -Zrandomize-layout" "-e" "RUSTDOCFLAGS=--cap-lints=forbid" "-e" "CARGO_HOME=/opt/rustwide/cargo-home" "-e" "RUSTUP_HOME=/opt/rustwide/rustup-home" "-w" "/opt/rustwide/workdir" "-m" "1610612736" "--user" "0:0" "--network" "none" "ghcr.io/rust-lang/crates-build-env/linux@sha256:819108c5571ea2e421544af4d832f968d213c87fbe3707a016657f43d2f853bc" "/opt/rustwide/cargo-home/bin/cargo" "+nightly-2025-01-18" "test" "--frozen", kill_on_drop: false }`
[INFO] [stdout] aa1df544d1b3be97b71ae22727d4604fdcc057c1c90f0dc9fcac1471f7508522
[INFO] running `Command { std: "docker" "start" "-a" "aa1df544d1b3be97b71ae22727d4604fdcc057c1c90f0dc9fcac1471f7508522", kill_on_drop: false }`
[INFO] [stderr] warning: unnecessary parentheses around match arm expression
[INFO] [stderr]   --> daemon/network/message_handler/log.rs:30:35
[INFO] [stderr]    |
[INFO] [stderr] 30 |                     Ok(output) => (Some(output)),
[INFO] [stderr]    |                                   ^            ^
[INFO] [stderr]    |
[INFO] [stderr]    = note: `#[warn(unused_parens)]` on by default
[INFO] [stderr] help: remove these parentheses
[INFO] [stderr]    |
[INFO] [stderr] 30 -                     Ok(output) => (Some(output)),
[INFO] [stderr] 30 +                     Ok(output) => Some(output),
[INFO] [stderr]    |
[INFO] [stderr] 
[INFO] [stderr] warning: variable does not need to be mutable
[INFO] [stderr]   --> daemon/task_handler/finish_task.rs:36:25
[INFO] [stderr]    |
[INFO] [stderr] 36 |                     let mut task = state.tasks.get_mut(task_id).unwrap();
[INFO] [stderr]    |                         ----^^^^
[INFO] [stderr]    |                         |
[INFO] [stderr]    |                         help: remove this `mut`
[INFO] [stderr]    |
[INFO] [stderr]    = note: `#[warn(unused_mut)]` on by default
[INFO] [stderr] 
[INFO] [stderr] warning: variable does not need to be mutable
[INFO] [stderr]   --> daemon/task_handler/finish_task.rs:79:21
[INFO] [stderr]    |
[INFO] [stderr] 79 |                 let mut task = state
[INFO] [stderr]    |                     ----^^^^
[INFO] [stderr]    |                     |
[INFO] [stderr]    |                     help: remove this `mut`
[INFO] [stderr] 
[INFO] [stderr] warning: variable does not need to be mutable
[INFO] [stderr]   --> daemon/task_handler/messages/group.rs:33:21
[INFO] [stderr]    |
[INFO] [stderr] 33 |                 let mut group = state.create_group(&name);
[INFO] [stderr]    |                     ----^^^^^
[INFO] [stderr]    |                     |
[INFO] [stderr]    |                     help: remove this `mut`
[INFO] [stderr] 
[INFO] [stderr] warning: `pueue` (lib) generated 4 warnings (run `cargo fix --lib -p pueue` to apply 4 suggestions)
[INFO] [stderr] warning: field `pid` is never read
[INFO] [stderr]   --> tests/fixtures/daemon.rs:20:9
[INFO] [stderr]    |
[INFO] [stderr] 17 | pub struct PueueDaemon {
[INFO] [stderr]    |            ----------- field in this struct
[INFO] [stderr] ...
[INFO] [stderr] 20 |     pub pid: i32,
[INFO] [stderr]    |         ^^^
[INFO] [stderr]    |
[INFO] [stderr]    = note: `#[warn(dead_code)]` on by default
[INFO] [stderr] 
[INFO] [stderr] warning: unused import: `crossbeam_channel::Sender`
[INFO] [stderr]   --> daemon/network/message_handler/mod.rs:88:13
[INFO] [stderr]    |
[INFO] [stderr] 88 |     pub use crossbeam_channel::Sender;
[INFO] [stderr]    |             ^^^^^^^^^^^^^^^^^^^^^^^^^
[INFO] [stderr]    |
[INFO] [stderr]    = note: `#[warn(unused_imports)]` on by default
[INFO] [stderr] 
[INFO] [stderr] warning: unused import: `pueue_lib::network::message::*`
[INFO] [stderr]   --> daemon/network/message_handler/mod.rs:94:13
[INFO] [stderr]    |
[INFO] [stderr] 94 |     pub use pueue_lib::network::message::*;
[INFO] [stderr]    |             ^^^^^^^^^^^^^^^^^^^^^^^^^^^^^^
[INFO] [stderr] 
[INFO] [stderr] warning: unused import: `pueue_lib::network::protocol::socket_cleanup`
[INFO] [stderr]   --> daemon/network/message_handler/mod.rs:95:13
[INFO] [stderr]    |
[INFO] [stderr] 95 |     pub use pueue_lib::network::protocol::socket_cleanup;
[INFO] [stderr]    |             ^^^^^^^^^^^^^^^^^^^^^^^^^^^^^^^^^^^^^^^^^^^^
[INFO] [stderr] 
[INFO] [stderr] warning: unused import: `super::*`
[INFO] [stderr]    --> daemon/network/message_handler/mod.rs:100:13
[INFO] [stderr]     |
[INFO] [stderr] 100 |     pub use super::*;
[INFO] [stderr]     |             ^^^^^^^^
[INFO] [stderr] 
[INFO] [stderr] warning: unused import: `crate::network::response_helper::*`
[INFO] [stderr]    --> daemon/network/message_handler/mod.rs:101:13
[INFO] [stderr]     |
[INFO] [stderr] 101 |     pub use crate::network::response_helper::*;
[INFO] [stderr]     |             ^^^^^^^^^^^^^^^^^^^^^^^^^^^^^^^^^^
[INFO] [stderr] 
[INFO] [stderr] warning: `pueue` (test "tests") generated 1 warning
[INFO] [stderr] warning: `pueue` (lib test) generated 9 warnings (4 duplicates) (run `cargo fix --lib -p pueue --tests` to apply 5 suggestions)
[INFO] [stderr]     Finished `test` profile [unoptimized + debuginfo] target(s) in 0.18s
[INFO] [stderr]      Running unittests daemon/lib.rs (/opt/rustwide/target/debug/deps/pueue_daemon_lib-187467a31634bb2e)
[INFO] [stdout] 
[INFO] [stdout] running 18 tests
[INFO] [stdout] test network::message_handler::switch::tests::switch_invalid ... ok
[INFO] [stdout] test network::message_handler::switch::tests::switch_double_dependency ... ok
[INFO] [stdout] test network::message_handler::switch::tests::switch_task_with_dependant ... ok
[INFO] [stdout] test network::message_handler::switch::tests::switch_normal ... ok
[INFO] [stdout] test network::message_handler::remove::tests::normal_remove ... ok
[INFO] [stdout] test network::message_handler::switch::tests::switch_task_with_itself ... ok
[INFO] [stdout] test network::message_handler::clean::tests::clean_only_in_selected_group ... ok
[INFO] [stdout] test network::message_handler::clean::tests::clean_normal_for_all_results ... ok
[INFO] [stdout] test network::message_handler::remove::tests::removal_of_dependencies ... ok
[INFO] [stdout] test network::message_handler::clean::tests::clean_normal ... ok
[INFO] [stdout] test network::message_handler::clean::tests::clean_successful_only ... ok
[INFO] [stdout] test network::message_handler::clean::tests::clean_only_successful_only_in_selected_group ... ok
[INFO] [stdout] test platform::linux::process_helper::tests::test_spawn_command ... ok
[INFO] [stdout] test platform::linux::process_helper::tests::test_shell_command_children_are_killed ... ok
[INFO] [stdout] test platform::linux::process_helper::tests::test_shell_command_is_killed_with_signal ... ok
[INFO] [stdout] test platform::linux::process_helper::tests::test_shell_command_is_killed ... ok
[INFO] [stdout] test platform::linux::process_helper::tests::test_normal_command_children_are_killed ... ok
[INFO] [stdout] test platform::linux::process_helper::tests::test_normal_command_is_killed ... ok
[INFO] [stdout] 
[INFO] [stdout] test result: ok. 18 passed; 0 failed; 0 ignored; 0 measured; 0 filtered out; finished in 1.02s
[INFO] [stdout] 
[INFO] [stdout] 
[INFO] [stderr]      Running unittests client/main.rs (/opt/rustwide/target/debug/deps/pueue-68eecfbaaee64596)
[INFO] [stdout] running 0 tests
[INFO] [stdout] 
[INFO] [stdout] test result: ok. 0 passed; 0 failed; 0 ignored; 0 measured; 0 filtered out; finished in 0.00s
[INFO] [stdout] 
[INFO] [stderr]      Running unittests daemon/main.rs (/opt/rustwide/target/debug/deps/pueued-25b116e5d993ed92)
[INFO] [stdout] 
[INFO] [stdout] running 0 tests
[INFO] [stdout] 
[INFO] [stdout] test result: ok. 0 passed; 0 failed; 0 ignored; 0 measured; 0 filtered out; finished in 0.00s
[INFO] [stdout] 
[INFO] [stderr]      Running tests/factories.rs (/opt/rustwide/target/debug/deps/factories-02a8ba4b5451c5e2)
[INFO] [stdout] 
[INFO] [stdout] running 0 tests
[INFO] [stdout] 
[INFO] [stdout] test result: ok. 0 passed; 0 failed; 0 ignored; 0 measured; 0 filtered out; finished in 0.00s
[INFO] [stdout] 
[INFO] [stderr]      Running tests/state_backward_compatibility.rs (/opt/rustwide/target/debug/deps/state_backward_compatibility-e5da38ccf5247612)
[INFO] [stdout] 
[INFO] [stderr]      Running tests/tests.rs (/opt/rustwide/target/debug/deps/tests-ae33da2836bf0d64)
[INFO] [stdout] running 1 test
[INFO] [stdout] test test_restore_from_old_state ... ok
[INFO] [stdout] 
[INFO] [stdout] test result: ok. 1 passed; 0 failed; 0 ignored; 0 measured; 0 filtered out; finished in 0.00s
[INFO] [stdout] 
[INFO] [stdout] 
[INFO] [stdout] running 46 tests
[INFO] [stdout] test unix::completions::autocompletion_generation::case_3 ... ok
[INFO] [stdout] test unix::completions::autocompletion_generation::case_1 ... ok
[INFO] [stdout] test unix::completions::autocompletion_generation::case_4 ... ok
[INFO] [stdout] test unix::completions::autocompletion_generation::case_2 ... ok
[INFO] [stdout] test unix::completions::autocompletion_generation::case_5 ... ok
[INFO] [stdout] test unix::group::test_cannot_delete_non_existing ... ok
[INFO] [stdout] test unix::group::test_add_and_remove ... ok
[INFO] [stdout] test unix::add::test_stashed_add ... ok
[INFO] [stdout] test unix::group::test_cannot_delete_default ... ok
[INFO] [stdout] test unix::environment_variables::test_isolated_task_environment ... ok
[INFO] [stdout] test unix::edit::test_edit_flow ... ok
[INFO] [stdout] test unix::add::test_add_with_immediate_start ... ok
[INFO] [stdout] test unix::add::test_normal_add ... ok
[INFO] [stdout] test unix::group::test_cannot_delete_group_with_tasks ... ok
[INFO] [stdout] test unix::clean::test_successful_only_clean ... ok
[INFO] [stdout] test unix::kill::test_kill_tasks::case_3 ... ok
[INFO] [stdout] test unix::clean::test_normal_clean ... ok
[INFO] [stdout] test unix::log::test_full_log ... ok
[INFO] [stdout] test unix::log::test_partial_log ... ok
[INFO] [stdout] test unix::pause::test_pause_running_task ... ok
[INFO] [stdout] test unix::log::test_correct_log_order ... ok
[INFO] [stdout] test unix::pause::test_pause_daemon ... ok
[INFO] [stdout] test unix::kill::test_kill_tasks::case_1 ... ok
[INFO] [stdout] test unix::pause::test_pause_with_wait ... ok
[INFO] [stdout] test unix::kill::test_kill_tasks::case_2 ... ok
[INFO] [stdout] test unix::restore::test_load_config ... ok
[INFO] [stdout] test unix::restore::test_start_running ... ok
[INFO] [stdout] test unix::clean::test_clean_successful_only_in_selected_group ... ok
[INFO] [stdout] test unix::restart::test_cannot_restart_running ... ok
[INFO] [stdout] test unix::parallel_tasks::test_parallel_tasks ... ok
[INFO] [stdout] test unix::restore::test_start_paused ... ok
[INFO] [stdout] test unix::clean::test_clean_in_selected_group ... ok
[INFO] [stdout] test unix::shutdown::test_ctrlc ... ok
[INFO] [stdout] test unix::remove::test_normal_remove ... ok
[INFO] [stdout] test unix::restart::test_restart_in_place ... ok
[INFO] [stdout] test unix::shutdown::test_graceful_shutdown ... ok
[INFO] [stdout] test unix::stashed::test_enqueued_tasks::case_1 ... ok
[INFO] [stdout] test unix::stashed::test_enqueued_tasks::case_3 ... ok
[INFO] [stdout] test unix::start::test_start_tasks::case_1 ... ok
[INFO] [stdout] test unix::stashed::test_enqueued_tasks::case_2 ... ok
[INFO] [stdout] test unix::start::test_start_tasks::case_2 ... ok
[INFO] [stdout] test unix::start::test_start_tasks::case_3 ... ok
[INFO] [stdout] test unix::worker_environment_variables::test_worker_for_new_pool ... ok
[INFO] [stdout] test unix::worker_environment_variables::test_single_worker ... ok
[INFO] [stdout] test unix::stashed::test_delayed_tasks ... ok
[INFO] [stdout] test unix::worker_environment_variables::test_multiple_worker ... FAILED
[INFO] [stdout] 
[INFO] [stdout] failures:
[INFO] [stdout] 
[INFO] [stdout] ---- unix::worker_environment_variables::test_multiple_worker stdout ----
[INFO] [stdout] 
[INFO] [stdout] thread 'unix::worker_environment_variables::test_multiple_worker' panicked at tests/helper/env.rs:26:5:
[INFO] [stdout] assertion `left == right` failed: Worker id didn't for task 4
[INFO] [stdout]   left: Some("0")
[INFO] [stdout]  right: Some("1")
[INFO] [stdout] stack backtrace:
[INFO] [stdout]    0:     0x5f109ad9523a - std::backtrace_rs::backtrace::libunwind::trace::hb059275cfc8d6126
[INFO] [stdout]                                at /rustc/6067b36314ab5eb2eb47cecc464545ba58e1ad24/library/std/src/../../backtrace/src/backtrace/libunwind.rs:116:5
[INFO] [stdout]    1:     0x5f109ad9523a - std::backtrace_rs::backtrace::trace_unsynchronized::h2da071e4327ce3ee
[INFO] [stdout]                                at /rustc/6067b36314ab5eb2eb47cecc464545ba58e1ad24/library/std/src/../../backtrace/src/backtrace/mod.rs:66:5
[INFO] [stdout]    2:     0x5f109ad9523a - std::sys::backtrace::_print_fmt::h842a1474e6f8d23f
[INFO] [stdout]                                at /rustc/6067b36314ab5eb2eb47cecc464545ba58e1ad24/library/std/src/sys/backtrace.rs:66:9
[INFO] [stdout]    3:     0x5f109ad9523a - <std::sys::backtrace::BacktraceLock::print::DisplayBacktrace as core::fmt::Display>::fmt::h71a62eb3b9696b12
[INFO] [stdout]                                at /rustc/6067b36314ab5eb2eb47cecc464545ba58e1ad24/library/std/src/sys/backtrace.rs:39:26
[INFO] [stdout]    4:     0x5f109adc2b43 - core::fmt::rt::Argument::fmt::hdb6b616786b41dc1
[INFO] [stdout]                                at /rustc/6067b36314ab5eb2eb47cecc464545ba58e1ad24/library/core/src/fmt/rt.rs:177:76
[INFO] [stdout]    5:     0x5f109adc2b43 - core::fmt::write::h2cc1698af7e2d686
[INFO] [stdout]                                at /rustc/6067b36314ab5eb2eb47cecc464545ba58e1ad24/library/core/src/fmt/mod.rs:1440:21
[INFO] [stdout]    6:     0x5f109ad90e13 - std::io::Write::write_fmt::hab1b4cd059a79022
[INFO] [stdout]                                at /rustc/6067b36314ab5eb2eb47cecc464545ba58e1ad24/library/std/src/io/mod.rs:1887:15
[INFO] [stdout]    7:     0x5f109ad95082 - std::sys::backtrace::BacktraceLock::print::h147fe35b4ea13b08
[INFO] [stdout]                                at /rustc/6067b36314ab5eb2eb47cecc464545ba58e1ad24/library/std/src/sys/backtrace.rs:42:9
[INFO] [stdout]    8:     0x5f109ad9665f - std::panicking::default_hook::{{closure}}::hbd44223dbdc0d208
[INFO] [stdout]                                at /rustc/6067b36314ab5eb2eb47cecc464545ba58e1ad24/library/std/src/panicking.rs:298:22
[INFO] [stdout]    9:     0x5f109ad96478 - std::panicking::default_hook::h20f81eb0576efcec
[INFO] [stdout]                                at /rustc/6067b36314ab5eb2eb47cecc464545ba58e1ad24/library/std/src/panicking.rs:322:9
[INFO] [stdout]   10:     0x5f109a793a33 - <alloc::boxed::Box<F,A> as core::ops::function::Fn<Args>>::call::hdb53814c496a4d34
[INFO] [stdout]                                at /rustc/6067b36314ab5eb2eb47cecc464545ba58e1ad24/library/alloc/src/boxed.rs:2027:9
[INFO] [stdout]   11:     0x5f109a793a33 - test::test_main::{{closure}}::hc0a4963c59427c24
[INFO] [stdout]                                at /rustc/6067b36314ab5eb2eb47cecc464545ba58e1ad24/library/test/src/lib.rs:134:21
[INFO] [stdout]   12:     0x5f109ad97153 - <alloc::boxed::Box<F,A> as core::ops::function::Fn<Args>>::call::h591b2225413a77e9
[INFO] [stdout]                                at /rustc/6067b36314ab5eb2eb47cecc464545ba58e1ad24/library/alloc/src/boxed.rs:2027:9
[INFO] [stdout]   13:     0x5f109ad97153 - std::panicking::rust_panic_with_hook::h625eea43051b2edc
[INFO] [stdout]                                at /rustc/6067b36314ab5eb2eb47cecc464545ba58e1ad24/library/std/src/panicking.rs:839:13
[INFO] [stdout]   14:     0x5f109ad96e0a - std::panicking::begin_panic_handler::{{closure}}::h4f9159cfbc3f6bd3
[INFO] [stdout]                                at /rustc/6067b36314ab5eb2eb47cecc464545ba58e1ad24/library/std/src/panicking.rs:704:13
[INFO] [stdout]   15:     0x5f109ad95739 - std::sys::backtrace::__rust_end_short_backtrace::h0390abce48353151
[INFO] [stdout]                                at /rustc/6067b36314ab5eb2eb47cecc464545ba58e1ad24/library/std/src/sys/backtrace.rs:168:18
[INFO] [stdout]   16:     0x5f109ad96a9d - rust_begin_unwind
[INFO] [stdout]                                at /rustc/6067b36314ab5eb2eb47cecc464545ba58e1ad24/library/std/src/panicking.rs:695:5
[INFO] [stdout]   17:     0x5f109adc06d0 - core::panicking::panic_fmt::h9e7c637e9e5f29c9
[INFO] [stdout]                                at /rustc/6067b36314ab5eb2eb47cecc464545ba58e1ad24/library/core/src/panicking.rs:75:14
[INFO] [stdout]   18:     0x5f109adc0ac2 - core::panicking::assert_failed_inner::h538bec7c1374cd9c
[INFO] [stdout]   19:     0x5f109a64119e - core::panicking::assert_failed::h992cffa051875750
[INFO] [stdout]                                at /rustc/6067b36314ab5eb2eb47cecc464545ba58e1ad24/library/core/src/panicking.rs:364:5
[INFO] [stdout]   20:     0x5f109a6c5895 - tests::helper::env::assert_worker_envs::{{closure}}::h29242f441130bed3
[INFO] [stdout]                                at /opt/rustwide/workdir/tests/helper/env.rs:26:5
[INFO] [stdout]   21:     0x5f109a6dc04b - tests::unix::worker_environment_variables::test_multiple_worker::{{closure}}::h37afe77b33b3dd5b
[INFO] [stdout]                                at /opt/rustwide/workdir/tests/unix/worker_environment_variables.rs:67:56
[INFO] [stdout]   22:     0x5f109a659caf - tokio::park::thread::CachedParkThread::block_on::{{closure}}::haed02d66a11a31ab
[INFO] [stdout]                                at /opt/rustwide/cargo-home/registry/src/index.crates.io-1949cf8c6b5b557f/tokio-1.18.2/src/park/thread.rs:263:54
[INFO] [stdout]   23:     0x5f109a74958c - tokio::coop::with_budget::{{closure}}::h5b96ec463e17fca2
[INFO] [stdout]                                at /opt/rustwide/cargo-home/registry/src/index.crates.io-1949cf8c6b5b557f/tokio-1.18.2/src/coop.rs:102:9
[INFO] [stdout]   24:     0x5f109a6124bc - std::thread::local::LocalKey<T>::try_with::h5b727c3e47c864ea
[INFO] [stdout]                                at /rustc/6067b36314ab5eb2eb47cecc464545ba58e1ad24/library/std/src/thread/local.rs:308:12
[INFO] [stdout]   25:     0x5f109a60c09a - std::thread::local::LocalKey<T>::with::h91518ae168cd5da0
[INFO] [stdout]                                at /rustc/6067b36314ab5eb2eb47cecc464545ba58e1ad24/library/std/src/thread/local.rs:272:9
[INFO] [stdout]   26:     0x5f109a64bde9 - tokio::coop::with_budget::hc06e7894c5d976e5
[INFO] [stdout]                                at /opt/rustwide/cargo-home/registry/src/index.crates.io-1949cf8c6b5b557f/tokio-1.18.2/src/coop.rs:95:5
[INFO] [stdout]   27:     0x5f109a64bde9 - tokio::coop::budget::hfa454e93b483ae17
[INFO] [stdout]                                at /opt/rustwide/cargo-home/registry/src/index.crates.io-1949cf8c6b5b557f/tokio-1.18.2/src/coop.rs:72:5
[INFO] [stdout]   28:     0x5f109a64bde9 - tokio::park::thread::CachedParkThread::block_on::h7bc2182d891b9c47
[INFO] [stdout]                                at /opt/rustwide/cargo-home/registry/src/index.crates.io-1949cf8c6b5b557f/tokio-1.18.2/src/park/thread.rs:263:31
[INFO] [stdout]   29:     0x5f109a6b75d5 - tokio::runtime::enter::Enter::block_on::he2ff091e2d964d47
[INFO] [stdout]                                at /opt/rustwide/cargo-home/registry/src/index.crates.io-1949cf8c6b5b557f/tokio-1.18.2/src/runtime/enter.rs:151:13
[INFO] [stdout]   30:     0x5f109a698161 - tokio::runtime::thread_pool::ThreadPool::block_on::hff05637ad4adcf62
[INFO] [stdout]                                at /opt/rustwide/cargo-home/registry/src/index.crates.io-1949cf8c6b5b557f/tokio-1.18.2/src/runtime/thread_pool/mod.rs:81:9
[INFO] [stdout]   31:     0x5f109a69a71f - tokio::runtime::Runtime::block_on::h722207a0727cfe52
[INFO] [stdout]                                at /opt/rustwide/cargo-home/registry/src/index.crates.io-1949cf8c6b5b557f/tokio-1.18.2/src/runtime/mod.rs:477:43
[INFO] [stdout]   32:     0x5f109a6da7b6 - tests::unix::worker_environment_variables::test_multiple_worker::h8d87aa8dac73b26d
[INFO] [stdout]                                at /opt/rustwide/workdir/tests/unix/worker_environment_variables.rs:69:5
[INFO] [stdout]   33:     0x5f109a6da677 - tests::unix::worker_environment_variables::test_multiple_worker::{{closure}}::ha162072127d71038
[INFO] [stdout]                                at /opt/rustwide/workdir/tests/unix/worker_environment_variables.rs:41:36
[INFO] [stdout]   34:     0x5f109a5feb66 - core::ops::function::FnOnce::call_once::he45d5021c37cb6d4
[INFO] [stdout]                                at /rustc/6067b36314ab5eb2eb47cecc464545ba58e1ad24/library/core/src/ops/function.rs:250:5
[INFO] [stdout]   35:     0x5f109a79918b - core::ops::function::FnOnce::call_once::he27718dfdd183f43
[INFO] [stdout]                                at /rustc/6067b36314ab5eb2eb47cecc464545ba58e1ad24/library/core/src/ops/function.rs:250:5
[INFO] [stdout]   36:     0x5f109a79918b - test::__rust_begin_short_backtrace::h4e84902998457a5d
[INFO] [stdout]                                at /rustc/6067b36314ab5eb2eb47cecc464545ba58e1ad24/library/test/src/lib.rs:632:18
[INFO] [stdout]   37:     0x5f109a7980c3 - test::run_test_in_process::{{closure}}::h7176fd18fc1feca0
[INFO] [stdout]                                at /rustc/6067b36314ab5eb2eb47cecc464545ba58e1ad24/library/test/src/lib.rs:655:60
[INFO] [stdout]   38:     0x5f109a7980c3 - <core::panic::unwind_safe::AssertUnwindSafe<F> as core::ops::function::FnOnce<()>>::call_once::hf79cff2a624d8cf7
[INFO] [stdout]                                at /rustc/6067b36314ab5eb2eb47cecc464545ba58e1ad24/library/core/src/panic/unwind_safe.rs:272:9
[INFO] [stdout]   39:     0x5f109a7980c3 - std::panicking::try::do_call::h3da0561d9ab99c25
[INFO] [stdout]                                at /rustc/6067b36314ab5eb2eb47cecc464545ba58e1ad24/library/std/src/panicking.rs:587:40
[INFO] [stdout]   40:     0x5f109a7980c3 - std::panicking::try::h41c9fa508bc61df6
[INFO] [stdout]                                at /rustc/6067b36314ab5eb2eb47cecc464545ba58e1ad24/library/std/src/panicking.rs:550:19
[INFO] [stdout]   41:     0x5f109a7980c3 - std::panic::catch_unwind::h6b3ff07bb5afad93
[INFO] [stdout]                                at /rustc/6067b36314ab5eb2eb47cecc464545ba58e1ad24/library/std/src/panic.rs:358:14
[INFO] [stdout]   42:     0x5f109a7980c3 - test::run_test_in_process::hc7253dd11b39b9f4
[INFO] [stdout]                                at /rustc/6067b36314ab5eb2eb47cecc464545ba58e1ad24/library/test/src/lib.rs:655:27
[INFO] [stdout]   43:     0x5f109a7980c3 - test::run_test::{{closure}}::hfb2007f8649c30bb
[INFO] [stdout]                                at /rustc/6067b36314ab5eb2eb47cecc464545ba58e1ad24/library/test/src/lib.rs:576:43
[INFO] [stdout]   44:     0x5f109a75b1a5 - test::run_test::{{closure}}::h56a17aa7a282a9f4
[INFO] [stdout]                                at /rustc/6067b36314ab5eb2eb47cecc464545ba58e1ad24/library/test/src/lib.rs:606:41
[INFO] [stdout]   45:     0x5f109a75b1a5 - std::sys::backtrace::__rust_begin_short_backtrace::hd2d2d2fb8e8c6aac
[INFO] [stdout]                                at /rustc/6067b36314ab5eb2eb47cecc464545ba58e1ad24/library/std/src/sys/backtrace.rs:152:18
[INFO] [stdout]   46:     0x5f109a75ea8a - std::thread::Builder::spawn_unchecked_::{{closure}}::{{closure}}::h4faa3f9db6133423
[INFO] [stdout]                                at /rustc/6067b36314ab5eb2eb47cecc464545ba58e1ad24/library/std/src/thread/mod.rs:559:17
[INFO] [stdout]   47:     0x5f109a75ea8a - <core::panic::unwind_safe::AssertUnwindSafe<F> as core::ops::function::FnOnce<()>>::call_once::hf2e855a36a4ea846
[INFO] [stdout]                                at /rustc/6067b36314ab5eb2eb47cecc464545ba58e1ad24/library/core/src/panic/unwind_safe.rs:272:9
[INFO] [stdout]   48:     0x5f109a75ea8a - std::panicking::try::do_call::h2f73af3616c35465
[INFO] [stdout]                                at /rustc/6067b36314ab5eb2eb47cecc464545ba58e1ad24/library/std/src/panicking.rs:587:40
[INFO] [stdout]   49:     0x5f109a75ea8a - std::panicking::try::hd1660ce9efadef5a
[INFO] [stdout]                                at /rustc/6067b36314ab5eb2eb47cecc464545ba58e1ad24/library/std/src/panicking.rs:550:19
[INFO] [stdout]   50:     0x5f109a75ea8a - std::panic::catch_unwind::h5ee8d7823b8ca744
[INFO] [stdout]                                at /rustc/6067b36314ab5eb2eb47cecc464545ba58e1ad24/library/std/src/panic.rs:358:14
[INFO] [stdout]   51:     0x5f109a75ea8a - std::thread::Builder::spawn_unchecked_::{{closure}}::h53c3a1894dce8407
[INFO] [stdout]                                at /rustc/6067b36314ab5eb2eb47cecc464545ba58e1ad24/library/std/src/thread/mod.rs:557:30
[INFO] [stdout]   52:     0x5f109a75ea8a - core::ops::function::FnOnce::call_once{{vtable.shim}}::h048ce291ad4f62bf
[INFO] [stdout]                                at /rustc/6067b36314ab5eb2eb47cecc464545ba58e1ad24/library/core/src/ops/function.rs:250:5
[INFO] [stdout]   53:     0x5f109ad9c7fb - <alloc::boxed::Box<F,A> as core::ops::function::FnOnce<Args>>::call_once::ha52bedf99a3b4981
[INFO] [stdout]                                at /rustc/6067b36314ab5eb2eb47cecc464545ba58e1ad24/library/alloc/src/boxed.rs:2013:9
[INFO] [stdout]   54:     0x5f109ad9c7fb - <alloc::boxed::Box<F,A> as core::ops::function::FnOnce<Args>>::call_once::h567748934d80ccf8
[INFO] [stdout]                                at /rustc/6067b36314ab5eb2eb47cecc464545ba58e1ad24/library/alloc/src/boxed.rs:2013:9
[INFO] [stdout]   55:     0x5f109ad9c7fb - std::sys::pal::unix::thread::Thread::new::thread_start::h2d970728ae887adc
[INFO] [stdout]                                at /rustc/6067b36314ab5eb2eb47cecc464545ba58e1ad24/library/std/src/sys/pal/unix/thread.rs:106:17
[INFO] [stdout]   56:     0x72d43d3eaac3 - <unknown>
[INFO] [stdout]   57:     0x72d43d47ba04 - clone
[INFO] [stdout]   58:                0x0 - <unknown>
[INFO] [stdout] 
[INFO] [stdout] 
[INFO] [stdout] failures:
[INFO] [stdout]     unix::worker_environment_variables::test_multiple_worker
[INFO] [stdout] 
[INFO] [stdout] test result: FAILED. 45 passed; 1 failed; 0 ignored; 0 measured; 0 filtered out; finished in 4.95s
[INFO] [stdout] 
[INFO] [stderr] error: test failed, to rerun pass `--test tests`
[INFO] running `Command { std: "docker" "inspect" "aa1df544d1b3be97b71ae22727d4604fdcc057c1c90f0dc9fcac1471f7508522", kill_on_drop: false }`
[INFO] running `Command { std: "docker" "rm" "-f" "aa1df544d1b3be97b71ae22727d4604fdcc057c1c90f0dc9fcac1471f7508522", kill_on_drop: false }`
[INFO] [stdout] aa1df544d1b3be97b71ae22727d4604fdcc057c1c90f0dc9fcac1471f7508522
