[INFO] cloning repository https://github.com/chezming/openeuler-syscare
[INFO] running `Command { std: "git" "-c" "credential.helper=" "-c" "credential.helper=/workspace/cargo-home/bin/git-credential-null" "clone" "--bare" "https://github.com/chezming/openeuler-syscare" "/workspace/cache/git-repos/https%3A%2F%2Fgithub.com%2Fchezming%2Fopeneuler-syscare", kill_on_drop: false }`
[INFO] [stderr] Cloning into bare repository '/workspace/cache/git-repos/https%3A%2F%2Fgithub.com%2Fchezming%2Fopeneuler-syscare'...
[INFO] running `Command { std: "git" "rev-parse" "HEAD", kill_on_drop: false }`
[INFO] [stdout] 8685a4fff901d76659b9bc75dce6e33c935c2cfc
[INFO] testing chezming/openeuler-syscare against nightly-2025-01-18+rustflags=-Zrandomize-layout for randomize-layout-2
[INFO] running `Command { std: "git" "clone" "/workspace/cache/git-repos/https%3A%2F%2Fgithub.com%2Fchezming%2Fopeneuler-syscare" "/workspace/builds/worker-3-tc2/source", kill_on_drop: false }`
[INFO] [stderr] Cloning into '/workspace/builds/worker-3-tc2/source'...
[INFO] [stderr] done.
[INFO] validating manifest of git repo https://github.com/chezming/openeuler-syscare on toolchain nightly-2025-01-18
[INFO] running `Command { std: CARGO_HOME="/workspace/cargo-home" RUSTUP_HOME="/workspace/rustup-home" "/workspace/cargo-home/bin/cargo" "+nightly-2025-01-18" "metadata" "--manifest-path" "Cargo.toml" "--no-deps", kill_on_drop: false }`
[INFO] started tweaking git repo https://github.com/chezming/openeuler-syscare
[INFO] finished tweaking git repo https://github.com/chezming/openeuler-syscare
[INFO] tweaked toml for git repo https://github.com/chezming/openeuler-syscare written to /workspace/builds/worker-3-tc2/source/Cargo.toml
[INFO] crate git repo https://github.com/chezming/openeuler-syscare already has a lockfile, it will not be regenerated
[INFO] running `Command { std: CARGO_HOME="/workspace/cargo-home" RUSTUP_HOME="/workspace/rustup-home" "/workspace/cargo-home/bin/cargo" "+nightly-2025-01-18" "fetch" "--manifest-path" "Cargo.toml", kill_on_drop: false }`
[INFO] running `Command { std: "docker" "create" "-v" "/var/lib/crater-agent-workspace/builds/worker-3-tc2/target:/opt/rustwide/target:rw,Z" "-v" "/var/lib/crater-agent-workspace/builds/worker-3-tc2/source:/opt/rustwide/workdir:ro,Z" "-v" "/var/lib/crater-agent-workspace/cargo-home:/opt/rustwide/cargo-home:ro,Z" "-v" "/var/lib/crater-agent-workspace/rustup-home:/opt/rustwide/rustup-home:ro,Z" "-e" "SOURCE_DIR=/opt/rustwide/workdir" "-e" "CARGO_TARGET_DIR=/opt/rustwide/target" "-e" "CARGO_HOME=/opt/rustwide/cargo-home" "-e" "RUSTUP_HOME=/opt/rustwide/rustup-home" "-w" "/opt/rustwide/workdir" "-m" "1610612736" "--user" "0:0" "--network" "none" "ghcr.io/rust-lang/crates-build-env/linux@sha256:819108c5571ea2e421544af4d832f968d213c87fbe3707a016657f43d2f853bc" "/opt/rustwide/cargo-home/bin/cargo" "+nightly-2025-01-18" "metadata" "--no-deps" "--format-version=1", kill_on_drop: false }`
[INFO] [stdout] fbd81fe154939012cfcd225ed3bd27a33dd573f92bf179eada61b630d3d3bec1
[INFO] running `Command { std: "docker" "start" "-a" "fbd81fe154939012cfcd225ed3bd27a33dd573f92bf179eada61b630d3d3bec1", kill_on_drop: false }`
[INFO] running `Command { std: "docker" "inspect" "fbd81fe154939012cfcd225ed3bd27a33dd573f92bf179eada61b630d3d3bec1", kill_on_drop: false }`
[INFO] running `Command { std: "docker" "rm" "-f" "fbd81fe154939012cfcd225ed3bd27a33dd573f92bf179eada61b630d3d3bec1", kill_on_drop: false }`
[INFO] [stdout] fbd81fe154939012cfcd225ed3bd27a33dd573f92bf179eada61b630d3d3bec1
[INFO] running `Command { std: "docker" "create" "-v" "/var/lib/crater-agent-workspace/builds/worker-3-tc2/target:/opt/rustwide/target:rw,Z" "-v" "/var/lib/crater-agent-workspace/builds/worker-3-tc2/source:/opt/rustwide/workdir:ro,Z" "-v" "/var/lib/crater-agent-workspace/cargo-home:/opt/rustwide/cargo-home:ro,Z" "-v" "/var/lib/crater-agent-workspace/rustup-home:/opt/rustwide/rustup-home:ro,Z" "-e" "SOURCE_DIR=/opt/rustwide/workdir" "-e" "CARGO_TARGET_DIR=/opt/rustwide/target" "-e" "CARGO_INCREMENTAL=0" "-e" "RUST_BACKTRACE=full" "-e" "RUSTFLAGS=--cap-lints=forbid -Zrandomize-layout" "-e" "RUSTDOCFLAGS=--cap-lints=forbid" "-e" "CARGO_HOME=/opt/rustwide/cargo-home" "-e" "RUSTUP_HOME=/opt/rustwide/rustup-home" "-w" "/opt/rustwide/workdir" "-m" "1610612736" "--user" "0:0" "--network" "none" "ghcr.io/rust-lang/crates-build-env/linux@sha256:819108c5571ea2e421544af4d832f968d213c87fbe3707a016657f43d2f853bc" "/opt/rustwide/cargo-home/bin/cargo" "+nightly-2025-01-18" "build" "--frozen" "--message-format=json", kill_on_drop: false }`
[INFO] [stdout] 803eecdda4b66f54397465970798ab909787eb45713775cb70e06fb0a64627c3
[INFO] running `Command { std: "docker" "start" "-a" "803eecdda4b66f54397465970798ab909787eb45713775cb70e06fb0a64627c3", kill_on_drop: false }`
[INFO] [stderr]    Compiling autocfg v1.1.0
[INFO] [stderr]    Compiling libc v0.2.153
[INFO] [stderr]    Compiling proc-macro2 v1.0.70
[INFO] [stderr]    Compiling unicode-ident v1.0.12
[INFO] [stderr]    Compiling version_check v0.9.4
[INFO] [stderr]    Compiling syn v1.0.109
[INFO] [stderr]    Compiling cfg-if v1.0.0
[INFO] [stderr]    Compiling memchr v2.4.1
[INFO] [stderr]    Compiling serde_derive v1.0.156
[INFO] [stderr]    Compiling serde v1.0.156
[INFO] [stderr]    Compiling log v0.4.20
[INFO] [stderr]    Compiling futures-core v0.3.27
[INFO] [stderr]    Compiling pin-utils v0.1.0
[INFO] [stderr]    Compiling getrandom v0.1.16
[INFO] [stderr]    Compiling typenum v1.17.0
[INFO] [stderr]    Compiling pin-project-lite v0.2.13
[INFO] [stderr]    Compiling once_cell v1.18.0
[INFO] [stderr]    Compiling futures-sink v0.3.27
[INFO] [stderr]    Compiling futures-channel v0.3.27
[INFO] [stderr]    Compiling regex-syntax v0.6.29
[INFO] [stderr]    Compiling futures-task v0.3.27
[INFO] [stderr]    Compiling crc32fast v1.3.2
[INFO] [stderr]    Compiling serde_json v1.0.99
[INFO] [stderr]    Compiling bitflags v1.3.2
[INFO] [stderr]    Compiling ppv-lite86 v0.2.17
[INFO] [stderr]    Compiling ryu v1.0.15
[INFO] [stderr]    Compiling futures-util v0.3.27
[INFO] [stderr]    Compiling futures-io v0.3.27
[INFO] [stderr]    Compiling ahash v0.7.8
[INFO] [stderr]    Compiling generic-array v0.14.7
[INFO] [stderr]    Compiling slab v0.4.9
[INFO] [stderr]    Compiling indexmap v1.9.3
[INFO] [stderr]    Compiling memoffset v0.7.1
[INFO] [stderr]    Compiling tokio v1.7.0
[INFO] [stderr]    Compiling proc-macro-error-attr v1.0.4
[INFO] [stderr]    Compiling aho-corasick v0.7.20
[INFO] [stderr]    Compiling quote v1.0.33
[INFO] [stderr]    Compiling num-traits v0.2.17
[INFO] [stderr]    Compiling proc-macro-error v1.0.4
[INFO] [stderr]    Compiling itoa v1.0.9
[INFO] [stderr]    Compiling adler v1.0.2
[INFO] [stderr]    Compiling bytes v1.5.0
[INFO] [stderr]    Compiling lazy_static v1.4.0
[INFO] [stderr]    Compiling miniz_oxide v0.5.4
[INFO] [stderr]    Compiling thiserror v1.0.39
[INFO] [stderr]    Compiling anyhow v1.0.75
[INFO] [stderr]    Compiling lock_api v0.4.11
[INFO] [stderr]    Compiling half v1.8.2
[INFO] [stderr]    Compiling os_str_bytes v6.5.1
[INFO] [stderr]    Compiling iana-time-zone v0.1.58
[INFO] [stderr]    Compiling cpufeatures v0.2.11
[INFO] [stderr]    Compiling syscare-common v1.2.1 (/opt/rustwide/workdir/syscare-common)
[INFO] [stderr]    Compiling parking_lot_core v0.8.6
[INFO] [stderr]    Compiling overload v0.1.1
[INFO] [stderr]    Compiling heck v0.4.1
[INFO] [stderr]    Compiling nu-ansi-term v0.46.0
[INFO] [stderr]    Compiling clap_lex v0.2.4
[INFO] [stderr]    Compiling unicase v2.7.0
[INFO] [stderr]    Compiling instant v0.1.12
[INFO] [stderr]    Compiling termcolor v1.4.0
[INFO] [stderr]    Compiling strsim v0.10.0
[INFO] [stderr]    Compiling textwrap v0.16.0
[INFO] [stderr]    Compiling glob v0.3.1
[INFO] [stderr]    Compiling flate2 v1.0.24
[INFO] [stderr]    Compiling smallvec v1.11.2
[INFO] [stderr]    Compiling scopeguard v1.2.0
[INFO] [stderr]    Compiling regex v1.7.3
[INFO] [stderr]    Compiling bstr v0.2.17
[INFO] [stderr]    Compiling chrono v0.4.31
[INFO] [stderr]    Compiling syscare-abi v1.2.1 (/opt/rustwide/workdir/syscare-abi)
[INFO] [stderr]    Compiling crypto-common v0.1.6
[INFO] [stderr]    Compiling block-buffer v0.10.4
[INFO] [stderr]    Compiling fnv v1.0.7
[INFO] [stderr]    Compiling digest v0.10.7
[INFO] [stderr]    Compiling signal-hook v0.3.17
[INFO] [stderr]    Compiling either v1.9.0
[INFO] [stderr]    Compiling base64 v0.13.1
[INFO] [stderr]    Compiling getrandom v0.2.12
[INFO] [stderr]    Compiling mio v0.7.14
[INFO] [stderr]    Compiling num_cpus v1.14.0
[INFO] [stderr]    Compiling nix v0.26.4
[INFO] [stderr]    Compiling atty v0.2.14
[INFO] [stderr]    Compiling rand_core v0.5.1
[INFO] [stderr]    Compiling sha2 v0.10.8
[INFO] [stderr]    Compiling memmap2 v0.9.4
[INFO] [stderr]    Compiling signal-hook-registry v1.4.1
[INFO] [stderr]    Compiling linked-hash-map v0.5.6
[INFO] [stderr]    Compiling hashbrown v0.12.3
[INFO] [stderr]    Compiling rand_chacha v0.2.2
[INFO] [stderr]    Compiling globset v0.4.9
[INFO] [stderr]    Compiling tower-service v0.3.2
[INFO] [stderr]    Compiling function_name-proc-macro v0.3.0
[INFO] [stderr]    Compiling parking_lot v0.11.2
[INFO] [stderr]    Compiling yaml-rust v0.4.5
[INFO] [stderr]    Compiling function_name v0.3.0
[INFO] [stderr]    Compiling which v4.4.0
[INFO] [stderr]    Compiling rand v0.7.3
[INFO] [stderr]    Compiling inotify-sys v0.1.5
[INFO] [stderr]    Compiling daemonize v0.5.0
[INFO] [stderr]    Compiling upatchd v1.2.1 (/opt/rustwide/workdir/upatchd)
[INFO] [stderr]    Compiling syscare-build v1.2.1 (/opt/rustwide/workdir/syscare-build)
[INFO] [stderr]    Compiling syscared v1.2.1 (/opt/rustwide/workdir/syscared)
[INFO] [stderr]    Compiling stable_deref_trait v1.2.0
[INFO] [stderr]    Compiling syscare v1.2.1 (/opt/rustwide/workdir/syscare)
[INFO] [stderr]    Compiling upatch-build v1.2.1 (/opt/rustwide/workdir/upatch-build)
[INFO] [stderr]    Compiling fallible-iterator v0.2.0
[INFO] [stderr]    Compiling typed-arena v2.0.2
[INFO] [stderr]    Compiling object v0.29.0
[INFO] [stderr]    Compiling gimli v0.26.2
[INFO] [stderr]    Compiling ctrlc v3.3.0
[INFO] [stderr]    Compiling tokio-util v0.6.10
[INFO] [stderr]    Compiling tokio-stream v0.1.6
[INFO] [stderr]    Compiling inotify v0.9.6
[INFO] [stderr]    Compiling futures-macro v0.3.27
[INFO] [stderr]    Compiling thiserror-impl v1.0.39
[INFO] [stderr]    Compiling clap_derive v3.2.25
[INFO] [stderr]    Compiling flexi_logger v0.24.2
[INFO] [stderr]    Compiling clap v3.2.25
[INFO] [stderr]    Compiling futures-executor v0.3.27
[INFO] [stderr]    Compiling futures v0.3.27
[INFO] [stderr]    Compiling parity-tokio-ipc v0.9.0
[INFO] [stderr]    Compiling serde_cbor v0.11.2
[INFO] [stderr]    Compiling toml v0.5.11
[INFO] [stderr]    Compiling uuid v0.8.1
[INFO] [stderr]    Compiling serde_yaml v0.8.26
[INFO] [stderr]    Compiling proc-macro-crate v0.1.5
[INFO] [stdout] warning: elided lifetime has a name
[INFO] [stdout]    --> syscare-common/src/ffi/os_str.rs:115:60
[INFO] [stdout]     |
[INFO] [stdout] 115 |     fn split<'a, P: Pattern<'a>>(&'a self, pat: P) -> Split<P> {
[INFO] [stdout]     |              -- lifetime `'a` declared here                ^ this elided lifetime gets resolved as `'a`
[INFO] [stdout]     |
[INFO] [stdout]     = note: `#[warn(elided_named_lifetimes)]` on by default
[INFO] [stdout] 
[INFO] [stdout] 
[INFO] [stderr]    Compiling jsonrpc-core v18.0.0
[INFO] [stderr]    Compiling jsonrpc v0.16.0
[INFO] [stderr]    Compiling jsonrpc-derive v18.0.0
[INFO] [stderr]    Compiling jsonrpc-server-utils v18.0.0
[INFO] [stderr]    Compiling jsonrpc-ipc-server v18.0.0
[INFO] [stdout] warning: method `extension` is never used
[INFO] [stdout]   --> syscare-build/src/package/mod.rs:36:8
[INFO] [stdout]    |
[INFO] [stdout] 35 | trait Package {
[INFO] [stdout]    |       ------- method in this trait
[INFO] [stdout] 36 |     fn extension(&self) -> &'static str;
[INFO] [stdout]    |        ^^^^^^^^^
[INFO] [stdout]    |
[INFO] [stdout]    = note: `#[warn(dead_code)]` on by default
[INFO] [stdout] 
[INFO] [stdout] 
[INFO] [stdout] warning: method `set_e_shnum` is never used
[INFO] [stdout]   --> upatch-build/src/elf/header.rs:52:8
[INFO] [stdout]    |
[INFO] [stdout] 47 | pub trait HeaderWrite: OperateWrite {
[INFO] [stdout]    |           ----------- method in this trait
[INFO] [stdout] ...
[INFO] [stdout] 52 |     fn set_e_shnum(&mut self, e_shnum: u16) {
[INFO] [stdout]    |        ^^^^^^^^^^^
[INFO] [stdout]    |
[INFO] [stdout]    = note: `#[warn(dead_code)]` on by default
[INFO] [stdout] 
[INFO] [stdout] 
[INFO] [stdout] warning: field `kind` is never read
[INFO] [stdout]   --> syscared/src/patch/entity/kpatch.rs:64:9
[INFO] [stdout]    |
[INFO] [stdout] 61 | pub struct KernelPatch {
[INFO] [stdout]    |            ----------- field in this struct
[INFO] [stdout] ...
[INFO] [stdout] 64 |     pub kind: PatchType,
[INFO] [stdout]    |         ^^^^
[INFO] [stdout]    |
[INFO] [stdout]    = note: `KernelPatch` has a derived impl for the trait `Debug`, but this is intentionally ignored during dead code analysis
[INFO] [stdout]    = note: `#[warn(dead_code)]` on by default
[INFO] [stdout] 
[INFO] [stdout] 
[INFO] [stdout] warning: field `kind` is never read
[INFO] [stdout]   --> syscared/src/patch/entity/upatch.rs:61:9
[INFO] [stdout]    |
[INFO] [stdout] 58 | pub struct UserPatch {
[INFO] [stdout]    |            --------- field in this struct
[INFO] [stdout] ...
[INFO] [stdout] 61 |     pub kind: PatchType,
[INFO] [stdout]    |         ^^^^
[INFO] [stdout]    |
[INFO] [stdout]    = note: `UserPatch` has a derived impl for the trait `Debug`, but this is intentionally ignored during dead code analysis
[INFO] [stdout] 
[INFO] [stdout] 
[INFO] [stdout] warning: field `addr` is never read
[INFO] [stdout]   --> syscared/src/patch/resolver/kpatch.rs:74:13
[INFO] [stdout]    |
[INFO] [stdout] 73 |     pub struct KpatchRelocation {
[INFO] [stdout]    |                ---------------- field in this struct
[INFO] [stdout] 74 |         pub addr: (u64, Relocation),
[INFO] [stdout]    |             ^^^^
[INFO] [stdout] 
[INFO] [stdout] 
[INFO] [stdout] warning: field `addr` is never read
[INFO] [stdout]   --> syscared/src/patch/resolver/upatch.rs:62:13
[INFO] [stdout]    |
[INFO] [stdout] 61 |     pub struct UpatchRelocation {
[INFO] [stdout]    |                ---------------- field in this struct
[INFO] [stdout] 62 |         pub addr: (u64, Relocation),
[INFO] [stdout]    |             ^^^^
[INFO] [stdout] 
[INFO] [stdout] 
[INFO] [stderr]     Finished `dev` profile [unoptimized + debuginfo] target(s) in 52.63s
[INFO] running `Command { std: "docker" "inspect" "803eecdda4b66f54397465970798ab909787eb45713775cb70e06fb0a64627c3", kill_on_drop: false }`
[INFO] running `Command { std: "docker" "rm" "-f" "803eecdda4b66f54397465970798ab909787eb45713775cb70e06fb0a64627c3", kill_on_drop: false }`
[INFO] [stdout] 803eecdda4b66f54397465970798ab909787eb45713775cb70e06fb0a64627c3
[INFO] running `Command { std: "docker" "create" "-v" "/var/lib/crater-agent-workspace/builds/worker-3-tc2/target:/opt/rustwide/target:rw,Z" "-v" "/var/lib/crater-agent-workspace/builds/worker-3-tc2/source:/opt/rustwide/workdir:ro,Z" "-v" "/var/lib/crater-agent-workspace/cargo-home:/opt/rustwide/cargo-home:ro,Z" "-v" "/var/lib/crater-agent-workspace/rustup-home:/opt/rustwide/rustup-home:ro,Z" "-e" "SOURCE_DIR=/opt/rustwide/workdir" "-e" "CARGO_TARGET_DIR=/opt/rustwide/target" "-e" "CARGO_INCREMENTAL=0" "-e" "RUST_BACKTRACE=full" "-e" "RUSTFLAGS=--cap-lints=forbid -Zrandomize-layout" "-e" "RUSTDOCFLAGS=--cap-lints=forbid" "-e" "CARGO_HOME=/opt/rustwide/cargo-home" "-e" "RUSTUP_HOME=/opt/rustwide/rustup-home" "-w" "/opt/rustwide/workdir" "-m" "1610612736" "--user" "0:0" "--network" "none" "ghcr.io/rust-lang/crates-build-env/linux@sha256:819108c5571ea2e421544af4d832f968d213c87fbe3707a016657f43d2f853bc" "/opt/rustwide/cargo-home/bin/cargo" "+nightly-2025-01-18" "test" "--frozen" "--no-run" "--message-format=json", kill_on_drop: false }`
[INFO] [stdout] 2e9e64b4a068842e9b9306fd922eb8c7ade9d2e62ae9cbb6095d3bde628696cd
[INFO] running `Command { std: "docker" "start" "-a" "2e9e64b4a068842e9b9306fd922eb8c7ade9d2e62ae9cbb6095d3bde628696cd", kill_on_drop: false }`
[INFO] [stdout] warning: elided lifetime has a name
[INFO] [stdout]    --> syscare-common/src/ffi/os_str.rs:115:60
[INFO] [stdout]     |
[INFO] [stdout] 115 |     fn split<'a, P: Pattern<'a>>(&'a self, pat: P) -> Split<P> {
[INFO] [stdout]     |              -- lifetime `'a` declared here                ^ this elided lifetime gets resolved as `'a`
[INFO] [stdout]     |
[INFO] [stdout]     = note: `#[warn(elided_named_lifetimes)]` on by default
[INFO] [stdout] 
[INFO] [stdout] 
[INFO] [stderr]    Compiling syscare-abi v1.2.1 (/opt/rustwide/workdir/syscare-abi)
[INFO] [stderr]    Compiling syscare-common v1.2.1 (/opt/rustwide/workdir/syscare-common)
[INFO] [stderr]    Compiling syscare v1.2.1 (/opt/rustwide/workdir/syscare)
[INFO] [stderr]    Compiling upatch-build v1.2.1 (/opt/rustwide/workdir/upatch-build)
[INFO] [stderr]    Compiling upatchd v1.2.1 (/opt/rustwide/workdir/upatchd)
[INFO] [stderr]    Compiling syscared v1.2.1 (/opt/rustwide/workdir/syscared)
[INFO] [stderr]    Compiling syscare-build v1.2.1 (/opt/rustwide/workdir/syscare-build)
[INFO] [stdout] warning: elided lifetime has a name
[INFO] [stdout]    --> syscare-common/src/ffi/os_str.rs:115:60
[INFO] [stdout]     |
[INFO] [stdout] 115 |     fn split<'a, P: Pattern<'a>>(&'a self, pat: P) -> Split<P> {
[INFO] [stdout]     |              -- lifetime `'a` declared here                ^ this elided lifetime gets resolved as `'a`
[INFO] [stdout]     |
[INFO] [stdout]     = note: `#[warn(elided_named_lifetimes)]` on by default
[INFO] [stdout] 
[INFO] [stdout] 
[INFO] [stdout] warning: method `set_e_shnum` is never used
[INFO] [stdout]   --> upatch-build/src/elf/header.rs:52:8
[INFO] [stdout]    |
[INFO] [stdout] 47 | pub trait HeaderWrite: OperateWrite {
[INFO] [stdout]    |           ----------- method in this trait
[INFO] [stdout] ...
[INFO] [stdout] 52 |     fn set_e_shnum(&mut self, e_shnum: u16) {
[INFO] [stdout]    |        ^^^^^^^^^^^
[INFO] [stdout]    |
[INFO] [stdout]    = note: `#[warn(dead_code)]` on by default
[INFO] [stdout] 
[INFO] [stdout] 
[INFO] [stdout] warning: field `kind` is never read
[INFO] [stdout]   --> syscared/src/patch/entity/kpatch.rs:64:9
[INFO] [stdout]    |
[INFO] [stdout] 61 | pub struct KernelPatch {
[INFO] [stdout]    |            ----------- field in this struct
[INFO] [stdout] ...
[INFO] [stdout] 64 |     pub kind: PatchType,
[INFO] [stdout]    |         ^^^^
[INFO] [stdout]    |
[INFO] [stdout]    = note: `KernelPatch` has a derived impl for the trait `Debug`, but this is intentionally ignored during dead code analysis
[INFO] [stdout]    = note: `#[warn(dead_code)]` on by default
[INFO] [stdout] 
[INFO] [stdout] 
[INFO] [stdout] warning: field `kind` is never read
[INFO] [stdout]   --> syscared/src/patch/entity/upatch.rs:61:9
[INFO] [stdout]    |
[INFO] [stdout] 58 | pub struct UserPatch {
[INFO] [stdout]    |            --------- field in this struct
[INFO] [stdout] ...
[INFO] [stdout] 61 |     pub kind: PatchType,
[INFO] [stdout]    |         ^^^^
[INFO] [stdout]    |
[INFO] [stdout]    = note: `UserPatch` has a derived impl for the trait `Debug`, but this is intentionally ignored during dead code analysis
[INFO] [stdout] 
[INFO] [stdout] 
[INFO] [stdout] warning: field `addr` is never read
[INFO] [stdout]   --> syscared/src/patch/resolver/kpatch.rs:74:13
[INFO] [stdout]    |
[INFO] [stdout] 73 |     pub struct KpatchRelocation {
[INFO] [stdout]    |                ---------------- field in this struct
[INFO] [stdout] 74 |         pub addr: (u64, Relocation),
[INFO] [stdout]    |             ^^^^
[INFO] [stdout] 
[INFO] [stdout] 
[INFO] [stdout] warning: field `addr` is never read
[INFO] [stdout]   --> syscared/src/patch/resolver/upatch.rs:62:13
[INFO] [stdout]    |
[INFO] [stdout] 61 |     pub struct UpatchRelocation {
[INFO] [stdout]    |                ---------------- field in this struct
[INFO] [stdout] 62 |         pub addr: (u64, Relocation),
[INFO] [stdout]    |             ^^^^
[INFO] [stdout] 
[INFO] [stdout] 
[INFO] [stdout] warning: method `extension` is never used
[INFO] [stdout]   --> syscare-build/src/package/mod.rs:36:8
[INFO] [stdout]    |
[INFO] [stdout] 35 | trait Package {
[INFO] [stdout]    |       ------- method in this trait
[INFO] [stdout] 36 |     fn extension(&self) -> &'static str;
[INFO] [stdout]    |        ^^^^^^^^^
[INFO] [stdout]    |
[INFO] [stdout]    = note: `#[warn(dead_code)]` on by default
[INFO] [stdout] 
[INFO] [stdout] 
[INFO] [stderr]     Finished `test` profile [unoptimized + debuginfo] target(s) in 5.38s
[INFO] running `Command { std: "docker" "inspect" "2e9e64b4a068842e9b9306fd922eb8c7ade9d2e62ae9cbb6095d3bde628696cd", kill_on_drop: false }`
[INFO] running `Command { std: "docker" "rm" "-f" "2e9e64b4a068842e9b9306fd922eb8c7ade9d2e62ae9cbb6095d3bde628696cd", kill_on_drop: false }`
[INFO] [stdout] 2e9e64b4a068842e9b9306fd922eb8c7ade9d2e62ae9cbb6095d3bde628696cd
[INFO] running `Command { std: "docker" "create" "-v" "/var/lib/crater-agent-workspace/builds/worker-3-tc2/target:/opt/rustwide/target:rw,Z" "-v" "/var/lib/crater-agent-workspace/builds/worker-3-tc2/source:/opt/rustwide/workdir:ro,Z" "-v" "/var/lib/crater-agent-workspace/cargo-home:/opt/rustwide/cargo-home:ro,Z" "-v" "/var/lib/crater-agent-workspace/rustup-home:/opt/rustwide/rustup-home:ro,Z" "-e" "SOURCE_DIR=/opt/rustwide/workdir" "-e" "CARGO_TARGET_DIR=/opt/rustwide/target" "-e" "CARGO_INCREMENTAL=0" "-e" "RUST_BACKTRACE=full" "-e" "RUSTFLAGS=--cap-lints=forbid -Zrandomize-layout" "-e" "RUSTDOCFLAGS=--cap-lints=forbid" "-e" "CARGO_HOME=/opt/rustwide/cargo-home" "-e" "RUSTUP_HOME=/opt/rustwide/rustup-home" "-w" "/opt/rustwide/workdir" "-m" "1610612736" "--user" "0:0" "--network" "none" "ghcr.io/rust-lang/crates-build-env/linux@sha256:819108c5571ea2e421544af4d832f968d213c87fbe3707a016657f43d2f853bc" "/opt/rustwide/cargo-home/bin/cargo" "+nightly-2025-01-18" "test" "--frozen", kill_on_drop: false }`
[INFO] [stdout] aab48a51c96297370730a7dc651111855f043ad3995bd3a108980fb97c5d8eb8
[INFO] running `Command { std: "docker" "start" "-a" "aab48a51c96297370730a7dc651111855f043ad3995bd3a108980fb97c5d8eb8", kill_on_drop: false }`
[INFO] [stderr] warning: elided lifetime has a name
[INFO] [stderr]    --> syscare-common/src/ffi/os_str.rs:115:60
[INFO] [stderr]     |
[INFO] [stderr] 115 |     fn split<'a, P: Pattern<'a>>(&'a self, pat: P) -> Split<P> {
[INFO] [stderr]     |              -- lifetime `'a` declared here                ^ this elided lifetime gets resolved as `'a`
[INFO] [stderr]     |
[INFO] [stderr]     = note: `#[warn(elided_named_lifetimes)]` on by default
[INFO] [stderr] 
[INFO] [stderr] warning: `syscare-common` (lib) generated 1 warning
[INFO] [stderr] warning: `syscare-common` (lib test) generated 1 warning (1 duplicate)
[INFO] [stderr] warning: method `set_e_shnum` is never used
[INFO] [stderr]   --> upatch-build/src/elf/header.rs:52:8
[INFO] [stderr]    |
[INFO] [stderr] 47 | pub trait HeaderWrite: OperateWrite {
[INFO] [stderr]    |           ----------- method in this trait
[INFO] [stderr] ...
[INFO] [stderr] 52 |     fn set_e_shnum(&mut self, e_shnum: u16) {
[INFO] [stderr]    |        ^^^^^^^^^^^
[INFO] [stderr]    |
[INFO] [stderr]    = note: `#[warn(dead_code)]` on by default
[INFO] [stderr] 
[INFO] [stderr] warning: method `extension` is never used
[INFO] [stderr]   --> syscare-build/src/package/mod.rs:36:8
[INFO] [stderr]    |
[INFO] [stderr] 35 | trait Package {
[INFO] [stderr]    |       ------- method in this trait
[INFO] [stderr] 36 |     fn extension(&self) -> &'static str;
[INFO] [stderr]    |        ^^^^^^^^^
[INFO] [stderr]    |
[INFO] [stderr]    = note: `#[warn(dead_code)]` on by default
[INFO] [stderr] 
[INFO] [stderr] warning: field `kind` is never read
[INFO] [stderr]   --> syscared/src/patch/entity/kpatch.rs:64:9
[INFO] [stderr]    |
[INFO] [stderr] 61 | pub struct KernelPatch {
[INFO] [stderr]    |            ----------- field in this struct
[INFO] [stderr] ...
[INFO] [stderr] 64 |     pub kind: PatchType,
[INFO] [stderr]    |         ^^^^
[INFO] [stderr]    |
[INFO] [stderr]    = note: `KernelPatch` has a derived impl for the trait `Debug`, but this is intentionally ignored during dead code analysis
[INFO] [stderr]    = note: `#[warn(dead_code)]` on by default
[INFO] [stderr] 
[INFO] [stderr] warning: field `kind` is never read
[INFO] [stderr]   --> syscared/src/patch/entity/upatch.rs:61:9
[INFO] [stderr]    |
[INFO] [stderr] 58 | pub struct UserPatch {
[INFO] [stderr]    |            --------- field in this struct
[INFO] [stderr] ...
[INFO] [stderr] 61 |     pub kind: PatchType,
[INFO] [stderr]    |         ^^^^
[INFO] [stderr]    |
[INFO] [stderr]    = note: `UserPatch` has a derived impl for the trait `Debug`, but this is intentionally ignored during dead code analysis
[INFO] [stderr] 
[INFO] [stderr] warning: field `addr` is never read
[INFO] [stderr]   --> syscared/src/patch/resolver/kpatch.rs:74:13
[INFO] [stderr]    |
[INFO] [stderr] 73 |     pub struct KpatchRelocation {
[INFO] [stderr]    |                ---------------- field in this struct
[INFO] [stderr] 74 |         pub addr: (u64, Relocation),
[INFO] [stderr]    |             ^^^^
[INFO] [stderr] 
[INFO] [stderr] warning: field `addr` is never read
[INFO] [stderr]   --> syscared/src/patch/resolver/upatch.rs:62:13
[INFO] [stderr]    |
[INFO] [stderr] 61 |     pub struct UpatchRelocation {
[INFO] [stderr]    |                ---------------- field in this struct
[INFO] [stderr] 62 |         pub addr: (u64, Relocation),
[INFO] [stderr]    |             ^^^^
[INFO] [stderr] 
[INFO] [stderr] warning: `upatch-build` (bin "upatch-build" test) generated 1 warning
[INFO] [stderr] warning: `syscare-build` (bin "syscare-build" test) generated 1 warning
[INFO] [stderr] warning: `syscared` (bin "syscared" test) generated 4 warnings
[INFO] [stderr]     Finished `test` profile [unoptimized + debuginfo] target(s) in 0.24s
[INFO] [stderr]      Running unittests src/main.rs (/opt/rustwide/target/debug/deps/syscare-d2cb8741f2f57986)
[INFO] [stdout] 
[INFO] [stdout] running 0 tests
[INFO] [stdout] 
[INFO] [stdout] test result: ok. 0 passed; 0 failed; 0 ignored; 0 measured; 0 filtered out; finished in 0.00s
[INFO] [stdout] 
[INFO] [stderr]      Running unittests src/lib.rs (/opt/rustwide/target/debug/deps/syscare_abi-c9c9298b535252bc)
[INFO] [stdout] 
[INFO] [stdout] running 0 tests
[INFO] [stderr]      Running unittests src/main.rs (/opt/rustwide/target/debug/deps/syscare_build-b10562e8b2b7bc9c)
[INFO] [stdout] 
[INFO] [stdout] test result: ok. 0 passed; 0 failed; 0 ignored; 0 measured; 0 filtered out; finished in 0.00s
[INFO] [stdout] 
[INFO] [stdout] 
[INFO] [stdout] running 5 tests
[INFO] [stdout] test package::rpm::tags::attr::test ... ok
[INFO] [stdout] test package::rpm::tags::changelog::test ... ok
[INFO] [stdout] test package::rpm::spec_file::test ... ok
[INFO] [stdout] test package::rpm::tags::define::test ... ok
[INFO] [stdout] test package::rpm::tags::path::test ... ok
[INFO] [stdout] 
[INFO] [stdout] test result: ok. 5 passed; 0 failed; 0 ignored; 0 measured; 0 filtered out; finished in 0.01s
[INFO] [stdout] 
[INFO] [stderr]      Running unittests src/lib.rs (/opt/rustwide/target/debug/deps/syscare_common-2fdf7178eece4470)
[INFO] [stdout] 
[INFO] [stdout] running 13 tests
[INFO] [stdout] test ffi::os_str::test ... ok
[INFO] [stdout] test fs::flock::test ... ok
[INFO] [stdout] test io::os_lines::test ... ok
[INFO] [stdout] test os::platform::test ... ok
[INFO] [stdout] test os::cpu::test ... ok
[INFO] [stdout] test ffi::c_str::test_cstr ... ok
[INFO] [stdout] test os::umask::test ... ok
[INFO] [stdout] test fs::mapped_file::test ... ok
[INFO] [stdout] test macros::test ... ok
[INFO] [stdout] test os::proc_mounts::test ... ok
[INFO] [stdout] Test: Hello World!
[INFO] [stdout] test_key1=test_val1
[INFO] [stdout] test_key2=test_val2
[INFO] [stdout] test_key3=test_val3
[INFO] [stdout] /tmp
[INFO] [stderr] ls: cannot access '/file/not/exist': No such file or directory
[INFO] [stdout] 7ffec07f8000-7ffec07fa000 r-xp 00000000 00:00 0                          [vdso]
[INFO] [stdout] test os::user::test ... FAILED
[INFO] [stdout] test os::proc_maps::test ... ok
[INFO] [stdout] test process::test ... FAILED
[INFO] [stdout] 
[INFO] [stdout] failures:
[INFO] [stdout] 
[INFO] [stdout] ---- os::user::test stdout ----
[INFO] [stdout] name:   root
[INFO] [stdout] passwd: x
[INFO] [stdout] id:     0
[INFO] [stdout] 
[INFO] [stdout] thread 'os::user::test' panicked at syscare-common/src/os/user.rs:70:5:
[INFO] [stdout] assertion failed: id() > 0
[INFO] [stdout] stack backtrace:
[INFO] [stdout]    0:     0x6104a8209e7a - std::backtrace_rs::backtrace::libunwind::trace::hb059275cfc8d6126
[INFO] [stdout]                                at /rustc/6067b36314ab5eb2eb47cecc464545ba58e1ad24/library/std/src/../../backtrace/src/backtrace/libunwind.rs:116:5
[INFO] [stdout]    1:     0x6104a8209e7a - std::backtrace_rs::backtrace::trace_unsynchronized::h2da071e4327ce3ee
[INFO] [stdout]                                at /rustc/6067b36314ab5eb2eb47cecc464545ba58e1ad24/library/std/src/../../backtrace/src/backtrace/mod.rs:66:5
[INFO] [stdout]    2:     0x6104a8209e7a - std::sys::backtrace::_print_fmt::h842a1474e6f8d23f
[INFO] [stdout]                                at /rustc/6067b36314ab5eb2eb47cecc464545ba58e1ad24/library/std/src/sys/backtrace.rs:66:9
[INFO] [stdout]    3:     0x6104a8209e7a - <std::sys::backtrace::BacktraceLock::print::DisplayBacktrace as core::fmt::Display>::fmt::h71a62eb3b9696b12
[INFO] [stdout]                                at /rustc/6067b36314ab5eb2eb47cecc464545ba58e1ad24/library/std/src/sys/backtrace.rs:39:26
[INFO] [stdout]    4:     0x6104a8233a13 - core::fmt::rt::Argument::fmt::hdb6b616786b41dc1
[INFO] [stdout]                                at /rustc/6067b36314ab5eb2eb47cecc464545ba58e1ad24/library/core/src/fmt/rt.rs:177:76
[INFO] [stdout]    5:     0x6104a8233a13 - core::fmt::write::h2cc1698af7e2d686
[INFO] [stdout]                                at /rustc/6067b36314ab5eb2eb47cecc464545ba58e1ad24/library/core/src/fmt/mod.rs:1440:21
[INFO] [stdout]    6:     0x6104a8206393 - std::io::Write::write_fmt::hab1b4cd059a79022
[INFO] [stdout]                                at /rustc/6067b36314ab5eb2eb47cecc464545ba58e1ad24/library/std/src/io/mod.rs:1887:15
[INFO] [stdout]    7:     0x6104a8209cc2 - std::sys::backtrace::BacktraceLock::print::h147fe35b4ea13b08
[INFO] [stdout]                                at /rustc/6067b36314ab5eb2eb47cecc464545ba58e1ad24/library/std/src/sys/backtrace.rs:42:9
[INFO] [stdout]    8:     0x6104a820b31f - std::panicking::default_hook::{{closure}}::hbd44223dbdc0d208
[INFO] [stdout]                                at /rustc/6067b36314ab5eb2eb47cecc464545ba58e1ad24/library/std/src/panicking.rs:298:22
[INFO] [stdout]    9:     0x6104a820b138 - std::panicking::default_hook::h20f81eb0576efcec
[INFO] [stdout]                                at /rustc/6067b36314ab5eb2eb47cecc464545ba58e1ad24/library/std/src/panicking.rs:322:9
[INFO] [stdout]   10:     0x6104a81aef73 - <alloc::boxed::Box<F,A> as core::ops::function::Fn<Args>>::call::hdb53814c496a4d34
[INFO] [stdout]                                at /rustc/6067b36314ab5eb2eb47cecc464545ba58e1ad24/library/alloc/src/boxed.rs:2027:9
[INFO] [stdout]   11:     0x6104a81aef73 - test::test_main::{{closure}}::hc0a4963c59427c24
[INFO] [stdout]                                at /rustc/6067b36314ab5eb2eb47cecc464545ba58e1ad24/library/test/src/lib.rs:134:21
[INFO] [stdout]   12:     0x6104a820be13 - <alloc::boxed::Box<F,A> as core::ops::function::Fn<Args>>::call::h591b2225413a77e9
[INFO] [stdout]                                at /rustc/6067b36314ab5eb2eb47cecc464545ba58e1ad24/library/alloc/src/boxed.rs:2027:9
[INFO] [stdout]   13:     0x6104a820be13 - std::panicking::rust_panic_with_hook::h625eea43051b2edc
[INFO] [stdout]                                at /rustc/6067b36314ab5eb2eb47cecc464545ba58e1ad24/library/std/src/panicking.rs:839:13
[INFO] [stdout]   14:     0x6104a820ba96 - std::panicking::begin_panic_handler::{{closure}}::h4f9159cfbc3f6bd3
[INFO] [stdout]                                at /rustc/6067b36314ab5eb2eb47cecc464545ba58e1ad24/library/std/src/panicking.rs:697:13
[INFO] [stdout]   15:     0x6104a820a379 - std::sys::backtrace::__rust_end_short_backtrace::h0390abce48353151
[INFO] [stdout]                                at /rustc/6067b36314ab5eb2eb47cecc464545ba58e1ad24/library/std/src/sys/backtrace.rs:168:18
[INFO] [stdout]   16:     0x6104a820b75d - rust_begin_unwind
[INFO] [stdout]                                at /rustc/6067b36314ab5eb2eb47cecc464545ba58e1ad24/library/std/src/panicking.rs:695:5
[INFO] [stdout]   17:     0x6104a82320e0 - core::panicking::panic_fmt::h9e7c637e9e5f29c9
[INFO] [stdout]                                at /rustc/6067b36314ab5eb2eb47cecc464545ba58e1ad24/library/core/src/panicking.rs:75:14
[INFO] [stdout]   18:     0x6104a823216c - core::panicking::panic::haa3255ea20181a33
[INFO] [stdout]                                at /rustc/6067b36314ab5eb2eb47cecc464545ba58e1ad24/library/core/src/panicking.rs:145:5
[INFO] [stdout]   19:     0x6104a81402ec - syscare_common::os::user::test::h1a19763adede403d
[INFO] [stdout]                                at /opt/rustwide/workdir/syscare-common/src/os/user.rs:70:5
[INFO] [stdout]   20:     0x6104a81400d7 - syscare_common::os::user::test::{{closure}}::h29ebc9dd7066c3e7
[INFO] [stdout]                                at /opt/rustwide/workdir/syscare-common/src/os/user.rs:62:10
[INFO] [stdout]   21:     0x6104a816a9f6 - core::ops::function::FnOnce::call_once::h4626aeced0b8b367
[INFO] [stdout]                                at /rustc/6067b36314ab5eb2eb47cecc464545ba58e1ad24/library/core/src/ops/function.rs:250:5
[INFO] [stdout]   22:     0x6104a81b46cb - core::ops::function::FnOnce::call_once::he27718dfdd183f43
[INFO] [stdout]                                at /rustc/6067b36314ab5eb2eb47cecc464545ba58e1ad24/library/core/src/ops/function.rs:250:5
[INFO] [stdout]   23:     0x6104a81b46cb - test::__rust_begin_short_backtrace::h4e84902998457a5d
[INFO] [stdout]                                at /rustc/6067b36314ab5eb2eb47cecc464545ba58e1ad24/library/test/src/lib.rs:632:18
[INFO] [stdout]   24:     0x6104a81b3603 - test::run_test_in_process::{{closure}}::h7176fd18fc1feca0
[INFO] [stdout]                                at /rustc/6067b36314ab5eb2eb47cecc464545ba58e1ad24/library/test/src/lib.rs:655:60
[INFO] [stdout]   25:     0x6104a81b3603 - <core::panic::unwind_safe::AssertUnwindSafe<F> as core::ops::function::FnOnce<()>>::call_once::hf79cff2a624d8cf7
[INFO] [stdout]                                at /rustc/6067b36314ab5eb2eb47cecc464545ba58e1ad24/library/core/src/panic/unwind_safe.rs:272:9
[INFO] [stdout]   26:     0x6104a81b3603 - std::panicking::try::do_call::h3da0561d9ab99c25
[INFO] [stdout]                                at /rustc/6067b36314ab5eb2eb47cecc464545ba58e1ad24/library/std/src/panicking.rs:587:40
[INFO] [stdout]   27:     0x6104a81b3603 - std::panicking::try::h41c9fa508bc61df6
[INFO] [stdout]                                at /rustc/6067b36314ab5eb2eb47cecc464545ba58e1ad24/library/std/src/panicking.rs:550:19
[INFO] [stdout]   28:     0x6104a81b3603 - std::panic::catch_unwind::h6b3ff07bb5afad93
[INFO] [stdout]                                at /rustc/6067b36314ab5eb2eb47cecc464545ba58e1ad24/library/std/src/panic.rs:358:14
[INFO] [stdout]   29:     0x6104a81b3603 - test::run_test_in_process::hc7253dd11b39b9f4
[INFO] [stdout]                                at /rustc/6067b36314ab5eb2eb47cecc464545ba58e1ad24/library/test/src/lib.rs:655:27
[INFO] [stdout]   30:     0x6104a81b3603 - test::run_test::{{closure}}::hfb2007f8649c30bb
[INFO] [stdout]                                at /rustc/6067b36314ab5eb2eb47cecc464545ba58e1ad24/library/test/src/lib.rs:576:43
[INFO] [stdout]   31:     0x6104a81766e5 - test::run_test::{{closure}}::h56a17aa7a282a9f4
[INFO] [stdout]                                at /rustc/6067b36314ab5eb2eb47cecc464545ba58e1ad24/library/test/src/lib.rs:606:41
[INFO] [stdout]   32:     0x6104a81766e5 - std::sys::backtrace::__rust_begin_short_backtrace::hd2d2d2fb8e8c6aac
[INFO] [stdout]                                at /rustc/6067b36314ab5eb2eb47cecc464545ba58e1ad24/library/std/src/sys/backtrace.rs:152:18
[INFO] [stdout]   33:     0x6104a8179fca - std::thread::Builder::spawn_unchecked_::{{closure}}::{{closure}}::h4faa3f9db6133423
[INFO] [stdout]                                at /rustc/6067b36314ab5eb2eb47cecc464545ba58e1ad24/library/std/src/thread/mod.rs:559:17
[INFO] [stdout]   34:     0x6104a8179fca - <core::panic::unwind_safe::AssertUnwindSafe<F> as core::ops::function::FnOnce<()>>::call_once::hf2e855a36a4ea846
[INFO] [stdout]                                at /rustc/6067b36314ab5eb2eb47cecc464545ba58e1ad24/library/core/src/panic/unwind_safe.rs:272:9
[INFO] [stdout]   35:     0x6104a8179fca - std::panicking::try::do_call::h2f73af3616c35465
[INFO] [stdout]                                at /rustc/6067b36314ab5eb2eb47cecc464545ba58e1ad24/library/std/src/panicking.rs:587:40
[INFO] [stdout]   36:     0x6104a8179fca - std::panicking::try::hd1660ce9efadef5a
[INFO] [stdout]                                at /rustc/6067b36314ab5eb2eb47cecc464545ba58e1ad24/library/std/src/panicking.rs:550:19
[INFO] [stdout]   37:     0x6104a8179fca - std::panic::catch_unwind::h5ee8d7823b8ca744
[INFO] [stdout]                                at /rustc/6067b36314ab5eb2eb47cecc464545ba58e1ad24/library/std/src/panic.rs:358:14
[INFO] [stdout]   38:     0x6104a8179fca - std::thread::Builder::spawn_unchecked_::{{closure}}::h53c3a1894dce8407
[INFO] [stdout]                                at /rustc/6067b36314ab5eb2eb47cecc464545ba58e1ad24/library/std/src/thread/mod.rs:557:30
[INFO] [stdout]   39:     0x6104a8179fca - core::ops::function::FnOnce::call_once{{vtable.shim}}::h048ce291ad4f62bf
[INFO] [stdout]                                at /rustc/6067b36314ab5eb2eb47cecc464545ba58e1ad24/library/core/src/ops/function.rs:250:5
[INFO] [stdout]   40:     0x6104a8210efb - <alloc::boxed::Box<F,A> as core::ops::function::FnOnce<Args>>::call_once::ha52bedf99a3b4981
[INFO] [stdout]                                at /rustc/6067b36314ab5eb2eb47cecc464545ba58e1ad24/library/alloc/src/boxed.rs:2013:9
[INFO] [stdout]   41:     0x6104a8210efb - <alloc::boxed::Box<F,A> as core::ops::function::FnOnce<Args>>::call_once::h567748934d80ccf8
[INFO] [stdout]                                at /rustc/6067b36314ab5eb2eb47cecc464545ba58e1ad24/library/alloc/src/boxed.rs:2013:9
[INFO] [stdout]   42:     0x6104a8210efb - std::sys::pal::unix::thread::Thread::new::thread_start::h2d970728ae887adc
[INFO] [stdout]                                at /rustc/6067b36314ab5eb2eb47cecc464545ba58e1ad24/library/std/src/sys/pal/unix/thread.rs:106:17
[INFO] [stdout]   43:     0x7e97e5080ac3 - <unknown>
[INFO] [stdout]   44:     0x7e97e5111a04 - clone
[INFO] [stdout]   45:                0x0 - <unknown>
[INFO] [stdout] 
[INFO] [stdout] ---- process::test stdout ----
[INFO] [stdout] Testing Command::new()...
[INFO] [stdout] Testing Command::arg()...
[INFO] [stdout] Testing Command::args()...
[INFO] [stdout] Testing Command::env_clear()...
[INFO] [stdout] Testing Command::env()...
[INFO] [stdout] Testing Command::envs()...
[INFO] [stdout] Testing Command::current_dir()...
[INFO] [stdout] Testing Command::stdin()...
[INFO] [stdout] Testing Command::stdout()...
[INFO] [stdout] Testing Command::stderr()...
[INFO] [stdout] Testing Command::spawn()...
[INFO] [stdout] Testing Child::kill()...
[INFO] [stdout] Testing Child::wait()...
[INFO] [stdout] Testing Child::wait_with_output()...
[INFO] [stdout] 
[INFO] [stdout] thread 'process::test' panicked at syscare-common/src/process/mod.rs:100:10:
[INFO] [stdout] Failed to wait process: Failed to capture stdout
[INFO] [stdout] 
[INFO] [stdout] Stack backtrace:
[INFO] [stdout]    0: anyhow::context::<impl anyhow::Context<T,core::convert::Infallible> for core::option::Option<T>>::context
[INFO] [stdout]              at /opt/rustwide/cargo-home/registry/src/index.crates.io-1949cf8c6b5b557f/anyhow-1.0.75/src/backtrace.rs:27:14
[INFO] [stdout]    1: syscare_common::process::child::Child::capture_stdio
[INFO] [stdout]              at ./src/process/child.rs:39:13
[INFO] [stdout]    2: syscare_common::process::child::Child::wait_with_output
[INFO] [stdout]              at ./src/process/child.rs:82:28
[INFO] [stdout]    3: syscare_common::process::test
[INFO] [stdout]              at ./src/process/mod.rs:98:23
[INFO] [stdout]    4: syscare_common::process::test::{{closure}}
[INFO] [stdout]              at ./src/process/mod.rs:29:10
[INFO] [stdout]    5: core::ops::function::FnOnce::call_once
[INFO] [stdout]              at /rustc/6067b36314ab5eb2eb47cecc464545ba58e1ad24/library/core/src/ops/function.rs:250:5
[INFO] [stdout]    6: core::ops::function::FnOnce::call_once
[INFO] [stdout]              at /rustc/6067b36314ab5eb2eb47cecc464545ba58e1ad24/library/core/src/ops/function.rs:250:5
[INFO] [stdout]    7: test::__rust_begin_short_backtrace
[INFO] [stdout]              at /rustc/6067b36314ab5eb2eb47cecc464545ba58e1ad24/library/test/src/lib.rs:632:18
[INFO] [stdout]    8: test::run_test_in_process::{{closure}}
[INFO] [stdout]              at /rustc/6067b36314ab5eb2eb47cecc464545ba58e1ad24/library/test/src/lib.rs:655:60
[INFO] [stdout]    9: <core::panic::unwind_safe::AssertUnwindSafe<F> as core::ops::function::FnOnce<()>>::call_once
[INFO] [stdout]              at /rustc/6067b36314ab5eb2eb47cecc464545ba58e1ad24/library/core/src/panic/unwind_safe.rs:272:9
[INFO] [stdout]   10: std::panicking::try::do_call
[INFO] [stdout]              at /rustc/6067b36314ab5eb2eb47cecc464545ba58e1ad24/library/std/src/panicking.rs:587:40
[INFO] [stdout]   11: std::panicking::try
[INFO] [stdout]              at /rustc/6067b36314ab5eb2eb47cecc464545ba58e1ad24/library/std/src/panicking.rs:550:19
[INFO] [stdout]   12: std::panic::catch_unwind
[INFO] [stdout]              at /rustc/6067b36314ab5eb2eb47cecc464545ba58e1ad24/library/std/src/panic.rs:358:14
[INFO] [stdout]   13: test::run_test_in_process
[INFO] [stdout]              at /rustc/6067b36314ab5eb2eb47cecc464545ba58e1ad24/library/test/src/lib.rs:655:27
[INFO] [stdout]   14: test::run_test::{{closure}}
[INFO] [stdout]              at /rustc/6067b36314ab5eb2eb47cecc464545ba58e1ad24/library/test/src/lib.rs:576:43
[INFO] [stdout]   15: test::run_test::{{closure}}
[INFO] [stdout]              at /rustc/6067b36314ab5eb2eb47cecc464545ba58e1ad24/library/test/src/lib.rs:606:41
[INFO] [stdout]   16: std::sys::backtrace::__rust_begin_short_backtrace
[INFO] [stdout]              at /rustc/6067b36314ab5eb2eb47cecc464545ba58e1ad24/library/std/src/sys/backtrace.rs:152:18
[INFO] [stdout]   17: std::thread::Builder::spawn_unchecked_::{{closure}}::{{closure}}
[INFO] [stdout]              at /rustc/6067b36314ab5eb2eb47cecc464545ba58e1ad24/library/std/src/thread/mod.rs:559:17
[INFO] [stdout]   18: <core::panic::unwind_safe::AssertUnwindSafe<F> as core::ops::function::FnOnce<()>>::call_once
[INFO] [stdout]              at /rustc/6067b36314ab5eb2eb47cecc464545ba58e1ad24/library/core/src/panic/unwind_safe.rs:272:9
[INFO] [stdout]   19: std::panicking::try::do_call
[INFO] [stdout]              at /rustc/6067b36314ab5eb2eb47cecc464545ba58e1ad24/library/std/src/panicking.rs:587:40
[INFO] [stdout]   20: std::panicking::try
[INFO] [stdout]              at /rustc/6067b36314ab5eb2eb47cecc464545ba58e1ad24/library/std/src/panicking.rs:550:19
[INFO] [stdout]   21: std::panic::catch_unwind
[INFO] [stdout]              at /rustc/6067b36314ab5eb2eb47cecc464545ba58e1ad24/library/std/src/panic.rs:358:14
[INFO] [stdout]   22: std::thread::Builder::spawn_unchecked_::{{closure}}
[INFO] [stdout]              at /rustc/6067b36314ab5eb2eb47cecc464545ba58e1ad24/library/std/src/thread/mod.rs:557:30
[INFO] [stdout]   23: core::ops::function::FnOnce::call_once{{vtable.shim}}
[INFO] [stdout]              at /rustc/6067b36314ab5eb2eb47cecc464545ba58e1ad24/library/core/src/ops/function.rs:250:5
[INFO] [stdout]   24: <alloc::boxed::Box<F,A> as core::ops::function::FnOnce<Args>>::call_once
[INFO] [stdout]              at /rustc/6067b36314ab5eb2eb47cecc464545ba58e1ad24/library/alloc/src/boxed.rs:2013:9
[INFO] [stdout]   25: <alloc::boxed::Box<F,A> as core::ops::function::FnOnce<Args>>::call_once
[INFO] [stdout]              at /rustc/6067b36314ab5eb2eb47cecc464545ba58e1ad24/library/alloc/src/boxed.rs:2013:9
[INFO] [stdout]   26: std::sys::pal::unix::thread::Thread::new::thread_start
[INFO] [stdout]              at /rustc/6067b36314ab5eb2eb47cecc464545ba58e1ad24/library/std/src/sys/pal/unix/thread.rs:106:17
[INFO] [stdout]   27: <unknown>
[INFO] [stdout]   28: clone
[INFO] [stdout] stack backtrace:
[INFO] [stdout]    0:     0x6104a8209e7a - std::backtrace_rs::backtrace::libunwind::trace::hb059275cfc8d6126
[INFO] [stdout]                                at /rustc/6067b36314ab5eb2eb47cecc464545ba58e1ad24/library/std/src/../../backtrace/src/backtrace/libunwind.rs:116:5
[INFO] [stdout]    1:     0x6104a8209e7a - std::backtrace_rs::backtrace::trace_unsynchronized::h2da071e4327ce3ee
[INFO] [stdout]                                at /rustc/6067b36314ab5eb2eb47cecc464545ba58e1ad24/library/std/src/../../backtrace/src/backtrace/mod.rs:66:5
[INFO] [stdout]    2:     0x6104a8209e7a - std::sys::backtrace::_print_fmt::h842a1474e6f8d23f
[INFO] [stdout]                                at /rustc/6067b36314ab5eb2eb47cecc464545ba58e1ad24/library/std/src/sys/backtrace.rs:66:9
[INFO] [stdout]    3:     0x6104a8209e7a - <std::sys::backtrace::BacktraceLock::print::DisplayBacktrace as core::fmt::Display>::fmt::h71a62eb3b9696b12
[INFO] [stdout]                                at /rustc/6067b36314ab5eb2eb47cecc464545ba58e1ad24/library/std/src/sys/backtrace.rs:39:26
[INFO] [stdout]    4:     0x6104a8233a13 - core::fmt::rt::Argument::fmt::hdb6b616786b41dc1
[INFO] [stdout]                                at /rustc/6067b36314ab5eb2eb47cecc464545ba58e1ad24/library/core/src/fmt/rt.rs:177:76
[INFO] [stdout]    5:     0x6104a8233a13 - core::fmt::write::h2cc1698af7e2d686
[INFO] [stdout]                                at /rustc/6067b36314ab5eb2eb47cecc464545ba58e1ad24/library/core/src/fmt/mod.rs:1440:21
[INFO] [stdout]    6:     0x6104a8206393 - std::io::Write::write_fmt::hab1b4cd059a79022
[INFO] [stdout]                                at /rustc/6067b36314ab5eb2eb47cecc464545ba58e1ad24/library/std/src/io/mod.rs:1887:15
[INFO] [stdout]    7:     0x6104a8209cc2 - std::sys::backtrace::BacktraceLock::print::h147fe35b4ea13b08
[INFO] [stdout]                                at /rustc/6067b36314ab5eb2eb47cecc464545ba58e1ad24/library/std/src/sys/backtrace.rs:42:9
[INFO] [stdout]    8:     0x6104a820b31f - std::panicking::default_hook::{{closure}}::hbd44223dbdc0d208
[INFO] [stdout]                                at /rustc/6067b36314ab5eb2eb47cecc464545ba58e1ad24/library/std/src/panicking.rs:298:22
[INFO] [stdout]    9:     0x6104a820b138 - std::panicking::default_hook::h20f81eb0576efcec
[INFO] [stdout]                                at /rustc/6067b36314ab5eb2eb47cecc464545ba58e1ad24/library/std/src/panicking.rs:322:9
[INFO] [stdout]   10:     0x6104a81aef73 - <alloc::boxed::Box<F,A> as core::ops::function::Fn<Args>>::call::hdb53814c496a4d34
[INFO] [stdout]                                at /rustc/6067b36314ab5eb2eb47cecc464545ba58e1ad24/library/alloc/src/boxed.rs:2027:9
[INFO] [stdout]   11:     0x6104a81aef73 - test::test_main::{{closure}}::hc0a4963c59427c24
[INFO] [stdout]                                at /rustc/6067b36314ab5eb2eb47cecc464545ba58e1ad24/library/test/src/lib.rs:134:21
[INFO] [stdout]   12:     0x6104a820be13 - <alloc::boxed::Box<F,A> as core::ops::function::Fn<Args>>::call::h591b2225413a77e9
[INFO] [stdout]                                at /rustc/6067b36314ab5eb2eb47cecc464545ba58e1ad24/library/alloc/src/boxed.rs:2027:9
[INFO] [stdout]   13:     0x6104a820be13 - std::panicking::rust_panic_with_hook::h625eea43051b2edc
[INFO] [stdout]                                at /rustc/6067b36314ab5eb2eb47cecc464545ba58e1ad24/library/std/src/panicking.rs:839:13
[INFO] [stdout]   14:     0x6104a820baca - std::panicking::begin_panic_handler::{{closure}}::h4f9159cfbc3f6bd3
[INFO] [stdout]                                at /rustc/6067b36314ab5eb2eb47cecc464545ba58e1ad24/library/std/src/panicking.rs:704:13
[INFO] [stdout]   15:     0x6104a820a379 - std::sys::backtrace::__rust_end_short_backtrace::h0390abce48353151
[INFO] [stdout]                                at /rustc/6067b36314ab5eb2eb47cecc464545ba58e1ad24/library/std/src/sys/backtrace.rs:168:18
[INFO] [stdout]   16:     0x6104a820b75d - rust_begin_unwind
[INFO] [stdout]                                at /rustc/6067b36314ab5eb2eb47cecc464545ba58e1ad24/library/std/src/panicking.rs:695:5
[INFO] [stdout]   17:     0x6104a82320e0 - core::panicking::panic_fmt::h9e7c637e9e5f29c9
[INFO] [stdout]                                at /rustc/6067b36314ab5eb2eb47cecc464545ba58e1ad24/library/core/src/panicking.rs:75:14
[INFO] [stdout]   18:     0x6104a8232556 - core::result::unwrap_failed::h7979f09313fe1849
[INFO] [stdout]                                at /rustc/6067b36314ab5eb2eb47cecc464545ba58e1ad24/library/core/src/result.rs:1704:5
[INFO] [stdout]   19:     0x6104a8166498 - core::result::Result<T,E>::expect::h4f01b698ba8438d3
[INFO] [stdout]                                at /rustc/6067b36314ab5eb2eb47cecc464545ba58e1ad24/library/core/src/result.rs:1061:23
[INFO] [stdout]   20:     0x6104a815160b - syscare_common::process::test::h59e74390fd6ac90c
[INFO] [stdout]                                at /opt/rustwide/workdir/syscare-common/src/process/mod.rs:98:23
[INFO] [stdout]   21:     0x6104a81509e7 - syscare_common::process::test::{{closure}}::h9fd2d8d0db7421e3
[INFO] [stdout]                                at /opt/rustwide/workdir/syscare-common/src/process/mod.rs:29:10
[INFO] [stdout]   22:     0x6104a816a8d6 - core::ops::function::FnOnce::call_once::h4067261cbc74d4c6
[INFO] [stdout]                                at /rustc/6067b36314ab5eb2eb47cecc464545ba58e1ad24/library/core/src/ops/function.rs:250:5
[INFO] [stdout]   23:     0x6104a81b46cb - core::ops::function::FnOnce::call_once::he27718dfdd183f43
[INFO] [stdout]                                at /rustc/6067b36314ab5eb2eb47cecc464545ba58e1ad24/library/core/src/ops/function.rs:250:5
[INFO] [stdout]   24:     0x6104a81b46cb - test::__rust_begin_short_backtrace::h4e84902998457a5d
[INFO] [stdout]                                at /rustc/6067b36314ab5eb2eb47cecc464545ba58e1ad24/library/test/src/lib.rs:632:18
[INFO] [stdout]   25:     0x6104a81b3603 - test::run_test_in_process::{{closure}}::h7176fd18fc1feca0
[INFO] [stdout]                                at /rustc/6067b36314ab5eb2eb47cecc464545ba58e1ad24/library/test/src/lib.rs:655:60
[INFO] [stdout]   26:     0x6104a81b3603 - <core::panic::unwind_safe::AssertUnwindSafe<F> as core::ops::function::FnOnce<()>>::call_once::hf79cff2a624d8cf7
[INFO] [stdout]                                at /rustc/6067b36314ab5eb2eb47cecc464545ba58e1ad24/library/core/src/panic/unwind_safe.rs:272:9
[INFO] [stdout]   27:     0x6104a81b3603 - std::panicking::try::do_call::h3da0561d9ab99c25
[INFO] [stdout]                                at /rustc/6067b36314ab5eb2eb47cecc464545ba58e1ad24/library/std/src/panicking.rs:587:40
[INFO] [stdout]   28:     0x6104a81b3603 - std::panicking::try::h41c9fa508bc61df6
[INFO] [stdout]                                at /rustc/6067b36314ab5eb2eb47cecc464545ba58e1ad24/library/std/src/panicking.rs:550:19
[INFO] [stdout]   29:     0x6104a81b3603 - std::panic::catch_unwind::h6b3ff07bb5afad93
[INFO] [stdout]                                at /rustc/6067b36314ab5eb2eb47cecc464545ba58e1ad24/library/std/src/panic.rs:358:14
[INFO] [stdout]   30:     0x6104a81b3603 - test::run_test_in_process::hc7253dd11b39b9f4
[INFO] [stdout]                                at /rustc/6067b36314ab5eb2eb47cecc464545ba58e1ad24/library/test/src/lib.rs:655:27
[INFO] [stdout]   31:     0x6104a81b3603 - test::run_test::{{closure}}::hfb2007f8649c30bb
[INFO] [stdout]                                at /rustc/6067b36314ab5eb2eb47cecc464545ba58e1ad24/library/test/src/lib.rs:576:43
[INFO] [stdout]   32:     0x6104a81766e5 - test::run_test::{{closure}}::h56a17aa7a282a9f4
[INFO] [stdout]                                at /rustc/6067b36314ab5eb2eb47cecc464545ba58e1ad24/library/test/src/lib.rs:606:41
[INFO] [stdout]   33:     0x6104a81766e5 - std::sys::backtrace::__rust_begin_short_backtrace::hd2d2d2fb8e8c6aac
[INFO] [stdout]                                at /rustc/6067b36314ab5eb2eb47cecc464545ba58e1ad24/library/std/src/sys/backtrace.rs:152:18
[INFO] [stdout]   34:     0x6104a8179fca - std::thread::Builder::spawn_unchecked_::{{closure}}::{{closure}}::h4faa3f9db6133423
[INFO] [stdout]                                at /rustc/6067b36314ab5eb2eb47cecc464545ba58e1ad24/library/std/src/thread/mod.rs:559:17
[INFO] [stdout]   35:     0x6104a8179fca - <core::panic::unwind_safe::AssertUnwindSafe<F> as core::ops::function::FnOnce<()>>::call_once::hf2e855a36a4ea846
[INFO] [stdout]                                at /rustc/6067b36314ab5eb2eb47cecc464545ba58e1ad24/library/core/src/panic/unwind_safe.rs:272:9
[INFO] [stdout]   36:     0x6104a8179fca - std::panicking::try::do_call::h2f73af3616c35465
[INFO] [stdout]                                at /rustc/6067b36314ab5eb2eb47cecc464545ba58e1ad24/library/std/src/panicking.rs:587:40
[INFO] [stdout]   37:     0x6104a8179fca - std::panicking::try::hd1660ce9efadef5a
[INFO] [stdout]                                at /rustc/6067b36314ab5eb2eb47cecc464545ba58e1ad24/library/std/src/panicking.rs:550:19
[INFO] [stdout]   38:     0x6104a8179fca - std::panic::catch_unwind::h5ee8d7823b8ca744
[INFO] [stdout]                                at /rustc/6067b36314ab5eb2eb47cecc464545ba58e1ad24/library/std/src/panic.rs:358:14
[INFO] [stdout]   39:     0x6104a8179fca - std::thread::Builder::spawn_unchecked_::{{closure}}::h53c3a1894dce8407
[INFO] [stdout]                                at /rustc/6067b36314ab5eb2eb47cecc464545ba58e1ad24/library/std/src/thread/mod.rs:557:30
[INFO] [stdout]   40:     0x6104a8179fca - core::ops::function::FnOnce::call_once{{vtable.shim}}::h048ce291ad4f62bf
[INFO] [stdout]                                at /rustc/6067b36314ab5eb2eb47cecc464545ba58e1ad24/library/core/src/ops/function.rs:250:5
[INFO] [stdout]   41:     0x6104a8210efb - <alloc::boxed::Box<F,A> as core::ops::function::FnOnce<Args>>::call_once::ha52bedf99a3b4981
[INFO] [stdout]                                at /rustc/6067b36314ab5eb2eb47cecc464545ba58e1ad24/library/alloc/src/boxed.rs:2013:9
[INFO] [stdout]   42:     0x6104a8210efb - <alloc::boxed::Box<F,A> as core::ops::function::FnOnce<Args>>::call_once::h567748934d80ccf8
[INFO] [stdout]                                at /rustc/6067b36314ab5eb2eb47cecc464545ba58e1ad24/library/alloc/src/boxed.rs:2013:9
[INFO] [stdout]   43:     0x6104a8210efb - std::sys::pal::unix::thread::Thread::new::thread_start::h2d970728ae887adc
[INFO] [stdout]                                at /rustc/6067b36314ab5eb2eb47cecc464545ba58e1ad24/library/std/src/sys/pal/unix/thread.rs:106:17
[INFO] [stdout]   44:     0x7e97e5080ac3 - <unknown>
[INFO] [stdout]   45:     0x7e97e5111a04 - clone
[INFO] [stdout]   46:                0x0 - <unknown>
[INFO] [stdout] 
[INFO] [stdout] 
[INFO] [stdout] failures:
[INFO] [stdout]     os::user::test
[INFO] [stdout]     process::test
[INFO] [stdout] 
[INFO] [stdout] test result: FAILED. 11 passed; 2 failed; 0 ignored; 0 measured; 0 filtered out; finished in 0.06s
[INFO] [stdout] 
[INFO] [stderr] error: test failed, to rerun pass `-p syscare-common --lib`
[INFO] running `Command { std: "docker" "inspect" "aab48a51c96297370730a7dc651111855f043ad3995bd3a108980fb97c5d8eb8", kill_on_drop: false }`
[INFO] running `Command { std: "docker" "rm" "-f" "aab48a51c96297370730a7dc651111855f043ad3995bd3a108980fb97c5d8eb8", kill_on_drop: false }`
[INFO] [stdout] aab48a51c96297370730a7dc651111855f043ad3995bd3a108980fb97c5d8eb8
