[INFO] cloning repository https://github.com/chewyfish/trust0
[INFO] running `Command { std: "git" "-c" "credential.helper=" "-c" "credential.helper=/workspace/cargo-home/bin/git-credential-null" "clone" "--bare" "https://github.com/chewyfish/trust0" "/workspace/cache/git-repos/https%3A%2F%2Fgithub.com%2Fchewyfish%2Ftrust0", kill_on_drop: false }`
[INFO] [stderr] Cloning into bare repository '/workspace/cache/git-repos/https%3A%2F%2Fgithub.com%2Fchewyfish%2Ftrust0'...
[INFO] running `Command { std: "git" "rev-parse" "HEAD", kill_on_drop: false }`
[INFO] [stdout] dc93dd0d105f63f2ff76c29662ba69db722f5c48
[INFO] testing chewyfish/trust0 against nightly-2025-01-18+rustflags=-Zrandomize-layout for randomize-layout-2
[INFO] running `Command { std: "git" "clone" "/workspace/cache/git-repos/https%3A%2F%2Fgithub.com%2Fchewyfish%2Ftrust0" "/workspace/builds/worker-1-tc2/source", kill_on_drop: false }`
[INFO] [stderr] Cloning into '/workspace/builds/worker-1-tc2/source'...
[INFO] [stderr] done.
[INFO] validating manifest of git repo https://github.com/chewyfish/trust0 on toolchain nightly-2025-01-18
[INFO] running `Command { std: CARGO_HOME="/workspace/cargo-home" RUSTUP_HOME="/workspace/rustup-home" "/workspace/cargo-home/bin/cargo" "+nightly-2025-01-18" "metadata" "--manifest-path" "Cargo.toml" "--no-deps", kill_on_drop: false }`
[INFO] started tweaking git repo https://github.com/chewyfish/trust0
[INFO] finished tweaking git repo https://github.com/chewyfish/trust0
[INFO] tweaked toml for git repo https://github.com/chewyfish/trust0 written to /workspace/builds/worker-1-tc2/source/Cargo.toml
[INFO] crate git repo https://github.com/chewyfish/trust0 already has a lockfile, it will not be regenerated
[INFO] running `Command { std: CARGO_HOME="/workspace/cargo-home" RUSTUP_HOME="/workspace/rustup-home" "/workspace/cargo-home/bin/cargo" "+nightly-2025-01-18" "fetch" "--manifest-path" "Cargo.toml", kill_on_drop: false }`
[INFO] running `Command { std: "docker" "create" "-v" "/var/lib/crater-agent-workspace/builds/worker-1-tc2/target:/opt/rustwide/target:rw,Z" "-v" "/var/lib/crater-agent-workspace/builds/worker-1-tc2/source:/opt/rustwide/workdir:ro,Z" "-v" "/var/lib/crater-agent-workspace/cargo-home:/opt/rustwide/cargo-home:ro,Z" "-v" "/var/lib/crater-agent-workspace/rustup-home:/opt/rustwide/rustup-home:ro,Z" "-e" "SOURCE_DIR=/opt/rustwide/workdir" "-e" "CARGO_TARGET_DIR=/opt/rustwide/target" "-e" "CARGO_HOME=/opt/rustwide/cargo-home" "-e" "RUSTUP_HOME=/opt/rustwide/rustup-home" "-w" "/opt/rustwide/workdir" "-m" "1610612736" "--user" "0:0" "--network" "none" "ghcr.io/rust-lang/crates-build-env/linux@sha256:819108c5571ea2e421544af4d832f968d213c87fbe3707a016657f43d2f853bc" "/opt/rustwide/cargo-home/bin/cargo" "+nightly-2025-01-18" "metadata" "--no-deps" "--format-version=1", kill_on_drop: false }`
[INFO] [stdout] 1a7ad9fc5d4d47b3681f6007bbc7c1f89f2310360061f7f191777510744e80dc
[INFO] running `Command { std: "docker" "start" "-a" "1a7ad9fc5d4d47b3681f6007bbc7c1f89f2310360061f7f191777510744e80dc", kill_on_drop: false }`
[INFO] running `Command { std: "docker" "inspect" "1a7ad9fc5d4d47b3681f6007bbc7c1f89f2310360061f7f191777510744e80dc", kill_on_drop: false }`
[INFO] running `Command { std: "docker" "rm" "-f" "1a7ad9fc5d4d47b3681f6007bbc7c1f89f2310360061f7f191777510744e80dc", kill_on_drop: false }`
[INFO] [stdout] 1a7ad9fc5d4d47b3681f6007bbc7c1f89f2310360061f7f191777510744e80dc
[INFO] running `Command { std: "docker" "create" "-v" "/var/lib/crater-agent-workspace/builds/worker-1-tc2/target:/opt/rustwide/target:rw,Z" "-v" "/var/lib/crater-agent-workspace/builds/worker-1-tc2/source:/opt/rustwide/workdir:ro,Z" "-v" "/var/lib/crater-agent-workspace/cargo-home:/opt/rustwide/cargo-home:ro,Z" "-v" "/var/lib/crater-agent-workspace/rustup-home:/opt/rustwide/rustup-home:ro,Z" "-e" "SOURCE_DIR=/opt/rustwide/workdir" "-e" "CARGO_TARGET_DIR=/opt/rustwide/target" "-e" "CARGO_INCREMENTAL=0" "-e" "RUST_BACKTRACE=full" "-e" "RUSTFLAGS=--cap-lints=forbid -Zrandomize-layout" "-e" "RUSTDOCFLAGS=--cap-lints=forbid" "-e" "CARGO_HOME=/opt/rustwide/cargo-home" "-e" "RUSTUP_HOME=/opt/rustwide/rustup-home" "-w" "/opt/rustwide/workdir" "-m" "1610612736" "--user" "0:0" "--network" "none" "ghcr.io/rust-lang/crates-build-env/linux@sha256:819108c5571ea2e421544af4d832f968d213c87fbe3707a016657f43d2f853bc" "/opt/rustwide/cargo-home/bin/cargo" "+nightly-2025-01-18" "build" "--frozen" "--message-format=json", kill_on_drop: false }`
[INFO] [stdout] 75a5fa4b01bffaaa702ec0fa9fbb9a8ba3170bb3ce16b968e44c5179901033e0
[INFO] running `Command { std: "docker" "start" "-a" "75a5fa4b01bffaaa702ec0fa9fbb9a8ba3170bb3ce16b968e44c5179901033e0", kill_on_drop: false }`
[INFO] [stderr]    Compiling proc-macro2 v1.0.82
[INFO] [stderr]    Compiling unicode-ident v1.0.12
[INFO] [stderr]    Compiling libc v0.2.154
[INFO] [stderr]    Compiling autocfg v1.3.0
[INFO] [stderr]    Compiling syn v1.0.109
[INFO] [stderr]    Compiling memchr v2.7.2
[INFO] [stderr]    Compiling cc v1.0.97
[INFO] [stderr]    Compiling serde v1.0.201
[INFO] [stderr]    Compiling itoa v1.0.11
[INFO] [stderr]    Compiling once_cell v1.19.0
[INFO] [stderr]    Compiling thiserror v1.0.60
[INFO] [stderr]    Compiling num-conv v0.1.0
[INFO] [stderr]    Compiling time-core v0.1.2
[INFO] [stderr]    Compiling powerfmt v0.2.0
[INFO] [stderr]    Compiling time-macros v0.2.18
[INFO] [stderr]    Compiling num-traits v0.2.19
[INFO] [stderr]    Compiling slab v0.4.9
[INFO] [stderr]    Compiling deranged v0.3.11
[INFO] [stderr]    Compiling pin-project-lite v0.2.14
[INFO] [stderr]    Compiling semver v1.0.23
[INFO] [stderr]    Compiling fnv v1.0.7
[INFO] [stderr]    Compiling quote v1.0.36
[INFO] [stderr]    Compiling unicode-xid v0.2.4
[INFO] [stderr]    Compiling syn v2.0.61
[INFO] [stderr]    Compiling minimal-lexical v0.2.1
[INFO] [stderr]    Compiling ppv-lite86 v0.2.17
[INFO] [stderr]    Compiling nom v7.1.3
[INFO] [stderr]    Compiling ring v0.17.8
[INFO] [stderr]    Compiling ring v0.16.20
[INFO] [stderr]    Compiling getrandom v0.2.15
[INFO] [stderr]    Compiling futures-sink v0.3.30
[INFO] [stderr]    Compiling futures-core v0.3.30
[INFO] [stderr]    Compiling time v0.3.36
[INFO] [stderr]    Compiling rand_core v0.6.4
[INFO] [stderr]    Compiling futures-channel v0.3.30
[INFO] [stderr]    Compiling rand_chacha v0.3.1
[INFO] [stderr]    Compiling rusticata-macros v4.1.0
[INFO] [stderr]    Compiling lock_api v0.4.12
[INFO] [stderr]    Compiling untrusted v0.9.0
[INFO] [stderr]    Compiling parking_lot_core v0.9.10
[INFO] [stderr]    Compiling pin-utils v0.1.0
[INFO] [stderr]    Compiling spin v0.5.2
[INFO] [stderr]    Compiling untrusted v0.7.1
[INFO] [stderr]    Compiling spin v0.9.8
[INFO] [stderr]    Compiling rustversion v1.0.16
[INFO] [stderr]    Compiling futures-task v0.3.30
[INFO] [stderr]    Compiling futures-io v0.3.30
[INFO] [stderr]    Compiling rustc_version v0.4.0
[INFO] [stderr]    Compiling rand v0.8.5
[INFO] [stderr]    Compiling num-integer v0.1.46
[INFO] [stderr]    Compiling memoffset v0.9.1
[INFO] [stderr]    Compiling data-encoding v2.6.0
[INFO] [stderr]    Compiling utf8parse v0.2.1
[INFO] [stderr]    Compiling rustls-pki-types v1.7.0
[INFO] [stderr]    Compiling oid-registry v0.6.1
[INFO] [stderr]    Compiling smallvec v1.13.2
[INFO] [stderr]    Compiling scopeguard v1.2.0
[INFO] [stderr]    Compiling base64 v0.22.1
[INFO] [stderr]    Compiling anstyle-parse v0.2.4
[INFO] [stderr]    Compiling num-bigint v0.4.5
[INFO] [stderr]    Compiling field-offset v0.3.6
[INFO] [stderr]    Compiling anyhow v1.0.83
[INFO] [stderr]    Compiling hashbrown v0.14.5
[INFO] [stderr]    Compiling destructure_traitobject v0.2.0
[INFO] [stderr]    Compiling ryu v1.0.18
[INFO] [stderr]    Compiling is_terminal_polyfill v1.70.0
[INFO] [stderr]    Compiling anstyle v1.0.7
[INFO] [stderr]    Compiling equivalent v1.0.1
[INFO] [stderr]    Compiling anstyle-query v1.0.3
[INFO] [stderr]    Compiling winapi v0.3.9
[INFO] [stderr]    Compiling synstructure v0.12.6
[INFO] [stderr]    Compiling serde_json v1.0.117
[INFO] [stderr]    Compiling colorchoice v1.0.1
[INFO] [stderr]    Compiling anstream v0.6.14
[INFO] [stderr]    Compiling indexmap v2.2.6
[INFO] [stderr]    Compiling unsafe-any-ors v1.0.0
[INFO] [stderr]    Compiling rustls v0.22.4
[INFO] [stderr]    Compiling parking_lot v0.12.2
[INFO] [stderr]    Compiling pem v3.0.4
[INFO] [stderr]    Compiling yasna v0.5.2
[INFO] [stderr]    Compiling ordered-float v2.10.1
[INFO] [stderr]    Compiling aho-corasick v1.1.3
[INFO] [stderr]    Compiling regex-syntax v0.8.3
[INFO] [stderr]    Compiling heck v0.5.0
[INFO] [stderr]    Compiling strsim v0.11.1
[INFO] [stderr]    Compiling ident_case v1.0.1
[INFO] [stderr]    Compiling clap_lex v0.7.0
[INFO] [stderr]    Compiling strsim v0.10.0
[INFO] [stderr]    Compiling iana-time-zone v0.1.60
[INFO] [stderr]    Compiling unsafe-libyaml v0.2.11
[INFO] [stderr]    Compiling darling_core v0.14.4
[INFO] [stderr]    Compiling chrono v0.4.38
[INFO] [stderr]    Compiling asn1-rs-derive v0.4.0
[INFO] [stderr]    Compiling asn1-rs-impl v0.1.0
[INFO] [stderr]    Compiling serde_derive v1.0.201
[INFO] [stderr]    Compiling thiserror-impl v1.0.60
[INFO] [stderr]    Compiling displaydoc v0.2.4
[INFO] [stderr]    Compiling futures-macro v0.3.30
[INFO] [stderr]    Compiling regex-automata v0.4.6
[INFO] [stderr]    Compiling asn1-rs v0.5.2
[INFO] [stderr]    Compiling futures-util v0.3.30
[INFO] [stderr]    Compiling clap_derive v4.5.4
[INFO] [stderr]    Compiling derivative v2.2.0
[INFO] [stderr]    Compiling clap_builder v4.5.2
[INFO] [stderr]    Compiling der-parser v8.2.0
[INFO] [stderr]    Compiling typemap-ors v1.0.0
[INFO] [stderr]    Compiling x509-parser v0.15.1
[INFO] [stderr]    Compiling rustls-webpki v0.102.3
[INFO] [stderr]    Compiling rtoolbox v0.0.2
[INFO] [stderr]    Compiling thread-id v4.2.1
[INFO] [stderr]    Compiling zeroize v1.7.0
[INFO] [stderr]    Compiling base64 v0.13.1
[INFO] [stderr]    Compiling log-mdc v0.1.0
[INFO] [stderr]    Compiling arc-swap v1.7.1
[INFO] [stderr]    Compiling tinyvec_macros v0.1.1
[INFO] [stderr]    Compiling subtle v2.5.0
[INFO] [stderr]    Compiling humantime v2.1.0
[INFO] [stderr]    Compiling widestring v0.4.3
[INFO] [stderr]    Compiling tinyvec v1.6.0
[INFO] [stderr]    Compiling clap v4.5.4
[INFO] [stderr]    Compiling rcgen v0.12.1
[INFO] [stderr]    Compiling windows-acl v0.3.0
[INFO] [stderr]    Compiling scram v0.6.0
[INFO] [stderr]    Compiling rpassword v7.3.1
[INFO] [stderr]    Compiling regex v1.10.4
[INFO] [stderr]    Compiling darling_macro v0.14.4
[INFO] [stderr]    Compiling sct v0.7.1
[INFO] [stderr]    Compiling rustls-pemfile v2.1.2
[INFO] [stderr]    Compiling webpki-roots v0.26.1
[INFO] [stderr]    Compiling cfg_aliases v0.1.1
[INFO] [stderr]    Compiling base64 v0.21.7
[INFO] [stderr]    Compiling hex v0.4.3
[INFO] [stderr]    Compiling shlex v1.3.0
[INFO] [stderr]    Compiling dotenvy v0.15.7
[INFO] [stderr]    Compiling nix v0.28.0
[INFO] [stderr]    Compiling unicode-normalization v0.1.23
[INFO] [stderr]    Compiling darling v0.14.4
[INFO] [stderr]    Compiling log v0.4.21
[INFO] [stderr]    Compiling serde_yaml v0.9.34+deprecated
[INFO] [stderr]    Compiling serde-value v0.7.0
[INFO] [stderr]    Compiling unicode-bidi v0.3.15
[INFO] [stderr]    Compiling derive_builder_core v0.12.0
[INFO] [stderr]    Compiling mio v0.8.11
[INFO] [stderr]    Compiling percent-encoding v2.3.1
[INFO] [stderr]    Compiling bitflags v2.5.0
[INFO] [stderr]    Compiling form_urlencoded v1.2.1
[INFO] [stderr]    Compiling idna v0.5.0
[INFO] [stderr]    Compiling futures-executor v0.3.30
[INFO] [stderr]    Compiling tracing-attributes v0.1.27
[INFO] [stderr]    Compiling log4rs v1.3.0
[INFO] [stderr]    Compiling socket2 v0.5.7
[INFO] [stderr]    Compiling derive_builder_macro v0.12.0
[INFO] [stderr]    Compiling num_cpus v1.16.0
[INFO] [stderr]    Compiling tracing-core v0.1.32
[INFO] [stderr]    Compiling bytes v1.6.0
[INFO] [stderr]    Compiling match_cfg v0.1.0
[INFO] [stderr]    Compiling heck v0.4.1
[INFO] [stderr]    Compiling enum-as-inner v0.6.0
[INFO] [stderr]    Compiling tokio v1.37.0
[INFO] [stderr]    Compiling hostname v0.3.1
[INFO] [stderr]    Compiling tracing v0.1.40
[INFO] [stderr]    Compiling derive_builder v0.12.0
[INFO] [stderr]    Compiling ctrlc v3.4.4
[INFO] [stderr]    Compiling url v2.5.0
[INFO] [stderr]    Compiling trust0-common v1.0.0 (/opt/rustwide/workdir/crates/common)
[INFO] [stderr]    Compiling futures v0.3.30
[INFO] [stderr]    Compiling idna v0.4.0
[INFO] [stderr]    Compiling async-trait v0.1.80
[INFO] [stderr]    Compiling rcgen v0.11.3
[INFO] [stderr]    Compiling ipnet v2.9.0
[INFO] [stderr]    Compiling quick-error v1.2.3
[INFO] [stderr]    Compiling linked-hash-map v0.5.6
[INFO] [stderr]    Compiling lru-cache v0.1.2
[INFO] [stderr]    Compiling resolv-conf v0.7.0
[INFO] [stderr]    Compiling iter-group v0.2.0
[INFO] [stderr]    Compiling webpki-roots v0.25.4
[INFO] [stderr]    Compiling trust0-client v1.0.0 (/opt/rustwide/workdir/crates/client)
[INFO] [stderr]    Compiling hickory-proto v0.24.1
[INFO] [stderr]    Compiling hickory-resolver v0.24.1
[INFO] [stderr]    Compiling trust0-gateway v1.0.0 (/opt/rustwide/workdir/crates/gateway)
[INFO] [stderr]     Finished `dev` profile [unoptimized + debuginfo] target(s) in 2m 27s
[INFO] running `Command { std: "docker" "inspect" "75a5fa4b01bffaaa702ec0fa9fbb9a8ba3170bb3ce16b968e44c5179901033e0", kill_on_drop: false }`
[INFO] running `Command { std: "docker" "rm" "-f" "75a5fa4b01bffaaa702ec0fa9fbb9a8ba3170bb3ce16b968e44c5179901033e0", kill_on_drop: false }`
[INFO] [stdout] 75a5fa4b01bffaaa702ec0fa9fbb9a8ba3170bb3ce16b968e44c5179901033e0
[INFO] running `Command { std: "docker" "create" "-v" "/var/lib/crater-agent-workspace/builds/worker-1-tc2/target:/opt/rustwide/target:rw,Z" "-v" "/var/lib/crater-agent-workspace/builds/worker-1-tc2/source:/opt/rustwide/workdir:ro,Z" "-v" "/var/lib/crater-agent-workspace/cargo-home:/opt/rustwide/cargo-home:ro,Z" "-v" "/var/lib/crater-agent-workspace/rustup-home:/opt/rustwide/rustup-home:ro,Z" "-e" "SOURCE_DIR=/opt/rustwide/workdir" "-e" "CARGO_TARGET_DIR=/opt/rustwide/target" "-e" "CARGO_INCREMENTAL=0" "-e" "RUST_BACKTRACE=full" "-e" "RUSTFLAGS=--cap-lints=forbid -Zrandomize-layout" "-e" "RUSTDOCFLAGS=--cap-lints=forbid" "-e" "CARGO_HOME=/opt/rustwide/cargo-home" "-e" "RUSTUP_HOME=/opt/rustwide/rustup-home" "-w" "/opt/rustwide/workdir" "-m" "1610612736" "--user" "0:0" "--network" "none" "ghcr.io/rust-lang/crates-build-env/linux@sha256:819108c5571ea2e421544af4d832f968d213c87fbe3707a016657f43d2f853bc" "/opt/rustwide/cargo-home/bin/cargo" "+nightly-2025-01-18" "test" "--frozen" "--no-run" "--message-format=json", kill_on_drop: false }`
[INFO] [stdout] 4905271d83acd8fcade966c3577a1348ad08815d10aa863443a390d4cae93405
[INFO] running `Command { std: "docker" "start" "-a" "4905271d83acd8fcade966c3577a1348ad08815d10aa863443a390d4cae93405", kill_on_drop: false }`
[INFO] [stderr]    Compiling libc v0.2.154
[INFO] [stderr]    Compiling version_check v0.9.4
[INFO] [stderr]    Compiling serde v1.0.201
[INFO] [stderr]    Compiling futures-core v0.3.30
[INFO] [stderr]    Compiling syn v2.0.61
[INFO] [stderr]    Compiling zerocopy v0.7.34
[INFO] [stderr]    Compiling allocator-api2 v0.2.18
[INFO] [stderr]    Compiling pkg-config v0.3.30
[INFO] [stderr]    Compiling typenum v1.17.0
[INFO] [stderr]    Compiling futures-sink v0.3.30
[INFO] [stderr]    Compiling futures-channel v0.3.30
[INFO] [stderr]    Compiling ahash v0.8.11
[INFO] [stderr]    Compiling generic-array v0.14.7
[INFO] [stderr]    Compiling signal-hook-registry v1.4.2
[INFO] [stderr]    Compiling serde_json v1.0.117
[INFO] [stderr]    Compiling bitflags v2.5.0
[INFO] [stderr]    Compiling unicode-normalization v0.1.23
[INFO] [stderr]    Compiling unicode-bidi v0.3.15
[INFO] [stderr]    Compiling hashbrown v0.14.5
[INFO] [stderr]    Compiling cpufeatures v0.2.12
[INFO] [stderr]    Compiling parking_lot_core v0.8.6
[INFO] [stderr]    Compiling rustls v0.20.9
[INFO] [stderr]    Compiling instant v0.1.12
[INFO] [stderr]    Compiling vcpkg v0.2.15
[INFO] [stderr]    Compiling predicates-core v1.0.6
[INFO] [stderr]    Compiling jobserver v0.1.31
[INFO] [stderr]    Compiling getrandom v0.2.15
[INFO] [stderr]    Compiling idna v0.5.0
[INFO] [stderr]    Compiling indexmap v2.2.6
[INFO] [stderr]    Compiling termtree v0.4.1
[INFO] [stderr]    Compiling predicates v3.1.0
[INFO] [stderr]    Compiling cc v1.0.97
[INFO] [stderr]    Compiling predicates-tree v1.0.9
[INFO] [stderr]    Compiling fragile v2.0.0
[INFO] [stderr]    Compiling downcast v0.11.0
[INFO] [stderr]    Compiling socket2 v0.5.7
[INFO] [stderr]    Compiling num_cpus v1.16.0
[INFO] [stderr]    Compiling mio v0.8.11
[INFO] [stderr]    Compiling ahash v0.7.8
[INFO] [stderr]    Compiling either v1.11.0
[INFO] [stderr]    Compiling unicode-segmentation v1.11.0
[INFO] [stderr]    Compiling crossbeam-utils v0.8.19
[INFO] [stderr]    Compiling crypto-common v0.1.6
[INFO] [stderr]    Compiling block-buffer v0.10.4
[INFO] [stderr]    Compiling tokio v1.37.0
[INFO] [stderr]    Compiling itertools v0.12.1
[INFO] [stderr]    Compiling digest v0.10.7
[INFO] [stderr]    Compiling url v2.5.0
[INFO] [stderr]    Compiling indexmap v1.9.3
[INFO] [stderr]    Compiling num-traits v0.2.19
[INFO] [stderr]    Compiling hmac v0.12.1
[INFO] [stderr]    Compiling heck v0.4.1
[INFO] [stderr]    Compiling log v0.4.21
[INFO] [stderr]    Compiling paste v1.0.15
[INFO] [stderr]    Compiling openssl v0.10.64
[INFO] [stderr]    Compiling unicode_categories v0.1.1
[INFO] [stderr]    Compiling foreign-types-shared v0.1.1
[INFO] [stderr]    Compiling foreign-types v0.3.2
[INFO] [stderr]    Compiling sha2 v0.10.8
[INFO] [stderr]    Compiling nix v0.28.0
[INFO] [stderr]    Compiling ring v0.17.8
[INFO] [stderr]    Compiling ring v0.16.20
[INFO] [stderr]    Compiling openssl-sys v0.9.102
[INFO] [stderr]    Compiling zstd-sys v2.0.10+zstd.1.5.6
[INFO] [stderr]    Compiling bzip2-sys v0.1.11+1.0.8
[INFO] [stderr]    Compiling rand_core v0.6.4
[INFO] [stderr]    Compiling rustls-pemfile v1.0.4
[INFO] [stderr]    Compiling http v0.2.12
[INFO] [stderr]    Compiling native-tls v0.2.11
[INFO] [stderr]    Compiling hashbrown v0.12.3
[INFO] [stderr]    Compiling rustix v0.38.34
[INFO] [stderr]    Compiling finl_unicode v1.2.0
[INFO] [stderr]    Compiling httparse v1.8.0
[INFO] [stderr]    Compiling crc32fast v1.4.0
[INFO] [stderr]    Compiling crc-catalog v2.4.0
[INFO] [stderr]    Compiling zstd-safe v5.0.2+zstd.1.5.2
[INFO] [stderr]    Compiling memchr v2.7.2
[INFO] [stderr]    Compiling crc v3.2.1
[INFO] [stderr]    Compiling stringprep v0.1.4
[INFO] [stderr]    Compiling nom v7.1.3
[INFO] [stderr]    Compiling serde_derive v1.0.201
[INFO] [stderr]    Compiling thiserror-impl v1.0.60
[INFO] [stderr]    Compiling futures-macro v0.3.30
[INFO] [stderr]    Compiling sct v0.7.1
[INFO] [stderr]    Compiling thiserror v1.0.60
[INFO] [stderr]    Compiling tokio-macros v2.2.0
[INFO] [stderr]    Compiling displaydoc v0.2.4
[INFO] [stderr]    Compiling futures-util v0.3.30
[INFO] [stderr]    Compiling rustls-webpki v0.102.3
[INFO] [stderr]    Compiling clap_derive v4.5.4
[INFO] [stderr]    Compiling rustls v0.22.4
[INFO] [stderr]    Compiling scram v0.6.0
[INFO] [stderr]    Compiling tracing-attributes v0.1.27
[INFO] [stderr]    Compiling asn1-rs v0.5.2
[INFO] [stderr]    Compiling mockall_derive v0.12.1
[INFO] [stderr]    Compiling oid-registry v0.6.1
[INFO] [stderr]    Compiling der-parser v8.2.0
[INFO] [stderr]    Compiling tracing v0.1.40
[INFO] [stderr]    Compiling webpki v0.22.4
[INFO] [stderr]    Compiling clap v4.5.4
[INFO] [stderr]    Compiling x509-parser v0.15.1
[INFO] [stderr]    Compiling openssl-macros v0.1.1
[INFO] [stderr]    Compiling rcgen v0.11.3
[INFO] [stderr]    Compiling futures-executor v0.3.30
[INFO] [stderr]    Compiling futures v0.3.30
[INFO] [stderr]    Compiling parking_lot v0.11.2
[INFO] [stderr]    Compiling rand_chacha v0.3.1
[INFO] [stderr]    Compiling mockall v0.12.1
[INFO] [stderr]    Compiling rcgen v0.12.1
[INFO] [stderr]    Compiling ctrlc v3.4.4
[INFO] [stderr]    Compiling crossbeam-queue v0.3.11
[INFO] [stderr]    Compiling lzma-sys v0.1.20
[INFO] [stderr]    Compiling serde-value v0.7.0
[INFO] [stderr]    Compiling serde_yaml v0.9.34+deprecated
[INFO] [stderr]    Compiling tokio-rustls v0.23.4
[INFO] [stderr]    Compiling log4rs v1.3.0
[INFO] [stderr]    Compiling serde_spanned v0.6.5
[INFO] [stderr]    Compiling toml_datetime v0.6.5
[INFO] [stderr]    Compiling sha1 v0.10.6
[INFO] [stderr]    Compiling md-5 v0.10.6
[INFO] [stderr]    Compiling inout v0.1.3
[INFO] [stderr]    Compiling hashlink v0.8.4
[INFO] [stderr]    Compiling dirs-sys v0.3.7
[INFO] [stderr]    Compiling trust0-common v1.0.0 (/opt/rustwide/workdir/crates/common)
[INFO] [stderr]    Compiling try-lock v0.2.5
[INFO] [stderr]    Compiling bitflags v1.3.2
[INFO] [stderr]    Compiling whoami v1.5.1
[INFO] [stderr]    Compiling openssl-probe v0.1.5
[INFO] [stderr]    Compiling adler v1.0.2
[INFO] [stderr]    Compiling linux-raw-sys v0.4.13
[INFO] [stderr]    Compiling byteorder v1.5.0
[INFO] [stderr]    Compiling event-listener v2.5.3
[INFO] [stderr]    Compiling base64ct v1.6.0
[INFO] [stderr]    Compiling futures-task v0.3.30
[INFO] [stderr]    Compiling winnow v0.5.40
[INFO] [stderr]    Compiling password-hash v0.4.2
[INFO] [stderr]    Compiling tokio-util v0.7.11
[INFO] [stderr]    Compiling toml_edit v0.19.15
[INFO] [stderr]    Compiling h2 v0.3.26
[INFO] [stderr]    Compiling tokio-stream v0.1.15
[INFO] [stderr]    Compiling miniz_oxide v0.7.2
[INFO] [stderr]    Compiling want v0.3.1
[INFO] [stderr]    Compiling dirs v4.0.0
[INFO] [stderr]    Compiling cipher v0.4.4
[INFO] [stderr]    Compiling hkdf v0.12.4
[INFO] [stderr]    Compiling atoi v1.0.0
[INFO] [stderr]    Compiling sqlx-rt v0.6.3
[INFO] [stderr]    Compiling rand v0.8.5
[INFO] [stderr]    Compiling futures-intrusive v0.4.2
[INFO] [stderr]    Compiling webpki-roots v0.22.6
[INFO] [stderr]    Compiling sqlformat v0.2.3
[INFO] [stderr]    Compiling async-trait v0.1.80
[INFO] [stderr]    Compiling http-body v0.4.6
[INFO] [stderr]    Compiling tower-service v0.3.2
[INFO] [stderr]    Compiling httpdate v1.0.3
[INFO] [stderr]    Compiling base64 v0.13.1
[INFO] [stderr]    Compiling hyper v0.14.28
[INFO] [stderr]    Compiling flate2 v1.0.30
[INFO] [stderr]    Compiling toml v0.7.8
[INFO] [stderr]    Compiling bzip2 v0.4.4
[INFO] [stderr]    Compiling aes v0.8.4
[INFO] [stderr]    Compiling zstd v0.11.2+zstd.1.5.2
[INFO] [stderr]    Compiling tokio-native-tls v0.3.1
[INFO] [stderr]    Compiling xattr v1.3.1
[INFO] [stderr]    Compiling pbkdf2 v0.11.0
[INFO] [stderr]    Compiling enum-as-inner v0.6.0
[INFO] [stderr]    Compiling diesel_table_macro_syntax v0.1.0
[INFO] [stderr]    Compiling idna v0.4.0
[INFO] [stderr]    Compiling filetime v0.2.23
[INFO] [stderr]    Compiling option-ext v0.2.0
[INFO] [stderr]    Compiling constant_time_eq v0.1.5
[INFO] [stderr]    Compiling dirs-sys v0.4.1
[INFO] [stderr]    Compiling zip v0.6.6
[INFO] [stderr]    Compiling tar v0.4.40
[INFO] [stderr]    Compiling diesel_derives v2.1.4
[INFO] [stderr]    Compiling sqlx-core v0.6.3
[INFO] [stderr]    Compiling hickory-proto v0.24.1
[INFO] [stderr]    Compiling migrations_internals v2.1.0
[INFO] [stderr]    Compiling xz2 v0.1.7
[INFO] [stderr]    Compiling serde_urlencoded v0.7.1
[INFO] [stderr]    Compiling async-stream-impl v0.3.5
[INFO] [stderr]    Compiling encoding_rs v0.8.34
[INFO] [stderr]    Compiling hyper-tls v0.5.0
[INFO] [stderr]    Compiling mime v0.3.17
[INFO] [stderr]    Compiling sync_wrapper v0.1.2
[INFO] [stderr]    Compiling sdd v0.2.0
[INFO] [stderr]    Compiling async-stream v0.3.5
[INFO] [stderr]    Compiling scc v2.1.1
[INFO] [stderr]    Compiling migrations_macros v2.1.0
[INFO] [stderr]    Compiling archiver-rs v0.5.1 (https://github.com/gz/archiver-rs.git?branch=patch-1#a73cef92)
[INFO] [stderr]    Compiling reqwest v0.11.27
[INFO] [stderr]    Compiling hickory-resolver v0.24.1
[INFO] [stderr]    Compiling dirs v5.0.1
[INFO] [stderr]    Compiling serial_test_derive v3.1.1
[INFO] [stderr]    Compiling tokio-test v0.4.4
[INFO] [stderr]    Compiling serial_test v3.1.1
[INFO] [stderr]    Compiling trust0-gateway v1.0.0 (/opt/rustwide/workdir/crates/gateway)
[INFO] [stderr]    Compiling trust0-client v1.0.0 (/opt/rustwide/workdir/crates/client)
[INFO] [stderr]    Compiling diesel v2.1.6
[INFO] [stderr]    Compiling sqlx-macros v0.6.3
[INFO] [stderr]    Compiling sqlx v0.6.3
[INFO] [stderr]    Compiling pg-embed v0.7.2 (https://github.com/faokunega/pg-embed.git?branch=master#72db5e05)
[INFO] [stderr]    Compiling diesel_migrations v2.1.0
[INFO] [stderr]     Finished `test` profile [unoptimized + debuginfo] target(s) in 4m 22s
[INFO] running `Command { std: "docker" "inspect" "4905271d83acd8fcade966c3577a1348ad08815d10aa863443a390d4cae93405", kill_on_drop: false }`
[INFO] running `Command { std: "docker" "rm" "-f" "4905271d83acd8fcade966c3577a1348ad08815d10aa863443a390d4cae93405", kill_on_drop: false }`
[INFO] [stdout] 4905271d83acd8fcade966c3577a1348ad08815d10aa863443a390d4cae93405
[INFO] running `Command { std: "docker" "create" "-v" "/var/lib/crater-agent-workspace/builds/worker-1-tc2/target:/opt/rustwide/target:rw,Z" "-v" "/var/lib/crater-agent-workspace/builds/worker-1-tc2/source:/opt/rustwide/workdir:ro,Z" "-v" "/var/lib/crater-agent-workspace/cargo-home:/opt/rustwide/cargo-home:ro,Z" "-v" "/var/lib/crater-agent-workspace/rustup-home:/opt/rustwide/rustup-home:ro,Z" "-e" "SOURCE_DIR=/opt/rustwide/workdir" "-e" "CARGO_TARGET_DIR=/opt/rustwide/target" "-e" "CARGO_INCREMENTAL=0" "-e" "RUST_BACKTRACE=full" "-e" "RUSTFLAGS=--cap-lints=forbid -Zrandomize-layout" "-e" "RUSTDOCFLAGS=--cap-lints=forbid" "-e" "CARGO_HOME=/opt/rustwide/cargo-home" "-e" "RUSTUP_HOME=/opt/rustwide/rustup-home" "-w" "/opt/rustwide/workdir" "-m" "1610612736" "--user" "0:0" "--network" "none" "ghcr.io/rust-lang/crates-build-env/linux@sha256:819108c5571ea2e421544af4d832f968d213c87fbe3707a016657f43d2f853bc" "/opt/rustwide/cargo-home/bin/cargo" "+nightly-2025-01-18" "test" "--frozen", kill_on_drop: false }`
[INFO] [stdout] 9ac91ef33d4933fda2d7f3f386850d60db4f602035a55bade3c7276c29d07a25
[INFO] running `Command { std: "docker" "start" "-a" "9ac91ef33d4933fda2d7f3f386850d60db4f602035a55bade3c7276c29d07a25", kill_on_drop: false }`
[INFO] [stderr]     Finished `test` profile [unoptimized + debuginfo] target(s) in 1.05s
[INFO] [stderr]      Running unittests src/lib.rs (/opt/rustwide/target/debug/deps/trust0_client-f864624fe7654976)
[INFO] [stdout] 
[INFO] [stdout] running 125 tests
[INFO] [stdout] test client::tests::client_new ... ok
[INFO] [stdout] test client::tests::clivisit_new ... ok
[INFO] [stdout] test console::tests::shellinp_new ... ok
[INFO] [stdout] test config::tests::nocertverify_verify_server_cert ... ok
[INFO] [stdout] test console::tests::inptextconn_trait_defaults ... ok
[INFO] [stdout] test config::tests::nocertverify_supported_verify_schemes ... ok
[INFO] [stdout] test console::tests::shellinp_process_next_line_when_eof_read_error ... ok
[INFO] [stdout] test console::tests::shellinp_process_next_line_when_non_pwd_input_and_2_lines ... ok
[INFO] [stdout] test console::tests::shellinp_process_next_line_when_non_pwd_input_and_no_lines ... ok
[INFO] [stdout] test client::tests::clivisit_create_server_conn ... ok
[INFO] [stdout] test console::tests::shellout_new ... ok
[INFO] [stdout] test console::tests::shellout_write_shell_prompt_with_welcome ... ok
[INFO] [stdout] test console::tests::shellout_write_shell_prompt_with_welcome_where_1st_write_fails ... ok
[INFO] [stdout] test console::tests::shellinp_next_line_when_interleaved_initial_and_channel_lines ... ok
[INFO] [stdout] test config::tests::appcfg_new_when_mixed_configfile_and_env_supplied ... ok
[INFO] [stdout] test config::tests::appcfg_new_when_all_supplied_and_valid ... ok
[INFO] [stdout] test console::tests::shellout_write_shell_prompt_with_welcome_where_2nd_write_fails ... ok
[INFO] [stdout] test console::tests::shellout_write_shell_prompt_with_welcome_where_flush_fails ... ok
[INFO] [stdout] test console::tests::shellout_write_shell_prompt_without_welcome ... ok
[INFO] [stdout] test gateway::connection::tests::srvconnvis_new ... ok
[INFO] [stdout] test console::tests::shellinp_next_line_when_io_error_line ... ok
[INFO] [stdout] test gateway::connection::tests::srvconnvis_on_connected ... ok
[INFO] [stdout] test gateway::connection::tests::srvconnvis_on_polling_cycle_when_no_pending_line ... ok
[INFO] [stdout] test gateway::controller::management::tests::mgtcontrol_new ... ok
[INFO] [stdout] test gateway::connection::tests::srvconnvis_send_error_response ... ok
[INFO] [stdout] test gateway::connection::tests::srvconnvis_on_connection_read_when_simple_ping_response ... ok
[INFO] [stdout] test gateway::controller::management::tests::mgtcontrol_process_authn_message_when_given_authenticated_msg ... ok
[INFO] [stdout] test console::tests::shellinp_next_line_when_no_lines ... ok
[INFO] [stdout] test console::tests::shellinp_next_line_when_2_lines ... ok
[INFO] [stdout] test gateway::controller::management::tests::mgtcontrol_process_inbound_message_when_stop_response_and_unknown_service_name ... ok
[INFO] [stdout] test gateway::controller::management::tests::mgtcontrol_process_inbound_message_when_valid_login_response_for_insecure_step1 ... ok
[INFO] [stdout] test gateway::controller::management::tests::mgtcontrol_process_authn_message_when_given_unauthenticated_msg ... ok
[INFO] [stdout] test gateway::controller::management::tests::mgtcontrol_on_connected ... ok
[INFO] [stdout] test gateway::controller::management::tests::mgtcontrol_process_inbound_message_when_valid_login_flow_for_scramsha256_step1 ... ok
[INFO] [stdout] test gateway::controller::management::tests::mgtcontrol_process_authn_message_when_valid_login_flow_for_scramsha256_step3 ... ok
[INFO] [stdout] test gateway::controller::management::tests::mgtcontrol_process_inbound_message_when_valid_non200_response ... ok
[INFO] [stdout] test gateway::controller::management::tests::mgtcontrol_process_inbound_message_when_valid_start_response ... ok
[INFO] [stdout] test gateway::controller::management::tests::mgtcontrol_process_inbound_message_when_valid_proxies_response ... ok
[INFO] [stdout] test gateway::controller::management::tests::mgtcontrol_process_inbound_message_when_valid_proxies_response_for_2_proxies ... ok
[INFO] [stdout] test gateway::controller::management::tests::mgtcontrol_process_outbound_messages_when_blank_request ... ok
[INFO] [stdout] test gateway::controller::management::tests::mgtcontrol_process_inbound_message_when_valid_stop_response ... ok
[INFO] [stdout] test gateway::controller::management::tests::mgtcontrol_process_inbound_message_when_valid_proxies_response_for_no_proxies ... ok
[INFO] [stdout] test gateway::controller::management::tests::mgtcontrol_process_outbound_messages_when_no_input_lines ... ok
[INFO] [stdout] test gateway::controller::management::tests::mgtcontrol_process_inbound_message_when_valid_quit_response ... ok
[INFO] [stdout] test gateway::controller::management::tests::mgtcontrol_process_outbound_messages_when_valid_login_flow_for_scramsha256_step2 ... ok
[INFO] [stdout] test gateway::controller::management::tests::mgtcontrol_validate_request_when_invalid_request ... ok
[INFO] [stdout] test console::tests::shellinp_spawn_line_reader_when_2_lines ... ok
[INFO] [stdout] test gateway::controller::signaling::certificate_reissue::tests::certreissueproc_new ... ok
[INFO] [stdout] test gateway::controller::management::tests::mgtcontrol_process_outbound_messages_when_valid_ping_request ... ok
[INFO] [stdout] test gateway::controller::signaling::certificate_reissue::tests::certreissueproc_on_loop_cycle_when_missing_event_data ... ok
[INFO] [stdout] test gateway::controller::signaling::certificate_reissue::tests::certreissueproc_on_loop_cycle_when_no_events ... ok
[INFO] [stdout] test gateway::controller::management::tests::mgtcontrol_validate_request_when_valid_ping_request ... ok
[INFO] [stdout] test gateway::controller::signaling::certificate_reissue::tests::certreissueproc_on_loop_cycle_when_wrong_event ... ok
[INFO] [stdout] test gateway::controller::management::tests::mgtcontrol_process_outbound_messages_when_invalid_request ... ok
[INFO] [stdout] test gateway::controller::signaling::proxy_connections::tests::proxyconnproc_current_proxy_keys ... ok
[INFO] [stdout] test gateway::controller::signaling::proxy_connections::tests::proxyconnproc_new ... ok
[INFO] [stdout] test gateway::controller::signaling::proxy_connections::tests::proxyconnproc_on_loop_cycle_when_client_dead ... ok
[INFO] [stdout] test gateway::controller::signaling::tests::sigcontrol_process_inbound_message_when_event_type_is_cert_reissue ... ok
[INFO] [stdout] test gateway::controller::signaling::proxy_connections::tests::proxyconnproc_on_loop_cycle_when_1_found_and_1_missing_and_1_dead ... ok
[INFO] [stdout] test gateway::controller::signaling::tests::sigcontrol_new ... ok
[INFO] [stdout] test gateway::controller::signaling::tests::sigcontrol_process_inbound_message_when_event_type_is_general ... ok
[INFO] [stdout] test gateway::controller::signaling::tests::sigcontrol_process_inbound_message_when_event_type_is_proxy_conns ... ok
[INFO] [stdout] test gateway::controller::signaling::tests::sigcontrol_process_inbound_message_when_wrong_control_channel ... ok
[INFO] [stdout] test gateway::controller::tests::ctlplane_on_connected ... ok
[INFO] [stdout] test gateway::controller::tests::ctlplane_new ... ok
[INFO] [stdout] test gateway::controller::tests::ctlplane_process_inbound_messages_when_insufficient_pdu_bytes ... ok
[INFO] [stdout] test gateway::controller::tests::ctlplane_process_inbound_messages_when_non_control_plane_pdu ... ok
[INFO] [stdout] test gateway::controller::tests::ctlplane_process_inbound_messages_when_valid_mgmt_pdu ... ok
[INFO] [stdout] test gateway::controller::tests::ctlplane_process_outbound_messages_when_no_queued_message ... ok
[INFO] [stdout] test gateway::controller::tests::ctlplane_send_connection_event_when_error ... ok
[INFO] [stdout] test gateway::controller::tests::ctlplane_process_outbound_messages_when_queued_message ... ok
[INFO] [stdout] test gateway::controller::tests::ctlplane_send_connection_event_when_no_errors ... ok
[INFO] [stdout] test service::manager::tests::clisvcmgr_get_proxy_addrs_for_service ... ok
[INFO] [stdout] test service::manager::tests::clisvcmgr_clone_proxy_tasks_sender ... ok
[INFO] [stdout] test service::manager::tests::clisvcmgr_get_proxy_service_for_proxy_key ... ok
[INFO] [stdout] test service::manager::tests::clisvcmgr_get_proxy_visitor_for_service_when_found ... ok
[INFO] [stdout] test service::manager::tests::clisvcmgr_get_service_proxies ... ok
[INFO] [stdout] test service::manager::tests::clisvcmgr_get_proxy_visitor_for_service_when_not_found ... ok
[INFO] [stdout] test service::manager::tests::clisvcmgr_new ... ok
[INFO] [stdout] test service::manager::tests::clisvcmgr_process_next_proxy_event_when_closed_evt ... ok
[INFO] [stdout] test service::manager::tests::clisvcmgr_process_next_proxy_event_when_ignorable_evt ... ok
[INFO] [stdout] test service::manager::tests::clisvcmgr_shutdown_when_all_services_and_2_service_proxies ... ok
[INFO] [stdout] test service::manager::tests::clisvcmgr_start_when_tcp_service ... ok
[INFO] [stdout] test service::manager::tests::clisvcmgr_shutdown_when_one_service ... ok
[INFO] [stdout] test service::manager::tests::clisvcmgr_start_when_udp_service ... ok
[INFO] [stdout] test service::manager::tests::gwsvcmgr_shutdown_connection_when_proxy_shutdown_fails ... ok
[INFO] [stdout] test service::manager::tests::clisvcmgr_startup_when_already_started ... ok
[INFO] [stdout] test service::manager::tests::gwsvcmgr_shutdown_connection_when_proxy_shutdown_succeeds ... ok
[INFO] [stdout] test service::proxy::proxy_client::tests::clivisit_create_server_conn_when_no_given_server_msg ... ok
[INFO] [stdout] test gateway::controller::management::tests::mgtcontrol_process_inbound_message_when_valid_login_flow_for_scramsha256_final_steps ... ok
[INFO] [stdout] test service::proxy::proxy_client::tests::clivisit_create_server_conn_when_valid_and_has_binds ... ok
[INFO] [stdout] test service::proxy::proxy_client::tests::clivisit_create_server_conn_when_valid_and_invalid_msg_data ... ok
[INFO] [stdout] test service::proxy::proxy_client::tests::clivisit_new ... ok
[INFO] [stdout] test service::proxy::proxy_client::tests::svrconnvisit_new ... ok
[INFO] [stdout] test service::proxy::tcp_proxy::tests::cliconnvisit_new ... ok
[INFO] [stdout] test service::proxy::tcp_proxy::tests::cliconnvisit_send_error_response ... ok
[INFO] [stdout] test service::proxy::tcp_proxy::tests::tcpcliproxy_new ... ok
[INFO] [stdout] test service::proxy::proxy_client::tests::svrconnvisit_send_error_response ... ok
[INFO] [stdout] test service::proxy::tcp_proxy::tests::tcpsvrproxyvisit_accessors_and_mutators ... ok
[INFO] [stdout] test service::proxy::tcp_proxy::tests::tcpsvrproxyvisit_new ... ok
[INFO] [stdout] test service::proxy::tcp_proxy::tests::tcpsvrproxyvisit_get_proxy_keys ... ok
[INFO] [stdout] test service::proxy::tcp_proxy::tests::tcpsvrproxyvisit_create_client_conn ... ok
[INFO] [stdout] test service::proxy::tcp_proxy::tests::tcpsvrproxyvisit_remove_proxy_for_key_when_not_exists ... ok
[INFO] [stdout] test service::proxy::tcp_proxy::tests::tcpsvrproxyvisit_remove_proxy_for_key_when_exists ... ok
[INFO] [stdout] test service::proxy::tcp_proxy::tests::tcpsvrproxyvisit_shutdown_connection_when_proxy_key_unknown ... ok
[INFO] [stdout] test service::proxy::tcp_proxy::tests::tcpsvrproxyvisit_shutdown_connection_when_proxy_key_known ... ok
[INFO] [stdout] test service::proxy::tcp_proxy::tests::tcpsvrproxyvisit_shutdown_connections ... ok
[INFO] [stdout] test service::proxy::tcp_proxy::tests::tcpsvrproxyvisit_shutdown_connection_when_sending_fails ... ok
[INFO] [stdout] test service::proxy::udp_proxy::tests::udpcliproxy_new ... ok
[INFO] [stdout] test service::proxy::udp_proxy::tests::udpcliproxy_spawn_client_bound_message_processor ... ok
[INFO] [stdout] test service::proxy::udp_proxy::tests::udpsvrproxyvisit_new ... ok
[INFO] [stdout] test service::proxy::udp_proxy::tests::udpsvrproxyvisit_accessors_and_mutators ... ok
[INFO] [stdout] test service::proxy::udp_proxy::tests::udpsvrproxyvisit_on_message_received_when_new_service_proxy_not_needed ... ok
[INFO] [stdout] test service::proxy::udp_proxy::tests::udpsvrproxyvisit_remove_proxy_for_key_when_exists ... ok
[INFO] [stdout] test service::proxy::udp_proxy::tests::udpsvrproxyvisit_remove_proxy_for_key_when_not_exists ... ok
[INFO] [stdout] test service::proxy::udp_proxy::tests::udpsvrproxyvisit_shutdown_connection_when_proxy_key_known ... ok
[INFO] [stdout] test service::proxy::udp_proxy::tests::udpsvrproxyvisit_shutdown_connection_when_proxy_key_unknown ... ok
[INFO] [stdout] test service::proxy::udp_proxy::tests::udpsvrproxyvisit_shutdown_connections ... ok
[INFO] [stdout] test gateway::controller::signaling::tests::sigcontrol_spawn_event_loop_when_inbox_no_message_and_process_err ... ok
[INFO] [stdout] test gateway::controller::signaling::tests::sigcontrol_spawn_event_loop_when_inbox_has_message ... ok
[INFO] [stdout] test gateway::controller::signaling::certificate_reissue::tests::certreissueproc_on_loop_cycle_when_cert_reissue_event_and_existing_files ... FAILED
[INFO] [stdout] test gateway::controller::signaling::tests::sigcontrol_spawn_event_loop_when_inbox_no_message ... ok
[INFO] [stdout] test gateway::controller::signaling::certificate_reissue::tests::certreissueproc_on_loop_cycle_when_cert_reissue_event_and_no_existing_files ... FAILED
[INFO] [stdout] test service::proxy::tcp_proxy::tests::tcpsvrproxyvisit_on_conn_accepted ... ok
[INFO] [stdout] test service::proxy::udp_proxy::tests::udpsvrproxyvisit_on_message_received_when_new_service_proxy_needed ... ok
[INFO] [stdout] 
[INFO] [stdout] failures:
[INFO] [stdout] 
[INFO] [stdout] ---- gateway::controller::signaling::certificate_reissue::tests::certreissueproc_on_loop_cycle_when_cert_reissue_event_and_existing_files stdout ----
[INFO] [stdout] 
[INFO] [stdout] thread 'gateway::controller::signaling::certificate_reissue::tests::certreissueproc_on_loop_cycle_when_cert_reissue_event_and_existing_files' panicked at crates/client/src/gateway/controller/signaling/certificate_reissue.rs:351:77:
[INFO] [stdout] called `Result::unwrap()` on an `Err` value: Os { code: 30, kind: ReadOnlyFilesystem, message: "Read-only file system" }
[INFO] [stdout] stack backtrace:
[INFO] [stdout]    0:     0x59f6ebe0b34a - std::backtrace_rs::backtrace::libunwind::trace::hb059275cfc8d6126
[INFO] [stdout]                                at /rustc/6067b36314ab5eb2eb47cecc464545ba58e1ad24/library/std/src/../../backtrace/src/backtrace/libunwind.rs:116:5
[INFO] [stdout]    1:     0x59f6ebe0b34a - std::backtrace_rs::backtrace::trace_unsynchronized::h2da071e4327ce3ee
[INFO] [stdout]                                at /rustc/6067b36314ab5eb2eb47cecc464545ba58e1ad24/library/std/src/../../backtrace/src/backtrace/mod.rs:66:5
[INFO] [stdout]    2:     0x59f6ebe0b34a - std::sys::backtrace::_print_fmt::h842a1474e6f8d23f
[INFO] [stdout]                                at /rustc/6067b36314ab5eb2eb47cecc464545ba58e1ad24/library/std/src/sys/backtrace.rs:66:9
[INFO] [stdout]    3:     0x59f6ebe0b34a - <std::sys::backtrace::BacktraceLock::print::DisplayBacktrace as core::fmt::Display>::fmt::h71a62eb3b9696b12
[INFO] [stdout]                                at /rustc/6067b36314ab5eb2eb47cecc464545ba58e1ad24/library/std/src/sys/backtrace.rs:39:26
[INFO] [stdout]    4:     0x59f6ebe39513 - core::fmt::rt::Argument::fmt::hdb6b616786b41dc1
[INFO] [stdout]                                at /rustc/6067b36314ab5eb2eb47cecc464545ba58e1ad24/library/core/src/fmt/rt.rs:177:76
[INFO] [stdout]    5:     0x59f6ebe39513 - core::fmt::write::h2cc1698af7e2d686
[INFO] [stdout]                                at /rustc/6067b36314ab5eb2eb47cecc464545ba58e1ad24/library/core/src/fmt/mod.rs:1440:21
[INFO] [stdout]    6:     0x59f6ebe06bf3 - std::io::Write::write_fmt::hab1b4cd059a79022
[INFO] [stdout]                                at /rustc/6067b36314ab5eb2eb47cecc464545ba58e1ad24/library/std/src/io/mod.rs:1887:15
[INFO] [stdout]    7:     0x59f6ebe0b192 - std::sys::backtrace::BacktraceLock::print::h147fe35b4ea13b08
[INFO] [stdout]                                at /rustc/6067b36314ab5eb2eb47cecc464545ba58e1ad24/library/std/src/sys/backtrace.rs:42:9
[INFO] [stdout]    8:     0x59f6ebe0c76f - std::panicking::default_hook::{{closure}}::hbd44223dbdc0d208
[INFO] [stdout]                                at /rustc/6067b36314ab5eb2eb47cecc464545ba58e1ad24/library/std/src/panicking.rs:298:22
[INFO] [stdout]    9:     0x59f6ebe0c588 - std::panicking::default_hook::h20f81eb0576efcec
[INFO] [stdout]                                at /rustc/6067b36314ab5eb2eb47cecc464545ba58e1ad24/library/std/src/panicking.rs:322:9
[INFO] [stdout]   10:     0x59f6eb71e753 - <alloc::boxed::Box<F,A> as core::ops::function::Fn<Args>>::call::hdb53814c496a4d34
[INFO] [stdout]                                at /rustc/6067b36314ab5eb2eb47cecc464545ba58e1ad24/library/alloc/src/boxed.rs:2027:9
[INFO] [stdout]   11:     0x59f6eb71e753 - test::test_main::{{closure}}::hc0a4963c59427c24
[INFO] [stdout]                                at /rustc/6067b36314ab5eb2eb47cecc464545ba58e1ad24/library/test/src/lib.rs:134:21
[INFO] [stdout]   12:     0x59f6ebe0d263 - <alloc::boxed::Box<F,A> as core::ops::function::Fn<Args>>::call::h591b2225413a77e9
[INFO] [stdout]                                at /rustc/6067b36314ab5eb2eb47cecc464545ba58e1ad24/library/alloc/src/boxed.rs:2027:9
[INFO] [stdout]   13:     0x59f6ebe0d263 - std::panicking::rust_panic_with_hook::h625eea43051b2edc
[INFO] [stdout]                                at /rustc/6067b36314ab5eb2eb47cecc464545ba58e1ad24/library/std/src/panicking.rs:839:13
[INFO] [stdout]   14:     0x59f6ebe0cf1a - std::panicking::begin_panic_handler::{{closure}}::h4f9159cfbc3f6bd3
[INFO] [stdout]                                at /rustc/6067b36314ab5eb2eb47cecc464545ba58e1ad24/library/std/src/panicking.rs:704:13
[INFO] [stdout]   15:     0x59f6ebe0b849 - std::sys::backtrace::__rust_end_short_backtrace::h0390abce48353151
[INFO] [stdout]                                at /rustc/6067b36314ab5eb2eb47cecc464545ba58e1ad24/library/std/src/sys/backtrace.rs:168:18
[INFO] [stdout]   16:     0x59f6ebe0cbad - rust_begin_unwind
[INFO] [stdout]                                at /rustc/6067b36314ab5eb2eb47cecc464545ba58e1ad24/library/std/src/panicking.rs:695:5
[INFO] [stdout]   17:     0x59f6ebe37760 - core::panicking::panic_fmt::h9e7c637e9e5f29c9
[INFO] [stdout]                                at /rustc/6067b36314ab5eb2eb47cecc464545ba58e1ad24/library/core/src/panicking.rs:75:14
[INFO] [stdout]   18:     0x59f6ebe37bd6 - core::result::unwrap_failed::h7979f09313fe1849
[INFO] [stdout]                                at /rustc/6067b36314ab5eb2eb47cecc464545ba58e1ad24/library/core/src/result.rs:1704:5
[INFO] [stdout]   19:     0x59f6eb68dfc2 - core::result::Result<T,E>::unwrap::hd9abbcfbcced2462
[INFO] [stdout]                                at /rustc/6067b36314ab5eb2eb47cecc464545ba58e1ad24/library/core/src/result.rs:1109:23
[INFO] [stdout]   20:     0x59f6eb68dfc2 - trust0_client::gateway::controller::signaling::certificate_reissue::tests::certreissueproc_on_loop_cycle_when_cert_reissue_event_and_existing_files::ha18e23876d38b25b
[INFO] [stdout]                                at /opt/rustwide/workdir/crates/client/src/gateway/controller/signaling/certificate_reissue.rs:351:9
[INFO] [stdout]   21:     0x59f6eb68d417 - trust0_client::gateway::controller::signaling::certificate_reissue::tests::certreissueproc_on_loop_cycle_when_cert_reissue_event_and_existing_files::{{closure}}::h6829de6d64e6db39
[INFO] [stdout]                                at /opt/rustwide/workdir/crates/client/src/gateway/controller/signaling/certificate_reissue.rs:319:82
[INFO] [stdout]   22:     0x59f6eb6431e6 - core::ops::function::FnOnce::call_once::hf139eb8ff5b18654
[INFO] [stdout]                                at /rustc/6067b36314ab5eb2eb47cecc464545ba58e1ad24/library/core/src/ops/function.rs:250:5
[INFO] [stdout]   23:     0x59f6eb723eab - core::ops::function::FnOnce::call_once::he27718dfdd183f43
[INFO] [stdout]                                at /rustc/6067b36314ab5eb2eb47cecc464545ba58e1ad24/library/core/src/ops/function.rs:250:5
[INFO] [stdout]   24:     0x59f6eb723eab - test::__rust_begin_short_backtrace::h4e84902998457a5d
[INFO] [stdout]                                at /rustc/6067b36314ab5eb2eb47cecc464545ba58e1ad24/library/test/src/lib.rs:632:18
[INFO] [stdout]   25:     0x59f6eb722de3 - test::run_test_in_process::{{closure}}::h7176fd18fc1feca0
[INFO] [stdout]                                at /rustc/6067b36314ab5eb2eb47cecc464545ba58e1ad24/library/test/src/lib.rs:655:60
[INFO] [stdout]   26:     0x59f6eb722de3 - <core::panic::unwind_safe::AssertUnwindSafe<F> as core::ops::function::FnOnce<()>>::call_once::hf79cff2a624d8cf7
[INFO] [stdout]                                at /rustc/6067b36314ab5eb2eb47cecc464545ba58e1ad24/library/core/src/panic/unwind_safe.rs:272:9
[INFO] [stdout]   27:     0x59f6eb722de3 - std::panicking::try::do_call::h3da0561d9ab99c25
[INFO] [stdout]                                at /rustc/6067b36314ab5eb2eb47cecc464545ba58e1ad24/library/std/src/panicking.rs:587:40
[INFO] [stdout]   28:     0x59f6eb722de3 - std::panicking::try::h41c9fa508bc61df6
[INFO] [stdout]                                at /rustc/6067b36314ab5eb2eb47cecc464545ba58e1ad24/library/std/src/panicking.rs:550:19
[INFO] [stdout]   29:     0x59f6eb722de3 - std::panic::catch_unwind::h6b3ff07bb5afad93
[INFO] [stdout]                                at /rustc/6067b36314ab5eb2eb47cecc464545ba58e1ad24/library/std/src/panic.rs:358:14
[INFO] [stdout]   30:     0x59f6eb722de3 - test::run_test_in_process::hc7253dd11b39b9f4
[INFO] [stdout]                                at /rustc/6067b36314ab5eb2eb47cecc464545ba58e1ad24/library/test/src/lib.rs:655:27
[INFO] [stdout]   31:     0x59f6eb722de3 - test::run_test::{{closure}}::hfb2007f8649c30bb
[INFO] [stdout]                                at /rustc/6067b36314ab5eb2eb47cecc464545ba58e1ad24/library/test/src/lib.rs:576:43
[INFO] [stdout]   32:     0x59f6eb6e5ec5 - test::run_test::{{closure}}::h56a17aa7a282a9f4
[INFO] [stdout]                                at /rustc/6067b36314ab5eb2eb47cecc464545ba58e1ad24/library/test/src/lib.rs:606:41
[INFO] [stdout]   33:     0x59f6eb6e5ec5 - std::sys::backtrace::__rust_begin_short_backtrace::hd2d2d2fb8e8c6aac
[INFO] [stdout]                                at /rustc/6067b36314ab5eb2eb47cecc464545ba58e1ad24/library/std/src/sys/backtrace.rs:152:18
[INFO] [stdout]   34:     0x59f6eb6e97aa - std::thread::Builder::spawn_unchecked_::{{closure}}::{{closure}}::h4faa3f9db6133423
[INFO] [stdout]                                at /rustc/6067b36314ab5eb2eb47cecc464545ba58e1ad24/library/std/src/thread/mod.rs:559:17
[INFO] [stdout]   35:     0x59f6eb6e97aa - <core::panic::unwind_safe::AssertUnwindSafe<F> as core::ops::function::FnOnce<()>>::call_once::hf2e855a36a4ea846
[INFO] [stdout]                                at /rustc/6067b36314ab5eb2eb47cecc464545ba58e1ad24/library/core/src/panic/unwind_safe.rs:272:9
[INFO] [stdout]   36:     0x59f6eb6e97aa - std::panicking::try::do_call::h2f73af3616c35465
[INFO] [stdout]                                at /rustc/6067b36314ab5eb2eb47cecc464545ba58e1ad24/library/std/src/panicking.rs:587:40
[INFO] [stdout]   37:     0x59f6eb6e97aa - std::panicking::try::hd1660ce9efadef5a
[INFO] [stdout]                                at /rustc/6067b36314ab5eb2eb47cecc464545ba58e1ad24/library/std/src/panicking.rs:550:19
[INFO] [stdout]   38:     0x59f6eb6e97aa - std::panic::catch_unwind::h5ee8d7823b8ca744
[INFO] [stdout]                                at /rustc/6067b36314ab5eb2eb47cecc464545ba58e1ad24/library/std/src/panic.rs:358:14
[INFO] [stdout]   39:     0x59f6eb6e97aa - std::thread::Builder::spawn_unchecked_::{{closure}}::h53c3a1894dce8407
[INFO] [stdout]                                at /rustc/6067b36314ab5eb2eb47cecc464545ba58e1ad24/library/std/src/thread/mod.rs:557:30
[INFO] [stdout]   40:     0x59f6eb6e97aa - core::ops::function::FnOnce::call_once{{vtable.shim}}::h048ce291ad4f62bf
[INFO] [stdout]                                at /rustc/6067b36314ab5eb2eb47cecc464545ba58e1ad24/library/core/src/ops/function.rs:250:5
[INFO] [stdout]   41:     0x59f6ebe11e6b - <alloc::boxed::Box<F,A> as core::ops::function::FnOnce<Args>>::call_once::ha52bedf99a3b4981
[INFO] [stdout]                                at /rustc/6067b36314ab5eb2eb47cecc464545ba58e1ad24/library/alloc/src/boxed.rs:2013:9
[INFO] [stdout]   42:     0x59f6ebe11e6b - <alloc::boxed::Box<F,A> as core::ops::function::FnOnce<Args>>::call_once::h567748934d80ccf8
[INFO] [stdout]                                at /rustc/6067b36314ab5eb2eb47cecc464545ba58e1ad24/library/alloc/src/boxed.rs:2013:9
[INFO] [stdout]   43:     0x59f6ebe11e6b - std::sys::pal::unix::thread::Thread::new::thread_start::h2d970728ae887adc
[INFO] [stdout]                                at /rustc/6067b36314ab5eb2eb47cecc464545ba58e1ad24/library/std/src/sys/pal/unix/thread.rs:106:17
[INFO] [stdout]   44:     0x70a6a311fac3 - <unknown>
[INFO] [stdout]   45:     0x70a6a31b0a04 - clone
[INFO] [stdout]   46:                0x0 - <unknown>
[INFO] [stdout] 
[INFO] [stdout] ---- gateway::controller::signaling::certificate_reissue::tests::certreissueproc_on_loop_cycle_when_cert_reissue_event_and_no_existing_files stdout ----
[INFO] [stdout] 
[INFO] [stdout] thread 'gateway::controller::signaling::certificate_reissue::tests::certreissueproc_on_loop_cycle_when_cert_reissue_event_and_no_existing_files' panicked at crates/client/src/gateway/controller/signaling/certificate_reissue.rs:242:34:
[INFO] [stdout] called `Result::unwrap()` on an `Err` value: PoisonError { .. }
[INFO] [stdout] stack backtrace:
[INFO] [stdout]    0:     0x59f6ebe0b34a - std::backtrace_rs::backtrace::libunwind::trace::hb059275cfc8d6126
[INFO] [stdout]                                at /rustc/6067b36314ab5eb2eb47cecc464545ba58e1ad24/library/std/src/../../backtrace/src/backtrace/libunwind.rs:116:5
[INFO] [stdout]    1:     0x59f6ebe0b34a - std::backtrace_rs::backtrace::trace_unsynchronized::h2da071e4327ce3ee
[INFO] [stdout]                                at /rustc/6067b36314ab5eb2eb47cecc464545ba58e1ad24/library/std/src/../../backtrace/src/backtrace/mod.rs:66:5
[INFO] [stdout]    2:     0x59f6ebe0b34a - std::sys::backtrace::_print_fmt::h842a1474e6f8d23f
[INFO] [stdout]                                at /rustc/6067b36314ab5eb2eb47cecc464545ba58e1ad24/library/std/src/sys/backtrace.rs:66:9
[INFO] [stdout]    3:     0x59f6ebe0b34a - <std::sys::backtrace::BacktraceLock::print::DisplayBacktrace as core::fmt::Display>::fmt::h71a62eb3b9696b12
[INFO] [stdout]                                at /rustc/6067b36314ab5eb2eb47cecc464545ba58e1ad24/library/std/src/sys/backtrace.rs:39:26
[INFO] [stdout]    4:     0x59f6ebe39513 - core::fmt::rt::Argument::fmt::hdb6b616786b41dc1
[INFO] [stdout]                                at /rustc/6067b36314ab5eb2eb47cecc464545ba58e1ad24/library/core/src/fmt/rt.rs:177:76
[INFO] [stdout]    5:     0x59f6ebe39513 - core::fmt::write::h2cc1698af7e2d686
[INFO] [stdout]                                at /rustc/6067b36314ab5eb2eb47cecc464545ba58e1ad24/library/core/src/fmt/mod.rs:1440:21
[INFO] [stdout]    6:     0x59f6ebe06bf3 - std::io::Write::write_fmt::hab1b4cd059a79022
[INFO] [stdout]                                at /rustc/6067b36314ab5eb2eb47cecc464545ba58e1ad24/library/std/src/io/mod.rs:1887:15
[INFO] [stdout]    7:     0x59f6ebe0b192 - std::sys::backtrace::BacktraceLock::print::h147fe35b4ea13b08
[INFO] [stdout]                                at /rustc/6067b36314ab5eb2eb47cecc464545ba58e1ad24/library/std/src/sys/backtrace.rs:42:9
[INFO] [stdout]    8:     0x59f6ebe0c76f - std::panicking::default_hook::{{closure}}::hbd44223dbdc0d208
[INFO] [stdout]                                at /rustc/6067b36314ab5eb2eb47cecc464545ba58e1ad24/library/std/src/panicking.rs:298:22
[INFO] [stdout]    9:     0x59f6ebe0c588 - std::panicking::default_hook::h20f81eb0576efcec
[INFO] [stdout]                                at /rustc/6067b36314ab5eb2eb47cecc464545ba58e1ad24/library/std/src/panicking.rs:322:9
[INFO] [stdout]   10:     0x59f6eb71e753 - <alloc::boxed::Box<F,A> as core::ops::function::Fn<Args>>::call::hdb53814c496a4d34
[INFO] [stdout]                                at /rustc/6067b36314ab5eb2eb47cecc464545ba58e1ad24/library/alloc/src/boxed.rs:2027:9
[INFO] [stdout]   11:     0x59f6eb71e753 - test::test_main::{{closure}}::hc0a4963c59427c24
[INFO] [stdout]                                at /rustc/6067b36314ab5eb2eb47cecc464545ba58e1ad24/library/test/src/lib.rs:134:21
[INFO] [stdout]   12:     0x59f6ebe0d263 - <alloc::boxed::Box<F,A> as core::ops::function::Fn<Args>>::call::h591b2225413a77e9
[INFO] [stdout]                                at /rustc/6067b36314ab5eb2eb47cecc464545ba58e1ad24/library/alloc/src/boxed.rs:2027:9
[INFO] [stdout]   13:     0x59f6ebe0d263 - std::panicking::rust_panic_with_hook::h625eea43051b2edc
[INFO] [stdout]                                at /rustc/6067b36314ab5eb2eb47cecc464545ba58e1ad24/library/std/src/panicking.rs:839:13
[INFO] [stdout]   14:     0x59f6ebe0cf1a - std::panicking::begin_panic_handler::{{closure}}::h4f9159cfbc3f6bd3
[INFO] [stdout]                                at /rustc/6067b36314ab5eb2eb47cecc464545ba58e1ad24/library/std/src/panicking.rs:704:13
[INFO] [stdout]   15:     0x59f6ebe0b849 - std::sys::backtrace::__rust_end_short_backtrace::h0390abce48353151
[INFO] [stdout]                                at /rustc/6067b36314ab5eb2eb47cecc464545ba58e1ad24/library/std/src/sys/backtrace.rs:168:18
[INFO] [stdout]   16:     0x59f6ebe0cbad - rust_begin_unwind
[INFO] [stdout]                                at /rustc/6067b36314ab5eb2eb47cecc464545ba58e1ad24/library/std/src/panicking.rs:695:5
[INFO] [stdout]   17:     0x59f6ebe37760 - core::panicking::panic_fmt::h9e7c637e9e5f29c9
[INFO] [stdout]                                at /rustc/6067b36314ab5eb2eb47cecc464545ba58e1ad24/library/core/src/panicking.rs:75:14
[INFO] [stdout]   18:     0x59f6ebe37bd6 - core::result::unwrap_failed::h7979f09313fe1849
[INFO] [stdout]                                at /rustc/6067b36314ab5eb2eb47cecc464545ba58e1ad24/library/core/src/result.rs:1704:5
[INFO] [stdout]   19:     0x59f6eb68b2f3 - core::result::Result<T,E>::unwrap::h6b58dbb98acc8b0c
[INFO] [stdout]                                at /rustc/6067b36314ab5eb2eb47cecc464545ba58e1ad24/library/core/src/result.rs:1109:23
[INFO] [stdout]   20:     0x59f6eb68b2f3 - trust0_client::gateway::controller::signaling::certificate_reissue::tests::certreissueproc_on_loop_cycle_when_cert_reissue_event_and_no_existing_files::h12f935490695f517
[INFO] [stdout]                                at /opt/rustwide/workdir/crates/client/src/gateway/controller/signaling/certificate_reissue.rs:242:21
[INFO] [stdout]   21:     0x59f6eb68b1b7 - trust0_client::gateway::controller::signaling::certificate_reissue::tests::certreissueproc_on_loop_cycle_when_cert_reissue_event_and_no_existing_files::{{closure}}::h3b62ad1ca282e425
[INFO] [stdout]                                at /opt/rustwide/workdir/crates/client/src/gateway/controller/signaling/certificate_reissue.rs:240:85
[INFO] [stdout]   22:     0x59f6eb6400c6 - core::ops::function::FnOnce::call_once::h1cb3de68153777bf
[INFO] [stdout]                                at /rustc/6067b36314ab5eb2eb47cecc464545ba58e1ad24/library/core/src/ops/function.rs:250:5
[INFO] [stdout]   23:     0x59f6eb723eab - core::ops::function::FnOnce::call_once::he27718dfdd183f43
[INFO] [stdout]                                at /rustc/6067b36314ab5eb2eb47cecc464545ba58e1ad24/library/core/src/ops/function.rs:250:5
[INFO] [stdout]   24:     0x59f6eb723eab - test::__rust_begin_short_backtrace::h4e84902998457a5d
[INFO] [stdout]                                at /rustc/6067b36314ab5eb2eb47cecc464545ba58e1ad24/library/test/src/lib.rs:632:18
[INFO] [stdout]   25:     0x59f6eb722de3 - test::run_test_in_process::{{closure}}::h7176fd18fc1feca0
[INFO] [stdout]                                at /rustc/6067b36314ab5eb2eb47cecc464545ba58e1ad24/library/test/src/lib.rs:655:60
[INFO] [stdout]   26:     0x59f6eb722de3 - <core::panic::unwind_safe::AssertUnwindSafe<F> as core::ops::function::FnOnce<()>>::call_once::hf79cff2a624d8cf7
[INFO] [stdout]                                at /rustc/6067b36314ab5eb2eb47cecc464545ba58e1ad24/library/core/src/panic/unwind_safe.rs:272:9
[INFO] [stdout]   27:     0x59f6eb722de3 - std::panicking::try::do_call::h3da0561d9ab99c25
[INFO] [stdout]                                at /rustc/6067b36314ab5eb2eb47cecc464545ba58e1ad24/library/std/src/panicking.rs:587:40
[INFO] [stdout]   28:     0x59f6eb722de3 - std::panicking::try::h41c9fa508bc61df6
[INFO] [stdout]                                at /rustc/6067b36314ab5eb2eb47cecc464545ba58e1ad24/library/std/src/panicking.rs:550:19
[INFO] [stdout]   29:     0x59f6eb722de3 - std::panic::catch_unwind::h6b3ff07bb5afad93
[INFO] [stdout]                                at /rustc/6067b36314ab5eb2eb47cecc464545ba58e1ad24/library/std/src/panic.rs:358:14
[INFO] [stdout]   30:     0x59f6eb722de3 - test::run_test_in_process::hc7253dd11b39b9f4
[INFO] [stdout]                                at /rustc/6067b36314ab5eb2eb47cecc464545ba58e1ad24/library/test/src/lib.rs:655:27
[INFO] [stdout]   31:     0x59f6eb722de3 - test::run_test::{{closure}}::hfb2007f8649c30bb
[INFO] [stdout]                                at /rustc/6067b36314ab5eb2eb47cecc464545ba58e1ad24/library/test/src/lib.rs:576:43
[INFO] [stdout]   32:     0x59f6eb6e5ec5 - test::run_test::{{closure}}::h56a17aa7a282a9f4
[INFO] [stdout]                                at /rustc/6067b36314ab5eb2eb47cecc464545ba58e1ad24/library/test/src/lib.rs:606:41
[INFO] [stdout]   33:     0x59f6eb6e5ec5 - std::sys::backtrace::__rust_begin_short_backtrace::hd2d2d2fb8e8c6aac
[INFO] [stdout]                                at /rustc/6067b36314ab5eb2eb47cecc464545ba58e1ad24/library/std/src/sys/backtrace.rs:152:18
[INFO] [stdout]   34:     0x59f6eb6e97aa - std::thread::Builder::spawn_unchecked_::{{closure}}::{{closure}}::h4faa3f9db6133423
[INFO] [stdout]                                at /rustc/6067b36314ab5eb2eb47cecc464545ba58e1ad24/library/std/src/thread/mod.rs:559:17
[INFO] [stdout]   35:     0x59f6eb6e97aa - <core::panic::unwind_safe::AssertUnwindSafe<F> as core::ops::function::FnOnce<()>>::call_once::hf2e855a36a4ea846
[INFO] [stdout]                                at /rustc/6067b36314ab5eb2eb47cecc464545ba58e1ad24/library/core/src/panic/unwind_safe.rs:272:9
[INFO] [stdout]   36:     0x59f6eb6e97aa - std::panicking::try::do_call::h2f73af3616c35465
[INFO] [stdout]                                at /rustc/6067b36314ab5eb2eb47cecc464545ba58e1ad24/library/std/src/panicking.rs:587:40
[INFO] [stdout]   37:     0x59f6eb6e97aa - std::panicking::try::hd1660ce9efadef5a
[INFO] [stdout]                                at /rustc/6067b36314ab5eb2eb47cecc464545ba58e1ad24/library/std/src/panicking.rs:550:19
[INFO] [stdout]   38:     0x59f6eb6e97aa - std::panic::catch_unwind::h5ee8d7823b8ca744
[INFO] [stdout]                                at /rustc/6067b36314ab5eb2eb47cecc464545ba58e1ad24/library/std/src/panic.rs:358:14
[INFO] [stdout]   39:     0x59f6eb6e97aa - std::thread::Builder::spawn_unchecked_::{{closure}}::h53c3a1894dce8407
[INFO] [stdout]                                at /rustc/6067b36314ab5eb2eb47cecc464545ba58e1ad24/library/std/src/thread/mod.rs:557:30
[INFO] [stdout]   40:     0x59f6eb6e97aa - core::ops::function::FnOnce::call_once{{vtable.shim}}::h048ce291ad4f62bf
[INFO] [stdout]                                at /rustc/6067b36314ab5eb2eb47cecc464545ba58e1ad24/library/core/src/ops/function.rs:250:5
[INFO] [stdout]   41:     0x59f6ebe11e6b - <alloc::boxed::Box<F,A> as core::ops::function::FnOnce<Args>>::call_once::ha52bedf99a3b4981
[INFO] [stdout]                                at /rustc/6067b36314ab5eb2eb47cecc464545ba58e1ad24/library/alloc/src/boxed.rs:2013:9
[INFO] [stdout]   42:     0x59f6ebe11e6b - <alloc::boxed::Box<F,A> as core::ops::function::FnOnce<Args>>::call_once::h567748934d80ccf8
[INFO] [stdout]                                at /rustc/6067b36314ab5eb2eb47cecc464545ba58e1ad24/library/alloc/src/boxed.rs:2013:9
[INFO] [stdout]   43:     0x59f6ebe11e6b - std::sys::pal::unix::thread::Thread::new::thread_start::h2d970728ae887adc
[INFO] [stdout]                                at /rustc/6067b36314ab5eb2eb47cecc464545ba58e1ad24/library/std/src/sys/pal/unix/thread.rs:106:17
[INFO] [stdout]   44:     0x70a6a311fac3 - <unknown>
[INFO] [stdout]   45:     0x70a6a31b0a04 - clone
[INFO] [stdout]   46:                0x0 - <unknown>
[INFO] [stdout] 
[INFO] [stdout] 
[INFO] [stdout] failures:
[INFO] [stdout]     gateway::controller::signaling::certificate_reissue::tests::certreissueproc_on_loop_cycle_when_cert_reissue_event_and_existing_files
[INFO] [stdout]     gateway::controller::signaling::certificate_reissue::tests::certreissueproc_on_loop_cycle_when_cert_reissue_event_and_no_existing_files
[INFO] [stdout] 
[INFO] [stdout] test result: FAILED. 123 passed; 2 failed; 0 ignored; 0 measured; 0 filtered out; finished in 0.38s
[INFO] [stdout] 
[INFO] [stderr] error: test failed, to rerun pass `-p trust0-client --lib`
[INFO] running `Command { std: "docker" "inspect" "9ac91ef33d4933fda2d7f3f386850d60db4f602035a55bade3c7276c29d07a25", kill_on_drop: false }`
[INFO] running `Command { std: "docker" "rm" "-f" "9ac91ef33d4933fda2d7f3f386850d60db4f602035a55bade3c7276c29d07a25", kill_on_drop: false }`
[INFO] [stdout] 9ac91ef33d4933fda2d7f3f386850d60db4f602035a55bade3c7276c29d07a25
