[INFO] cloning repository https://github.com/chesedo/http-macros
[INFO] running `Command { std: "git" "-c" "credential.helper=" "-c" "credential.helper=/workspace/cargo-home/bin/git-credential-null" "clone" "--bare" "https://github.com/chesedo/http-macros" "/workspace/cache/git-repos/https%3A%2F%2Fgithub.com%2Fchesedo%2Fhttp-macros", kill_on_drop: false }`
[INFO] [stderr] Cloning into bare repository '/workspace/cache/git-repos/https%3A%2F%2Fgithub.com%2Fchesedo%2Fhttp-macros'...
[INFO] running `Command { std: "git" "rev-parse" "HEAD", kill_on_drop: false }`
[INFO] [stdout] 338746acb134d4aa99188187df4bdd03250cdf45
[INFO] testing chesedo/http-macros against nightly-2025-01-18 for randomize-layout-2
[INFO] running `Command { std: "git" "clone" "/workspace/cache/git-repos/https%3A%2F%2Fgithub.com%2Fchesedo%2Fhttp-macros" "/workspace/builds/worker-5-tc1/source", kill_on_drop: false }`
[INFO] [stderr] Cloning into '/workspace/builds/worker-5-tc1/source'...
[INFO] [stderr] done.
[INFO] validating manifest of git repo https://github.com/chesedo/http-macros on toolchain nightly-2025-01-18
[INFO] running `Command { std: CARGO_HOME="/workspace/cargo-home" RUSTUP_HOME="/workspace/rustup-home" "/workspace/cargo-home/bin/cargo" "+nightly-2025-01-18" "metadata" "--manifest-path" "Cargo.toml" "--no-deps", kill_on_drop: false }`
[INFO] started tweaking git repo https://github.com/chesedo/http-macros
[INFO] finished tweaking git repo https://github.com/chesedo/http-macros
[INFO] tweaked toml for git repo https://github.com/chesedo/http-macros written to /workspace/builds/worker-5-tc1/source/Cargo.toml
[INFO] crate git repo https://github.com/chesedo/http-macros already has a lockfile, it will not be regenerated
[INFO] running `Command { std: CARGO_HOME="/workspace/cargo-home" RUSTUP_HOME="/workspace/rustup-home" "/workspace/cargo-home/bin/cargo" "+nightly-2025-01-18" "fetch" "--manifest-path" "Cargo.toml", kill_on_drop: false }`
[INFO] running `Command { std: "docker" "create" "-v" "/var/lib/crater-agent-workspace/builds/worker-5-tc1/target:/opt/rustwide/target:rw,Z" "-v" "/var/lib/crater-agent-workspace/builds/worker-5-tc1/source:/opt/rustwide/workdir:ro,Z" "-v" "/var/lib/crater-agent-workspace/cargo-home:/opt/rustwide/cargo-home:ro,Z" "-v" "/var/lib/crater-agent-workspace/rustup-home:/opt/rustwide/rustup-home:ro,Z" "-e" "SOURCE_DIR=/opt/rustwide/workdir" "-e" "CARGO_TARGET_DIR=/opt/rustwide/target" "-e" "CARGO_HOME=/opt/rustwide/cargo-home" "-e" "RUSTUP_HOME=/opt/rustwide/rustup-home" "-w" "/opt/rustwide/workdir" "-m" "1610612736" "--user" "0:0" "--network" "none" "ghcr.io/rust-lang/crates-build-env/linux@sha256:819108c5571ea2e421544af4d832f968d213c87fbe3707a016657f43d2f853bc" "/opt/rustwide/cargo-home/bin/cargo" "+nightly-2025-01-18" "metadata" "--no-deps" "--format-version=1", kill_on_drop: false }`
[INFO] [stdout] 4d0824e2ece1894b910f183b2748202f361da22433a48a6457042fbfdf056625
[INFO] running `Command { std: "docker" "start" "-a" "4d0824e2ece1894b910f183b2748202f361da22433a48a6457042fbfdf056625", kill_on_drop: false }`
[INFO] running `Command { std: "docker" "inspect" "4d0824e2ece1894b910f183b2748202f361da22433a48a6457042fbfdf056625", kill_on_drop: false }`
[INFO] running `Command { std: "docker" "rm" "-f" "4d0824e2ece1894b910f183b2748202f361da22433a48a6457042fbfdf056625", kill_on_drop: false }`
[INFO] [stdout] 4d0824e2ece1894b910f183b2748202f361da22433a48a6457042fbfdf056625
[INFO] running `Command { std: "docker" "create" "-v" "/var/lib/crater-agent-workspace/builds/worker-5-tc1/target:/opt/rustwide/target:rw,Z" "-v" "/var/lib/crater-agent-workspace/builds/worker-5-tc1/source:/opt/rustwide/workdir:ro,Z" "-v" "/var/lib/crater-agent-workspace/cargo-home:/opt/rustwide/cargo-home:ro,Z" "-v" "/var/lib/crater-agent-workspace/rustup-home:/opt/rustwide/rustup-home:ro,Z" "-e" "SOURCE_DIR=/opt/rustwide/workdir" "-e" "CARGO_TARGET_DIR=/opt/rustwide/target" "-e" "CARGO_INCREMENTAL=0" "-e" "RUST_BACKTRACE=full" "-e" "RUSTFLAGS=--cap-lints=forbid" "-e" "RUSTDOCFLAGS=--cap-lints=forbid" "-e" "CARGO_HOME=/opt/rustwide/cargo-home" "-e" "RUSTUP_HOME=/opt/rustwide/rustup-home" "-w" "/opt/rustwide/workdir" "-m" "1610612736" "--user" "0:0" "--network" "none" "ghcr.io/rust-lang/crates-build-env/linux@sha256:819108c5571ea2e421544af4d832f968d213c87fbe3707a016657f43d2f853bc" "/opt/rustwide/cargo-home/bin/cargo" "+nightly-2025-01-18" "build" "--frozen" "--message-format=json", kill_on_drop: false }`
[INFO] [stdout] d02cdb2a6f662034888a6a2daf7219205ff05e2556e7f6c0a0a399bb9c3420dc
[INFO] running `Command { std: "docker" "start" "-a" "d02cdb2a6f662034888a6a2daf7219205ff05e2556e7f6c0a0a399bb9c3420dc", kill_on_drop: false }`
[INFO] [stderr]    Compiling version_check v0.9.4
[INFO] [stderr]    Compiling proc-macro2 v1.0.85
[INFO] [stderr]    Compiling unicode-ident v1.0.12
[INFO] [stderr]    Compiling proc-macro-error-attr v1.0.4
[INFO] [stderr]    Compiling proc-macro-error v1.0.4
[INFO] [stderr]    Compiling quote v1.0.36
[INFO] [stderr]    Compiling http-macros v0.1.0 (/opt/rustwide/workdir)
[INFO] [stderr]     Finished `dev` profile [unoptimized + debuginfo] target(s) in 3.77s
[INFO] running `Command { std: "docker" "inspect" "d02cdb2a6f662034888a6a2daf7219205ff05e2556e7f6c0a0a399bb9c3420dc", kill_on_drop: false }`
[INFO] running `Command { std: "docker" "rm" "-f" "d02cdb2a6f662034888a6a2daf7219205ff05e2556e7f6c0a0a399bb9c3420dc", kill_on_drop: false }`
[INFO] [stdout] d02cdb2a6f662034888a6a2daf7219205ff05e2556e7f6c0a0a399bb9c3420dc
[INFO] running `Command { std: "docker" "create" "-v" "/var/lib/crater-agent-workspace/builds/worker-5-tc1/target:/opt/rustwide/target:rw,Z" "-v" "/var/lib/crater-agent-workspace/builds/worker-5-tc1/source:/opt/rustwide/workdir:ro,Z" "-v" "/var/lib/crater-agent-workspace/cargo-home:/opt/rustwide/cargo-home:ro,Z" "-v" "/var/lib/crater-agent-workspace/rustup-home:/opt/rustwide/rustup-home:ro,Z" "-e" "SOURCE_DIR=/opt/rustwide/workdir" "-e" "CARGO_TARGET_DIR=/opt/rustwide/target" "-e" "CARGO_INCREMENTAL=0" "-e" "RUST_BACKTRACE=full" "-e" "RUSTFLAGS=--cap-lints=forbid" "-e" "RUSTDOCFLAGS=--cap-lints=forbid" "-e" "CARGO_HOME=/opt/rustwide/cargo-home" "-e" "RUSTUP_HOME=/opt/rustwide/rustup-home" "-w" "/opt/rustwide/workdir" "-m" "1610612736" "--user" "0:0" "--network" "none" "ghcr.io/rust-lang/crates-build-env/linux@sha256:819108c5571ea2e421544af4d832f968d213c87fbe3707a016657f43d2f853bc" "/opt/rustwide/cargo-home/bin/cargo" "+nightly-2025-01-18" "test" "--frozen" "--no-run" "--message-format=json", kill_on_drop: false }`
[INFO] [stdout] 494a511b4400d8b46ab227e1069ab2770d52b5e0e7948ed40ea243fec38ed8c1
[INFO] running `Command { std: "docker" "start" "-a" "494a511b4400d8b46ab227e1069ab2770d52b5e0e7948ed40ea243fec38ed8c1", kill_on_drop: false }`
[INFO] [stderr]    Compiling proc-macro2 v1.0.85
[INFO] [stderr]    Compiling unicode-ident v1.0.12
[INFO] [stderr]    Compiling serde v1.0.203
[INFO] [stderr]    Compiling equivalent v1.0.1
[INFO] [stderr]    Compiling hashbrown v0.14.5
[INFO] [stderr]    Compiling serde_json v1.0.117
[INFO] [stderr]    Compiling itoa v1.0.11
[INFO] [stderr]    Compiling winnow v0.6.13
[INFO] [stderr]    Compiling trybuild v1.0.96
[INFO] [stderr]    Compiling ryu v1.0.18
[INFO] [stderr]    Compiling bytes v1.6.0
[INFO] [stderr]    Compiling glob v0.3.1
[INFO] [stderr]    Compiling fnv v1.0.7
[INFO] [stderr]    Compiling termcolor v1.4.1
[INFO] [stderr]    Compiling proc-macro-error v1.0.4
[INFO] [stderr]    Compiling http v1.1.0
[INFO] [stderr]    Compiling quote v1.0.36
[INFO] [stderr]    Compiling syn v2.0.66
[INFO] [stderr]    Compiling proc-macro-error-attr v1.0.4
[INFO] [stderr]    Compiling indexmap v2.2.6
[INFO] [stderr]    Compiling http-macros v0.1.0 (/opt/rustwide/workdir)
[INFO] [stderr]    Compiling serde_derive v1.0.203
[INFO] [stderr]    Compiling toml_datetime v0.6.6
[INFO] [stderr]    Compiling serde_spanned v0.6.6
[INFO] [stderr]    Compiling toml_edit v0.22.14
[INFO] [stderr]    Compiling toml v0.8.14
[INFO] [stderr]     Finished `test` profile [unoptimized + debuginfo] target(s) in 17.74s
[INFO] running `Command { std: "docker" "inspect" "494a511b4400d8b46ab227e1069ab2770d52b5e0e7948ed40ea243fec38ed8c1", kill_on_drop: false }`
[INFO] running `Command { std: "docker" "rm" "-f" "494a511b4400d8b46ab227e1069ab2770d52b5e0e7948ed40ea243fec38ed8c1", kill_on_drop: false }`
[INFO] [stdout] 494a511b4400d8b46ab227e1069ab2770d52b5e0e7948ed40ea243fec38ed8c1
[INFO] running `Command { std: "docker" "create" "-v" "/var/lib/crater-agent-workspace/builds/worker-5-tc1/target:/opt/rustwide/target:rw,Z" "-v" "/var/lib/crater-agent-workspace/builds/worker-5-tc1/source:/opt/rustwide/workdir:ro,Z" "-v" "/var/lib/crater-agent-workspace/cargo-home:/opt/rustwide/cargo-home:ro,Z" "-v" "/var/lib/crater-agent-workspace/rustup-home:/opt/rustwide/rustup-home:ro,Z" "-e" "SOURCE_DIR=/opt/rustwide/workdir" "-e" "CARGO_TARGET_DIR=/opt/rustwide/target" "-e" "CARGO_INCREMENTAL=0" "-e" "RUST_BACKTRACE=full" "-e" "RUSTFLAGS=--cap-lints=forbid" "-e" "RUSTDOCFLAGS=--cap-lints=forbid" "-e" "CARGO_HOME=/opt/rustwide/cargo-home" "-e" "RUSTUP_HOME=/opt/rustwide/rustup-home" "-w" "/opt/rustwide/workdir" "-m" "1610612736" "--user" "0:0" "--network" "none" "ghcr.io/rust-lang/crates-build-env/linux@sha256:819108c5571ea2e421544af4d832f968d213c87fbe3707a016657f43d2f853bc" "/opt/rustwide/cargo-home/bin/cargo" "+nightly-2025-01-18" "test" "--frozen", kill_on_drop: false }`
[INFO] [stdout] 43d7dc431bfd4123b363c9540b797d60ba4772a2971d9688c78b57d00c621cce
[INFO] running `Command { std: "docker" "start" "-a" "43d7dc431bfd4123b363c9540b797d60ba4772a2971d9688c78b57d00c621cce", kill_on_drop: false }`
[INFO] [stderr]     Finished `test` profile [unoptimized + debuginfo] target(s) in 0.09s
[INFO] [stderr]      Running unittests src/lib.rs (/opt/rustwide/target/debug/deps/http_macros-4584d4719665907a)
[INFO] [stdout] 
[INFO] [stdout] running 13 tests
[INFO] [stdout] test parser::tests::parser_simple ... ok
[INFO] [stdout] test parser::tests::parser_with_complex_headers ... ok
[INFO] [stdout] test parser::tests::parser_with_headers ... ok
[INFO] [stdout] test parser::tests::tokenizer_next ... ok
[INFO] [stdout] test request::tests::output ... ok
[INFO] [stdout] test parser::tests::parser_with_headers_and_body ... ok
[INFO] [stdout] test request_builder::tests::with_headers ... ok
[INFO] [stdout] test request_builder::tests::with_version ... ok
[INFO] [stdout] test request::tests::simple ... ok
[INFO] [stdout] test request_builder::tests::basic ... ok
[INFO] [stdout] test request_builder::tests::basic_output ... ok
[INFO] [stdout] test request_builder::tests::header_output ... ok
[INFO] [stdout] test request_builder::tests::version_output ... ok
[INFO] [stdout] 
[INFO] [stdout] test result: ok. 13 passed; 0 failed; 0 ignored; 0 measured; 0 filtered out; finished in 0.01s
[INFO] [stdout] 
[INFO] [stderr]      Running tests/request.rs (/opt/rustwide/target/debug/deps/request-bd459fc3a99c7bce)
[INFO] [stdout] 
[INFO] [stdout] running 6 tests
[INFO] [stdout] test test_body ... ok
[INFO] [stdout] test test_method ... ok
[INFO] [stdout] test test_version ... ok
[INFO] [stdout] test test_headers ... ok
[INFO] [stdout] test test_uri ... ok
[INFO] [stderr]    Compiling proc-macro2 v1.0.85
[INFO] [stderr]    Compiling version_check v0.9.4
[INFO] [stderr]    Compiling unicode-ident v1.0.12
[INFO] [stderr]     Checking fnv v1.0.7
[INFO] [stderr]     Checking itoa v1.0.11
[INFO] [stderr]     Checking bytes v1.6.0
[INFO] [stderr]    Compiling proc-macro-error-attr v1.0.4
[INFO] [stderr]    Compiling proc-macro-error v1.0.4
[INFO] [stderr]     Checking http v1.1.0
[INFO] [stderr]    Compiling quote v1.0.36
[INFO] [stderr]    Compiling http-macros v0.1.0 (/opt/rustwide/workdir)
[INFO] [stderr]     Checking http-macros-tests v0.0.0 (/opt/rustwide/target/tests/trybuild/http-macros)
[INFO] [stderr]     Finished `dev` profile [unoptimized + debuginfo] target(s) in 5.15s
[INFO] [stderr] 
[INFO] [stderr] 
[INFO] [stderr] test tests/ui/request/empty.rs ... mismatch
[INFO] [stderr] 
[INFO] [stderr] EXPECTED:
[INFO] [stderr] ┈┈┈┈┈┈┈┈┈┈┈┈┈┈┈┈┈┈┈┈┈┈┈┈┈┈┈┈┈┈┈┈┈┈┈┈┈┈┈┈┈┈┈┈┈┈┈┈┈┈┈┈┈┈┈┈┈┈┈┈
[INFO] [stderr] error: Missing request
[INFO] [stderr] 
[INFO] [stderr]          = help: Try `request!(GET /hello)`
[INFO] [stderr] 
[INFO] [stderr]  --> tests/ui/request/empty.rs:4:15
[INFO] [stderr]   |
[INFO] [stderr] 4 |     let req = request!();
[INFO] [stderr]   |               ^^^^^^^^^^
[INFO] [stderr]   |
[INFO] [stderr]   = note: this error originates in the macro `request` (in Nightly builds, run with -Z macro-backtrace for more info)
[INFO] [stderr] ┈┈┈┈┈┈┈┈┈┈┈┈┈┈┈┈┈┈┈┈┈┈┈┈┈┈┈┈┈┈┈┈┈┈┈┈┈┈┈┈┈┈┈┈┈┈┈┈┈┈┈┈┈┈┈┈┈┈┈┈
[INFO] [stderr] 
[INFO] [stderr] ACTUAL OUTPUT:
[INFO] [stderr] ┈┈┈┈┈┈┈┈┈┈┈┈┈┈┈┈┈┈┈┈┈┈┈┈┈┈┈┈┈┈┈┈┈┈┈┈┈┈┈┈┈┈┈┈┈┈┈┈┈┈┈┈┈┈┈┈┈┈┈┈
[INFO] [stderr] error: Missing request
[INFO] [stderr]  --> tests/ui/request/empty.rs:4:15
[INFO] [stderr]   |
[INFO] [stderr] 4 |     let req = request!();
[INFO] [stderr]   |               ^^^^^^^^^^
[INFO] [stderr]   |
[INFO] [stderr]   = help: Try `request!(GET /hello)`
[INFO] [stderr]   = note: this error originates in the macro `request` (in Nightly builds, run with -Z macro-backtrace for more info)
[INFO] [stderr] 
[INFO] [stderr] error: expected expression, found end of macro arguments
[INFO] [stderr]  --> tests/ui/request/empty.rs:4:15
[INFO] [stderr]   |
[INFO] [stderr] 4 |     let req = request!();
[INFO] [stderr]   |               ^^^^^^^^^^
[INFO] [stderr] ┈┈┈┈┈┈┈┈┈┈┈┈┈┈┈┈┈┈┈┈┈┈┈┈┈┈┈┈┈┈┈┈┈┈┈┈┈┈┈┈┈┈┈┈┈┈┈┈┈┈┈┈┈┈┈┈┈┈┈┈
[INFO] [stderr] note: If the actual output is the correct output you can bless it by rerunning
[INFO] [stderr]       your test with the environment variable TRYBUILD=overwrite
[INFO] [stderr] 
[INFO] [stderr] test tests/ui/request/malformed.rs ... mismatch
[INFO] [stderr] 
[INFO] [stderr] EXPECTED:
[INFO] [stderr] ┈┈┈┈┈┈┈┈┈┈┈┈┈┈┈┈┈┈┈┈┈┈┈┈┈┈┈┈┈┈┈┈┈┈┈┈┈┈┈┈┈┈┈┈┈┈┈┈┈┈┈┈┈┈┈┈┈┈┈┈
[INFO] [stderr] error: Unexpected group
[INFO] [stderr] 
[INFO] [stderr]          = help: Try `request!(GET /)`
[INFO] [stderr] 
[INFO] [stderr]  --> tests/ui/request/malformed.rs:5:25
[INFO] [stderr]   |
[INFO] [stderr] 5 |     let _req = request!({GET /});
[INFO] [stderr]   |                         ^^^^^^^
[INFO] [stderr] 
[INFO] [stderr] error: Unexpected token
[INFO] [stderr] 
[INFO] [stderr]          = help: Try `request!(GET /hello)`
[INFO] [stderr] 
[INFO] [stderr]  --> tests/ui/request/malformed.rs:8:25
[INFO] [stderr]   |
[INFO] [stderr] 8 |     let _req = request!(!GET /);
[INFO] [stderr]   |                         ^
[INFO] [stderr] 
[INFO] [stderr] error: Missing URI
[INFO] [stderr] 
[INFO] [stderr]          = help: Try `request!(POST /)`
[INFO] [stderr] 
[INFO] [stderr]   --> tests/ui/request/malformed.rs:11:16
[INFO] [stderr]    |
[INFO] [stderr] 11 |     let _req = request!(POST);
[INFO] [stderr]    |                ^^^^^^^^^^^^^^
[INFO] [stderr]    |
[INFO] [stderr]    = note: this error originates in the macro `request` (in Nightly builds, run with -Z macro-backtrace for more info)
[INFO] [stderr] 
[INFO] [stderr] error: unexpected extra request line item
[INFO] [stderr] 
[INFO] [stderr]          = help: Try `request!(POST /reminder HTTP/1.1)`
[INFO] [stderr] 
[INFO] [stderr]   --> tests/ui/request/malformed.rs:14:16
[INFO] [stderr]    |
[INFO] [stderr] 14 |     let _req = request!(POST /reminder HTTP/1.1 extra);
[INFO] [stderr]    |                ^^^^^^^^^^^^^^^^^^^^^^^^^^^^^^^^^^^^^^^
[INFO] [stderr]    |
[INFO] [stderr]    = note: this error originates in the macro `request` (in Nightly builds, run with -Z macro-backtrace for more info)
[INFO] [stderr] 
[INFO] [stderr] error: Invalid HTTP version
[INFO] [stderr] 
[INFO] [stderr]          = help: Valid versions are: HTTP/0.9, HTTP/1.0, HTTP/1.1, HTTP/2.0, HTTP/3.0
[INFO] [stderr] 
[INFO] [stderr]   --> tests/ui/request/malformed.rs:17:16
[INFO] [stderr]    |
[INFO] [stderr] 17 |     let _req = request!(POST /reminder HTTP/0.8);
[INFO] [stderr]    |                ^^^^^^^^^^^^^^^^^^^^^^^^^^^^^^^^^
[INFO] [stderr]    |
[INFO] [stderr]    = note: this error originates in the macro `request` (in Nightly builds, run with -Z macro-backtrace for more info)
[INFO] [stderr] ┈┈┈┈┈┈┈┈┈┈┈┈┈┈┈┈┈┈┈┈┈┈┈┈┈┈┈┈┈┈┈┈┈┈┈┈┈┈┈┈┈┈┈┈┈┈┈┈┈┈┈┈┈┈┈┈┈┈┈┈
[INFO] [stderr] 
[INFO] [stderr] ACTUAL OUTPUT:
[INFO] [stderr] ┈┈┈┈┈┈┈┈┈┈┈┈┈┈┈┈┈┈┈┈┈┈┈┈┈┈┈┈┈┈┈┈┈┈┈┈┈┈┈┈┈┈┈┈┈┈┈┈┈┈┈┈┈┈┈┈┈┈┈┈
[INFO] [stderr] error: Unexpected group
[INFO] [stderr]  --> tests/ui/request/malformed.rs:5:25
[INFO] [stderr]   |
[INFO] [stderr] 5 |     let _req = request!({GET /});
[INFO] [stderr]   |                         ^^^^^^^
[INFO] [stderr]   |
[INFO] [stderr]   = help: Try `request!(GET /)`
[INFO] [stderr] 
[INFO] [stderr] error: expected expression, found end of macro arguments
[INFO] [stderr]  --> tests/ui/request/malformed.rs:5:16
[INFO] [stderr]   |
[INFO] [stderr] 5 |     let _req = request!({GET /});
[INFO] [stderr]   |                ^^^^^^^^^^^^^^^^^
[INFO] [stderr] 
[INFO] [stderr] error: Unexpected token
[INFO] [stderr]  --> tests/ui/request/malformed.rs:8:25
[INFO] [stderr]   |
[INFO] [stderr] 8 |     let _req = request!(!GET /);
[INFO] [stderr]   |                         ^
[INFO] [stderr]   |
[INFO] [stderr]   = help: Try `request!(GET /hello)`
[INFO] [stderr] 
[INFO] [stderr] error: expected expression, found end of macro arguments
[INFO] [stderr]  --> tests/ui/request/malformed.rs:8:16
[INFO] [stderr]   |
[INFO] [stderr] 8 |     let _req = request!(!GET /);
[INFO] [stderr]   |                ^^^^^^^^^^^^^^^^
[INFO] [stderr] 
[INFO] [stderr] error: Missing URI
[INFO] [stderr]   --> tests/ui/request/malformed.rs:11:16
[INFO] [stderr]    |
[INFO] [stderr] 11 |     let _req = request!(POST);
[INFO] [stderr]    |                ^^^^^^^^^^^^^^
[INFO] [stderr]    |
[INFO] [stderr]    = help: Try `request!(POST /)`
[INFO] [stderr]    = note: this error originates in the macro `request` (in Nightly builds, run with -Z macro-backtrace for more info)
[INFO] [stderr] 
[INFO] [stderr] error: expected expression, found end of macro arguments
[INFO] [stderr]   --> tests/ui/request/malformed.rs:11:16
[INFO] [stderr]    |
[INFO] [stderr] 11 |     let _req = request!(POST);
[INFO] [stderr]    |                ^^^^^^^^^^^^^^
[INFO] [stderr] 
[INFO] [stderr] error: unexpected extra request line item
[INFO] [stderr]   --> tests/ui/request/malformed.rs:14:16
[INFO] [stderr]    |
[INFO] [stderr] 14 |     let _req = request!(POST /reminder HTTP/1.1 extra);
[INFO] [stderr]    |                ^^^^^^^^^^^^^^^^^^^^^^^^^^^^^^^^^^^^^^^
[INFO] [stderr]    |
[INFO] [stderr]    = help: Try `request!(POST /reminder HTTP/1.1)`
[INFO] [stderr]    = note: this error originates in the macro `request` (in Nightly builds, run with -Z macro-backtrace for more info)
[INFO] [stderr] 
[INFO] [stderr] error: expected expression, found end of macro arguments
[INFO] [stderr]   --> tests/ui/request/malformed.rs:14:16
[INFO] [stderr]    |
[INFO] [stderr] 14 |     let _req = request!(POST /reminder HTTP/1.1 extra);
[INFO] [stderr]    |                ^^^^^^^^^^^^^^^^^^^^^^^^^^^^^^^^^^^^^^^
[INFO] [stderr] 
[INFO] [stderr] error: Invalid HTTP version
[INFO] [stderr]   --> tests/ui/request/malformed.rs:17:16
[INFO] [stderr]    |
[INFO] [stderr] 17 |     let _req = request!(POST /reminder HTTP/0.8);
[INFO] [stderr]    |                ^^^^^^^^^^^^^^^^^^^^^^^^^^^^^^^^^
[INFO] [stderr]    |
[INFO] [stderr]    = help: Valid versions are: HTTP/0.9, HTTP/1.0, HTTP/1.1, HTTP/2.0, HTTP/3.0
[INFO] [stderr]    = note: this error originates in the macro `request` (in Nightly builds, run with -Z macro-backtrace for more info)
[INFO] [stderr] 
[INFO] [stderr] error: expected expression, found end of macro arguments
[INFO] [stderr]   --> tests/ui/request/malformed.rs:17:16
[INFO] [stderr]    |
[INFO] [stderr] 17 |     let _req = request!(POST /reminder HTTP/0.8);
[INFO] [stderr]    |                ^^^^^^^^^^^^^^^^^^^^^^^^^^^^^^^^^
[INFO] [stderr] ┈┈┈┈┈┈┈┈┈┈┈┈┈┈┈┈┈┈┈┈┈┈┈┈┈┈┈┈┈┈┈┈┈┈┈┈┈┈┈┈┈┈┈┈┈┈┈┈┈┈┈┈┈┈┈┈┈┈┈┈
[INFO] [stderr] note: If the actual output is the correct output you can bless it by rerunning
[INFO] [stderr]       your test with the environment variable TRYBUILD=overwrite
[INFO] [stderr] 
[INFO] [stderr] test tests/ui/request/non-utf8-body.rs ... ok
[INFO] [stderr] 
[INFO] [stderr] 
[INFO] [stdout] test ui ... FAILED
[INFO] [stdout] 
[INFO] [stdout] failures:
[INFO] [stdout] 
[INFO] [stdout] ---- ui stdout ----
[INFO] [stdout] 
[INFO] [stdout] thread 'ui' panicked at /opt/rustwide/cargo-home/registry/src/index.crates.io-1949cf8c6b5b557f/trybuild-1.0.96/src/run.rs:101:13:
[INFO] [stdout] 2 of 3 tests failed
[INFO] [stdout] stack backtrace:
[INFO] [stdout]    0:     0x63af9c7de42a - std::backtrace_rs::backtrace::libunwind::trace::hb059275cfc8d6126
[INFO] [stdout]                                at /rustc/6067b36314ab5eb2eb47cecc464545ba58e1ad24/library/std/src/../../backtrace/src/backtrace/libunwind.rs:116:5
[INFO] [stdout]    1:     0x63af9c7de42a - std::backtrace_rs::backtrace::trace_unsynchronized::h2da071e4327ce3ee
[INFO] [stdout]                                at /rustc/6067b36314ab5eb2eb47cecc464545ba58e1ad24/library/std/src/../../backtrace/src/backtrace/mod.rs:66:5
[INFO] [stdout]    2:     0x63af9c7de42a - std::sys::backtrace::_print_fmt::h842a1474e6f8d23f
[INFO] [stdout]                                at /rustc/6067b36314ab5eb2eb47cecc464545ba58e1ad24/library/std/src/sys/backtrace.rs:66:9
[INFO] [stdout]    3:     0x63af9c7de42a - <std::sys::backtrace::BacktraceLock::print::DisplayBacktrace as core::fmt::Display>::fmt::h71a62eb3b9696b12
[INFO] [stdout]                                at /rustc/6067b36314ab5eb2eb47cecc464545ba58e1ad24/library/std/src/sys/backtrace.rs:39:26
[INFO] [stdout]    4:     0x63af9c809223 - core::fmt::rt::Argument::fmt::hdb6b616786b41dc1
[INFO] [stdout]                                at /rustc/6067b36314ab5eb2eb47cecc464545ba58e1ad24/library/core/src/fmt/rt.rs:177:76
[INFO] [stdout]    5:     0x63af9c809223 - core::fmt::write::h2cc1698af7e2d686
[INFO] [stdout]                                at /rustc/6067b36314ab5eb2eb47cecc464545ba58e1ad24/library/core/src/fmt/mod.rs:1440:21
[INFO] [stdout]    6:     0x63af9c7da353 - std::io::Write::write_fmt::hab1b4cd059a79022
[INFO] [stdout]                                at /rustc/6067b36314ab5eb2eb47cecc464545ba58e1ad24/library/std/src/io/mod.rs:1887:15
[INFO] [stdout]    7:     0x63af9c7de272 - std::sys::backtrace::BacktraceLock::print::h147fe35b4ea13b08
[INFO] [stdout]                                at /rustc/6067b36314ab5eb2eb47cecc464545ba58e1ad24/library/std/src/sys/backtrace.rs:42:9
[INFO] [stdout]    8:     0x63af9c7df84f - std::panicking::default_hook::{{closure}}::hbd44223dbdc0d208
[INFO] [stdout]                                at /rustc/6067b36314ab5eb2eb47cecc464545ba58e1ad24/library/std/src/panicking.rs:298:22
[INFO] [stdout]    9:     0x63af9c7df668 - std::panicking::default_hook::h20f81eb0576efcec
[INFO] [stdout]                                at /rustc/6067b36314ab5eb2eb47cecc464545ba58e1ad24/library/std/src/panicking.rs:322:9
[INFO] [stdout]   10:     0x63af9c78cd23 - <alloc::boxed::Box<F,A> as core::ops::function::Fn<Args>>::call::hdb53814c496a4d34
[INFO] [stdout]                                at /rustc/6067b36314ab5eb2eb47cecc464545ba58e1ad24/library/alloc/src/boxed.rs:2027:9
[INFO] [stdout]   11:     0x63af9c78cd23 - test::test_main::{{closure}}::hc0a4963c59427c24
[INFO] [stdout]                                at /rustc/6067b36314ab5eb2eb47cecc464545ba58e1ad24/library/test/src/lib.rs:134:21
[INFO] [stdout]   12:     0x63af9c7e0343 - <alloc::boxed::Box<F,A> as core::ops::function::Fn<Args>>::call::h591b2225413a77e9
[INFO] [stdout]                                at /rustc/6067b36314ab5eb2eb47cecc464545ba58e1ad24/library/alloc/src/boxed.rs:2027:9
[INFO] [stdout]   13:     0x63af9c7e0343 - std::panicking::rust_panic_with_hook::h625eea43051b2edc
[INFO] [stdout]                                at /rustc/6067b36314ab5eb2eb47cecc464545ba58e1ad24/library/std/src/panicking.rs:839:13
[INFO] [stdout]   14:     0x63af9c7dfffa - std::panicking::begin_panic_handler::{{closure}}::h4f9159cfbc3f6bd3
[INFO] [stdout]                                at /rustc/6067b36314ab5eb2eb47cecc464545ba58e1ad24/library/std/src/panicking.rs:704:13
[INFO] [stdout]   15:     0x63af9c7de929 - std::sys::backtrace::__rust_end_short_backtrace::h0390abce48353151
[INFO] [stdout]                                at /rustc/6067b36314ab5eb2eb47cecc464545ba58e1ad24/library/std/src/sys/backtrace.rs:168:18
[INFO] [stdout]   16:     0x63af9c7dfc8d - rust_begin_unwind
[INFO] [stdout]                                at /rustc/6067b36314ab5eb2eb47cecc464545ba58e1ad24/library/std/src/panicking.rs:695:5
[INFO] [stdout]   17:     0x63af9c807540 - core::panicking::panic_fmt::h9e7c637e9e5f29c9
[INFO] [stdout]                                at /rustc/6067b36314ab5eb2eb47cecc464545ba58e1ad24/library/core/src/panicking.rs:75:14
[INFO] [stdout]   18:     0x63af9c508434 - trybuild::run::<impl trybuild::Runner>::run::hfc42cf5ad607edc2
[INFO] [stdout]                                at /opt/rustwide/cargo-home/registry/src/index.crates.io-1949cf8c6b5b557f/trybuild-1.0.96/src/run.rs:101:13
[INFO] [stdout]   19:     0x63af9c50fe38 - <trybuild::TestCases as core::ops::drop::Drop>::drop::hb53c87cf7026a2ea
[INFO] [stdout]                                at /opt/rustwide/cargo-home/registry/src/index.crates.io-1949cf8c6b5b557f/trybuild-1.0.96/src/lib.rs:318:13
[INFO] [stdout]   20:     0x63af9c4b1717 - core::ptr::drop_in_place<trybuild::TestCases>::h6b3ea978d311c12f
[INFO] [stdout]                                at /rustc/6067b36314ab5eb2eb47cecc464545ba58e1ad24/library/core/src/ptr/mod.rs:523:1
[INFO] [stdout]   21:     0x63af9c4b9863 - request::ui::h2760bc408dd94539
[INFO] [stdout]                                at /opt/rustwide/workdir/tests/request.rs:49:1
[INFO] [stdout]   22:     0x63af9c4b97f7 - request::ui::{{closure}}::he6a6b3e2c73189da
[INFO] [stdout]                                at /opt/rustwide/workdir/tests/request.rs:46:8
[INFO] [stdout]   23:     0x63af9c4b14d6 - core::ops::function::FnOnce::call_once::h16cd0ae2627670ca
[INFO] [stdout]                                at /rustc/6067b36314ab5eb2eb47cecc464545ba58e1ad24/library/core/src/ops/function.rs:250:5
[INFO] [stdout]   24:     0x63af9c79247b - core::ops::function::FnOnce::call_once::he27718dfdd183f43
[INFO] [stdout]                                at /rustc/6067b36314ab5eb2eb47cecc464545ba58e1ad24/library/core/src/ops/function.rs:250:5
[INFO] [stdout]   25:     0x63af9c79247b - test::__rust_begin_short_backtrace::h4e84902998457a5d
[INFO] [stdout]                                at /rustc/6067b36314ab5eb2eb47cecc464545ba58e1ad24/library/test/src/lib.rs:632:18
[INFO] [stdout]   26:     0x63af9c7913b3 - test::run_test_in_process::{{closure}}::h7176fd18fc1feca0
[INFO] [stdout]                                at /rustc/6067b36314ab5eb2eb47cecc464545ba58e1ad24/library/test/src/lib.rs:655:60
[INFO] [stdout]   27:     0x63af9c7913b3 - <core::panic::unwind_safe::AssertUnwindSafe<F> as core::ops::function::FnOnce<()>>::call_once::hf79cff2a624d8cf7
[INFO] [stdout]                                at /rustc/6067b36314ab5eb2eb47cecc464545ba58e1ad24/library/core/src/panic/unwind_safe.rs:272:9
[INFO] [stdout]   28:     0x63af9c7913b3 - std::panicking::try::do_call::h3da0561d9ab99c25
[INFO] [stdout]                                at /rustc/6067b36314ab5eb2eb47cecc464545ba58e1ad24/library/std/src/panicking.rs:587:40
[INFO] [stdout]   29:     0x63af9c7913b3 - std::panicking::try::h41c9fa508bc61df6
[INFO] [stdout]                                at /rustc/6067b36314ab5eb2eb47cecc464545ba58e1ad24/library/std/src/panicking.rs:550:19
[INFO] [stdout]   30:     0x63af9c7913b3 - std::panic::catch_unwind::h6b3ff07bb5afad93
[INFO] [stdout]                                at /rustc/6067b36314ab5eb2eb47cecc464545ba58e1ad24/library/std/src/panic.rs:358:14
[INFO] [stdout]   31:     0x63af9c7913b3 - test::run_test_in_process::hc7253dd11b39b9f4
[INFO] [stdout]                                at /rustc/6067b36314ab5eb2eb47cecc464545ba58e1ad24/library/test/src/lib.rs:655:27
[INFO] [stdout]   32:     0x63af9c7913b3 - test::run_test::{{closure}}::hfb2007f8649c30bb
[INFO] [stdout]                                at /rustc/6067b36314ab5eb2eb47cecc464545ba58e1ad24/library/test/src/lib.rs:576:43
[INFO] [stdout]   33:     0x63af9c754495 - test::run_test::{{closure}}::h56a17aa7a282a9f4
[INFO] [stdout]                                at /rustc/6067b36314ab5eb2eb47cecc464545ba58e1ad24/library/test/src/lib.rs:606:41
[INFO] [stdout]   34:     0x63af9c754495 - std::sys::backtrace::__rust_begin_short_backtrace::hd2d2d2fb8e8c6aac
[INFO] [stdout]                                at /rustc/6067b36314ab5eb2eb47cecc464545ba58e1ad24/library/std/src/sys/backtrace.rs:152:18
[INFO] [stdout]   35:     0x63af9c757d7a - std::thread::Builder::spawn_unchecked_::{{closure}}::{{closure}}::h4faa3f9db6133423
[INFO] [stdout]                                at /rustc/6067b36314ab5eb2eb47cecc464545ba58e1ad24/library/std/src/thread/mod.rs:559:17
[INFO] [stdout]   36:     0x63af9c757d7a - <core::panic::unwind_safe::AssertUnwindSafe<F> as core::ops::function::FnOnce<()>>::call_once::hf2e855a36a4ea846
[INFO] [stdout]                                at /rustc/6067b36314ab5eb2eb47cecc464545ba58e1ad24/library/core/src/panic/unwind_safe.rs:272:9
[INFO] [stdout]   37:     0x63af9c757d7a - std::panicking::try::do_call::h2f73af3616c35465
[INFO] [stdout]                                at /rustc/6067b36314ab5eb2eb47cecc464545ba58e1ad24/library/std/src/panicking.rs:587:40
[INFO] [stdout]   38:     0x63af9c757d7a - std::panicking::try::hd1660ce9efadef5a
[INFO] [stdout]                                at /rustc/6067b36314ab5eb2eb47cecc464545ba58e1ad24/library/std/src/panicking.rs:550:19
[INFO] [stdout]   39:     0x63af9c757d7a - std::panic::catch_unwind::h5ee8d7823b8ca744
[INFO] [stdout]                                at /rustc/6067b36314ab5eb2eb47cecc464545ba58e1ad24/library/std/src/panic.rs:358:14
[INFO] [stdout]   40:     0x63af9c757d7a - std::thread::Builder::spawn_unchecked_::{{closure}}::h53c3a1894dce8407
[INFO] [stdout]                                at /rustc/6067b36314ab5eb2eb47cecc464545ba58e1ad24/library/std/src/thread/mod.rs:557:30
[INFO] [stdout]   41:     0x63af9c757d7a - core::ops::function::FnOnce::call_once{{vtable.shim}}::h048ce291ad4f62bf
[INFO] [stdout]                                at /rustc/6067b36314ab5eb2eb47cecc464545ba58e1ad24/library/core/src/ops/function.rs:250:5
[INFO] [stdout]   42:     0x63af9c7e561b - <alloc::boxed::Box<F,A> as core::ops::function::FnOnce<Args>>::call_once::ha52bedf99a3b4981
[INFO] [stdout]                                at /rustc/6067b36314ab5eb2eb47cecc464545ba58e1ad24/library/alloc/src/boxed.rs:2013:9
[INFO] [stdout]   43:     0x63af9c7e561b - <alloc::boxed::Box<F,A> as core::ops::function::FnOnce<Args>>::call_once::h567748934d80ccf8
[INFO] [stdout]                                at /rustc/6067b36314ab5eb2eb47cecc464545ba58e1ad24/library/alloc/src/boxed.rs:2013:9
[INFO] [stdout]   44:     0x63af9c7e561b - std::sys::pal::unix::thread::Thread::new::thread_start::h2d970728ae887adc
[INFO] [stdout]                                at /rustc/6067b36314ab5eb2eb47cecc464545ba58e1ad24/library/std/src/sys/pal/unix/thread.rs:106:17
[INFO] [stdout]   45:     0x70be28891ac3 - <unknown>
[INFO] [stdout]   46:     0x70be28922a04 - clone
[INFO] [stdout]   47:                0x0 - <unknown>
[INFO] [stdout] 
[INFO] [stdout] 
[INFO] [stdout] failures:
[INFO] [stdout]     ui
[INFO] [stdout] 
[INFO] [stdout] test result: FAILED. 5 passed; 1 failed; 0 ignored; 0 measured; 0 filtered out; finished in 5.64s
[INFO] [stdout] 
[INFO] [stderr] error: test failed, to rerun pass `--test request`
[INFO] running `Command { std: "docker" "inspect" "43d7dc431bfd4123b363c9540b797d60ba4772a2971d9688c78b57d00c621cce", kill_on_drop: false }`
[INFO] running `Command { std: "docker" "rm" "-f" "43d7dc431bfd4123b363c9540b797d60ba4772a2971d9688c78b57d00c621cce", kill_on_drop: false }`
[INFO] [stdout] 43d7dc431bfd4123b363c9540b797d60ba4772a2971d9688c78b57d00c621cce
