[INFO] cloning repository https://github.com/cherish-ltt/lynn_tcp
[INFO] running `Command { std: "git" "-c" "credential.helper=" "-c" "credential.helper=/workspace/cargo-home/bin/git-credential-null" "clone" "--bare" "https://github.com/cherish-ltt/lynn_tcp" "/workspace/cache/git-repos/https%3A%2F%2Fgithub.com%2Fcherish-ltt%2Flynn_tcp", kill_on_drop: false }`
[INFO] [stderr] Cloning into bare repository '/workspace/cache/git-repos/https%3A%2F%2Fgithub.com%2Fcherish-ltt%2Flynn_tcp'...
[INFO] running `Command { std: "git" "rev-parse" "HEAD", kill_on_drop: false }`
[INFO] [stdout] ba8a3d880d0933e648e17f4a1b9abe22e1f33b86
[INFO] testing cherish-ltt/lynn_tcp against nightly-2025-01-18+rustflags=-Zrandomize-layout for randomize-layout-2
[INFO] running `Command { std: "git" "clone" "/workspace/cache/git-repos/https%3A%2F%2Fgithub.com%2Fcherish-ltt%2Flynn_tcp" "/workspace/builds/worker-2-tc2/source", kill_on_drop: false }`
[INFO] [stderr] Cloning into '/workspace/builds/worker-2-tc2/source'...
[INFO] [stderr] done.
[INFO] validating manifest of git repo https://github.com/cherish-ltt/lynn_tcp on toolchain nightly-2025-01-18
[INFO] running `Command { std: CARGO_HOME="/workspace/cargo-home" RUSTUP_HOME="/workspace/rustup-home" "/workspace/cargo-home/bin/cargo" "+nightly-2025-01-18" "metadata" "--manifest-path" "Cargo.toml" "--no-deps", kill_on_drop: false }`
[INFO] started tweaking git repo https://github.com/cherish-ltt/lynn_tcp
[INFO] finished tweaking git repo https://github.com/cherish-ltt/lynn_tcp
[INFO] tweaked toml for git repo https://github.com/cherish-ltt/lynn_tcp written to /workspace/builds/worker-2-tc2/source/Cargo.toml
[INFO] crate git repo https://github.com/cherish-ltt/lynn_tcp already has a lockfile, it will not be regenerated
[INFO] running `Command { std: CARGO_HOME="/workspace/cargo-home" RUSTUP_HOME="/workspace/rustup-home" "/workspace/cargo-home/bin/cargo" "+nightly-2025-01-18" "fetch" "--manifest-path" "Cargo.toml", kill_on_drop: false }`
[INFO] running `Command { std: "docker" "create" "-v" "/var/lib/crater-agent-workspace/builds/worker-2-tc2/target:/opt/rustwide/target:rw,Z" "-v" "/var/lib/crater-agent-workspace/builds/worker-2-tc2/source:/opt/rustwide/workdir:ro,Z" "-v" "/var/lib/crater-agent-workspace/cargo-home:/opt/rustwide/cargo-home:ro,Z" "-v" "/var/lib/crater-agent-workspace/rustup-home:/opt/rustwide/rustup-home:ro,Z" "-e" "SOURCE_DIR=/opt/rustwide/workdir" "-e" "CARGO_TARGET_DIR=/opt/rustwide/target" "-e" "CARGO_HOME=/opt/rustwide/cargo-home" "-e" "RUSTUP_HOME=/opt/rustwide/rustup-home" "-w" "/opt/rustwide/workdir" "-m" "1610612736" "--user" "0:0" "--network" "none" "ghcr.io/rust-lang/crates-build-env/linux@sha256:819108c5571ea2e421544af4d832f968d213c87fbe3707a016657f43d2f853bc" "/opt/rustwide/cargo-home/bin/cargo" "+nightly-2025-01-18" "metadata" "--no-deps" "--format-version=1", kill_on_drop: false }`
[INFO] [stdout] 2b8e045a84ab1f5df0cb3be4d6fb0764185a814e931c91d649a8fe1baca42f47
[INFO] running `Command { std: "docker" "start" "-a" "2b8e045a84ab1f5df0cb3be4d6fb0764185a814e931c91d649a8fe1baca42f47", kill_on_drop: false }`
[INFO] running `Command { std: "docker" "inspect" "2b8e045a84ab1f5df0cb3be4d6fb0764185a814e931c91d649a8fe1baca42f47", kill_on_drop: false }`
[INFO] running `Command { std: "docker" "rm" "-f" "2b8e045a84ab1f5df0cb3be4d6fb0764185a814e931c91d649a8fe1baca42f47", kill_on_drop: false }`
[INFO] [stdout] 2b8e045a84ab1f5df0cb3be4d6fb0764185a814e931c91d649a8fe1baca42f47
[INFO] running `Command { std: "docker" "create" "-v" "/var/lib/crater-agent-workspace/builds/worker-2-tc2/target:/opt/rustwide/target:rw,Z" "-v" "/var/lib/crater-agent-workspace/builds/worker-2-tc2/source:/opt/rustwide/workdir:ro,Z" "-v" "/var/lib/crater-agent-workspace/cargo-home:/opt/rustwide/cargo-home:ro,Z" "-v" "/var/lib/crater-agent-workspace/rustup-home:/opt/rustwide/rustup-home:ro,Z" "-e" "SOURCE_DIR=/opt/rustwide/workdir" "-e" "CARGO_TARGET_DIR=/opt/rustwide/target" "-e" "CARGO_INCREMENTAL=0" "-e" "RUST_BACKTRACE=full" "-e" "RUSTFLAGS=--cap-lints=forbid -Zrandomize-layout" "-e" "RUSTDOCFLAGS=--cap-lints=forbid" "-e" "CARGO_HOME=/opt/rustwide/cargo-home" "-e" "RUSTUP_HOME=/opt/rustwide/rustup-home" "-w" "/opt/rustwide/workdir" "-m" "1610612736" "--user" "0:0" "--network" "none" "ghcr.io/rust-lang/crates-build-env/linux@sha256:819108c5571ea2e421544af4d832f968d213c87fbe3707a016657f43d2f853bc" "/opt/rustwide/cargo-home/bin/cargo" "+nightly-2025-01-18" "build" "--frozen" "--message-format=json", kill_on_drop: false }`
[INFO] [stdout] daaa1e137eeba14860963af599968af8ced800ca8dab33751a7be23d9bbb89e5
[INFO] running `Command { std: "docker" "start" "-a" "daaa1e137eeba14860963af599968af8ced800ca8dab33751a7be23d9bbb89e5", kill_on_drop: false }`
[INFO] [stderr]    Compiling libc v0.2.169
[INFO] [stderr]    Compiling proc-macro2 v1.0.93
[INFO] [stderr]    Compiling unicode-ident v1.0.14
[INFO] [stderr]    Compiling autocfg v1.4.0
[INFO] [stderr]    Compiling once_cell v1.20.2
[INFO] [stderr]    Compiling cfg-if v1.0.0
[INFO] [stderr]    Compiling parking_lot_core v0.9.10
[INFO] [stderr]    Compiling smallvec v1.13.2
[INFO] [stderr]    Compiling scopeguard v1.2.0
[INFO] [stderr]    Compiling overload v0.1.1
[INFO] [stderr]    Compiling log v0.4.25
[INFO] [stderr]    Compiling pin-project-lite v0.2.16
[INFO] [stderr]    Compiling lazy_static v1.5.0
[INFO] [stderr]    Compiling nu-ansi-term v0.46.0
[INFO] [stderr]    Compiling sharded-slab v0.1.7
[INFO] [stderr]    Compiling bytes v1.9.0
[INFO] [stderr]    Compiling tracing-core v0.1.33
[INFO] [stderr]    Compiling thread_local v1.1.8
[INFO] [stderr]    Compiling lock_api v0.4.12
[INFO] [stderr]    Compiling tracing-log v0.2.0
[INFO] [stderr]    Compiling quote v1.0.38
[INFO] [stderr]    Compiling tracing-subscriber v0.3.19
[INFO] [stderr]    Compiling signal-hook-registry v1.4.2
[INFO] [stderr]    Compiling socket2 v0.5.8
[INFO] [stderr]    Compiling mio v1.0.3
[INFO] [stderr]    Compiling syn v2.0.96
[INFO] [stderr]    Compiling parking_lot v0.12.3
[INFO] [stderr]    Compiling tokio-macros v2.5.0
[INFO] [stderr]    Compiling tracing-attributes v0.1.28
[INFO] [stderr]    Compiling tokio v1.43.0
[INFO] [stderr]    Compiling tracing v0.1.41
[INFO] [stderr]    Compiling lynn_tcp v1.0.0-rc.2 (/opt/rustwide/workdir)
[INFO] [stderr]     Finished `dev` profile [unoptimized + debuginfo] target(s) in 27.22s
[INFO] running `Command { std: "docker" "inspect" "daaa1e137eeba14860963af599968af8ced800ca8dab33751a7be23d9bbb89e5", kill_on_drop: false }`
[INFO] running `Command { std: "docker" "rm" "-f" "daaa1e137eeba14860963af599968af8ced800ca8dab33751a7be23d9bbb89e5", kill_on_drop: false }`
[INFO] [stdout] daaa1e137eeba14860963af599968af8ced800ca8dab33751a7be23d9bbb89e5
[INFO] running `Command { std: "docker" "create" "-v" "/var/lib/crater-agent-workspace/builds/worker-2-tc2/target:/opt/rustwide/target:rw,Z" "-v" "/var/lib/crater-agent-workspace/builds/worker-2-tc2/source:/opt/rustwide/workdir:ro,Z" "-v" "/var/lib/crater-agent-workspace/cargo-home:/opt/rustwide/cargo-home:ro,Z" "-v" "/var/lib/crater-agent-workspace/rustup-home:/opt/rustwide/rustup-home:ro,Z" "-e" "SOURCE_DIR=/opt/rustwide/workdir" "-e" "CARGO_TARGET_DIR=/opt/rustwide/target" "-e" "CARGO_INCREMENTAL=0" "-e" "RUST_BACKTRACE=full" "-e" "RUSTFLAGS=--cap-lints=forbid -Zrandomize-layout" "-e" "RUSTDOCFLAGS=--cap-lints=forbid" "-e" "CARGO_HOME=/opt/rustwide/cargo-home" "-e" "RUSTUP_HOME=/opt/rustwide/rustup-home" "-w" "/opt/rustwide/workdir" "-m" "1610612736" "--user" "0:0" "--network" "none" "ghcr.io/rust-lang/crates-build-env/linux@sha256:819108c5571ea2e421544af4d832f968d213c87fbe3707a016657f43d2f853bc" "/opt/rustwide/cargo-home/bin/cargo" "+nightly-2025-01-18" "test" "--frozen" "--no-run" "--message-format=json", kill_on_drop: false }`
[INFO] [stdout] c558644bef4f0318f24022a930f9a07f0b71976d7b04857bed63cfb96ed91747
[INFO] running `Command { std: "docker" "start" "-a" "c558644bef4f0318f24022a930f9a07f0b71976d7b04857bed63cfb96ed91747", kill_on_drop: false }`
[INFO] [stderr]    Compiling lynn_tcp v1.0.0-rc.2 (/opt/rustwide/workdir)
[INFO] [stderr]     Finished `test` profile [unoptimized + debuginfo] target(s) in 0.87s
[INFO] running `Command { std: "docker" "inspect" "c558644bef4f0318f24022a930f9a07f0b71976d7b04857bed63cfb96ed91747", kill_on_drop: false }`
[INFO] running `Command { std: "docker" "rm" "-f" "c558644bef4f0318f24022a930f9a07f0b71976d7b04857bed63cfb96ed91747", kill_on_drop: false }`
[INFO] [stdout] c558644bef4f0318f24022a930f9a07f0b71976d7b04857bed63cfb96ed91747
[INFO] running `Command { std: "docker" "create" "-v" "/var/lib/crater-agent-workspace/builds/worker-2-tc2/target:/opt/rustwide/target:rw,Z" "-v" "/var/lib/crater-agent-workspace/builds/worker-2-tc2/source:/opt/rustwide/workdir:ro,Z" "-v" "/var/lib/crater-agent-workspace/cargo-home:/opt/rustwide/cargo-home:ro,Z" "-v" "/var/lib/crater-agent-workspace/rustup-home:/opt/rustwide/rustup-home:ro,Z" "-e" "SOURCE_DIR=/opt/rustwide/workdir" "-e" "CARGO_TARGET_DIR=/opt/rustwide/target" "-e" "CARGO_INCREMENTAL=0" "-e" "RUST_BACKTRACE=full" "-e" "RUSTFLAGS=--cap-lints=forbid -Zrandomize-layout" "-e" "RUSTDOCFLAGS=--cap-lints=forbid" "-e" "CARGO_HOME=/opt/rustwide/cargo-home" "-e" "RUSTUP_HOME=/opt/rustwide/rustup-home" "-w" "/opt/rustwide/workdir" "-m" "1610612736" "--user" "0:0" "--network" "none" "ghcr.io/rust-lang/crates-build-env/linux@sha256:819108c5571ea2e421544af4d832f968d213c87fbe3707a016657f43d2f853bc" "/opt/rustwide/cargo-home/bin/cargo" "+nightly-2025-01-18" "test" "--frozen", kill_on_drop: false }`
[INFO] [stdout] 7dc47895aa4e0365fcb1d7884557700e0f593112ad8543437a1c480543b06763
[INFO] running `Command { std: "docker" "start" "-a" "7dc47895aa4e0365fcb1d7884557700e0f593112ad8543437a1c480543b06763", kill_on_drop: false }`
[INFO] [stderr]     Finished `test` profile [unoptimized + debuginfo] target(s) in 0.11s
[INFO] [stderr]      Running unittests src/lib.rs (/opt/rustwide/target/debug/deps/lynn_tcp-7118c7351488230c)
[INFO] [stderr]    Doc-tests lynn_tcp
[INFO] [stdout] 
[INFO] [stdout] running 0 tests
[INFO] [stdout] 
[INFO] [stdout] test result: ok. 0 passed; 0 failed; 0 ignored; 0 measured; 0 filtered out; finished in 0.00s
[INFO] [stdout] 
[INFO] [stdout] 
[INFO] [stdout] running 2 tests
[INFO] [stdout] test src/app/mod.rs - app::LynnServer (line 52) ... FAILED
[INFO] [stderr] error: doctest failed, to rerun pass `--doc`
[INFO] [stdout] test src/app/mod.rs - app::LynnServer (line 67) ... FAILED
[INFO] [stdout] 
[INFO] [stdout] failures:
[INFO] [stdout] 
[INFO] [stdout] ---- src/app/mod.rs - app::LynnServer (line 52) stdout ----
[INFO] [stdout] error[E0412]: cannot find type `InputBufVO` in this scope
[INFO] [stdout]   --> src/app/mod.rs:61:38
[INFO] [stdout]    |
[INFO] [stdout] 11 | pub fn my_service(input_buf_vo: &mut InputBufVO) -> HandlerResult {
[INFO] [stdout]    |                                      ^^^^^^^^^^ not found in this scope
[INFO] [stdout]    |
[INFO] [stdout] help: consider importing this struct
[INFO] [stdout]    |
[INFO] [stdout] 4  + use lynn_tcp::server::InputBufVO;
[INFO] [stdout]    |
[INFO] [stdout] 
[INFO] [stdout] error[E0412]: cannot find type `HandlerResult` in this scope
[INFO] [stdout]   --> src/app/mod.rs:61:53
[INFO] [stdout]    |
[INFO] [stdout] 11 | pub fn my_service(input_buf_vo: &mut InputBufVO) -> HandlerResult {
[INFO] [stdout]    |                                                     ^^^^^^^^^^^^^ not found in this scope
[INFO] [stdout]    |
[INFO] [stdout] help: consider importing this struct
[INFO] [stdout]    |
[INFO] [stdout] 4  + use lynn_tcp::server::HandlerResult;
[INFO] [stdout]    |
[INFO] [stdout] 
[INFO] [stdout] error[E0433]: failed to resolve: use of undeclared type `HandlerResult`
[INFO] [stdout]   --> src/app/mod.rs:63:5
[INFO] [stdout]    |
[INFO] [stdout] 13 |     HandlerResult::new_without_send()
[INFO] [stdout]    |     ^^^^^^^^^^^^^ use of undeclared type `HandlerResult`
[INFO] [stdout]    |
[INFO] [stdout] help: consider importing this struct
[INFO] [stdout]    |
[INFO] [stdout] 4  + use lynn_tcp::server::HandlerResult;
[INFO] [stdout]    |
[INFO] [stdout] 
[INFO] [stdout] error[E0603]: module `app` is private
[INFO] [stdout]  --> src/app/mod.rs:54:15
[INFO] [stdout]   |
[INFO] [stdout] 4 | use lynn_tcp::app::LynnServer;
[INFO] [stdout]   |               ^^^ private module
[INFO] [stdout]   |
[INFO] [stdout] note: the module `app` is defined here
[INFO] [stdout]  --> /opt/rustwide/workdir/src/lib.rs:6:1
[INFO] [stdout]   |
[INFO] [stdout] 6 | mod app;
[INFO] [stdout]   | ^^^^^^^
[INFO] [stdout] 
[INFO] [stdout] error: aborting due to 4 previous errors
[INFO] [stdout] 
[INFO] [stdout] Some errors have detailed explanations: E0412, E0433, E0603.
[INFO] [stdout] For more information about an error, try `rustc --explain E0412`.
[INFO] [stdout] Couldn't compile the test.
[INFO] [stdout] ---- src/app/mod.rs - app::LynnServer (line 67) stdout ----
[INFO] [stdout] error[E0433]: failed to resolve: use of undeclared type `LynnConfigBuilder`
[INFO] [stdout]  --> src/app/mod.rs:74:5
[INFO] [stdout]   |
[INFO] [stdout] 9 |     LynnConfigBuilder::new()
[INFO] [stdout]   |     ^^^^^^^^^^^^^^^^^ use of undeclared type `LynnConfigBuilder`
[INFO] [stdout]   |
[INFO] [stdout] help: consider importing this struct
[INFO] [stdout]   |
[INFO] [stdout] 4 + use lynn_tcp::server::LynnConfigBuilder;
[INFO] [stdout]   |
[INFO] [stdout] 
[INFO] [stdout] error[E0412]: cannot find type `InputBufVO` in this scope
[INFO] [stdout]   --> src/app/mod.rs:86:38
[INFO] [stdout]    |
[INFO] [stdout] 21 | pub fn my_service(input_buf_vo: &mut InputBufVO) -> HandlerResult {
[INFO] [stdout]    |                                      ^^^^^^^^^^ not found in this scope
[INFO] [stdout]    |
[INFO] [stdout] help: consider importing this struct
[INFO] [stdout]    |
[INFO] [stdout] 4  + use lynn_tcp::server::InputBufVO;
[INFO] [stdout]    |
[INFO] [stdout] 
[INFO] [stdout] error[E0412]: cannot find type `HandlerResult` in this scope
[INFO] [stdout]   --> src/app/mod.rs:86:53
[INFO] [stdout]    |
[INFO] [stdout] 21 | pub fn my_service(input_buf_vo: &mut InputBufVO) -> HandlerResult {
[INFO] [stdout]    |                                                     ^^^^^^^^^^^^^ not found in this scope
[INFO] [stdout]    |
[INFO] [stdout] help: consider importing this struct
[INFO] [stdout]    |
[INFO] [stdout] 4  + use lynn_tcp::server::HandlerResult;
[INFO] [stdout]    |
[INFO] [stdout] 
[INFO] [stdout] error[E0433]: failed to resolve: use of undeclared type `HandlerResult`
[INFO] [stdout]   --> src/app/mod.rs:88:5
[INFO] [stdout]    |
[INFO] [stdout] 23 |     HandlerResult::new_without_send()
[INFO] [stdout]    |     ^^^^^^^^^^^^^ use of undeclared type `HandlerResult`
[INFO] [stdout]    |
[INFO] [stdout] help: consider importing this struct
[INFO] [stdout]    |
[INFO] [stdout] 4  + use lynn_tcp::server::HandlerResult;
[INFO] [stdout]    |
[INFO] [stdout] 
[INFO] [stdout] error[E0603]: module `app` is private
[INFO] [stdout]  --> src/app/mod.rs:69:15
[INFO] [stdout]   |
[INFO] [stdout] 4 | use lynn_tcp::app::LynnServer;
[INFO] [stdout]   |               ^^^ private module
[INFO] [stdout]   |
[INFO] [stdout] note: the module `app` is defined here
[INFO] [stdout]  --> /opt/rustwide/workdir/src/lib.rs:6:1
[INFO] [stdout]   |
[INFO] [stdout] 6 | mod app;
[INFO] [stdout]   | ^^^^^^^
[INFO] [stdout] 
[INFO] [stdout] error: aborting due to 5 previous errors
[INFO] [stdout] 
[INFO] [stdout] Some errors have detailed explanations: E0412, E0433, E0603.
[INFO] [stdout] For more information about an error, try `rustc --explain E0412`.
[INFO] [stdout] Couldn't compile the test.
[INFO] [stdout] 
[INFO] [stdout] failures:
[INFO] [stdout]     src/app/mod.rs - app::LynnServer (line 52)
[INFO] [stdout]     src/app/mod.rs - app::LynnServer (line 67)
[INFO] [stdout] 
[INFO] [stdout] test result: FAILED. 0 passed; 2 failed; 0 ignored; 0 measured; 0 filtered out; finished in 0.27s
[INFO] [stdout] 
[INFO] running `Command { std: "docker" "inspect" "7dc47895aa4e0365fcb1d7884557700e0f593112ad8543437a1c480543b06763", kill_on_drop: false }`
[INFO] running `Command { std: "docker" "rm" "-f" "7dc47895aa4e0365fcb1d7884557700e0f593112ad8543437a1c480543b06763", kill_on_drop: false }`
[INFO] [stdout] 7dc47895aa4e0365fcb1d7884557700e0f593112ad8543437a1c480543b06763
