[INFO] cloning repository https://github.com/charliemonnone/png-me
[INFO] running `Command { std: "git" "-c" "credential.helper=" "-c" "credential.helper=/workspace/cargo-home/bin/git-credential-null" "clone" "--bare" "https://github.com/charliemonnone/png-me" "/workspace/cache/git-repos/https%3A%2F%2Fgithub.com%2Fcharliemonnone%2Fpng-me", kill_on_drop: false }`
[INFO] [stderr] Cloning into bare repository '/workspace/cache/git-repos/https%3A%2F%2Fgithub.com%2Fcharliemonnone%2Fpng-me'...
[INFO] running `Command { std: "git" "rev-parse" "HEAD", kill_on_drop: false }`
[INFO] [stdout] a511da8d1a5e2f828a0f9028b0f4a5303b8319b3
[INFO] testing charliemonnone/png-me against nightly-2025-01-18+rustflags=-Zrandomize-layout for randomize-layout-2
[INFO] running `Command { std: "git" "clone" "/workspace/cache/git-repos/https%3A%2F%2Fgithub.com%2Fcharliemonnone%2Fpng-me" "/workspace/builds/worker-1-tc2/source", kill_on_drop: false }`
[INFO] [stderr] Cloning into '/workspace/builds/worker-1-tc2/source'...
[INFO] [stderr] done.
[INFO] validating manifest of git repo https://github.com/charliemonnone/png-me on toolchain nightly-2025-01-18
[INFO] running `Command { std: CARGO_HOME="/workspace/cargo-home" RUSTUP_HOME="/workspace/rustup-home" "/workspace/cargo-home/bin/cargo" "+nightly-2025-01-18" "metadata" "--manifest-path" "Cargo.toml" "--no-deps", kill_on_drop: false }`
[INFO] started tweaking git repo https://github.com/charliemonnone/png-me
[INFO] finished tweaking git repo https://github.com/charliemonnone/png-me
[INFO] tweaked toml for git repo https://github.com/charliemonnone/png-me written to /workspace/builds/worker-1-tc2/source/Cargo.toml
[INFO] crate git repo https://github.com/charliemonnone/png-me already has a lockfile, it will not be regenerated
[INFO] running `Command { std: CARGO_HOME="/workspace/cargo-home" RUSTUP_HOME="/workspace/rustup-home" "/workspace/cargo-home/bin/cargo" "+nightly-2025-01-18" "fetch" "--manifest-path" "Cargo.toml", kill_on_drop: false }`
[INFO] running `Command { std: "docker" "create" "-v" "/var/lib/crater-agent-workspace/builds/worker-1-tc2/target:/opt/rustwide/target:rw,Z" "-v" "/var/lib/crater-agent-workspace/builds/worker-1-tc2/source:/opt/rustwide/workdir:ro,Z" "-v" "/var/lib/crater-agent-workspace/cargo-home:/opt/rustwide/cargo-home:ro,Z" "-v" "/var/lib/crater-agent-workspace/rustup-home:/opt/rustwide/rustup-home:ro,Z" "-e" "SOURCE_DIR=/opt/rustwide/workdir" "-e" "CARGO_TARGET_DIR=/opt/rustwide/target" "-e" "CARGO_HOME=/opt/rustwide/cargo-home" "-e" "RUSTUP_HOME=/opt/rustwide/rustup-home" "-w" "/opt/rustwide/workdir" "-m" "1610612736" "--user" "0:0" "--network" "none" "ghcr.io/rust-lang/crates-build-env/linux@sha256:819108c5571ea2e421544af4d832f968d213c87fbe3707a016657f43d2f853bc" "/opt/rustwide/cargo-home/bin/cargo" "+nightly-2025-01-18" "metadata" "--no-deps" "--format-version=1", kill_on_drop: false }`
[INFO] [stdout] 5586f3d369726efa7d6315e4ca311708014a2ff25152671fa84e873d03fb0f50
[INFO] running `Command { std: "docker" "start" "-a" "5586f3d369726efa7d6315e4ca311708014a2ff25152671fa84e873d03fb0f50", kill_on_drop: false }`
[INFO] running `Command { std: "docker" "inspect" "5586f3d369726efa7d6315e4ca311708014a2ff25152671fa84e873d03fb0f50", kill_on_drop: false }`
[INFO] running `Command { std: "docker" "rm" "-f" "5586f3d369726efa7d6315e4ca311708014a2ff25152671fa84e873d03fb0f50", kill_on_drop: false }`
[INFO] [stdout] 5586f3d369726efa7d6315e4ca311708014a2ff25152671fa84e873d03fb0f50
[INFO] running `Command { std: "docker" "create" "-v" "/var/lib/crater-agent-workspace/builds/worker-1-tc2/target:/opt/rustwide/target:rw,Z" "-v" "/var/lib/crater-agent-workspace/builds/worker-1-tc2/source:/opt/rustwide/workdir:ro,Z" "-v" "/var/lib/crater-agent-workspace/cargo-home:/opt/rustwide/cargo-home:ro,Z" "-v" "/var/lib/crater-agent-workspace/rustup-home:/opt/rustwide/rustup-home:ro,Z" "-e" "SOURCE_DIR=/opt/rustwide/workdir" "-e" "CARGO_TARGET_DIR=/opt/rustwide/target" "-e" "CARGO_INCREMENTAL=0" "-e" "RUST_BACKTRACE=full" "-e" "RUSTFLAGS=--cap-lints=forbid -Zrandomize-layout" "-e" "RUSTDOCFLAGS=--cap-lints=forbid" "-e" "CARGO_HOME=/opt/rustwide/cargo-home" "-e" "RUSTUP_HOME=/opt/rustwide/rustup-home" "-w" "/opt/rustwide/workdir" "-m" "1610612736" "--user" "0:0" "--network" "none" "ghcr.io/rust-lang/crates-build-env/linux@sha256:819108c5571ea2e421544af4d832f968d213c87fbe3707a016657f43d2f853bc" "/opt/rustwide/cargo-home/bin/cargo" "+nightly-2025-01-18" "build" "--frozen" "--message-format=json", kill_on_drop: false }`
[INFO] [stdout] 8f50cf44de7f6d3f6605c9495a95bf742fd92a83178a8cd2e2aeb8badaeb5f2a
[INFO] running `Command { std: "docker" "start" "-a" "8f50cf44de7f6d3f6605c9495a95bf742fd92a83178a8cd2e2aeb8badaeb5f2a", kill_on_drop: false }`
[INFO] [stderr]    Compiling crc-catalog v1.1.1
[INFO] [stderr]    Compiling crc v2.1.0
[INFO] [stderr]    Compiling png-me v0.1.0 (/opt/rustwide/workdir)
[INFO] [stdout] warning: associated items `U8_FIRST_BIT_MASK`, `is_valid`, `is_critical`, `is_public`, `is_reserved_bit_valid`, and `is_safe_to_copy` are never used
[INFO] [stdout]   --> src/chunk_type.rs:45:11
[INFO] [stdout]    |
[INFO] [stdout] 44 | impl ChunkType {
[INFO] [stdout]    | -------------- associated items in this implementation
[INFO] [stdout] 45 |     const U8_FIRST_BIT_MASK: u8 = 0x1;
[INFO] [stdout]    |           ^^^^^^^^^^^^^^^^^
[INFO] [stdout] ...
[INFO] [stdout] 55 |     pub fn is_valid(&self) -> bool {
[INFO] [stdout]    |            ^^^^^^^^
[INFO] [stdout] ...
[INFO] [stdout] 61 |     fn is_critical(&self) -> bool {
[INFO] [stdout]    |        ^^^^^^^^^^^
[INFO] [stdout] ...
[INFO] [stdout] 65 |     fn is_public(&self) -> bool {
[INFO] [stdout]    |        ^^^^^^^^^
[INFO] [stdout] ...
[INFO] [stdout] 69 |     fn is_reserved_bit_valid(&self) -> bool {
[INFO] [stdout]    |        ^^^^^^^^^^^^^^^^^^^^^
[INFO] [stdout] ...
[INFO] [stdout] 73 |     fn is_safe_to_copy(&self) -> bool {
[INFO] [stdout]    |        ^^^^^^^^^^^^^^^
[INFO] [stdout]    |
[INFO] [stdout]    = note: `#[warn(dead_code)]` on by default
[INFO] [stdout] 
[INFO] [stdout] 
[INFO] [stderr]     Finished `dev` profile [unoptimized + debuginfo] target(s) in 0.58s
[INFO] running `Command { std: "docker" "inspect" "8f50cf44de7f6d3f6605c9495a95bf742fd92a83178a8cd2e2aeb8badaeb5f2a", kill_on_drop: false }`
[INFO] running `Command { std: "docker" "rm" "-f" "8f50cf44de7f6d3f6605c9495a95bf742fd92a83178a8cd2e2aeb8badaeb5f2a", kill_on_drop: false }`
[INFO] [stdout] 8f50cf44de7f6d3f6605c9495a95bf742fd92a83178a8cd2e2aeb8badaeb5f2a
[INFO] running `Command { std: "docker" "create" "-v" "/var/lib/crater-agent-workspace/builds/worker-1-tc2/target:/opt/rustwide/target:rw,Z" "-v" "/var/lib/crater-agent-workspace/builds/worker-1-tc2/source:/opt/rustwide/workdir:ro,Z" "-v" "/var/lib/crater-agent-workspace/cargo-home:/opt/rustwide/cargo-home:ro,Z" "-v" "/var/lib/crater-agent-workspace/rustup-home:/opt/rustwide/rustup-home:ro,Z" "-e" "SOURCE_DIR=/opt/rustwide/workdir" "-e" "CARGO_TARGET_DIR=/opt/rustwide/target" "-e" "CARGO_INCREMENTAL=0" "-e" "RUST_BACKTRACE=full" "-e" "RUSTFLAGS=--cap-lints=forbid -Zrandomize-layout" "-e" "RUSTDOCFLAGS=--cap-lints=forbid" "-e" "CARGO_HOME=/opt/rustwide/cargo-home" "-e" "RUSTUP_HOME=/opt/rustwide/rustup-home" "-w" "/opt/rustwide/workdir" "-m" "1610612736" "--user" "0:0" "--network" "none" "ghcr.io/rust-lang/crates-build-env/linux@sha256:819108c5571ea2e421544af4d832f968d213c87fbe3707a016657f43d2f853bc" "/opt/rustwide/cargo-home/bin/cargo" "+nightly-2025-01-18" "test" "--frozen" "--no-run" "--message-format=json", kill_on_drop: false }`
[INFO] [stdout] 9dab3e624ebff1aefa0db9dfc86c3f3b648aa8256237f88498dde5a8a69eba8c
[INFO] running `Command { std: "docker" "start" "-a" "9dab3e624ebff1aefa0db9dfc86c3f3b648aa8256237f88498dde5a8a69eba8c", kill_on_drop: false }`
[INFO] [stderr]    Compiling png-me v0.1.0 (/opt/rustwide/workdir)
[INFO] [stderr]     Finished `test` profile [unoptimized + debuginfo] target(s) in 0.64s
[INFO] running `Command { std: "docker" "inspect" "9dab3e624ebff1aefa0db9dfc86c3f3b648aa8256237f88498dde5a8a69eba8c", kill_on_drop: false }`
[INFO] running `Command { std: "docker" "rm" "-f" "9dab3e624ebff1aefa0db9dfc86c3f3b648aa8256237f88498dde5a8a69eba8c", kill_on_drop: false }`
[INFO] [stdout] 9dab3e624ebff1aefa0db9dfc86c3f3b648aa8256237f88498dde5a8a69eba8c
[INFO] running `Command { std: "docker" "create" "-v" "/var/lib/crater-agent-workspace/builds/worker-1-tc2/target:/opt/rustwide/target:rw,Z" "-v" "/var/lib/crater-agent-workspace/builds/worker-1-tc2/source:/opt/rustwide/workdir:ro,Z" "-v" "/var/lib/crater-agent-workspace/cargo-home:/opt/rustwide/cargo-home:ro,Z" "-v" "/var/lib/crater-agent-workspace/rustup-home:/opt/rustwide/rustup-home:ro,Z" "-e" "SOURCE_DIR=/opt/rustwide/workdir" "-e" "CARGO_TARGET_DIR=/opt/rustwide/target" "-e" "CARGO_INCREMENTAL=0" "-e" "RUST_BACKTRACE=full" "-e" "RUSTFLAGS=--cap-lints=forbid -Zrandomize-layout" "-e" "RUSTDOCFLAGS=--cap-lints=forbid" "-e" "CARGO_HOME=/opt/rustwide/cargo-home" "-e" "RUSTUP_HOME=/opt/rustwide/rustup-home" "-w" "/opt/rustwide/workdir" "-m" "1610612736" "--user" "0:0" "--network" "none" "ghcr.io/rust-lang/crates-build-env/linux@sha256:819108c5571ea2e421544af4d832f968d213c87fbe3707a016657f43d2f853bc" "/opt/rustwide/cargo-home/bin/cargo" "+nightly-2025-01-18" "test" "--frozen", kill_on_drop: false }`
[INFO] [stdout] e0a137e80fb2a00fc38344b827b05b816371cc47f93c93c5a2fbd3b6de2ef3f1
[INFO] running `Command { std: "docker" "start" "-a" "e0a137e80fb2a00fc38344b827b05b816371cc47f93c93c5a2fbd3b6de2ef3f1", kill_on_drop: false }`
[INFO] [stderr]     Finished `test` profile [unoptimized + debuginfo] target(s) in 0.01s
[INFO] [stderr]      Running unittests src/main.rs (/opt/rustwide/target/debug/deps/png_me-3db6d0e5434c835e)
[INFO] [stdout] 
[INFO] [stdout] running 34 tests
[INFO] [stdout] test chunk::tests::test_chunk_crc ... ok
[INFO] [stdout] test chunk::tests::test_invalid_chunk_from_bytes ... ok
[INFO] [stdout] test chunk_type::tests::test_chunk_type_from_bytes ... ok
[INFO] [stdout] test chunk::tests::test_new_chunk ... ok
[INFO] [stdout] test chunk::tests::test_chunk_trait_impls ... ok
[INFO] [stdout] test chunk_type::tests::test_chunk_type_is_not_critical ... ok
[INFO] [stdout] test chunk::tests::test_chunk_type ... ok
[INFO] [stdout] test chunk_type::tests::test_chunk_type_from_str ... ok
[INFO] [stdout] test chunk_type::tests::test_chunk_type_is_reserved_bit_valid ... ok
[INFO] [stdout] test chunk_type::tests::test_chunk_type_is_critical ... ok
[INFO] [stdout] test chunk_type::tests::test_chunk_type_is_not_public ... ok
[INFO] [stdout] test chunk_type::tests::test_chunk_type_is_reserved_bit_invalid ... ok
[INFO] [stdout] test chunk_type::tests::test_chunk_type_is_safe_to_copy ... ok
[INFO] [stdout] test chunk::tests::test_chunk_as_bytes ... ok
[INFO] [stdout] test chunk_type::tests::test_chunk_type_is_unsafe_to_copy ... ok
[INFO] [stdout] test chunk_type::tests::test_chunk_type_string ... ok
[INFO] [stdout] test chunk_type::tests::test_chunk_type_trait_impls ... ok
[INFO] [stdout] test chunk_type::tests::test_chunk_type_is_public ... ok
[INFO] [stdout] test chunk::tests::test_valid_chunk_from_bytes ... ok
[INFO] [stdout] test chunk_type::tests::test_invalid_chunk_is_valid ... ok
[INFO] [stdout] test chunk_type::tests::test_valid_chunk_is_valid ... ok
[INFO] [stdout] test png::tests::test_append_chunk ... ok
[INFO] [stdout] test png::tests::test_from_chunks ... ok
[INFO] [stdout] test png::tests::test_invalid_chunk ... ok
[INFO] [stdout] test png::tests::test_invalid_header ... ok
[INFO] [stdout] test png::tests::test_remove_chunk ... ok
[INFO] [stdout] test png::tests::test_list_chunks ... ok
[INFO] [stdout] test png::tests::test_as_bytes ... ok
[INFO] [stdout] test chunk::tests::test_chunk_string ... ok
[INFO] [stdout] test chunk::tests::test_chunk_length ... ok
[INFO] [stdout] test png::tests::test_png_from_image_file ... ok
[INFO] [stdout] test png::tests::test_chunk_by_type ... ok
[INFO] [stdout] test png::tests::test_valid_from_bytes ... ok
[INFO] [stdout] test png::tests::test_png_trait_impls ... FAILED
[INFO] [stdout] 
[INFO] [stdout] failures:
[INFO] [stdout] 
[INFO] [stdout] ---- png::tests::test_png_trait_impls stdout ----
[INFO] [stdout] [src/png.rs:40:9] &png = Png {
[INFO] [stdout]     header: [
[INFO] [stdout]         137,
[INFO] [stdout]         80,
[INFO] [stdout]         78,
[INFO] [stdout]         71,
[INFO] [stdout]         13,
[INFO] [stdout]         10,
[INFO] [stdout]         26,
[INFO] [stdout]         10,
[INFO] [stdout]     ],
[INFO] [stdout]     chunks: [
[INFO] [stdout]         Chunk {
[INFO] [stderr] error: test failed, to rerun pass `--bin png-me`
[INFO] [stdout]             length: 20,
[INFO] [stdout]             chunk_type: ChunkType {
[INFO] [stdout]                 chunk_type: 1951625798,
[INFO] [stdout]             },
[INFO] [stdout]             chunk_data: [
[INFO] [stdout]                 73,
[INFO] [stdout]                 32,
[INFO] [stdout]                 97,
[INFO] [stdout]                 109,
[INFO] [stdout]                 32,
[INFO] [stdout]                 116,
[INFO] [stdout]                 104,
[INFO] [stdout]                 101,
[INFO] [stdout]                 32,
[INFO] [stdout]                 102,
[INFO] [stdout]                 105,
[INFO] [stdout]                 114,
[INFO] [stdout]                 115,
[INFO] [stdout]                 116,
[INFO] [stdout]                 32,
[INFO] [stdout]                 99,
[INFO] [stdout]                 104,
[INFO] [stdout]                 117,
[INFO] [stdout]                 110,
[INFO] [stdout]                 107,
[INFO] [stdout]             ],
[INFO] [stdout]             crc: 920434671,
[INFO] [stdout]         },
[INFO] [stdout]         Chunk {
[INFO] [stdout]             length: 18,
[INFO] [stdout]             chunk_type: ChunkType {
[INFO] [stdout]                 chunk_type: 1816422765,
[INFO] [stdout]             },
[INFO] [stdout]             chunk_data: [
[INFO] [stdout]                 73,
[INFO] [stdout]                 32,
[INFO] [stdout]                 97,
[INFO] [stdout]                 109,
[INFO] [stdout]                 32,
[INFO] [stdout]                 97,
[INFO] [stdout]                 110,
[INFO] [stdout]                 111,
[INFO] [stdout]                 116,
[INFO] [stdout]                 104,
[INFO] [stdout]                 101,
[INFO] [stdout]                 114,
[INFO] [stdout]                 32,
[INFO] [stdout]                 99,
[INFO] [stdout]                 104,
[INFO] [stdout]                 117,
[INFO] [stdout]                 110,
[INFO] [stdout]                 107,
[INFO] [stdout]             ],
[INFO] [stdout]             crc: 3346321170,
[INFO] [stdout]         },
[INFO] [stdout]         Chunk {
[INFO] [stdout]             length: 19,
[INFO] [stdout]             chunk_type: ChunkType {
[INFO] [stdout]                 chunk_type: 1951613260,
[INFO] [stdout]             },
[INFO] [stdout]             chunk_data: [
[INFO] [stdout]                 73,
[INFO] [stdout]                 32,
[INFO] [stdout]                 97,
[INFO] [stdout]                 109,
[INFO] [stdout]                 32,
[INFO] [stdout]                 116,
[INFO] [stdout]                 104,
[INFO] [stdout]                 101,
[INFO] [stdout]                 32,
[INFO] [stdout]                 108,
[INFO] [stdout]                 97,
[INFO] [stdout]                 115,
[INFO] [stdout]                 116,
[INFO] [stdout]                 32,
[INFO] [stdout]                 99,
[INFO] [stdout]                 104,
[INFO] [stdout]                 117,
[INFO] [stdout]                 110,
[INFO] [stdout]                 107,
[INFO] [stdout]             ],
[INFO] [stdout]             crc: 313548900,
[INFO] [stdout]         },
[INFO] [stdout]     ],
[INFO] [stdout] }
[INFO] [stdout] 
[INFO] [stdout] thread 'png::tests::test_png_trait_impls' panicked at src/png.rs:48:60:
[INFO] [stdout] called `Result::unwrap()` on an `Err` value: Utf8Error { valid_up_to: 0, error_len: Some(1) }
[INFO] [stdout] stack backtrace:
[INFO] [stdout]    0:     0x5929ef559c5a - std::backtrace_rs::backtrace::libunwind::trace::hb059275cfc8d6126
[INFO] [stdout]                                at /rustc/6067b36314ab5eb2eb47cecc464545ba58e1ad24/library/std/src/../../backtrace/src/backtrace/libunwind.rs:116:5
[INFO] [stdout]    1:     0x5929ef559c5a - std::backtrace_rs::backtrace::trace_unsynchronized::h2da071e4327ce3ee
[INFO] [stdout]                                at /rustc/6067b36314ab5eb2eb47cecc464545ba58e1ad24/library/std/src/../../backtrace/src/backtrace/mod.rs:66:5
[INFO] [stdout]    2:     0x5929ef559c5a - std::sys::backtrace::_print_fmt::h842a1474e6f8d23f
[INFO] [stdout]                                at /rustc/6067b36314ab5eb2eb47cecc464545ba58e1ad24/library/std/src/sys/backtrace.rs:66:9
[INFO] [stdout]    3:     0x5929ef559c5a - <std::sys::backtrace::BacktraceLock::print::DisplayBacktrace as core::fmt::Display>::fmt::h71a62eb3b9696b12
[INFO] [stdout]                                at /rustc/6067b36314ab5eb2eb47cecc464545ba58e1ad24/library/std/src/sys/backtrace.rs:39:26
[INFO] [stdout]    4:     0x5929ef5812d3 - core::fmt::rt::Argument::fmt::hdb6b616786b41dc1
[INFO] [stdout]                                at /rustc/6067b36314ab5eb2eb47cecc464545ba58e1ad24/library/core/src/fmt/rt.rs:177:76
[INFO] [stdout]    5:     0x5929ef5812d3 - core::fmt::write::h2cc1698af7e2d686
[INFO] [stdout]                                at /rustc/6067b36314ab5eb2eb47cecc464545ba58e1ad24/library/core/src/fmt/mod.rs:1440:21
[INFO] [stdout]    6:     0x5929ef5567b3 - std::io::Write::write_fmt::hab1b4cd059a79022
[INFO] [stdout]                                at /rustc/6067b36314ab5eb2eb47cecc464545ba58e1ad24/library/std/src/io/mod.rs:1887:15
[INFO] [stdout]    7:     0x5929ef559aa2 - std::sys::backtrace::BacktraceLock::print::h147fe35b4ea13b08
[INFO] [stdout]                                at /rustc/6067b36314ab5eb2eb47cecc464545ba58e1ad24/library/std/src/sys/backtrace.rs:42:9
[INFO] [stdout]    8:     0x5929ef55b07f - std::panicking::default_hook::{{closure}}::hbd44223dbdc0d208
[INFO] [stdout]                                at /rustc/6067b36314ab5eb2eb47cecc464545ba58e1ad24/library/std/src/panicking.rs:298:22
[INFO] [stdout]    9:     0x5929ef55ae98 - std::panicking::default_hook::h20f81eb0576efcec
[INFO] [stdout]                                at /rustc/6067b36314ab5eb2eb47cecc464545ba58e1ad24/library/std/src/panicking.rs:322:9
[INFO] [stdout]   10:     0x5929ef523633 - <alloc::boxed::Box<F,A> as core::ops::function::Fn<Args>>::call::hdb53814c496a4d34
[INFO] [stdout]                                at /rustc/6067b36314ab5eb2eb47cecc464545ba58e1ad24/library/alloc/src/boxed.rs:2027:9
[INFO] [stdout]   11:     0x5929ef523633 - test::test_main::{{closure}}::hc0a4963c59427c24
[INFO] [stdout]                                at /rustc/6067b36314ab5eb2eb47cecc464545ba58e1ad24/library/test/src/lib.rs:134:21
[INFO] [stdout]   12:     0x5929ef55bb73 - <alloc::boxed::Box<F,A> as core::ops::function::Fn<Args>>::call::h591b2225413a77e9
[INFO] [stdout]                                at /rustc/6067b36314ab5eb2eb47cecc464545ba58e1ad24/library/alloc/src/boxed.rs:2027:9
[INFO] [stdout]   13:     0x5929ef55bb73 - std::panicking::rust_panic_with_hook::h625eea43051b2edc
[INFO] [stdout]                                at /rustc/6067b36314ab5eb2eb47cecc464545ba58e1ad24/library/std/src/panicking.rs:839:13
[INFO] [stdout]   14:     0x5929ef55b82a - std::panicking::begin_panic_handler::{{closure}}::h4f9159cfbc3f6bd3
[INFO] [stdout]                                at /rustc/6067b36314ab5eb2eb47cecc464545ba58e1ad24/library/std/src/panicking.rs:704:13
[INFO] [stdout]   15:     0x5929ef55a159 - std::sys::backtrace::__rust_end_short_backtrace::h0390abce48353151
[INFO] [stdout]                                at /rustc/6067b36314ab5eb2eb47cecc464545ba58e1ad24/library/std/src/sys/backtrace.rs:168:18
[INFO] [stdout]   16:     0x5929ef55b4bd - rust_begin_unwind
[INFO] [stdout]                                at /rustc/6067b36314ab5eb2eb47cecc464545ba58e1ad24/library/std/src/panicking.rs:695:5
[INFO] [stdout]   17:     0x5929ef57fd50 - core::panicking::panic_fmt::h9e7c637e9e5f29c9
[INFO] [stdout]                                at /rustc/6067b36314ab5eb2eb47cecc464545ba58e1ad24/library/core/src/panicking.rs:75:14
[INFO] [stdout]   18:     0x5929ef580126 - core::result::unwrap_failed::h7979f09313fe1849
[INFO] [stdout]                                at /rustc/6067b36314ab5eb2eb47cecc464545ba58e1ad24/library/core/src/result.rs:1704:5
[INFO] [stdout]   19:     0x5929ef4e6be3 - core::result::Result<T,E>::unwrap::hfe75a462e524b60d
[INFO] [stdout]                                at /rustc/6067b36314ab5eb2eb47cecc464545ba58e1ad24/library/core/src/result.rs:1109:23
[INFO] [stdout]   20:     0x5929ef4e6be3 - <png_me::png::Png as core::fmt::Display>::fmt::h6c4ae2acaf3ed5cb
[INFO] [stdout]                                at /opt/rustwide/workdir/src/png.rs:48:25
[INFO] [stdout]   21:     0x5929ef5812d3 - core::fmt::rt::Argument::fmt::hdb6b616786b41dc1
[INFO] [stdout]                                at /rustc/6067b36314ab5eb2eb47cecc464545ba58e1ad24/library/core/src/fmt/rt.rs:177:76
[INFO] [stdout]   22:     0x5929ef5812d3 - core::fmt::write::h2cc1698af7e2d686
[INFO] [stdout]                                at /rustc/6067b36314ab5eb2eb47cecc464545ba58e1ad24/library/core/src/fmt/mod.rs:1440:21
[INFO] [stdout]   23:     0x5929ef57bd8b - <&mut W as core::fmt::Write::write_fmt::SpecWriteFmt>::spec_write_fmt::hf5a587ce0f965521
[INFO] [stdout]                                at /rustc/6067b36314ab5eb2eb47cecc464545ba58e1ad24/library/core/src/fmt/mod.rs:242:21
[INFO] [stdout]   24:     0x5929ef57bd8b - core::fmt::Write::write_fmt::hb9c0accc05d8a69b
[INFO] [stdout]                                at /rustc/6067b36314ab5eb2eb47cecc464545ba58e1ad24/library/core/src/fmt/mod.rs:247:9
[INFO] [stdout]   25:     0x5929ef57bd8b - alloc::fmt::format::format_inner::h5a93346e268e65be
[INFO] [stdout]                                at /rustc/6067b36314ab5eb2eb47cecc464545ba58e1ad24/library/alloc/src/fmt.rs:649:14
[INFO] [stdout]   26:     0x5929ef4e1880 - alloc::fmt::format::{{closure}}::h68f7d5c9e20011ad
[INFO] [stdout]                                at /rustc/6067b36314ab5eb2eb47cecc464545ba58e1ad24/library/alloc/src/fmt.rs:654:34
[INFO] [stdout]   27:     0x5929ef4d7d1a - core::option::Option<T>::map_or_else::h52c9326f2d13c0a0
[INFO] [stdout]                                at /rustc/6067b36314ab5eb2eb47cecc464545ba58e1ad24/library/core/src/option.rs:1225:21
[INFO] [stdout]   28:     0x5929ef4e1818 - alloc::fmt::format::h5b72a1dfbab5ab4d
[INFO] [stdout]                                at /rustc/6067b36314ab5eb2eb47cecc464545ba58e1ad24/library/alloc/src/fmt.rs:654:5
[INFO] [stdout]   29:     0x5929ef4e942e - png_me::png::tests::test_png_trait_impls::h921dfd348d6afbad
[INFO] [stdout]                                at /opt/rustwide/workdir/src/png.rs:265:31
[INFO] [stdout]   30:     0x5929ef4e9117 - png_me::png::tests::test_png_trait_impls::{{closure}}::h1c7983b44a16c9d4
[INFO] [stdout]                                at /opt/rustwide/workdir/src/png.rs:251:34
[INFO] [stdout]   31:     0x5929ef4e4716 - core::ops::function::FnOnce::call_once::hcffad23228d2f686
[INFO] [stdout]                                at /rustc/6067b36314ab5eb2eb47cecc464545ba58e1ad24/library/core/src/ops/function.rs:250:5
[INFO] [stdout]   32:     0x5929ef528d8b - core::ops::function::FnOnce::call_once::he27718dfdd183f43
[INFO] [stdout]                                at /rustc/6067b36314ab5eb2eb47cecc464545ba58e1ad24/library/core/src/ops/function.rs:250:5
[INFO] [stdout]   33:     0x5929ef528d8b - test::__rust_begin_short_backtrace::h4e84902998457a5d
[INFO] [stdout]                                at /rustc/6067b36314ab5eb2eb47cecc464545ba58e1ad24/library/test/src/lib.rs:632:18
[INFO] [stdout]   34:     0x5929ef527cc3 - test::run_test_in_process::{{closure}}::h7176fd18fc1feca0
[INFO] [stdout]                                at /rustc/6067b36314ab5eb2eb47cecc464545ba58e1ad24/library/test/src/lib.rs:655:60
[INFO] [stdout]   35:     0x5929ef527cc3 - <core::panic::unwind_safe::AssertUnwindSafe<F> as core::ops::function::FnOnce<()>>::call_once::hf79cff2a624d8cf7
[INFO] [stdout]                                at /rustc/6067b36314ab5eb2eb47cecc464545ba58e1ad24/library/core/src/panic/unwind_safe.rs:272:9
[INFO] [stdout]   36:     0x5929ef527cc3 - std::panicking::try::do_call::h3da0561d9ab99c25
[INFO] [stdout]                                at /rustc/6067b36314ab5eb2eb47cecc464545ba58e1ad24/library/std/src/panicking.rs:587:40
[INFO] [stdout]   37:     0x5929ef527cc3 - std::panicking::try::h41c9fa508bc61df6
[INFO] [stdout]                                at /rustc/6067b36314ab5eb2eb47cecc464545ba58e1ad24/library/std/src/panicking.rs:550:19
[INFO] [stdout]   38:     0x5929ef527cc3 - std::panic::catch_unwind::h6b3ff07bb5afad93
[INFO] [stdout]                                at /rustc/6067b36314ab5eb2eb47cecc464545ba58e1ad24/library/std/src/panic.rs:358:14
[INFO] [stdout]   39:     0x5929ef527cc3 - test::run_test_in_process::hc7253dd11b39b9f4
[INFO] [stdout]                                at /rustc/6067b36314ab5eb2eb47cecc464545ba58e1ad24/library/test/src/lib.rs:655:27
[INFO] [stdout]   40:     0x5929ef527cc3 - test::run_test::{{closure}}::hfb2007f8649c30bb
[INFO] [stdout]                                at /rustc/6067b36314ab5eb2eb47cecc464545ba58e1ad24/library/test/src/lib.rs:576:43
[INFO] [stdout]   41:     0x5929ef4eada5 - test::run_test::{{closure}}::h56a17aa7a282a9f4
[INFO] [stdout]                                at /rustc/6067b36314ab5eb2eb47cecc464545ba58e1ad24/library/test/src/lib.rs:606:41
[INFO] [stdout]   42:     0x5929ef4eada5 - std::sys::backtrace::__rust_begin_short_backtrace::hd2d2d2fb8e8c6aac
[INFO] [stdout]                                at /rustc/6067b36314ab5eb2eb47cecc464545ba58e1ad24/library/std/src/sys/backtrace.rs:152:18
[INFO] [stdout]   43:     0x5929ef4ee68a - std::thread::Builder::spawn_unchecked_::{{closure}}::{{closure}}::h4faa3f9db6133423
[INFO] [stdout]                                at /rustc/6067b36314ab5eb2eb47cecc464545ba58e1ad24/library/std/src/thread/mod.rs:559:17
[INFO] [stdout]   44:     0x5929ef4ee68a - <core::panic::unwind_safe::AssertUnwindSafe<F> as core::ops::function::FnOnce<()>>::call_once::hf2e855a36a4ea846
[INFO] [stdout]                                at /rustc/6067b36314ab5eb2eb47cecc464545ba58e1ad24/library/core/src/panic/unwind_safe.rs:272:9
[INFO] [stdout]   45:     0x5929ef4ee68a - std::panicking::try::do_call::h2f73af3616c35465
[INFO] [stdout]                                at /rustc/6067b36314ab5eb2eb47cecc464545ba58e1ad24/library/std/src/panicking.rs:587:40
[INFO] [stdout]   46:     0x5929ef4ee68a - std::panicking::try::hd1660ce9efadef5a
[INFO] [stdout]                                at /rustc/6067b36314ab5eb2eb47cecc464545ba58e1ad24/library/std/src/panicking.rs:550:19
[INFO] [stdout]   47:     0x5929ef4ee68a - std::panic::catch_unwind::h5ee8d7823b8ca744
[INFO] [stdout]                                at /rustc/6067b36314ab5eb2eb47cecc464545ba58e1ad24/library/std/src/panic.rs:358:14
[INFO] [stdout]   48:     0x5929ef4ee68a - std::thread::Builder::spawn_unchecked_::{{closure}}::h53c3a1894dce8407
[INFO] [stdout]                                at /rustc/6067b36314ab5eb2eb47cecc464545ba58e1ad24/library/std/src/thread/mod.rs:557:30
[INFO] [stdout]   49:     0x5929ef4ee68a - core::ops::function::FnOnce::call_once{{vtable.shim}}::h048ce291ad4f62bf
[INFO] [stdout]                                at /rustc/6067b36314ab5eb2eb47cecc464545ba58e1ad24/library/core/src/ops/function.rs:250:5
[INFO] [stdout]   50:     0x5929ef55faab - <alloc::boxed::Box<F,A> as core::ops::function::FnOnce<Args>>::call_once::ha52bedf99a3b4981
[INFO] [stdout]                                at /rustc/6067b36314ab5eb2eb47cecc464545ba58e1ad24/library/alloc/src/boxed.rs:2013:9
[INFO] [stdout]   51:     0x5929ef55faab - <alloc::boxed::Box<F,A> as core::ops::function::FnOnce<Args>>::call_once::h567748934d80ccf8
[INFO] [stdout]                                at /rustc/6067b36314ab5eb2eb47cecc464545ba58e1ad24/library/alloc/src/boxed.rs:2013:9
[INFO] [stdout]   52:     0x5929ef55faab - std::sys::pal::unix::thread::Thread::new::thread_start::h2d970728ae887adc
[INFO] [stdout]                                at /rustc/6067b36314ab5eb2eb47cecc464545ba58e1ad24/library/std/src/sys/pal/unix/thread.rs:106:17
[INFO] [stdout]   53:     0x7265e52bfac3 - <unknown>
[INFO] [stdout]   54:     0x7265e5350a04 - clone
[INFO] [stdout]   55:                0x0 - <unknown>
[INFO] [stdout] 
[INFO] [stdout] 
[INFO] [stdout] failures:
[INFO] [stdout]     png::tests::test_png_trait_impls
[INFO] [stdout] 
[INFO] [stdout] test result: FAILED. 33 passed; 1 failed; 0 ignored; 0 measured; 0 filtered out; finished in 0.11s
[INFO] [stdout] 
[INFO] running `Command { std: "docker" "inspect" "e0a137e80fb2a00fc38344b827b05b816371cc47f93c93c5a2fbd3b6de2ef3f1", kill_on_drop: false }`
[INFO] running `Command { std: "docker" "rm" "-f" "e0a137e80fb2a00fc38344b827b05b816371cc47f93c93c5a2fbd3b6de2ef3f1", kill_on_drop: false }`
[INFO] [stdout] e0a137e80fb2a00fc38344b827b05b816371cc47f93c93c5a2fbd3b6de2ef3f1
