[INFO] cloning repository https://github.com/chaaz/alchem
[INFO] running `Command { std: "git" "-c" "credential.helper=" "-c" "credential.helper=/workspace/cargo-home/bin/git-credential-null" "clone" "--bare" "https://github.com/chaaz/alchem" "/workspace/cache/git-repos/https%3A%2F%2Fgithub.com%2Fchaaz%2Falchem", kill_on_drop: false }`
[INFO] [stderr] Cloning into bare repository '/workspace/cache/git-repos/https%3A%2F%2Fgithub.com%2Fchaaz%2Falchem'...
[INFO] running `Command { std: "git" "rev-parse" "HEAD", kill_on_drop: false }`
[INFO] [stdout] e10ccfb7176479549bb04419a0af2942250f39af
[INFO] testing chaaz/alchem against nightly-2025-01-18 for randomize-layout-2
[INFO] running `Command { std: "git" "clone" "/workspace/cache/git-repos/https%3A%2F%2Fgithub.com%2Fchaaz%2Falchem" "/workspace/builds/worker-7-tc1/source", kill_on_drop: false }`
[INFO] [stderr] Cloning into '/workspace/builds/worker-7-tc1/source'...
[INFO] [stderr] done.
[INFO] validating manifest of git repo https://github.com/chaaz/alchem on toolchain nightly-2025-01-18
[INFO] running `Command { std: CARGO_HOME="/workspace/cargo-home" RUSTUP_HOME="/workspace/rustup-home" "/workspace/cargo-home/bin/cargo" "+nightly-2025-01-18" "metadata" "--manifest-path" "Cargo.toml" "--no-deps", kill_on_drop: false }`
[INFO] started tweaking git repo https://github.com/chaaz/alchem
[INFO] finished tweaking git repo https://github.com/chaaz/alchem
[INFO] tweaked toml for git repo https://github.com/chaaz/alchem written to /workspace/builds/worker-7-tc1/source/Cargo.toml
[INFO] crate git repo https://github.com/chaaz/alchem already has a lockfile, it will not be regenerated
[INFO] running `Command { std: CARGO_HOME="/workspace/cargo-home" RUSTUP_HOME="/workspace/rustup-home" "/workspace/cargo-home/bin/cargo" "+nightly-2025-01-18" "fetch" "--manifest-path" "Cargo.toml", kill_on_drop: false }`
[INFO] [stderr]     Blocking waiting for file lock on package cache
[INFO] [stderr]     Updating git repository `https://github.com/chaaz/alchem-macros`
[INFO] running `Command { std: "docker" "create" "-v" "/var/lib/crater-agent-workspace/builds/worker-7-tc1/target:/opt/rustwide/target:rw,Z" "-v" "/var/lib/crater-agent-workspace/builds/worker-7-tc1/source:/opt/rustwide/workdir:ro,Z" "-v" "/var/lib/crater-agent-workspace/cargo-home:/opt/rustwide/cargo-home:ro,Z" "-v" "/var/lib/crater-agent-workspace/rustup-home:/opt/rustwide/rustup-home:ro,Z" "-e" "SOURCE_DIR=/opt/rustwide/workdir" "-e" "CARGO_TARGET_DIR=/opt/rustwide/target" "-e" "CARGO_HOME=/opt/rustwide/cargo-home" "-e" "RUSTUP_HOME=/opt/rustwide/rustup-home" "-w" "/opt/rustwide/workdir" "-m" "1610612736" "--user" "0:0" "--network" "none" "ghcr.io/rust-lang/crates-build-env/linux@sha256:819108c5571ea2e421544af4d832f968d213c87fbe3707a016657f43d2f853bc" "/opt/rustwide/cargo-home/bin/cargo" "+nightly-2025-01-18" "metadata" "--no-deps" "--format-version=1", kill_on_drop: false }`
[INFO] [stdout] a4084d5695833212291e093d4b3d41e11a8597d8b94c4ee7ced73177a4e28929
[INFO] running `Command { std: "docker" "start" "-a" "a4084d5695833212291e093d4b3d41e11a8597d8b94c4ee7ced73177a4e28929", kill_on_drop: false }`
[INFO] running `Command { std: "docker" "inspect" "a4084d5695833212291e093d4b3d41e11a8597d8b94c4ee7ced73177a4e28929", kill_on_drop: false }`
[INFO] running `Command { std: "docker" "rm" "-f" "a4084d5695833212291e093d4b3d41e11a8597d8b94c4ee7ced73177a4e28929", kill_on_drop: false }`
[INFO] [stdout] a4084d5695833212291e093d4b3d41e11a8597d8b94c4ee7ced73177a4e28929
[INFO] running `Command { std: "docker" "create" "-v" "/var/lib/crater-agent-workspace/builds/worker-7-tc1/target:/opt/rustwide/target:rw,Z" "-v" "/var/lib/crater-agent-workspace/builds/worker-7-tc1/source:/opt/rustwide/workdir:ro,Z" "-v" "/var/lib/crater-agent-workspace/cargo-home:/opt/rustwide/cargo-home:ro,Z" "-v" "/var/lib/crater-agent-workspace/rustup-home:/opt/rustwide/rustup-home:ro,Z" "-e" "SOURCE_DIR=/opt/rustwide/workdir" "-e" "CARGO_TARGET_DIR=/opt/rustwide/target" "-e" "CARGO_INCREMENTAL=0" "-e" "RUST_BACKTRACE=full" "-e" "RUSTFLAGS=--cap-lints=forbid" "-e" "RUSTDOCFLAGS=--cap-lints=forbid" "-e" "CARGO_HOME=/opt/rustwide/cargo-home" "-e" "RUSTUP_HOME=/opt/rustwide/rustup-home" "-w" "/opt/rustwide/workdir" "-m" "1610612736" "--user" "0:0" "--network" "none" "ghcr.io/rust-lang/crates-build-env/linux@sha256:819108c5571ea2e421544af4d832f968d213c87fbe3707a016657f43d2f853bc" "/opt/rustwide/cargo-home/bin/cargo" "+nightly-2025-01-18" "build" "--frozen" "--message-format=json", kill_on_drop: false }`
[INFO] [stdout] 71570be4d6077a6fbc16d319ef819f6034e85f9b2ef8c9d32e8e56a088a1800a
[INFO] running `Command { std: "docker" "start" "-a" "71570be4d6077a6fbc16d319ef819f6034e85f9b2ef8c9d32e8e56a088a1800a", kill_on_drop: false }`
[INFO] [stderr]    Compiling libc v0.2.89
[INFO] [stderr]    Compiling proc-macro2 v1.0.24
[INFO] [stderr]    Compiling unicode-xid v0.2.1
[INFO] [stderr]    Compiling syn v1.0.64
[INFO] [stderr]    Compiling autocfg v1.0.1
[INFO] [stderr]    Compiling memchr v2.3.4
[INFO] [stderr]    Compiling proc-macro-hack v0.5.19
[INFO] [stderr]    Compiling cfg-if v1.0.0
[INFO] [stderr]    Compiling bitflags v1.2.1
[INFO] [stderr]    Compiling proc-macro-nested v0.1.7
[INFO] [stderr]    Compiling pin-project-lite v0.2.6
[INFO] [stderr]    Compiling futures-core v0.3.13
[INFO] [stderr]    Compiling futures-sink v0.3.13
[INFO] [stderr]    Compiling futures-task v0.3.13
[INFO] [stderr]    Compiling ryu v1.0.5
[INFO] [stderr]    Compiling slab v0.4.2
[INFO] [stderr]    Compiling gimli v0.23.0
[INFO] [stderr]    Compiling pin-utils v0.1.0
[INFO] [stderr]    Compiling version_check v0.9.2
[INFO] [stderr]    Compiling futures-io v0.3.13
[INFO] [stderr]    Compiling serde v1.0.124
[INFO] [stderr]    Compiling futures-channel v0.3.13
[INFO] [stderr]    Compiling adler v1.0.2
[INFO] [stderr]    Compiling log v0.4.14
[INFO] [stderr]    Compiling unicode-width v0.1.8
[INFO] [stderr]    Compiling object v0.23.0
[INFO] [stderr]    Compiling regex-syntax v0.6.23
[INFO] [stderr]    Compiling quick-error v1.2.3
[INFO] [stderr]    Compiling serde_json v1.0.64
[INFO] [stderr]    Compiling rustc-demangle v0.1.18
[INFO] [stderr]    Compiling humantime v1.3.0
[INFO] [stderr]    Compiling itoa v0.4.7
[INFO] [stderr]    Compiling error-chain v0.12.4
[INFO] [stderr]    Compiling miniz_oxide v0.4.4
[INFO] [stderr]    Compiling tokio v1.3.0
[INFO] [stderr]    Compiling aho-corasick v0.7.15
[INFO] [stderr]    Compiling termcolor v1.1.2
[INFO] [stderr]    Compiling vec_map v0.8.2
[INFO] [stderr]    Compiling strsim v0.8.0
[INFO] [stderr]    Compiling alchem v0.1.3 (/opt/rustwide/workdir)
[INFO] [stderr]    Compiling ansi_term v0.11.0
[INFO] [stderr]    Compiling lazy_static v1.4.0
[INFO] [stderr]    Compiling quote v1.0.9
[INFO] [stderr]    Compiling term_size v0.3.2
[INFO] [stderr]    Compiling atty v0.2.14
[INFO] [stderr]    Compiling nix v0.20.0
[INFO] [stderr]    Compiling num_cpus v1.13.0
[INFO] [stderr]    Compiling textwrap v0.11.0
[INFO] [stderr]    Compiling clap v2.33.3
[INFO] [stderr]    Compiling addr2line v0.14.1
[INFO] [stderr]    Compiling regex v1.4.5
[INFO] [stderr]    Compiling backtrace v0.3.56
[INFO] [stderr]    Compiling ctrlc v3.1.8
[INFO] [stderr]    Compiling futures-macro v0.3.13
[INFO] [stderr]    Compiling tokio-macros v1.1.0
[INFO] [stderr]    Compiling alchem-macros v0.1.1 (https://github.com/chaaz/alchem-macros?branch=main#92d0f015)
[INFO] [stderr]    Compiling env_logger v0.7.1
[INFO] [stderr]    Compiling futures-util v0.3.13
[INFO] [stderr]    Compiling futures-executor v0.3.13
[INFO] [stderr]    Compiling futures v0.3.13
[INFO] [stdout] warning: unexpected `cfg` condition name: `has_error_description_deprecated`
[INFO] [stdout]   --> src/errors.rs:5:1
[INFO] [stdout]    |
[INFO] [stdout] 5  | / error_chain! {
[INFO] [stdout] 6  | |   foreign_links {
[INFO] [stdout] 7  | |     Io(std::io::Error);
[INFO] [stdout] 8  | |     ParseInt(std::num::ParseIntError);
[INFO] [stdout] ...  |
[INFO] [stdout] 19 | |   skip_msg_variant
[INFO] [stdout] 20 | | }
[INFO] [stdout]    | |_^
[INFO] [stdout]    |
[INFO] [stdout]    = help: expected names are: `clippy`, `debug_assertions`, `doc`, `docsrs`, `doctest`, `feature`, `fmt_debug`, `miri`, `overflow_checks`, `panic`, `proc_macro`, `relocation_model`, `rustfmt`, `sanitize`, `sanitizer_cfi_generalize_pointers`, `sanitizer_cfi_normalize_integers`, `target_abi`, `target_arch`, `target_endian`, `target_env`, `target_family`, `target_feature`, `target_has_atomic`, `target_has_atomic_equal_alignment`, `target_has_atomic_load_store`, `target_os`, `target_pointer_width`, `target_thread_local`, `target_vendor`, `test`, `ub_checks`, `unix`, and `windows`
[INFO] [stdout]    = note: using a cfg inside a macro will use the cfgs from the destination crate and not the ones from the defining crate
[INFO] [stdout]    = help: try referring to `impl_error_chain_processed` crate for guidance on how handle this unexpected cfg
[INFO] [stdout]    = help: the macro `impl_error_chain_processed` may come from an old version of the `error_chain` crate, try updating your dependency with `cargo update -p error_chain`
[INFO] [stdout]    = note: see <https://doc.rust-lang.org/nightly/rustc/check-cfg/cargo-specifics.html> for more information about checking conditional configuration
[INFO] [stdout]    = note: `#[warn(unexpected_cfgs)]` on by default
[INFO] [stdout]    = note: this warning originates in the macro `impl_error_chain_processed` which comes from the expansion of the macro `error_chain` (in Nightly builds, run with -Z macro-backtrace for more info)
[INFO] [stdout] 
[INFO] [stdout] 
[INFO] [stdout] warning: elided lifetime has a name
[INFO] [stdout]   --> src/scanner.rs:15:33
[INFO] [stdout]    |
[INFO] [stdout] 14 | impl<'s> Scanner<'s> {
[INFO] [stdout]    |      -- lifetime `'s` declared here
[INFO] [stdout] 15 |   pub fn new(input: &'s str) -> Scanner { Scanner { input, iter: input.char_indices(), line: 1, was_dot: false } }
[INFO] [stdout]    |                                 ^^^^^^^ this elided lifetime gets resolved as `'s`
[INFO] [stdout]    |
[INFO] [stdout]    = note: `#[warn(elided_named_lifetimes)]` on by default
[INFO] [stdout] 
[INFO] [stdout] 
[INFO] [stdout] warning: found module declaration for main.rs
[INFO] [stdout]  --> src/launch.rs:8:1
[INFO] [stdout]   |
[INFO] [stdout] 8 | mod main;
[INFO] [stdout]   | ^^^^^^^^^
[INFO] [stdout]   |
[INFO] [stdout]   = note: a binary crate cannot be used as library
[INFO] [stdout]   = note: `#[warn(special_module_name)]` on by default
[INFO] [stdout] 
[INFO] [stdout] 
[INFO] [stderr]     Finished `dev` profile [unoptimized + debuginfo] target(s) in 30.51s
[INFO] running `Command { std: "docker" "inspect" "71570be4d6077a6fbc16d319ef819f6034e85f9b2ef8c9d32e8e56a088a1800a", kill_on_drop: false }`
[INFO] running `Command { std: "docker" "rm" "-f" "71570be4d6077a6fbc16d319ef819f6034e85f9b2ef8c9d32e8e56a088a1800a", kill_on_drop: false }`
[INFO] [stdout] 71570be4d6077a6fbc16d319ef819f6034e85f9b2ef8c9d32e8e56a088a1800a
[INFO] running `Command { std: "docker" "create" "-v" "/var/lib/crater-agent-workspace/builds/worker-7-tc1/target:/opt/rustwide/target:rw,Z" "-v" "/var/lib/crater-agent-workspace/builds/worker-7-tc1/source:/opt/rustwide/workdir:ro,Z" "-v" "/var/lib/crater-agent-workspace/cargo-home:/opt/rustwide/cargo-home:ro,Z" "-v" "/var/lib/crater-agent-workspace/rustup-home:/opt/rustwide/rustup-home:ro,Z" "-e" "SOURCE_DIR=/opt/rustwide/workdir" "-e" "CARGO_TARGET_DIR=/opt/rustwide/target" "-e" "CARGO_INCREMENTAL=0" "-e" "RUST_BACKTRACE=full" "-e" "RUSTFLAGS=--cap-lints=forbid" "-e" "RUSTDOCFLAGS=--cap-lints=forbid" "-e" "CARGO_HOME=/opt/rustwide/cargo-home" "-e" "RUSTUP_HOME=/opt/rustwide/rustup-home" "-w" "/opt/rustwide/workdir" "-m" "1610612736" "--user" "0:0" "--network" "none" "ghcr.io/rust-lang/crates-build-env/linux@sha256:819108c5571ea2e421544af4d832f968d213c87fbe3707a016657f43d2f853bc" "/opt/rustwide/cargo-home/bin/cargo" "+nightly-2025-01-18" "test" "--frozen" "--no-run" "--message-format=json", kill_on_drop: false }`
[INFO] [stdout] d98ad8853c8a92bbb057469988af09100fb3879e9518a60bdb451b16cbfebeb2
[INFO] running `Command { std: "docker" "start" "-a" "d98ad8853c8a92bbb057469988af09100fb3879e9518a60bdb451b16cbfebeb2", kill_on_drop: false }`
[INFO] [stderr]    Compiling alchem v0.1.3 (/opt/rustwide/workdir)
[INFO] [stdout] warning: unexpected `cfg` condition name: `has_error_description_deprecated`
[INFO] [stdout]   --> src/errors.rs:5:1
[INFO] [stdout]    |
[INFO] [stdout] 5  | / error_chain! {
[INFO] [stdout] 6  | |   foreign_links {
[INFO] [stdout] 7  | |     Io(std::io::Error);
[INFO] [stdout] 8  | |     ParseInt(std::num::ParseIntError);
[INFO] [stdout] ...  |
[INFO] [stdout] 19 | |   skip_msg_variant
[INFO] [stdout] 20 | | }
[INFO] [stdout]    | |_^
[INFO] [stdout]    |
[INFO] [stdout]    = help: expected names are: `clippy`, `debug_assertions`, `doc`, `docsrs`, `doctest`, `feature`, `fmt_debug`, `miri`, `overflow_checks`, `panic`, `proc_macro`, `relocation_model`, `rustfmt`, `sanitize`, `sanitizer_cfi_generalize_pointers`, `sanitizer_cfi_normalize_integers`, `target_abi`, `target_arch`, `target_endian`, `target_env`, `target_family`, `target_feature`, `target_has_atomic`, `target_has_atomic_equal_alignment`, `target_has_atomic_load_store`, `target_os`, `target_pointer_width`, `target_thread_local`, `target_vendor`, `test`, `ub_checks`, `unix`, and `windows`
[INFO] [stdout]    = note: using a cfg inside a macro will use the cfgs from the destination crate and not the ones from the defining crate
[INFO] [stdout]    = help: try referring to `impl_error_chain_processed` crate for guidance on how handle this unexpected cfg
[INFO] [stdout]    = help: the macro `impl_error_chain_processed` may come from an old version of the `error_chain` crate, try updating your dependency with `cargo update -p error_chain`
[INFO] [stdout]    = note: see <https://doc.rust-lang.org/nightly/rustc/check-cfg/cargo-specifics.html> for more information about checking conditional configuration
[INFO] [stdout]    = note: `#[warn(unexpected_cfgs)]` on by default
[INFO] [stdout]    = note: this warning originates in the macro `impl_error_chain_processed` which comes from the expansion of the macro `error_chain` (in Nightly builds, run with -Z macro-backtrace for more info)
[INFO] [stdout] 
[INFO] [stdout] 
[INFO] [stdout] warning: elided lifetime has a name
[INFO] [stdout]   --> src/scanner.rs:15:33
[INFO] [stdout]    |
[INFO] [stdout] 14 | impl<'s> Scanner<'s> {
[INFO] [stdout]    |      -- lifetime `'s` declared here
[INFO] [stdout] 15 |   pub fn new(input: &'s str) -> Scanner { Scanner { input, iter: input.char_indices(), line: 1, was_dot: false } }
[INFO] [stdout]    |                                 ^^^^^^^ this elided lifetime gets resolved as `'s`
[INFO] [stdout]    |
[INFO] [stdout]    = note: `#[warn(elided_named_lifetimes)]` on by default
[INFO] [stdout] 
[INFO] [stdout] 
[INFO] [stdout] warning: found module declaration for main.rs
[INFO] [stdout]  --> src/launch.rs:8:1
[INFO] [stdout]   |
[INFO] [stdout] 8 | mod main;
[INFO] [stdout]   | ^^^^^^^^^
[INFO] [stdout]   |
[INFO] [stdout]   = note: a binary crate cannot be used as library
[INFO] [stdout]   = note: `#[warn(special_module_name)]` on by default
[INFO] [stdout] 
[INFO] [stdout] 
[INFO] [stdout] warning: found module declaration for main.rs
[INFO] [stdout]  --> src/launch.rs:8:1
[INFO] [stdout]   |
[INFO] [stdout] 8 | mod main;
[INFO] [stdout]   | ^^^^^^^^^
[INFO] [stdout]   |
[INFO] [stdout]   = note: a binary crate cannot be used as library
[INFO] [stdout]   = note: `#[warn(special_module_name)]` on by default
[INFO] [stdout] 
[INFO] [stdout] 
[INFO] [stdout] warning: unexpected `cfg` condition name: `has_error_description_deprecated`
[INFO] [stdout]   --> src/errors.rs:5:1
[INFO] [stdout]    |
[INFO] [stdout] 5  | / error_chain! {
[INFO] [stdout] 6  | |   foreign_links {
[INFO] [stdout] 7  | |     Io(std::io::Error);
[INFO] [stdout] 8  | |     ParseInt(std::num::ParseIntError);
[INFO] [stdout] ...  |
[INFO] [stdout] 19 | |   skip_msg_variant
[INFO] [stdout] 20 | | }
[INFO] [stdout]    | |_^
[INFO] [stdout]    |
[INFO] [stdout]    = help: expected names are: `clippy`, `debug_assertions`, `doc`, `docsrs`, `doctest`, `feature`, `fmt_debug`, `miri`, `overflow_checks`, `panic`, `proc_macro`, `relocation_model`, `rustfmt`, `sanitize`, `sanitizer_cfi_generalize_pointers`, `sanitizer_cfi_normalize_integers`, `target_abi`, `target_arch`, `target_endian`, `target_env`, `target_family`, `target_feature`, `target_has_atomic`, `target_has_atomic_equal_alignment`, `target_has_atomic_load_store`, `target_os`, `target_pointer_width`, `target_thread_local`, `target_vendor`, `test`, `ub_checks`, `unix`, and `windows`
[INFO] [stdout]    = note: using a cfg inside a macro will use the cfgs from the destination crate and not the ones from the defining crate
[INFO] [stdout]    = help: try referring to `impl_error_chain_processed` crate for guidance on how handle this unexpected cfg
[INFO] [stdout]    = help: the macro `impl_error_chain_processed` may come from an old version of the `error_chain` crate, try updating your dependency with `cargo update -p error_chain`
[INFO] [stdout]    = note: see <https://doc.rust-lang.org/nightly/rustc/check-cfg/cargo-specifics.html> for more information about checking conditional configuration
[INFO] [stdout]    = note: `#[warn(unexpected_cfgs)]` on by default
[INFO] [stdout]    = note: this warning originates in the macro `impl_error_chain_processed` which comes from the expansion of the macro `error_chain` (in Nightly builds, run with -Z macro-backtrace for more info)
[INFO] [stdout] 
[INFO] [stdout] 
[INFO] [stdout] warning: elided lifetime has a name
[INFO] [stdout]   --> src/scanner.rs:15:33
[INFO] [stdout]    |
[INFO] [stdout] 14 | impl<'s> Scanner<'s> {
[INFO] [stdout]    |      -- lifetime `'s` declared here
[INFO] [stdout] 15 |   pub fn new(input: &'s str) -> Scanner { Scanner { input, iter: input.char_indices(), line: 1, was_dot: false } }
[INFO] [stdout]    |                                 ^^^^^^^ this elided lifetime gets resolved as `'s`
[INFO] [stdout]    |
[INFO] [stdout]    = note: `#[warn(elided_named_lifetimes)]` on by default
[INFO] [stdout] 
[INFO] [stdout] 
[INFO] [stderr]     Finished `test` profile [unoptimized + debuginfo] target(s) in 17.21s
[INFO] running `Command { std: "docker" "inspect" "d98ad8853c8a92bbb057469988af09100fb3879e9518a60bdb451b16cbfebeb2", kill_on_drop: false }`
[INFO] running `Command { std: "docker" "rm" "-f" "d98ad8853c8a92bbb057469988af09100fb3879e9518a60bdb451b16cbfebeb2", kill_on_drop: false }`
[INFO] [stdout] d98ad8853c8a92bbb057469988af09100fb3879e9518a60bdb451b16cbfebeb2
[INFO] running `Command { std: "docker" "create" "-v" "/var/lib/crater-agent-workspace/builds/worker-7-tc1/target:/opt/rustwide/target:rw,Z" "-v" "/var/lib/crater-agent-workspace/builds/worker-7-tc1/source:/opt/rustwide/workdir:ro,Z" "-v" "/var/lib/crater-agent-workspace/cargo-home:/opt/rustwide/cargo-home:ro,Z" "-v" "/var/lib/crater-agent-workspace/rustup-home:/opt/rustwide/rustup-home:ro,Z" "-e" "SOURCE_DIR=/opt/rustwide/workdir" "-e" "CARGO_TARGET_DIR=/opt/rustwide/target" "-e" "CARGO_INCREMENTAL=0" "-e" "RUST_BACKTRACE=full" "-e" "RUSTFLAGS=--cap-lints=forbid" "-e" "RUSTDOCFLAGS=--cap-lints=forbid" "-e" "CARGO_HOME=/opt/rustwide/cargo-home" "-e" "RUSTUP_HOME=/opt/rustwide/rustup-home" "-w" "/opt/rustwide/workdir" "-m" "1610612736" "--user" "0:0" "--network" "none" "ghcr.io/rust-lang/crates-build-env/linux@sha256:819108c5571ea2e421544af4d832f968d213c87fbe3707a016657f43d2f853bc" "/opt/rustwide/cargo-home/bin/cargo" "+nightly-2025-01-18" "test" "--frozen", kill_on_drop: false }`
[INFO] [stdout] 2e15675fbb524d56b57505ebb4966b709261e6b100aa2d2e22de23e6a849249e
[INFO] running `Command { std: "docker" "start" "-a" "2e15675fbb524d56b57505ebb4966b709261e6b100aa2d2e22de23e6a849249e", kill_on_drop: false }`
[INFO] [stderr] warning: unexpected `cfg` condition name: `has_error_description_deprecated`
[INFO] [stderr]   --> src/errors.rs:5:1
[INFO] [stderr]    |
[INFO] [stderr] 5  | / error_chain! {
[INFO] [stderr] 6  | |   foreign_links {
[INFO] [stderr] 7  | |     Io(std::io::Error);
[INFO] [stderr] 8  | |     ParseInt(std::num::ParseIntError);
[INFO] [stderr] ...  |
[INFO] [stderr] 19 | |   skip_msg_variant
[INFO] [stderr] 20 | | }
[INFO] [stderr]    | |_^
[INFO] [stderr]    |
[INFO] [stderr]    = help: expected names are: `clippy`, `debug_assertions`, `doc`, `docsrs`, `doctest`, `feature`, `fmt_debug`, `miri`, `overflow_checks`, `panic`, `proc_macro`, `relocation_model`, `rustfmt`, `sanitize`, `sanitizer_cfi_generalize_pointers`, `sanitizer_cfi_normalize_integers`, `target_abi`, `target_arch`, `target_endian`, `target_env`, `target_family`, `target_feature`, `target_has_atomic`, `target_has_atomic_equal_alignment`, `target_has_atomic_load_store`, `target_os`, `target_pointer_width`, `target_thread_local`, `target_vendor`, `test`, `ub_checks`, `unix`, and `windows`
[INFO] [stderr]    = note: using a cfg inside a macro will use the cfgs from the destination crate and not the ones from the defining crate
[INFO] [stderr]    = help: try referring to `impl_error_chain_processed` crate for guidance on how handle this unexpected cfg
[INFO] [stderr]    = help: the macro `impl_error_chain_processed` may come from an old version of the `error_chain` crate, try updating your dependency with `cargo update -p error_chain`
[INFO] [stderr]    = note: see <https://doc.rust-lang.org/nightly/rustc/check-cfg/cargo-specifics.html> for more information about checking conditional configuration
[INFO] [stderr]    = note: `#[warn(unexpected_cfgs)]` on by default
[INFO] [stderr]    = note: this warning originates in the macro `impl_error_chain_processed` which comes from the expansion of the macro `error_chain` (in Nightly builds, run with -Z macro-backtrace for more info)
[INFO] [stderr] 
[INFO] [stderr] warning: elided lifetime has a name
[INFO] [stderr]   --> src/scanner.rs:15:33
[INFO] [stderr]    |
[INFO] [stderr] 14 | impl<'s> Scanner<'s> {
[INFO] [stderr]    |      -- lifetime `'s` declared here
[INFO] [stderr] 15 |   pub fn new(input: &'s str) -> Scanner { Scanner { input, iter: input.char_indices(), line: 1, was_dot: false } }
[INFO] [stderr]    |                                 ^^^^^^^ this elided lifetime gets resolved as `'s`
[INFO] [stderr]    |
[INFO] [stderr]    = note: `#[warn(elided_named_lifetimes)]` on by default
[INFO] [stderr] 
[INFO] [stderr] warning: `alchem` (lib) generated 2 warnings
[INFO] [stderr] warning: `alchem` (lib test) generated 2 warnings (2 duplicates)
[INFO] [stderr] warning: found module declaration for main.rs
[INFO] [stderr]  --> src/launch.rs:8:1
[INFO] [stderr]   |
[INFO] [stderr] 8 | mod main;
[INFO] [stderr]   | ^^^^^^^^^
[INFO] [stderr]   |
[INFO] [stderr]   = note: a binary crate cannot be used as library
[INFO] [stderr]   = note: `#[warn(special_module_name)]` on by default
[INFO] [stderr] 
[INFO] [stderr] warning: `alchem` (bin "alchem" test) generated 1 warning
[INFO] [stderr] warning: `alchem` (bin "alchem") generated 1 warning (1 duplicate)
[INFO] [stderr]     Finished `test` profile [unoptimized + debuginfo] target(s) in 0.19s
[INFO] [stderr]      Running unittests src/lib.rs (/opt/rustwide/target/debug/deps/alchem-f28786290b63c42b)
[INFO] [stdout] 
[INFO] [stdout] running 4 tests
[INFO] [stdout] test common::test::const_int ... ok
[INFO] [stdout] test common::test::simple ... ok
[INFO] [stdout] test value::test::value_clone ... ok
[INFO] [stdout] test common::test::constants ... ok
[INFO] [stdout] 
[INFO] [stdout] test result: ok. 4 passed; 0 failed; 0 ignored; 0 measured; 0 filtered out; finished in 0.00s
[INFO] [stdout] 
[INFO] [stderr]      Running unittests src/launch.rs (/opt/rustwide/target/debug/deps/alchem-9600c03839415a71)
[INFO] [stdout] 
[INFO] [stdout] running 0 tests
[INFO] [stdout] 
[INFO] [stdout] test result: ok. 0 passed; 0 failed; 0 ignored; 0 measured; 0 filtered out; finished in 0.00s
[INFO] [stdout] 
[INFO] [stderr]      Running tests/array.rs (/opt/rustwide/target/debug/deps/array-2ef38a47883b264f)
[INFO] [stdout] 
[INFO] [stdout] running 22 tests
[INFO] [stdout] test destr_assigned ... ok
[INFO] [stdout] test destr_args_late ... ok
[INFO] [stdout] test destr_assgn_multi ... ok
[INFO] [stdout] test destr_args ... ok
[INFO] [stdout] test destr_multi ... ok
[INFO] [stdout] test destr_in_fn ... ok
[INFO] [stdout] test create_simple ... ok
[INFO] [stdout] test create_empty ... ok
[INFO] [stdout] test create_multi ... ok
[INFO] [stdout] test destr_nested_assgnd ... ok
[INFO] [stdout] test destructure ... ok
[INFO] [stdout] test extract_compare ... ok
[INFO] [stdout] test mixed_nested ... ok
[INFO] [stdout] test destr_recall ... ok
[INFO] [stdout] test dot_nested ... ok
[INFO] [stdout] test destr_nested ... ok
[INFO] [stdout] test extract_multi ... ok
[INFO] [stdout] test nested_mixed ... ok
[INFO] [stdout] test nested_square ... ok
[INFO] [stdout] test bad_index - should panic ... ok
[INFO] [stdout] test destr_recall_fail - should panic ... ok
[INFO] [stdout] test not_array - should panic ... ok
[INFO] [stdout] 
[INFO] [stdout] test result: ok. 22 passed; 0 failed; 0 ignored; 0 measured; 0 filtered out; finished in 0.08s
[INFO] [stdout] 
[INFO] [stderr]      Running tests/basics.rs (/opt/rustwide/target/debug/deps/basics-c83e978b067332c0)
[INFO] [stdout] 
[INFO] [stdout] running 12 tests
[INFO] [stdout] test expr_grouping ... ok
[INFO] [stdout] test expr_math ... ok
[INFO] [stdout] test expr_bool_grouping ... ok
[INFO] [stdout] test expr_math_complex ... ok
[INFO] [stdout] test expr_bool_complex ... ok
[INFO] [stdout] test expr_bool ... ok
[INFO] [stdout] test expr_math_prec ... ok
[INFO] [stdout] test simple_int ... ok
[INFO] [stdout] test simple_string ... ok
[INFO] [stdout] test simple_float ... ok
[INFO] [stdout] test expr_subt ... ok
[INFO] [stdout] test wrong_float - should panic ... ok
[INFO] [stdout] 
[INFO] [stdout] test result: ok. 12 passed; 0 failed; 0 ignored; 0 measured; 0 filtered out; finished in 0.07s
[INFO] [stdout] 
[INFO] [stderr]      Running tests/bounce.rs (/opt/rustwide/target/debug/deps/bounce-ce31399b2646d30e)
[INFO] [stdout] 
[INFO] [stdout] running 5 tests
[INFO] [stdout] test finite ... ok
[INFO] [stdout] test bounce_ab ... ok
[INFO] [stdout] test bounce_ba ... ok
[INFO] [stdout] test infinite - should panic ... ok
[INFO] [stdout] test infinite_bounce - should panic ... ok
[INFO] [stdout] 
[INFO] [stdout] test result: ok. 5 passed; 0 failed; 0 ignored; 0 measured; 0 filtered out; finished in 0.05s
[INFO] [stdout] 
[INFO] [stderr]      Running tests/branch.rs (/opt/rustwide/target/debug/deps/branch-95b921bece9f94d3)
[INFO] [stdout] 
[INFO] [stdout] running 6 tests
[INFO] [stdout] test branch_simple ... ok
[INFO] [stdout] test branch_on_local ... ok
[INFO] [stdout] test branch_local ... ok
[INFO] [stdout] test deep_branch_local ... ok
[INFO] [stdout] test branch_weird ... ok
[INFO] [stdout] test branch_else ... ok
[INFO] [stdout] 
[INFO] [stdout] test result: ok. 6 passed; 0 failed; 0 ignored; 0 measured; 0 filtered out; finished in 0.01s
[INFO] [stdout] 
[INFO] [stderr]      Running tests/closure.rs (/opt/rustwide/target/debug/deps/closure-451d1d9831a50898)
[INFO] [stdout] 
[INFO] [stdout] running 6 tests
[INFO] [stdout] test closure_inline ... ok
[INFO] [stdout] test closure_fake_recurse ... ok
[INFO] [stdout] test parameter_closed ... ok
[INFO] [stdout] test partial_sum ... ok
[INFO] [stdout] test fib_10 ... ok
[INFO] [stdout] test simple_closure ... ok
[INFO] [stdout] 
[INFO] [stdout] test result: ok. 6 passed; 0 failed; 0 ignored; 0 measured; 0 filtered out; finished in 0.01s
[INFO] [stdout] 
[INFO] [stderr]      Running tests/comments.rs (/opt/rustwide/target/debug/deps/comments-6ea8f82cddaef3fa)
[INFO] [stdout] 
[INFO] [stdout] running 1 test
[INFO] [stdout] test double_slash ... ok
[INFO] [stdout] 
[INFO] [stdout] test result: ok. 1 passed; 0 failed; 0 ignored; 0 measured; 0 filtered out; finished in 0.00s
[INFO] [stdout] 
[INFO] [stderr]      Running tests/eval.rs (/opt/rustwide/target/debug/deps/eval-cddfd4257b14d84f)
[INFO] [stdout] 
[INFO] [stdout] running 11 tests
[INFO] [stdout] test deferred_lit ... ok
[INFO] [stdout] test double_call ... ok
[INFO] [stdout] test fn_out_0 ... ok
[INFO] [stdout] test fn_call ... ok
[INFO] [stdout] test fn_out_1 ... ok
[INFO] [stdout] test simple ... ok
[INFO] [stdout] test nonliteral ... ok
[INFO] [stdout] test double_match ... ok
[INFO] [stdout] test capture_fail - should panic ... ok
[INFO] [stdout] test var_fail - should panic ... ok
[INFO] [stdout] test nonliteral_fail - should panic ... ok
[INFO] [stdout] 
[INFO] [stdout] test result: ok. 11 passed; 0 failed; 0 ignored; 0 measured; 0 filtered out; finished in 0.07s
[INFO] [stdout] 
[INFO] [stderr]      Running tests/function.rs (/opt/rustwide/target/debug/deps/function-ecb4fd1b98dffdb5)
[INFO] [stdout] 
[INFO] [stdout] running 7 tests
[INFO] [stdout] test function_inline ... ok
[INFO] [stdout] test function_simple ... ok
[INFO] [stdout] test function_nested_inline ... ok
[INFO] [stdout] test nested_parameters ... ok
[INFO] [stdout] test parameters ... ok
[INFO] [stdout] test return_op ... ok
[INFO] [stdout] test function_nested ... ok
[INFO] [stdout] 
[INFO] [stdout] test result: ok. 7 passed; 0 failed; 0 ignored; 0 measured; 0 filtered out; finished in 0.00s
[INFO] [stdout] 
[INFO] [stderr]      Running tests/json.rs (/opt/rustwide/target/debug/deps/json-41569885a19e1329)
[INFO] [stdout] 
[INFO] [stdout] running 18 tests
[INFO] [stdout] test convert_bool ... ok
[INFO] [stdout] test convert_double ... ok
[INFO] [stdout] test convert_int ... ok
[INFO] [stdout] test convert_float ... ok
[INFO] [stdout] test convert_str ... ok
[INFO] [stdout] test json_dot_object ... ok
[INFO] [stdout] test unify_diff_r ... ok
[INFO] [stdout] test unify_sum_l ... ok
[INFO] [stdout] test json_dot_array ... ok
[INFO] [stdout] test unify_sum_r ... ok
[INFO] [stdout] test unify_diff_l ... ok
[INFO] [stdout] test convert_obj ... FAILED
[INFO] [stdout] test convert_nest ... FAILED
[INFO] [stdout] test convert_complex ... FAILED
[INFO] [stdout] test convert_array ... FAILED
[INFO] [stdout] test convert_obj_rev ... FAILED
[INFO] [stdout] test fn_to_json_fail - should panic ... ok
[INFO] [stdout] test nest_to_json_fail - should panic ... ok
[INFO] [stdout] 
[INFO] [stdout] failures:
[INFO] [stdout] 
[INFO] [stdout] ---- convert_obj stdout ----
[INFO] [stdout] 
[INFO] [stdout] thread 'convert_obj' panicked at tests/util/mod.rs:68:3:
[INFO] [stdout] assertion `left == right` failed
[INFO] [stdout]   left: Object({"a": Number(1), "b": Number(2)})
[INFO] [stdout]  right: Object({"a": Number(1.0), "b": Number(2.0)})
[INFO] [stdout] stack backtrace:
[INFO] [stdout]    0:     0x566299002d7a - std::backtrace_rs::backtrace::libunwind::trace::hb059275cfc8d6126
[INFO] [stdout]                                at /rustc/6067b36314ab5eb2eb47cecc464545ba58e1ad24/library/std/src/../../backtrace/src/backtrace/libunwind.rs:116:5
[INFO] [stdout]    1:     0x566299002d7a - std::backtrace_rs::backtrace::trace_unsynchronized::h2da071e4327ce3ee
[INFO] [stdout]                                at /rustc/6067b36314ab5eb2eb47cecc464545ba58e1ad24/library/std/src/../../backtrace/src/backtrace/mod.rs:66:5
[INFO] [stdout]    2:     0x566299002d7a - std::sys::backtrace::_print_fmt::h842a1474e6f8d23f
[INFO] [stdout]                                at /rustc/6067b36314ab5eb2eb47cecc464545ba58e1ad24/library/std/src/sys/backtrace.rs:66:9
[INFO] [stdout]    3:     0x566299002d7a - <std::sys::backtrace::BacktraceLock::print::DisplayBacktrace as core::fmt::Display>::fmt::h71a62eb3b9696b12
[INFO] [stdout]                                at /rustc/6067b36314ab5eb2eb47cecc464545ba58e1ad24/library/std/src/sys/backtrace.rs:39:26
[INFO] [stdout]    4:     0x56629902bf93 - core::fmt::rt::Argument::fmt::hdb6b616786b41dc1
[INFO] [stdout]                                at /rustc/6067b36314ab5eb2eb47cecc464545ba58e1ad24/library/core/src/fmt/rt.rs:177:76
[INFO] [stdout]    5:     0x56629902bf93 - core::fmt::write::h2cc1698af7e2d686
[INFO] [stdout]                                at /rustc/6067b36314ab5eb2eb47cecc464545ba58e1ad24/library/core/src/fmt/mod.rs:1440:21
[INFO] [stdout]    6:     0x566298fff673 - std::io::Write::write_fmt::hab1b4cd059a79022
[INFO] [stdout]                                at /rustc/6067b36314ab5eb2eb47cecc464545ba58e1ad24/library/std/src/io/mod.rs:1887:15
[INFO] [stdout]    7:     0x566299002bc2 - std::sys::backtrace::BacktraceLock::print::h147fe35b4ea13b08
[INFO] [stdout]                                at /rustc/6067b36314ab5eb2eb47cecc464545ba58e1ad24/library/std/src/sys/backtrace.rs:42:9
[INFO] [stdout]    8:     0x56629900419f - std::panicking::default_hook::{{closure}}::hbd44223dbdc0d208
[INFO] [stdout]                                at /rustc/6067b36314ab5eb2eb47cecc464545ba58e1ad24/library/std/src/panicking.rs:298:22
[INFO] [stdout]    9:     0x566299003fb8 - std::panicking::default_hook::h20f81eb0576efcec
[INFO] [stdout]                                at /rustc/6067b36314ab5eb2eb47cecc464545ba58e1ad24/library/std/src/panicking.rs:322:9
[INFO] [stdout]   10:     0x566298eb32c3 - <alloc::boxed::Box<F,A> as core::ops::function::Fn<Args>>::call::hdb53814c496a4d34
[INFO] [stdout]                                at /rustc/6067b36314ab5eb2eb47cecc464545ba58e1ad24/library/alloc/src/boxed.rs:2027:9
[INFO] [stdout]   11:     0x566298eb32c3 - test::test_main::{{closure}}::hc0a4963c59427c24
[INFO] [stdout]                                at /rustc/6067b36314ab5eb2eb47cecc464545ba58e1ad24/library/test/src/lib.rs:134:21
[INFO] [stdout]   12:     0x566299004c93 - <alloc::boxed::Box<F,A> as core::ops::function::Fn<Args>>::call::h591b2225413a77e9
[INFO] [stdout]                                at /rustc/6067b36314ab5eb2eb47cecc464545ba58e1ad24/library/alloc/src/boxed.rs:2027:9
[INFO] [stdout]   13:     0x566299004c93 - std::panicking::rust_panic_with_hook::h625eea43051b2edc
[INFO] [stdout]                                at /rustc/6067b36314ab5eb2eb47cecc464545ba58e1ad24/library/std/src/panicking.rs:839:13
[INFO] [stdout]   14:     0x56629900494a - std::panicking::begin_panic_handler::{{closure}}::h4f9159cfbc3f6bd3
[INFO] [stdout]                                at /rustc/6067b36314ab5eb2eb47cecc464545ba58e1ad24/library/std/src/panicking.rs:704:13
[INFO] [stdout]   15:     0x566299003279 - std::sys::backtrace::__rust_end_short_backtrace::h0390abce48353151
[INFO] [stdout]                                at /rustc/6067b36314ab5eb2eb47cecc464545ba58e1ad24/library/std/src/sys/backtrace.rs:168:18
[INFO] [stdout]   16:     0x5662990045dd - rust_begin_unwind
[INFO] [stdout]                                at /rustc/6067b36314ab5eb2eb47cecc464545ba58e1ad24/library/std/src/panicking.rs:695:5
[INFO] [stdout]   17:     0x56629902a2b0 - core::panicking::panic_fmt::h9e7c637e9e5f29c9
[INFO] [stdout]                                at /rustc/6067b36314ab5eb2eb47cecc464545ba58e1ad24/library/core/src/panicking.rs:75:14
[INFO] [stdout]   18:     0x56629902a6a2 - core::panicking::assert_failed_inner::h538bec7c1374cd9c
[INFO] [stdout]   19:     0x566298e035fc - core::panicking::assert_failed::h35fa7ab924b701cb
[INFO] [stdout]                                at /rustc/6067b36314ab5eb2eb47cecc464545ba58e1ad24/library/core/src/panicking.rs:364:5
[INFO] [stdout]   20:     0x566298dc25c1 - json::util::expect_map_json::{{closure}}::h7f9acfdd47f7fa50
[INFO] [stdout]                                at /opt/rustwide/workdir/tests/util/mod.rs:68:3
[INFO] [stdout]   21:     0x566298de27a7 - json::convert_obj::{{closure}}::h842004f83e8df67d
[INFO] [stdout]                                at /opt/rustwide/workdir/tests/json.rs:31:76
[INFO] [stdout]   22:     0x566298dffd2d - <core::pin::Pin<P> as core::future::future::Future>::poll::h53f4dd32dc9cdd44
[INFO] [stdout]                                at /rustc/6067b36314ab5eb2eb47cecc464545ba58e1ad24/library/core/src/future/future.rs:124:9
[INFO] [stdout]   23:     0x566298df564f - tokio::runtime::basic_scheduler::Inner<P>::block_on::{{closure}}::{{closure}}::ha1758d8b25fdf4dc
[INFO] [stdout]                                at /opt/rustwide/cargo-home/registry/src/index.crates.io-1949cf8c6b5b557f/tokio-1.3.0/src/runtime/basic_scheduler.rs:184:58
[INFO] [stdout]   24:     0x566298e24c53 - tokio::coop::with_budget::{{closure}}::h8dd56142b45cb9ae
[INFO] [stdout]                                at /opt/rustwide/cargo-home/registry/src/index.crates.io-1949cf8c6b5b557f/tokio-1.3.0/src/coop.rs:106:9
[INFO] [stdout]   25:     0x566298e3ccc5 - std::thread::local::LocalKey<T>::try_with::h442ead58c3498c9c
[INFO] [stdout]                                at /rustc/6067b36314ab5eb2eb47cecc464545ba58e1ad24/library/std/src/thread/local.rs:308:12
[INFO] [stdout]   26:     0x566298e3abba - std::thread::local::LocalKey<T>::with::h9445a3810cb382eb
[INFO] [stdout]                                at /rustc/6067b36314ab5eb2eb47cecc464545ba58e1ad24/library/std/src/thread/local.rs:272:9
[INFO] [stdout]   27:     0x566298df0e59 - tokio::coop::with_budget::h2d74ddac595f2d1b
[INFO] [stdout]                                at /opt/rustwide/cargo-home/registry/src/index.crates.io-1949cf8c6b5b557f/tokio-1.3.0/src/coop.rs:99:5
[INFO] [stdout]   28:     0x566298df0e59 - tokio::coop::budget::hc3c89c4a565e2944
[INFO] [stdout]                                at /opt/rustwide/cargo-home/registry/src/index.crates.io-1949cf8c6b5b557f/tokio-1.3.0/src/coop.rs:76:5
[INFO] [stdout]   29:     0x566298df0e59 - tokio::runtime::basic_scheduler::Inner<P>::block_on::{{closure}}::hb4e090abdda4cf70
[INFO] [stdout]                                at /opt/rustwide/cargo-home/registry/src/index.crates.io-1949cf8c6b5b557f/tokio-1.3.0/src/runtime/basic_scheduler.rs:184:35
[INFO] [stdout]   30:     0x566298dff94a - tokio::runtime::basic_scheduler::enter::{{closure}}::hcd5f80801dc74730
[INFO] [stdout]                                at /opt/rustwide/cargo-home/registry/src/index.crates.io-1949cf8c6b5b557f/tokio-1.3.0/src/runtime/basic_scheduler.rs:266:29
[INFO] [stdout]   31:     0x566298e67215 - tokio::macros::scoped_tls::ScopedKey<T>::set::h3b86d2d8b547086c
[INFO] [stdout]                                at /opt/rustwide/cargo-home/registry/src/index.crates.io-1949cf8c6b5b557f/tokio-1.3.0/src/macros/scoped_tls.rs:61:9
[INFO] [stdout]   32:     0x566298dfe135 - tokio::runtime::basic_scheduler::enter::h9235dbcd198a5de0
[INFO] [stdout]                                at /opt/rustwide/cargo-home/registry/src/index.crates.io-1949cf8c6b5b557f/tokio-1.3.0/src/runtime/basic_scheduler.rs:266:5
[INFO] [stdout]   33:     0x566298decc43 - tokio::runtime::basic_scheduler::Inner<P>::block_on::ha51821a5b3bcb820
[INFO] [stdout]                                at /opt/rustwide/cargo-home/registry/src/index.crates.io-1949cf8c6b5b557f/tokio-1.3.0/src/runtime/basic_scheduler.rs:176:9
[INFO] [stdout]   34:     0x566298df5fe5 - tokio::runtime::basic_scheduler::InnerGuard<P>::block_on::h1d064140d3ef59b0
[INFO] [stdout]                                at /opt/rustwide/cargo-home/registry/src/index.crates.io-1949cf8c6b5b557f/tokio-1.3.0/src/runtime/basic_scheduler.rs:405:9
[INFO] [stdout]   35:     0x566298df98c0 - tokio::runtime::basic_scheduler::BasicScheduler<P>::block_on::hc2e3f5539f778b74
[INFO] [stdout]                                at /opt/rustwide/cargo-home/registry/src/index.crates.io-1949cf8c6b5b557f/tokio-1.3.0/src/runtime/basic_scheduler.rs:136:24
[INFO] [stdout]   36:     0x566298ddc283 - tokio::runtime::Runtime::block_on::h74e9dab82272cfad
[INFO] [stdout]                                at /opt/rustwide/cargo-home/registry/src/index.crates.io-1949cf8c6b5b557f/tokio-1.3.0/src/runtime/mod.rs:450:46
[INFO] [stdout]   37:     0x566298de25d2 - json::convert_obj::h386d11ebb12fb4a4
[INFO] [stdout]                                at /opt/rustwide/workdir/tests/json.rs:30:1
[INFO] [stdout]   38:     0x566298de2457 - json::convert_obj::{{closure}}::h359cb4c48e923ef2
[INFO] [stdout]                                at /opt/rustwide/workdir/tests/json.rs:31:23
[INFO] [stdout]   39:     0x566298e0ac06 - core::ops::function::FnOnce::call_once::hf63b0237a7f277b3
[INFO] [stdout]                                at /rustc/6067b36314ab5eb2eb47cecc464545ba58e1ad24/library/core/src/ops/function.rs:250:5
[INFO] [stdout]   40:     0x566298eb8a1b - core::ops::function::FnOnce::call_once::he27718dfdd183f43
[INFO] [stdout]                                at /rustc/6067b36314ab5eb2eb47cecc464545ba58e1ad24/library/core/src/ops/function.rs:250:5
[INFO] [stdout]   41:     0x566298eb8a1b - test::__rust_begin_short_backtrace::h4e84902998457a5d
[INFO] [stdout]                                at /rustc/6067b36314ab5eb2eb47cecc464545ba58e1ad24/library/test/src/lib.rs:632:18
[INFO] [stdout]   42:     0x566298eb7953 - test::run_test_in_process::{{closure}}::h7176fd18fc1feca0
[INFO] [stdout]                                at /rustc/6067b36314ab5eb2eb47cecc464545ba58e1ad24/library/test/src/lib.rs:655:60
[INFO] [stdout]   43:     0x566298eb7953 - <core::panic::unwind_safe::AssertUnwindSafe<F> as core::ops::function::FnOnce<()>>::call_once::hf79cff2a624d8cf7
[INFO] [stdout]                                at /rustc/6067b36314ab5eb2eb47cecc464545ba58e1ad24/library/core/src/panic/unwind_safe.rs:272:9
[INFO] [stdout]   44:     0x566298eb7953 - std::panicking::try::do_call::h3da0561d9ab99c25
[INFO] [stdout]                                at /rustc/6067b36314ab5eb2eb47cecc464545ba58e1ad24/library/std/src/panicking.rs:587:40
[INFO] [stdout]   45:     0x566298eb7953 - std::panicking::try::h41c9fa508bc61df6
[INFO] [stdout]                                at /rustc/6067b36314ab5eb2eb47cecc464545ba58e1ad24/library/std/src/panicking.rs:550:19
[INFO] [stdout]   46:     0x566298eb7953 - std::panic::catch_unwind::h6b3ff07bb5afad93
[INFO] [stdout]                                at /rustc/6067b36314ab5eb2eb47cecc464545ba58e1ad24/library/std/src/panic.rs:358:14
[INFO] [stdout]   47:     0x566298eb7953 - test::run_test_in_process::hc7253dd11b39b9f4
[INFO] [stdout]                                at /rustc/6067b36314ab5eb2eb47cecc464545ba58e1ad24/library/test/src/lib.rs:655:27
[INFO] [stdout]   48:     0x566298eb7953 - test::run_test::{{closure}}::hfb2007f8649c30bb
[INFO] [stdout]                                at /rustc/6067b36314ab5eb2eb47cecc464545ba58e1ad24/library/test/src/lib.rs:576:43
[INFO] [stdout]   49:     0x566298e7aa35 - test::run_test::{{closure}}::h56a17aa7a282a9f4
[INFO] [stdout]                                at /rustc/6067b36314ab5eb2eb47cecc464545ba58e1ad24/library/test/src/lib.rs:606:41
[INFO] [stdout]   50:     0x566298e7aa35 - std::sys::backtrace::__rust_begin_short_backtrace::hd2d2d2fb8e8c6aac
[INFO] [stdout]                                at /rustc/6067b36314ab5eb2eb47cecc464545ba58e1ad24/library/std/src/sys/backtrace.rs:152:18
[INFO] [stdout]   51:     0x566298e7e31a - std::thread::Builder::spawn_unchecked_::{{closure}}::{{closure}}::h4faa3f9db6133423
[INFO] [stdout]                                at /rustc/6067b36314ab5eb2eb47cecc464545ba58e1ad24/library/std/src/thread/mod.rs:559:17
[INFO] [stdout]   52:     0x566298e7e31a - <core::panic::unwind_safe::AssertUnwindSafe<F> as core::ops::function::FnOnce<()>>::call_once::hf2e855a36a4ea846
[INFO] [stdout]                                at /rustc/6067b36314ab5eb2eb47cecc464545ba58e1ad24/library/core/src/panic/unwind_safe.rs:272:9
[INFO] [stdout]   53:     0x566298e7e31a - std::panicking::try::do_call::h2f73af3616c35465
[INFO] [stdout]                                at /rustc/6067b36314ab5eb2eb47cecc464545ba58e1ad24/library/std/src/panicking.rs:587:40
[INFO] [stdout]   54:     0x566298e7e31a - std::panicking::try::hd1660ce9efadef5a
[INFO] [stdout]                                at /rustc/6067b36314ab5eb2eb47cecc464545ba58e1ad24/library/std/src/panicking.rs:550:19
[INFO] [stdout]   55:     0x566298e7e31a - std::panic::catch_unwind::h5ee8d7823b8ca744
[INFO] [stdout]                                at /rustc/6067b36314ab5eb2eb47cecc464545ba58e1ad24/library/std/src/panic.rs:358:14
[INFO] [stdout]   56:     0x566298e7e31a - std::thread::Builder::spawn_unchecked_::{{closure}}::h53c3a1894dce8407
[INFO] [stdout]                                at /rustc/6067b36314ab5eb2eb47cecc464545ba58e1ad24/library/std/src/thread/mod.rs:557:30
[INFO] [stdout]   57:     0x566298e7e31a - core::ops::function::FnOnce::call_once{{vtable.shim}}::h048ce291ad4f62bf
[INFO] [stdout]                                at /rustc/6067b36314ab5eb2eb47cecc464545ba58e1ad24/library/core/src/ops/function.rs:250:5
[INFO] [stdout]   58:     0x566299008c6b - <alloc::boxed::Box<F,A> as core::ops::function::FnOnce<Args>>::call_once::ha52bedf99a3b4981
[INFO] [stdout]                                at /rustc/6067b36314ab5eb2eb47cecc464545ba58e1ad24/library/alloc/src/boxed.rs:2013:9
[INFO] [stdout]   59:     0x566299008c6b - <alloc::boxed::Box<F,A> as core::ops::function::FnOnce<Args>>::call_once::h567748934d80ccf8
[INFO] [stdout]                                at /rustc/6067b36314ab5eb2eb47cecc464545ba58e1ad24/library/alloc/src/boxed.rs:2013:9
[INFO] [stdout]   60:     0x566299008c6b - std::sys::pal::unix::thread::Thread::new::thread_start::h2d970728ae887adc
[INFO] [stdout]                                at /rustc/6067b36314ab5eb2eb47cecc464545ba58e1ad24/library/std/src/sys/pal/unix/thread.rs:106:17
[INFO] [stdout]   61:     0x757619342ac3 - <unknown>
[INFO] [stdout]   62:     0x7576193d3a04 - clone
[INFO] [stdout]   63:                0x0 - <unknown>
[INFO] [stdout] 
[INFO] [stdout] ---- convert_nest stdout ----
[INFO] [stdout] 
[INFO] [stdout] thread 'convert_nest' panicked at tests/util/mod.rs:68:3:
[INFO] [stdout] assertion `left == right` failed
[INFO] [stdout]   left: Object({"a": Number(1), "b": Object({"c": Object({"d": Number(4), "e": Number(5)}), "f": Number(6)})})
[INFO] [stdout]  right: Object({"a": Number(1.0), "b": Object({"c": Object({"d": Number(4.0), "e": Number(5.0)}), "f": Number(6.0)})})
[INFO] [stdout] stack backtrace:
[INFO] [stdout]    0:     0x566299002d7a - std::backtrace_rs::backtrace::libunwind::trace::hb059275cfc8d6126
[INFO] [stderr] error: test failed, to rerun pass `--test json`
[INFO] [stdout]                                at /rustc/6067b36314ab5eb2eb47cecc464545ba58e1ad24/library/std/src/../../backtrace/src/backtrace/libunwind.rs:116:5
[INFO] [stdout]    1:     0x566299002d7a - std::backtrace_rs::backtrace::trace_unsynchronized::h2da071e4327ce3ee
[INFO] [stdout]                                at /rustc/6067b36314ab5eb2eb47cecc464545ba58e1ad24/library/std/src/../../backtrace/src/backtrace/mod.rs:66:5
[INFO] [stdout]    2:     0x566299002d7a - std::sys::backtrace::_print_fmt::h842a1474e6f8d23f
[INFO] [stdout]                                at /rustc/6067b36314ab5eb2eb47cecc464545ba58e1ad24/library/std/src/sys/backtrace.rs:66:9
[INFO] [stdout]    3:     0x566299002d7a - <std::sys::backtrace::BacktraceLock::print::DisplayBacktrace as core::fmt::Display>::fmt::h71a62eb3b9696b12
[INFO] [stdout]                                at /rustc/6067b36314ab5eb2eb47cecc464545ba58e1ad24/library/std/src/sys/backtrace.rs:39:26
[INFO] [stdout]    4:     0x56629902bf93 - core::fmt::rt::Argument::fmt::hdb6b616786b41dc1
[INFO] [stdout]                                at /rustc/6067b36314ab5eb2eb47cecc464545ba58e1ad24/library/core/src/fmt/rt.rs:177:76
[INFO] [stdout]    5:     0x56629902bf93 - core::fmt::write::h2cc1698af7e2d686
[INFO] [stdout]                                at /rustc/6067b36314ab5eb2eb47cecc464545ba58e1ad24/library/core/src/fmt/mod.rs:1440:21
[INFO] [stdout]    6:     0x566298fff673 - std::io::Write::write_fmt::hab1b4cd059a79022
[INFO] [stdout]                                at /rustc/6067b36314ab5eb2eb47cecc464545ba58e1ad24/library/std/src/io/mod.rs:1887:15
[INFO] [stdout]    7:     0x566299002bc2 - std::sys::backtrace::BacktraceLock::print::h147fe35b4ea13b08
[INFO] [stdout]                                at /rustc/6067b36314ab5eb2eb47cecc464545ba58e1ad24/library/std/src/sys/backtrace.rs:42:9
[INFO] [stdout]    8:     0x56629900419f - std::panicking::default_hook::{{closure}}::hbd44223dbdc0d208
[INFO] [stdout]                                at /rustc/6067b36314ab5eb2eb47cecc464545ba58e1ad24/library/std/src/panicking.rs:298:22
[INFO] [stdout]    9:     0x566299003fb8 - std::panicking::default_hook::h20f81eb0576efcec
[INFO] [stdout]                                at /rustc/6067b36314ab5eb2eb47cecc464545ba58e1ad24/library/std/src/panicking.rs:322:9
[INFO] [stdout]   10:     0x566298eb32c3 - <alloc::boxed::Box<F,A> as core::ops::function::Fn<Args>>::call::hdb53814c496a4d34
[INFO] [stdout]                                at /rustc/6067b36314ab5eb2eb47cecc464545ba58e1ad24/library/alloc/src/boxed.rs:2027:9
[INFO] [stdout]   11:     0x566298eb32c3 - test::test_main::{{closure}}::hc0a4963c59427c24
[INFO] [stdout]                                at /rustc/6067b36314ab5eb2eb47cecc464545ba58e1ad24/library/test/src/lib.rs:134:21
[INFO] [stdout]   12:     0x566299004c93 - <alloc::boxed::Box<F,A> as core::ops::function::Fn<Args>>::call::h591b2225413a77e9
[INFO] [stdout]                                at /rustc/6067b36314ab5eb2eb47cecc464545ba58e1ad24/library/alloc/src/boxed.rs:2027:9
[INFO] [stdout]   13:     0x566299004c93 - std::panicking::rust_panic_with_hook::h625eea43051b2edc
[INFO] [stdout]                                at /rustc/6067b36314ab5eb2eb47cecc464545ba58e1ad24/library/std/src/panicking.rs:839:13
[INFO] [stdout]   14:     0x56629900494a - std::panicking::begin_panic_handler::{{closure}}::h4f9159cfbc3f6bd3
[INFO] [stdout]                                at /rustc/6067b36314ab5eb2eb47cecc464545ba58e1ad24/library/std/src/panicking.rs:704:13
[INFO] [stdout]   15:     0x566299003279 - std::sys::backtrace::__rust_end_short_backtrace::h0390abce48353151
[INFO] [stdout]                                at /rustc/6067b36314ab5eb2eb47cecc464545ba58e1ad24/library/std/src/sys/backtrace.rs:168:18
[INFO] [stdout]   16:     0x5662990045dd - rust_begin_unwind
[INFO] [stdout]                                at /rustc/6067b36314ab5eb2eb47cecc464545ba58e1ad24/library/std/src/panicking.rs:695:5
[INFO] [stdout]   17:     0x56629902a2b0 - core::panicking::panic_fmt::h9e7c637e9e5f29c9
[INFO] [stdout]                                at /rustc/6067b36314ab5eb2eb47cecc464545ba58e1ad24/library/core/src/panicking.rs:75:14
[INFO] [stdout]   18:     0x56629902a6a2 - core::panicking::assert_failed_inner::h538bec7c1374cd9c
[INFO] [stdout]   19:     0x566298e035fc - core::panicking::assert_failed::h35fa7ab924b701cb
[INFO] [stdout]                                at /rustc/6067b36314ab5eb2eb47cecc464545ba58e1ad24/library/core/src/panicking.rs:364:5
[INFO] [stdout]   20:     0x566298dc25c1 - json::util::expect_map_json::{{closure}}::h7f9acfdd47f7fa50
[INFO] [stdout]                                at /opt/rustwide/workdir/tests/util/mod.rs:68:3
[INFO] [stdout]   21:     0x566298de2f67 - json::convert_nest::{{closure}}::h576e68898d682188
[INFO] [stdout]                                at /opt/rustwide/workdir/tests/json.rs:37:94
[INFO] [stdout]   22:     0x566298dffc0d - <core::pin::Pin<P> as core::future::future::Future>::poll::h267dd18135d8a2d9
[INFO] [stdout]                                at /rustc/6067b36314ab5eb2eb47cecc464545ba58e1ad24/library/core/src/future/future.rs:124:9
[INFO] [stdout]   23:     0x566298df4e2f - tokio::runtime::basic_scheduler::Inner<P>::block_on::{{closure}}::{{closure}}::h1b5a41e23076cea9
[INFO] [stdout]                                at /opt/rustwide/cargo-home/registry/src/index.crates.io-1949cf8c6b5b557f/tokio-1.3.0/src/runtime/basic_scheduler.rs:184:58
[INFO] [stdout]   24:     0x566298e222c3 - tokio::coop::with_budget::{{closure}}::h0db1860b0f926fbb
[INFO] [stdout]                                at /opt/rustwide/cargo-home/registry/src/index.crates.io-1949cf8c6b5b557f/tokio-1.3.0/src/coop.rs:106:9
[INFO] [stdout]   25:     0x566298e408c5 - std::thread::local::LocalKey<T>::try_with::hf596f5eb16d24bfb
[INFO] [stdout]                                at /rustc/6067b36314ab5eb2eb47cecc464545ba58e1ad24/library/std/src/thread/local.rs:308:12
[INFO] [stdout]   26:     0x566298e3af2a - std::thread::local::LocalKey<T>::with::hd2a54301c476e4f4
[INFO] [stdout]                                at /rustc/6067b36314ab5eb2eb47cecc464545ba58e1ad24/library/std/src/thread/local.rs:272:9
[INFO] [stdout]   27:     0x566298df0059 - tokio::coop::with_budget::h2cb75f99ad227f7d
[INFO] [stdout]                                at /opt/rustwide/cargo-home/registry/src/index.crates.io-1949cf8c6b5b557f/tokio-1.3.0/src/coop.rs:99:5
[INFO] [stdout]   28:     0x566298df0059 - tokio::coop::budget::hcca44bcb799bb4f3
[INFO] [stdout]                                at /opt/rustwide/cargo-home/registry/src/index.crates.io-1949cf8c6b5b557f/tokio-1.3.0/src/coop.rs:76:5
[INFO] [stdout]   29:     0x566298df0059 - tokio::runtime::basic_scheduler::Inner<P>::block_on::{{closure}}::h714aece1a652d2c5
[INFO] [stdout]                                at /opt/rustwide/cargo-home/registry/src/index.crates.io-1949cf8c6b5b557f/tokio-1.3.0/src/runtime/basic_scheduler.rs:184:35
[INFO] [stdout]   30:     0x566298dff76a - tokio::runtime::basic_scheduler::enter::{{closure}}::h14194592b5bef83d
[INFO] [stdout]                                at /opt/rustwide/cargo-home/registry/src/index.crates.io-1949cf8c6b5b557f/tokio-1.3.0/src/runtime/basic_scheduler.rs:266:29
[INFO] [stdout]   31:     0x566298e66f45 - tokio::macros::scoped_tls::ScopedKey<T>::set::h227908732b2e8107
[INFO] [stdout]                                at /opt/rustwide/cargo-home/registry/src/index.crates.io-1949cf8c6b5b557f/tokio-1.3.0/src/macros/scoped_tls.rs:61:9
[INFO] [stdout]   32:     0x566298dfd655 - tokio::runtime::basic_scheduler::enter::h8933f089d3bec756
[INFO] [stdout]                                at /opt/rustwide/cargo-home/registry/src/index.crates.io-1949cf8c6b5b557f/tokio-1.3.0/src/runtime/basic_scheduler.rs:266:5
[INFO] [stdout]   33:     0x566298decb83 - tokio::runtime::basic_scheduler::Inner<P>::block_on::h6208fbd43c5ffeac
[INFO] [stdout]                                at /opt/rustwide/cargo-home/registry/src/index.crates.io-1949cf8c6b5b557f/tokio-1.3.0/src/runtime/basic_scheduler.rs:176:9
[INFO] [stdout]   34:     0x566298df66c5 - tokio::runtime::basic_scheduler::InnerGuard<P>::block_on::hb7b39747156744d8
[INFO] [stdout]                                at /opt/rustwide/cargo-home/registry/src/index.crates.io-1949cf8c6b5b557f/tokio-1.3.0/src/runtime/basic_scheduler.rs:405:9
[INFO] [stdout]   35:     0x566298df6db0 - tokio::runtime::basic_scheduler::BasicScheduler<P>::block_on::h0277ba371ab3fedc
[INFO] [stdout]                                at /opt/rustwide/cargo-home/registry/src/index.crates.io-1949cf8c6b5b557f/tokio-1.3.0/src/runtime/basic_scheduler.rs:136:24
[INFO] [stdout]   36:     0x566298ddbab3 - tokio::runtime::Runtime::block_on::h30840db032d5c13f
[INFO] [stdout]                                at /opt/rustwide/cargo-home/registry/src/index.crates.io-1949cf8c6b5b557f/tokio-1.3.0/src/runtime/mod.rs:450:46
[INFO] [stdout]   37:     0x566298de2d92 - json::convert_nest::hfdfe7d01178578df
[INFO] [stdout]                                at /opt/rustwide/workdir/tests/json.rs:36:1
[INFO] [stdout]   38:     0x566298de2c17 - json::convert_nest::{{closure}}::he387f93916bc1561
[INFO] [stdout]                                at /opt/rustwide/workdir/tests/json.rs:37:24
[INFO] [stdout]   39:     0x566298e09f96 - core::ops::function::FnOnce::call_once::h17855cad2bbd6225
[INFO] [stdout]                                at /rustc/6067b36314ab5eb2eb47cecc464545ba58e1ad24/library/core/src/ops/function.rs:250:5
[INFO] [stdout]   40:     0x566298eb8a1b - core::ops::function::FnOnce::call_once::he27718dfdd183f43
[INFO] [stdout]                                at /rustc/6067b36314ab5eb2eb47cecc464545ba58e1ad24/library/core/src/ops/function.rs:250:5
[INFO] [stdout]   41:     0x566298eb8a1b - test::__rust_begin_short_backtrace::h4e84902998457a5d
[INFO] [stdout]                                at /rustc/6067b36314ab5eb2eb47cecc464545ba58e1ad24/library/test/src/lib.rs:632:18
[INFO] [stdout]   42:     0x566298eb7953 - test::run_test_in_process::{{closure}}::h7176fd18fc1feca0
[INFO] [stdout]                                at /rustc/6067b36314ab5eb2eb47cecc464545ba58e1ad24/library/test/src/lib.rs:655:60
[INFO] [stdout]   43:     0x566298eb7953 - <core::panic::unwind_safe::AssertUnwindSafe<F> as core::ops::function::FnOnce<()>>::call_once::hf79cff2a624d8cf7
[INFO] [stdout]                                at /rustc/6067b36314ab5eb2eb47cecc464545ba58e1ad24/library/core/src/panic/unwind_safe.rs:272:9
[INFO] [stdout]   44:     0x566298eb7953 - std::panicking::try::do_call::h3da0561d9ab99c25
[INFO] [stdout]                                at /rustc/6067b36314ab5eb2eb47cecc464545ba58e1ad24/library/std/src/panicking.rs:587:40
[INFO] [stdout]   45:     0x566298eb7953 - std::panicking::try::h41c9fa508bc61df6
[INFO] [stdout]                                at /rustc/6067b36314ab5eb2eb47cecc464545ba58e1ad24/library/std/src/panicking.rs:550:19
[INFO] [stdout]   46:     0x566298eb7953 - std::panic::catch_unwind::h6b3ff07bb5afad93
[INFO] [stdout]                                at /rustc/6067b36314ab5eb2eb47cecc464545ba58e1ad24/library/std/src/panic.rs:358:14
[INFO] [stdout]   47:     0x566298eb7953 - test::run_test_in_process::hc7253dd11b39b9f4
[INFO] [stdout]                                at /rustc/6067b36314ab5eb2eb47cecc464545ba58e1ad24/library/test/src/lib.rs:655:27
[INFO] [stdout]   48:     0x566298eb7953 - test::run_test::{{closure}}::hfb2007f8649c30bb
[INFO] [stdout]                                at /rustc/6067b36314ab5eb2eb47cecc464545ba58e1ad24/library/test/src/lib.rs:576:43
[INFO] [stdout]   49:     0x566298e7aa35 - test::run_test::{{closure}}::h56a17aa7a282a9f4
[INFO] [stdout]                                at /rustc/6067b36314ab5eb2eb47cecc464545ba58e1ad24/library/test/src/lib.rs:606:41
[INFO] [stdout]   50:     0x566298e7aa35 - std::sys::backtrace::__rust_begin_short_backtrace::hd2d2d2fb8e8c6aac
[INFO] [stdout]                                at /rustc/6067b36314ab5eb2eb47cecc464545ba58e1ad24/library/std/src/sys/backtrace.rs:152:18
[INFO] [stdout]   51:     0x566298e7e31a - std::thread::Builder::spawn_unchecked_::{{closure}}::{{closure}}::h4faa3f9db6133423
[INFO] [stdout]                                at /rustc/6067b36314ab5eb2eb47cecc464545ba58e1ad24/library/std/src/thread/mod.rs:559:17
[INFO] [stdout]   52:     0x566298e7e31a - <core::panic::unwind_safe::AssertUnwindSafe<F> as core::ops::function::FnOnce<()>>::call_once::hf2e855a36a4ea846
[INFO] [stdout]                                at /rustc/6067b36314ab5eb2eb47cecc464545ba58e1ad24/library/core/src/panic/unwind_safe.rs:272:9
[INFO] [stdout]   53:     0x566298e7e31a - std::panicking::try::do_call::h2f73af3616c35465
[INFO] [stdout]                                at /rustc/6067b36314ab5eb2eb47cecc464545ba58e1ad24/library/std/src/panicking.rs:587:40
[INFO] [stdout]   54:     0x566298e7e31a - std::panicking::try::hd1660ce9efadef5a
[INFO] [stdout]                                at /rustc/6067b36314ab5eb2eb47cecc464545ba58e1ad24/library/std/src/panicking.rs:550:19
[INFO] [stdout]   55:     0x566298e7e31a - std::panic::catch_unwind::h5ee8d7823b8ca744
[INFO] [stdout]                                at /rustc/6067b36314ab5eb2eb47cecc464545ba58e1ad24/library/std/src/panic.rs:358:14
[INFO] [stdout]   56:     0x566298e7e31a - std::thread::Builder::spawn_unchecked_::{{closure}}::h53c3a1894dce8407
[INFO] [stdout]                                at /rustc/6067b36314ab5eb2eb47cecc464545ba58e1ad24/library/std/src/thread/mod.rs:557:30
[INFO] [stdout]   57:     0x566298e7e31a - core::ops::function::FnOnce::call_once{{vtable.shim}}::h048ce291ad4f62bf
[INFO] [stdout]                                at /rustc/6067b36314ab5eb2eb47cecc464545ba58e1ad24/library/core/src/ops/function.rs:250:5
[INFO] [stdout]   58:     0x566299008c6b - <alloc::boxed::Box<F,A> as core::ops::function::FnOnce<Args>>::call_once::ha52bedf99a3b4981
[INFO] [stdout]                                at /rustc/6067b36314ab5eb2eb47cecc464545ba58e1ad24/library/alloc/src/boxed.rs:2013:9
[INFO] [stdout]   59:     0x566299008c6b - <alloc::boxed::Box<F,A> as core::ops::function::FnOnce<Args>>::call_once::h567748934d80ccf8
[INFO] [stdout]                                at /rustc/6067b36314ab5eb2eb47cecc464545ba58e1ad24/library/alloc/src/boxed.rs:2013:9
[INFO] [stdout]   60:     0x566299008c6b - std::sys::pal::unix::thread::Thread::new::thread_start::h2d970728ae887adc
[INFO] [stdout]                                at /rustc/6067b36314ab5eb2eb47cecc464545ba58e1ad24/library/std/src/sys/pal/unix/thread.rs:106:17
[INFO] [stdout]   61:     0x757619342ac3 - <unknown>
[INFO] [stdout]   62:     0x7576193d3a04 - clone
[INFO] [stdout]   63:                0x0 - <unknown>
[INFO] [stdout] 
[INFO] [stdout] ---- convert_complex stdout ----
[INFO] [stdout] 
[INFO] [stdout] thread 'convert_complex' panicked at tests/util/mod.rs:63:3:
[INFO] [stdout] assertion `left == right` failed
[INFO] [stdout]   left: Array([Number(1), Object({"c": Array([Number(4), Number(5)]), "f": Number(6)})])
[INFO] [stdout]  right: Array([Number(1.0), Object({"c": Array([Number(4.0), Number(5.0)]), "f": Number(6.0)})])
[INFO] [stdout] stack backtrace:
[INFO] [stdout]    0:     0x566299002d7a - std::backtrace_rs::backtrace::libunwind::trace::hb059275cfc8d6126
[INFO] [stdout]                                at /rustc/6067b36314ab5eb2eb47cecc464545ba58e1ad24/library/std/src/../../backtrace/src/backtrace/libunwind.rs:116:5
[INFO] [stdout]    1:     0x566299002d7a - std::backtrace_rs::backtrace::trace_unsynchronized::h2da071e4327ce3ee
[INFO] [stdout]                                at /rustc/6067b36314ab5eb2eb47cecc464545ba58e1ad24/library/std/src/../../backtrace/src/backtrace/mod.rs:66:5
[INFO] [stdout]    2:     0x566299002d7a - std::sys::backtrace::_print_fmt::h842a1474e6f8d23f
[INFO] [stdout]                                at /rustc/6067b36314ab5eb2eb47cecc464545ba58e1ad24/library/std/src/sys/backtrace.rs:66:9
[INFO] [stdout]    3:     0x566299002d7a - <std::sys::backtrace::BacktraceLock::print::DisplayBacktrace as core::fmt::Display>::fmt::h71a62eb3b9696b12
[INFO] [stdout]                                at /rustc/6067b36314ab5eb2eb47cecc464545ba58e1ad24/library/std/src/sys/backtrace.rs:39:26
[INFO] [stdout]    4:     0x56629902bf93 - core::fmt::rt::Argument::fmt::hdb6b616786b41dc1
[INFO] [stdout]                                at /rustc/6067b36314ab5eb2eb47cecc464545ba58e1ad24/library/core/src/fmt/rt.rs:177:76
[INFO] [stdout]    5:     0x56629902bf93 - core::fmt::write::h2cc1698af7e2d686
[INFO] [stdout]                                at /rustc/6067b36314ab5eb2eb47cecc464545ba58e1ad24/library/core/src/fmt/mod.rs:1440:21
[INFO] [stdout]    6:     0x566298fff673 - std::io::Write::write_fmt::hab1b4cd059a79022
[INFO] [stdout]                                at /rustc/6067b36314ab5eb2eb47cecc464545ba58e1ad24/library/std/src/io/mod.rs:1887:15
[INFO] [stdout]    7:     0x566299002bc2 - std::sys::backtrace::BacktraceLock::print::h147fe35b4ea13b08
[INFO] [stdout]                                at /rustc/6067b36314ab5eb2eb47cecc464545ba58e1ad24/library/std/src/sys/backtrace.rs:42:9
[INFO] [stdout]    8:     0x56629900419f - std::panicking::default_hook::{{closure}}::hbd44223dbdc0d208
[INFO] [stdout]                                at /rustc/6067b36314ab5eb2eb47cecc464545ba58e1ad24/library/std/src/panicking.rs:298:22
[INFO] [stdout]    9:     0x566299003fb8 - std::panicking::default_hook::h20f81eb0576efcec
[INFO] [stdout]                                at /rustc/6067b36314ab5eb2eb47cecc464545ba58e1ad24/library/std/src/panicking.rs:322:9
[INFO] [stdout]   10:     0x566298eb32c3 - <alloc::boxed::Box<F,A> as core::ops::function::Fn<Args>>::call::hdb53814c496a4d34
[INFO] [stdout]                                at /rustc/6067b36314ab5eb2eb47cecc464545ba58e1ad24/library/alloc/src/boxed.rs:2027:9
[INFO] [stdout]   11:     0x566298eb32c3 - test::test_main::{{closure}}::hc0a4963c59427c24
[INFO] [stdout]                                at /rustc/6067b36314ab5eb2eb47cecc464545ba58e1ad24/library/test/src/lib.rs:134:21
[INFO] [stdout]   12:     0x566299004c93 - <alloc::boxed::Box<F,A> as core::ops::function::Fn<Args>>::call::h591b2225413a77e9
[INFO] [stdout]                                at /rustc/6067b36314ab5eb2eb47cecc464545ba58e1ad24/library/alloc/src/boxed.rs:2027:9
[INFO] [stdout]   13:     0x566299004c93 - std::panicking::rust_panic_with_hook::h625eea43051b2edc
[INFO] [stdout]                                at /rustc/6067b36314ab5eb2eb47cecc464545ba58e1ad24/library/std/src/panicking.rs:839:13
[INFO] [stdout]   14:     0x56629900494a - std::panicking::begin_panic_handler::{{closure}}::h4f9159cfbc3f6bd3
[INFO] [stdout]                                at /rustc/6067b36314ab5eb2eb47cecc464545ba58e1ad24/library/std/src/panicking.rs:704:13
[INFO] [stdout]   15:     0x566299003279 - std::sys::backtrace::__rust_end_short_backtrace::h0390abce48353151
[INFO] [stdout]                                at /rustc/6067b36314ab5eb2eb47cecc464545ba58e1ad24/library/std/src/sys/backtrace.rs:168:18
[INFO] [stdout]   16:     0x5662990045dd - rust_begin_unwind
[INFO] [stdout]                                at /rustc/6067b36314ab5eb2eb47cecc464545ba58e1ad24/library/std/src/panicking.rs:695:5
[INFO] [stdout]   17:     0x56629902a2b0 - core::panicking::panic_fmt::h9e7c637e9e5f29c9
[INFO] [stdout]                                at /rustc/6067b36314ab5eb2eb47cecc464545ba58e1ad24/library/core/src/panicking.rs:75:14
[INFO] [stdout]   18:     0x56629902a6a2 - core::panicking::assert_failed_inner::h538bec7c1374cd9c
[INFO] [stdout]   19:     0x566298e035fc - core::panicking::assert_failed::h35fa7ab924b701cb
[INFO] [stdout]                                at /rustc/6067b36314ab5eb2eb47cecc464545ba58e1ad24/library/core/src/panicking.rs:364:5
[INFO] [stdout]   20:     0x566298dc20b8 - json::util::expect_vec_json::{{closure}}::hfdac44574d09b1fb
[INFO] [stdout]                                at /opt/rustwide/workdir/tests/util/mod.rs:63:3
[INFO] [stdout]   21:     0x566298de3347 - json::convert_complex::{{closure}}::h713b0769af6a27a7
[INFO] [stdout]                                at /opt/rustwide/workdir/tests/json.rs:40:89
[INFO] [stdout]   22:     0x566298dffded - <core::pin::Pin<P> as core::future::future::Future>::poll::h73b249e1b0ead15c
[INFO] [stdout]                                at /rustc/6067b36314ab5eb2eb47cecc464545ba58e1ad24/library/core/src/future/future.rs:124:9
[INFO] [stdout]   23:     0x566298df5cef - tokio::runtime::basic_scheduler::Inner<P>::block_on::{{closure}}::{{closure}}::hfb20ce73f08068a1
[INFO] [stdout]                                at /opt/rustwide/cargo-home/registry/src/index.crates.io-1949cf8c6b5b557f/tokio-1.3.0/src/runtime/basic_scheduler.rs:184:58
[INFO] [stdout]   24:     0x566298e23363 - tokio::coop::with_budget::{{closure}}::h40243ba57f2693ac
[INFO] [stdout]                                at /opt/rustwide/cargo-home/registry/src/index.crates.io-1949cf8c6b5b557f/tokio-1.3.0/src/coop.rs:106:9
[INFO] [stdout]   25:     0x566298e3b9c5 - std::thread::local::LocalKey<T>::try_with::h0d84e01a9ce4f9ef
[INFO] [stdout]                                at /rustc/6067b36314ab5eb2eb47cecc464545ba58e1ad24/library/std/src/thread/local.rs:308:12
[INFO] [stdout]   26:     0x566298e3b0aa - std::thread::local::LocalKey<T>::with::he68341d9570362bc
[INFO] [stdout]                                at /rustc/6067b36314ab5eb2eb47cecc464545ba58e1ad24/library/std/src/thread/local.rs:272:9
[INFO] [stdout]   27:     0x566298deeb59 - tokio::coop::with_budget::hdd27e1905cd6f07a
[INFO] [stdout]                                at /opt/rustwide/cargo-home/registry/src/index.crates.io-1949cf8c6b5b557f/tokio-1.3.0/src/coop.rs:99:5
[INFO] [stdout]   28:     0x566298deeb59 - tokio::coop::budget::hdc864c30d4fecce9
[INFO] [stdout]                                at /opt/rustwide/cargo-home/registry/src/index.crates.io-1949cf8c6b5b557f/tokio-1.3.0/src/coop.rs:76:5
[INFO] [stdout]   29:     0x566298deeb59 - tokio::runtime::basic_scheduler::Inner<P>::block_on::{{closure}}::h4a1fbe62e8fca87a
[INFO] [stdout]                                at /opt/rustwide/cargo-home/registry/src/index.crates.io-1949cf8c6b5b557f/tokio-1.3.0/src/runtime/basic_scheduler.rs:184:35
[INFO] [stdout]   30:     0x566298dff98a - tokio::runtime::basic_scheduler::enter::{{closure}}::hd27dbf547342040d
[INFO] [stdout]                                at /opt/rustwide/cargo-home/registry/src/index.crates.io-1949cf8c6b5b557f/tokio-1.3.0/src/runtime/basic_scheduler.rs:266:29
[INFO] [stdout]   31:     0x566298e67a85 - tokio::macros::scoped_tls::ScopedKey<T>::set::h87afe293dfec9312
[INFO] [stdout]                                at /opt/rustwide/cargo-home/registry/src/index.crates.io-1949cf8c6b5b557f/tokio-1.3.0/src/macros/scoped_tls.rs:61:9
[INFO] [stdout]   32:     0x566298dfcf15 - tokio::runtime::basic_scheduler::enter::h77504a561e30a6dd
[INFO] [stdout]                                at /opt/rustwide/cargo-home/registry/src/index.crates.io-1949cf8c6b5b557f/tokio-1.3.0/src/runtime/basic_scheduler.rs:266:5
[INFO] [stdout]   33:     0x566298decb03 - tokio::runtime::basic_scheduler::Inner<P>::block_on::h1bc8ac55f82cf996
[INFO] [stdout]                                at /opt/rustwide/cargo-home/registry/src/index.crates.io-1949cf8c6b5b557f/tokio-1.3.0/src/runtime/basic_scheduler.rs:176:9
[INFO] [stdout]   34:     0x566298df5f35 - tokio::runtime::basic_scheduler::InnerGuard<P>::block_on::h0b99d3d2210ae3fa
[INFO] [stdout]                                at /opt/rustwide/cargo-home/registry/src/index.crates.io-1949cf8c6b5b557f/tokio-1.3.0/src/runtime/basic_scheduler.rs:405:9
[INFO] [stdout]   35:     0x566298df7e40 - tokio::runtime::basic_scheduler::BasicScheduler<P>::block_on::h40a56e77c3d7a924
[INFO] [stdout]                                at /opt/rustwide/cargo-home/registry/src/index.crates.io-1949cf8c6b5b557f/tokio-1.3.0/src/runtime/basic_scheduler.rs:136:24
[INFO] [stdout]   36:     0x566298ddbdd3 - tokio::runtime::Runtime::block_on::h35d8b4449676eac8
[INFO] [stdout]                                at /opt/rustwide/cargo-home/registry/src/index.crates.io-1949cf8c6b5b557f/tokio-1.3.0/src/runtime/mod.rs:450:46
[INFO] [stdout]   37:     0x566298de3172 - json::convert_complex::h268f3c1c4dee385b
[INFO] [stdout]                                at /opt/rustwide/workdir/tests/json.rs:39:1
[INFO] [stdout]   38:     0x566298de2ff7 - json::convert_complex::{{closure}}::hb48d9c67c70ba834
[INFO] [stdout]                                at /opt/rustwide/workdir/tests/json.rs:40:27
[INFO] [stdout]   39:     0x566298e0a0d6 - core::ops::function::FnOnce::call_once::h22e9e50018fa1080
[INFO] [stdout]                                at /rustc/6067b36314ab5eb2eb47cecc464545ba58e1ad24/library/core/src/ops/function.rs:250:5
[INFO] [stdout]   40:     0x566298eb8a1b - core::ops::function::FnOnce::call_once::he27718dfdd183f43
[INFO] [stdout]                                at /rustc/6067b36314ab5eb2eb47cecc464545ba58e1ad24/library/core/src/ops/function.rs:250:5
[INFO] [stdout]   41:     0x566298eb8a1b - test::__rust_begin_short_backtrace::h4e84902998457a5d
[INFO] [stdout]                                at /rustc/6067b36314ab5eb2eb47cecc464545ba58e1ad24/library/test/src/lib.rs:632:18
[INFO] [stdout]   42:     0x566298eb7953 - test::run_test_in_process::{{closure}}::h7176fd18fc1feca0
[INFO] [stdout]                                at /rustc/6067b36314ab5eb2eb47cecc464545ba58e1ad24/library/test/src/lib.rs:655:60
[INFO] [stdout]   43:     0x566298eb7953 - <core::panic::unwind_safe::AssertUnwindSafe<F> as core::ops::function::FnOnce<()>>::call_once::hf79cff2a624d8cf7
[INFO] [stdout]                                at /rustc/6067b36314ab5eb2eb47cecc464545ba58e1ad24/library/core/src/panic/unwind_safe.rs:272:9
[INFO] [stdout]   44:     0x566298eb7953 - std::panicking::try::do_call::h3da0561d9ab99c25
[INFO] [stdout]                                at /rustc/6067b36314ab5eb2eb47cecc464545ba58e1ad24/library/std/src/panicking.rs:587:40
[INFO] [stdout]   45:     0x566298eb7953 - std::panicking::try::h41c9fa508bc61df6
[INFO] [stdout]                                at /rustc/6067b36314ab5eb2eb47cecc464545ba58e1ad24/library/std/src/panicking.rs:550:19
[INFO] [stdout]   46:     0x566298eb7953 - std::panic::catch_unwind::h6b3ff07bb5afad93
[INFO] [stdout]                                at /rustc/6067b36314ab5eb2eb47cecc464545ba58e1ad24/library/std/src/panic.rs:358:14
[INFO] [stdout]   47:     0x566298eb7953 - test::run_test_in_process::hc7253dd11b39b9f4
[INFO] [stdout]                                at /rustc/6067b36314ab5eb2eb47cecc464545ba58e1ad24/library/test/src/lib.rs:655:27
[INFO] [stdout]   48:     0x566298eb7953 - test::run_test::{{closure}}::hfb2007f8649c30bb
[INFO] [stdout]                                at /rustc/6067b36314ab5eb2eb47cecc464545ba58e1ad24/library/test/src/lib.rs:576:43
[INFO] [stdout]   49:     0x566298e7aa35 - test::run_test::{{closure}}::h56a17aa7a282a9f4
[INFO] [stdout]                                at /rustc/6067b36314ab5eb2eb47cecc464545ba58e1ad24/library/test/src/lib.rs:606:41
[INFO] [stdout]   50:     0x566298e7aa35 - std::sys::backtrace::__rust_begin_short_backtrace::hd2d2d2fb8e8c6aac
[INFO] [stdout]                                at /rustc/6067b36314ab5eb2eb47cecc464545ba58e1ad24/library/std/src/sys/backtrace.rs:152:18
[INFO] [stdout]   51:     0x566298e7e31a - std::thread::Builder::spawn_unchecked_::{{closure}}::{{closure}}::h4faa3f9db6133423
[INFO] [stdout]                                at /rustc/6067b36314ab5eb2eb47cecc464545ba58e1ad24/library/std/src/thread/mod.rs:559:17
[INFO] [stdout]   52:     0x566298e7e31a - <core::panic::unwind_safe::AssertUnwindSafe<F> as core::ops::function::FnOnce<()>>::call_once::hf2e855a36a4ea846
[INFO] [stdout]                                at /rustc/6067b36314ab5eb2eb47cecc464545ba58e1ad24/library/core/src/panic/unwind_safe.rs:272:9
[INFO] [stdout]   53:     0x566298e7e31a - std::panicking::try::do_call::h2f73af3616c35465
[INFO] [stdout]                                at /rustc/6067b36314ab5eb2eb47cecc464545ba58e1ad24/library/std/src/panicking.rs:587:40
[INFO] [stdout]   54:     0x566298e7e31a - std::panicking::try::hd1660ce9efadef5a
[INFO] [stdout]                                at /rustc/6067b36314ab5eb2eb47cecc464545ba58e1ad24/library/std/src/panicking.rs:550:19
[INFO] [stdout]   55:     0x566298e7e31a - std::panic::catch_unwind::h5ee8d7823b8ca744
[INFO] [stdout]                                at /rustc/6067b36314ab5eb2eb47cecc464545ba58e1ad24/library/std/src/panic.rs:358:14
[INFO] [stdout]   56:     0x566298e7e31a - std::thread::Builder::spawn_unchecked_::{{closure}}::h53c3a1894dce8407
[INFO] [stdout]                                at /rustc/6067b36314ab5eb2eb47cecc464545ba58e1ad24/library/std/src/thread/mod.rs:557:30
[INFO] [stdout]   57:     0x566298e7e31a - core::ops::function::FnOnce::call_once{{vtable.shim}}::h048ce291ad4f62bf
[INFO] [stdout]                                at /rustc/6067b36314ab5eb2eb47cecc464545ba58e1ad24/library/core/src/ops/function.rs:250:5
[INFO] [stdout]   58:     0x566299008c6b - <alloc::boxed::Box<F,A> as core::ops::function::FnOnce<Args>>::call_once::ha52bedf99a3b4981
[INFO] [stdout]                                at /rustc/6067b36314ab5eb2eb47cecc464545ba58e1ad24/library/alloc/src/boxed.rs:2013:9
[INFO] [stdout]   59:     0x566299008c6b - <alloc::boxed::Box<F,A> as core::ops::function::FnOnce<Args>>::call_once::h567748934d80ccf8
[INFO] [stdout]                                at /rustc/6067b36314ab5eb2eb47cecc464545ba58e1ad24/library/alloc/src/boxed.rs:2013:9
[INFO] [stdout]   60:     0x566299008c6b - std::sys::pal::unix::thread::Thread::new::thread_start::h2d970728ae887adc
[INFO] [stdout]                                at /rustc/6067b36314ab5eb2eb47cecc464545ba58e1ad24/library/std/src/sys/pal/unix/thread.rs:106:17
[INFO] [stdout]   61:     0x757619342ac3 - <unknown>
[INFO] [stdout]   62:     0x7576193d3a04 - clone
[INFO] [stdout]   63:                0x0 - <unknown>
[INFO] [stdout] 
[INFO] [stdout] ---- convert_array stdout ----
[INFO] [stdout] 
[INFO] [stdout] thread 'convert_array' panicked at tests/util/mod.rs:55:3:
[INFO] [stdout] assertion `left == right` failed
[INFO] [stdout]   left: Array([Number(1), Number(2)])
[INFO] [stdout]  right: Array([Number(1.0), Number(2.0)])
[INFO] [stdout] stack backtrace:
[INFO] [stdout]    0:     0x566299002d7a - std::backtrace_rs::backtrace::libunwind::trace::hb059275cfc8d6126
[INFO] [stdout]                                at /rustc/6067b36314ab5eb2eb47cecc464545ba58e1ad24/library/std/src/../../backtrace/src/backtrace/libunwind.rs:116:5
[INFO] [stdout]    1:     0x566299002d7a - std::backtrace_rs::backtrace::trace_unsynchronized::h2da071e4327ce3ee
[INFO] [stdout]                                at /rustc/6067b36314ab5eb2eb47cecc464545ba58e1ad24/library/std/src/../../backtrace/src/backtrace/mod.rs:66:5
[INFO] [stdout]    2:     0x566299002d7a - std::sys::backtrace::_print_fmt::h842a1474e6f8d23f
[INFO] [stdout]                                at /rustc/6067b36314ab5eb2eb47cecc464545ba58e1ad24/library/std/src/sys/backtrace.rs:66:9
[INFO] [stdout]    3:     0x566299002d7a - <std::sys::backtrace::BacktraceLock::print::DisplayBacktrace as core::fmt::Display>::fmt::h71a62eb3b9696b12
[INFO] [stdout]                                at /rustc/6067b36314ab5eb2eb47cecc464545ba58e1ad24/library/std/src/sys/backtrace.rs:39:26
[INFO] [stdout]    4:     0x56629902bf93 - core::fmt::rt::Argument::fmt::hdb6b616786b41dc1
[INFO] [stdout]                                at /rustc/6067b36314ab5eb2eb47cecc464545ba58e1ad24/library/core/src/fmt/rt.rs:177:76
[INFO] [stdout]    5:     0x56629902bf93 - core::fmt::write::h2cc1698af7e2d686
[INFO] [stdout]                                at /rustc/6067b36314ab5eb2eb47cecc464545ba58e1ad24/library/core/src/fmt/mod.rs:1440:21
[INFO] [stdout]    6:     0x566298fff673 - std::io::Write::write_fmt::hab1b4cd059a79022
[INFO] [stdout]                                at /rustc/6067b36314ab5eb2eb47cecc464545ba58e1ad24/library/std/src/io/mod.rs:1887:15
[INFO] [stdout]    7:     0x566299002bc2 - std::sys::backtrace::BacktraceLock::print::h147fe35b4ea13b08
[INFO] [stdout]                                at /rustc/6067b36314ab5eb2eb47cecc464545ba58e1ad24/library/std/src/sys/backtrace.rs:42:9
[INFO] [stdout]    8:     0x56629900419f - std::panicking::default_hook::{{closure}}::hbd44223dbdc0d208
[INFO] [stdout]                                at /rustc/6067b36314ab5eb2eb47cecc464545ba58e1ad24/library/std/src/panicking.rs:298:22
[INFO] [stdout]    9:     0x566299003fb8 - std::panicking::default_hook::h20f81eb0576efcec
[INFO] [stdout]                                at /rustc/6067b36314ab5eb2eb47cecc464545ba58e1ad24/library/std/src/panicking.rs:322:9
[INFO] [stdout]   10:     0x566298eb32c3 - <alloc::boxed::Box<F,A> as core::ops::function::Fn<Args>>::call::hdb53814c496a4d34
[INFO] [stdout]                                at /rustc/6067b36314ab5eb2eb47cecc464545ba58e1ad24/library/alloc/src/boxed.rs:2027:9
[INFO] [stdout]   11:     0x566298eb32c3 - test::test_main::{{closure}}::hc0a4963c59427c24
[INFO] [stdout]                                at /rustc/6067b36314ab5eb2eb47cecc464545ba58e1ad24/library/test/src/lib.rs:134:21
[INFO] [stdout]   12:     0x566299004c93 - <alloc::boxed::Box<F,A> as core::ops::function::Fn<Args>>::call::h591b2225413a77e9
[INFO] [stdout]                                at /rustc/6067b36314ab5eb2eb47cecc464545ba58e1ad24/library/alloc/src/boxed.rs:2027:9
[INFO] [stdout]   13:     0x566299004c93 - std::panicking::rust_panic_with_hook::h625eea43051b2edc
[INFO] [stdout]                                at /rustc/6067b36314ab5eb2eb47cecc464545ba58e1ad24/library/std/src/panicking.rs:839:13
[INFO] [stdout]   14:     0x56629900494a - std::panicking::begin_panic_handler::{{closure}}::h4f9159cfbc3f6bd3
[INFO] [stdout]                                at /rustc/6067b36314ab5eb2eb47cecc464545ba58e1ad24/library/std/src/panicking.rs:704:13
[INFO] [stdout]   15:     0x566299003279 - std::sys::backtrace::__rust_end_short_backtrace::h0390abce48353151
[INFO] [stdout]                                at /rustc/6067b36314ab5eb2eb47cecc464545ba58e1ad24/library/std/src/sys/backtrace.rs:168:18
[INFO] [stdout]   16:     0x5662990045dd - rust_begin_unwind
[INFO] [stdout]                                at /rustc/6067b36314ab5eb2eb47cecc464545ba58e1ad24/library/std/src/panicking.rs:695:5
[INFO] [stdout]   17:     0x56629902a2b0 - core::panicking::panic_fmt::h9e7c637e9e5f29c9
[INFO] [stdout]                                at /rustc/6067b36314ab5eb2eb47cecc464545ba58e1ad24/library/core/src/panicking.rs:75:14
[INFO] [stdout]   18:     0x56629902a6a2 - core::panicking::assert_failed_inner::h538bec7c1374cd9c
[INFO] [stdout]   19:     0x566298e035fc - core::panicking::assert_failed::h35fa7ab924b701cb
[INFO] [stdout]                                at /rustc/6067b36314ab5eb2eb47cecc464545ba58e1ad24/library/core/src/panicking.rs:364:5
[INFO] [stdout]   20:     0x566298dc1c08 - json::util::expect_array_f64::{{closure}}::h81f6fdbc9b6f9a30
[INFO] [stdout]                                at /opt/rustwide/workdir/tests/util/mod.rs:55:3
[INFO] [stdout]   21:     0x566298de23bd - json::convert_array::{{closure}}::h25fa65f24e8db0e1
[INFO] [stdout]                                at /opt/rustwide/workdir/tests/json.rs:28:78
[INFO] [stdout]   22:     0x566298dffc8d - <core::pin::Pin<P> as core::future::future::Future>::poll::h4491b594bf8742f5
[INFO] [stdout]                                at /rustc/6067b36314ab5eb2eb47cecc464545ba58e1ad24/library/core/src/future/future.rs:124:9
[INFO] [stdout]   23:     0x566298df58bf - tokio::runtime::basic_scheduler::Inner<P>::block_on::{{closure}}::{{closure}}::hce5541dc5cfe0330
[INFO] [stdout]                                at /opt/rustwide/cargo-home/registry/src/index.crates.io-1949cf8c6b5b557f/tokio-1.3.0/src/runtime/basic_scheduler.rs:184:58
[INFO] [stdout]   24:     0x566298e23103 - tokio::coop::with_budget::{{closure}}::h3a726d6c6107ef04
[INFO] [stdout]                                at /opt/rustwide/cargo-home/registry/src/index.crates.io-1949cf8c6b5b557f/tokio-1.3.0/src/coop.rs:106:9
[INFO] [stdout]   25:     0x566298e3dcc5 - std::thread::local::LocalKey<T>::try_with::h6e5a6e6d51aa8c8a
[INFO] [stdout]                                at /rustc/6067b36314ab5eb2eb47cecc464545ba58e1ad24/library/std/src/thread/local.rs:308:12
[INFO] [stdout]   26:     0x566298e3a22a - std::thread::local::LocalKey<T>::with::h0ae2f4731f9784f0
[INFO] [stdout]                                at /rustc/6067b36314ab5eb2eb47cecc464545ba58e1ad24/library/std/src/thread/local.rs:272:9
[INFO] [stdout]   27:     0x566298def259 - tokio::coop::with_budget::hca46c31ff25b09f5
[INFO] [stdout]                                at /opt/rustwide/cargo-home/registry/src/index.crates.io-1949cf8c6b5b557f/tokio-1.3.0/src/coop.rs:99:5
[INFO] [stdout]   28:     0x566298def259 - tokio::coop::budget::h32a817f053fbd247
[INFO] [stdout]                                at /opt/rustwide/cargo-home/registry/src/index.crates.io-1949cf8c6b5b557f/tokio-1.3.0/src/coop.rs:76:5
[INFO] [stdout]   29:     0x566298def259 - tokio::runtime::basic_scheduler::Inner<P>::block_on::{{closure}}::h533428fe83016bde
[INFO] [stdout]                                at /opt/rustwide/cargo-home/registry/src/index.crates.io-1949cf8c6b5b557f/tokio-1.3.0/src/runtime/basic_scheduler.rs:184:35
[INFO] [stdout]   30:     0x566298dff92a - tokio::runtime::basic_scheduler::enter::{{closure}}::hcd2244acd213c86b
[INFO] [stdout]                                at /opt/rustwide/cargo-home/registry/src/index.crates.io-1949cf8c6b5b557f/tokio-1.3.0/src/runtime/basic_scheduler.rs:266:29
[INFO] [stdout]   31:     0x566298e67995 - tokio::macros::scoped_tls::ScopedKey<T>::set::h81bf7cec4e664a2c
[INFO] [stdout]                                at /opt/rustwide/cargo-home/registry/src/index.crates.io-1949cf8c6b5b557f/tokio-1.3.0/src/macros/scoped_tls.rs:61:9
[INFO] [stdout]   32:     0x566298dfc435 - tokio::runtime::basic_scheduler::enter::h513197505a873714
[INFO] [stdout]                                at /opt/rustwide/cargo-home/registry/src/index.crates.io-1949cf8c6b5b557f/tokio-1.3.0/src/runtime/basic_scheduler.rs:266:5
[INFO] [stdout]   33:     0x566298decba3 - tokio::runtime::basic_scheduler::Inner<P>::block_on::h7c6ee46644b8f623
[INFO] [stdout]                                at /opt/rustwide/cargo-home/registry/src/index.crates.io-1949cf8c6b5b557f/tokio-1.3.0/src/runtime/basic_scheduler.rs:176:9
[INFO] [stdout]   34:     0x566298df62a5 - tokio::runtime::basic_scheduler::InnerGuard<P>::block_on::h6b2a1a5664638ca4
[INFO] [stdout]                                at /opt/rustwide/cargo-home/registry/src/index.crates.io-1949cf8c6b5b557f/tokio-1.3.0/src/runtime/basic_scheduler.rs:405:9
[INFO] [stdout]   35:     0x566298df7450 - tokio::runtime::basic_scheduler::BasicScheduler<P>::block_on::h2f7ba970a5003209
[INFO] [stdout]                                at /opt/rustwide/cargo-home/registry/src/index.crates.io-1949cf8c6b5b557f/tokio-1.3.0/src/runtime/basic_scheduler.rs:136:24
[INFO] [stdout]   36:     0x566298ddc413 - tokio::runtime::Runtime::block_on::h755369280d3a45d5
[INFO] [stdout]                                at /opt/rustwide/cargo-home/registry/src/index.crates.io-1949cf8c6b5b557f/tokio-1.3.0/src/runtime/mod.rs:450:46
[INFO] [stdout]   37:     0x566298de21f2 - json::convert_array::h3893dd590c5544b2
[INFO] [stdout]                                at /opt/rustwide/workdir/tests/json.rs:27:1
[INFO] [stdout]   38:     0x566298de2077 - json::convert_array::{{closure}}::he7c2e884960e90c1
[INFO] [stdout]                                at /opt/rustwide/workdir/tests/json.rs:28:25
[INFO] [stdout]   39:     0x566298e0a4f6 - core::ops::function::FnOnce::call_once::h5571d56c3d54cff1
[INFO] [stdout]                                at /rustc/6067b36314ab5eb2eb47cecc464545ba58e1ad24/library/core/src/ops/function.rs:250:5
[INFO] [stdout]   40:     0x566298eb8a1b - core::ops::function::FnOnce::call_once::he27718dfdd183f43
[INFO] [stdout]                                at /rustc/6067b36314ab5eb2eb47cecc464545ba58e1ad24/library/core/src/ops/function.rs:250:5
[INFO] [stdout]   41:     0x566298eb8a1b - test::__rust_begin_short_backtrace::h4e84902998457a5d
[INFO] [stdout]                                at /rustc/6067b36314ab5eb2eb47cecc464545ba58e1ad24/library/test/src/lib.rs:632:18
[INFO] [stdout]   42:     0x566298eb7953 - test::run_test_in_process::{{closure}}::h7176fd18fc1feca0
[INFO] [stdout]                                at /rustc/6067b36314ab5eb2eb47cecc464545ba58e1ad24/library/test/src/lib.rs:655:60
[INFO] [stdout]   43:     0x566298eb7953 - <core::panic::unwind_safe::AssertUnwindSafe<F> as core::ops::function::FnOnce<()>>::call_once::hf79cff2a624d8cf7
[INFO] [stdout]                                at /rustc/6067b36314ab5eb2eb47cecc464545ba58e1ad24/library/core/src/panic/unwind_safe.rs:272:9
[INFO] [stdout]   44:     0x566298eb7953 - std::panicking::try::do_call::h3da0561d9ab99c25
[INFO] [stdout]                                at /rustc/6067b36314ab5eb2eb47cecc464545ba58e1ad24/library/std/src/panicking.rs:587:40
[INFO] [stdout]   45:     0x566298eb7953 - std::panicking::try::h41c9fa508bc61df6
[INFO] [stdout]                                at /rustc/6067b36314ab5eb2eb47cecc464545ba58e1ad24/library/std/src/panicking.rs:550:19
[INFO] [stdout]   46:     0x566298eb7953 - std::panic::catch_unwind::h6b3ff07bb5afad93
[INFO] [stdout]                                at /rustc/6067b36314ab5eb2eb47cecc464545ba58e1ad24/library/std/src/panic.rs:358:14
[INFO] [stdout]   47:     0x566298eb7953 - test::run_test_in_process::hc7253dd11b39b9f4
[INFO] [stdout]                                at /rustc/6067b36314ab5eb2eb47cecc464545ba58e1ad24/library/test/src/lib.rs:655:27
[INFO] [stdout]   48:     0x566298eb7953 - test::run_test::{{closure}}::hfb2007f8649c30bb
[INFO] [stdout]                                at /rustc/6067b36314ab5eb2eb47cecc464545ba58e1ad24/library/test/src/lib.rs:576:43
[INFO] [stdout]   49:     0x566298e7aa35 - test::run_test::{{closure}}::h56a17aa7a282a9f4
[INFO] [stdout]                                at /rustc/6067b36314ab5eb2eb47cecc464545ba58e1ad24/library/test/src/lib.rs:606:41
[INFO] [stdout]   50:     0x566298e7aa35 - std::sys::backtrace::__rust_begin_short_backtrace::hd2d2d2fb8e8c6aac
[INFO] [stdout]                                at /rustc/6067b36314ab5eb2eb47cecc464545ba58e1ad24/library/std/src/sys/backtrace.rs:152:18
[INFO] [stdout]   51:     0x566298e7e31a - std::thread::Builder::spawn_unchecked_::{{closure}}::{{closure}}::h4faa3f9db6133423
[INFO] [stdout]                                at /rustc/6067b36314ab5eb2eb47cecc464545ba58e1ad24/library/std/src/thread/mod.rs:559:17
[INFO] [stdout]   52:     0x566298e7e31a - <core::panic::unwind_safe::AssertUnwindSafe<F> as core::ops::function::FnOnce<()>>::call_once::hf2e855a36a4ea846
[INFO] [stdout]                                at /rustc/6067b36314ab5eb2eb47cecc464545ba58e1ad24/library/core/src/panic/unwind_safe.rs:272:9
[INFO] [stdout]   53:     0x566298e7e31a - std::panicking::try::do_call::h2f73af3616c35465
[INFO] [stdout]                                at /rustc/6067b36314ab5eb2eb47cecc464545ba58e1ad24/library/std/src/panicking.rs:587:40
[INFO] [stdout]   54:     0x566298e7e31a - std::panicking::try::hd1660ce9efadef5a
[INFO] [stdout]                                at /rustc/6067b36314ab5eb2eb47cecc464545ba58e1ad24/library/std/src/panicking.rs:550:19
[INFO] [stdout]   55:     0x566298e7e31a - std::panic::catch_unwind::h5ee8d7823b8ca744
[INFO] [stdout]                                at /rustc/6067b36314ab5eb2eb47cecc464545ba58e1ad24/library/std/src/panic.rs:358:14
[INFO] [stdout]   56:     0x566298e7e31a - std::thread::Builder::spawn_unchecked_::{{closure}}::h53c3a1894dce8407
[INFO] [stdout]                                at /rustc/6067b36314ab5eb2eb47cecc464545ba58e1ad24/library/std/src/thread/mod.rs:557:30
[INFO] [stdout]   57:     0x566298e7e31a - core::ops::function::FnOnce::call_once{{vtable.shim}}::h048ce291ad4f62bf
[INFO] [stdout]                                at /rustc/6067b36314ab5eb2eb47cecc464545ba58e1ad24/library/core/src/ops/function.rs:250:5
[INFO] [stdout]   58:     0x566299008c6b - <alloc::boxed::Box<F,A> as core::ops::function::FnOnce<Args>>::call_once::ha52bedf99a3b4981
[INFO] [stdout]                                at /rustc/6067b36314ab5eb2eb47cecc464545ba58e1ad24/library/alloc/src/boxed.rs:2013:9
[INFO] [stdout]   59:     0x566299008c6b - <alloc::boxed::Box<F,A> as core::ops::function::FnOnce<Args>>::call_once::h567748934d80ccf8
[INFO] [stdout]                                at /rustc/6067b36314ab5eb2eb47cecc464545ba58e1ad24/library/alloc/src/boxed.rs:2013:9
[INFO] [stdout]   60:     0x566299008c6b - std::sys::pal::unix::thread::Thread::new::thread_start::h2d970728ae887adc
[INFO] [stdout]                                at /rustc/6067b36314ab5eb2eb47cecc464545ba58e1ad24/library/std/src/sys/pal/unix/thread.rs:106:17
[INFO] [stdout]   61:     0x757619342ac3 - <unknown>
[INFO] [stdout]   62:     0x7576193d3a04 - clone
[INFO] [stdout]   63:                0x0 - <unknown>
[INFO] [stdout] 
[INFO] [stdout] ---- convert_obj_rev stdout ----
[INFO] [stdout] 
[INFO] [stdout] thread 'convert_obj_rev' panicked at tests/util/mod.rs:68:3:
[INFO] [stdout] assertion `left == right` failed
[INFO] [stdout]   left: Object({"a": Number(1), "b": Number(2)})
[INFO] [stdout]  right: Object({"a": Number(1.0), "b": Number(2.0)})
[INFO] [stdout] stack backtrace:
[INFO] [stdout]    0:     0x566299002d7a - std::backtrace_rs::backtrace::libunwind::trace::hb059275cfc8d6126
[INFO] [stdout]                                at /rustc/6067b36314ab5eb2eb47cecc464545ba58e1ad24/library/std/src/../../backtrace/src/backtrace/libunwind.rs:116:5
[INFO] [stdout]    1:     0x566299002d7a - std::backtrace_rs::backtrace::trace_unsynchronized::h2da071e4327ce3ee
[INFO] [stdout]                                at /rustc/6067b36314ab5eb2eb47cecc464545ba58e1ad24/library/std/src/../../backtrace/src/backtrace/mod.rs:66:5
[INFO] [stdout]    2:     0x566299002d7a - std::sys::backtrace::_print_fmt::h842a1474e6f8d23f
[INFO] [stdout]                                at /rustc/6067b36314ab5eb2eb47cecc464545ba58e1ad24/library/std/src/sys/backtrace.rs:66:9
[INFO] [stdout]    3:     0x566299002d7a - <std::sys::backtrace::BacktraceLock::print::DisplayBacktrace as core::fmt::Display>::fmt::h71a62eb3b9696b12
[INFO] [stdout]                                at /rustc/6067b36314ab5eb2eb47cecc464545ba58e1ad24/library/std/src/sys/backtrace.rs:39:26
[INFO] [stdout]    4:     0x56629902bf93 - core::fmt::rt::Argument::fmt::hdb6b616786b41dc1
[INFO] [stdout]                                at /rustc/6067b36314ab5eb2eb47cecc464545ba58e1ad24/library/core/src/fmt/rt.rs:177:76
[INFO] [stdout]    5:     0x56629902bf93 - core::fmt::write::h2cc1698af7e2d686
[INFO] [stdout]                                at /rustc/6067b36314ab5eb2eb47cecc464545ba58e1ad24/library/core/src/fmt/mod.rs:1440:21
[INFO] [stdout]    6:     0x566298fff673 - std::io::Write::write_fmt::hab1b4cd059a79022
[INFO] [stdout]                                at /rustc/6067b36314ab5eb2eb47cecc464545ba58e1ad24/library/std/src/io/mod.rs:1887:15
[INFO] [stdout]    7:     0x566299002bc2 - std::sys::backtrace::BacktraceLock::print::h147fe35b4ea13b08
[INFO] [stdout]                                at /rustc/6067b36314ab5eb2eb47cecc464545ba58e1ad24/library/std/src/sys/backtrace.rs:42:9
[INFO] [stdout]    8:     0x56629900419f - std::panicking::default_hook::{{closure}}::hbd44223dbdc0d208
[INFO] [stdout]                                at /rustc/6067b36314ab5eb2eb47cecc464545ba58e1ad24/library/std/src/panicking.rs:298:22
[INFO] [stdout]    9:     0x566299003fb8 - std::panicking::default_hook::h20f81eb0576efcec
[INFO] [stdout]                                at /rustc/6067b36314ab5eb2eb47cecc464545ba58e1ad24/library/std/src/panicking.rs:322:9
[INFO] [stdout]   10:     0x566298eb32c3 - <alloc::boxed::Box<F,A> as core::ops::function::Fn<Args>>::call::hdb53814c496a4d34
[INFO] [stdout]                                at /rustc/6067b36314ab5eb2eb47cecc464545ba58e1ad24/library/alloc/src/boxed.rs:2027:9
[INFO] [stdout]   11:     0x566298eb32c3 - test::test_main::{{closure}}::hc0a4963c59427c24
[INFO] [stdout]                                at /rustc/6067b36314ab5eb2eb47cecc464545ba58e1ad24/library/test/src/lib.rs:134:21
[INFO] [stdout]   12:     0x566299004c93 - <alloc::boxed::Box<F,A> as core::ops::function::Fn<Args>>::call::h591b2225413a77e9
[INFO] [stdout]                                at /rustc/6067b36314ab5eb2eb47cecc464545ba58e1ad24/library/alloc/src/boxed.rs:2027:9
[INFO] [stdout]   13:     0x566299004c93 - std::panicking::rust_panic_with_hook::h625eea43051b2edc
[INFO] [stdout]                                at /rustc/6067b36314ab5eb2eb47cecc464545ba58e1ad24/library/std/src/panicking.rs:839:13
[INFO] [stdout]   14:     0x56629900494a - std::panicking::begin_panic_handler::{{closure}}::h4f9159cfbc3f6bd3
[INFO] [stdout]                                at /rustc/6067b36314ab5eb2eb47cecc464545ba58e1ad24/library/std/src/panicking.rs:704:13
[INFO] [stdout]   15:     0x566299003279 - std::sys::backtrace::__rust_end_short_backtrace::h0390abce48353151
[INFO] [stdout]                                at /rustc/6067b36314ab5eb2eb47cecc464545ba58e1ad24/library/std/src/sys/backtrace.rs:168:18
[INFO] [stdout]   16:     0x5662990045dd - rust_begin_unwind
[INFO] [stdout]                                at /rustc/6067b36314ab5eb2eb47cecc464545ba58e1ad24/library/std/src/panicking.rs:695:5
[INFO] [stdout]   17:     0x56629902a2b0 - core::panicking::panic_fmt::h9e7c637e9e5f29c9
[INFO] [stdout]                                at /rustc/6067b36314ab5eb2eb47cecc464545ba58e1ad24/library/core/src/panicking.rs:75:14
[INFO] [stdout]   18:     0x56629902a6a2 - core::panicking::assert_failed_inner::h538bec7c1374cd9c
[INFO] [stdout]   19:     0x566298e035fc - core::panicking::assert_failed::h35fa7ab924b701cb
[INFO] [stdout]                                at /rustc/6067b36314ab5eb2eb47cecc464545ba58e1ad24/library/core/src/panicking.rs:364:5
[INFO] [stdout]   20:     0x566298dc25c1 - json::util::expect_map_json::{{closure}}::h7f9acfdd47f7fa50
[INFO] [stdout]                                at /opt/rustwide/workdir/tests/util/mod.rs:68:3
[INFO] [stdout]   21:     0x566298de2b87 - json::convert_obj_rev::{{closure}}::hd4d0eadb66e09119
[INFO] [stdout]                                at /opt/rustwide/workdir/tests/json.rs:34:80
[INFO] [stdout]   22:     0x566298dffb0d - <core::pin::Pin<P> as core::future::future::Future>::poll::h00ab635682a3e0ca
[INFO] [stdout]                                at /rustc/6067b36314ab5eb2eb47cecc464545ba58e1ad24/library/core/src/future/future.rs:124:9
[INFO] [stdout]   23:     0x566298df528f - tokio::runtime::basic_scheduler::Inner<P>::block_on::{{closure}}::{{closure}}::h45dcee32906a5895
[INFO] [stdout]                                at /opt/rustwide/cargo-home/registry/src/index.crates.io-1949cf8c6b5b557f/tokio-1.3.0/src/runtime/basic_scheduler.rs:184:58
[INFO] [stdout]   24:     0x566298e21cd3 - tokio::coop::with_budget::{{closure}}::h03b6717f5607bdd4
[INFO] [stdout]                                at /opt/rustwide/cargo-home/registry/src/index.crates.io-1949cf8c6b5b557f/tokio-1.3.0/src/coop.rs:106:9
[INFO] [stdout]   25:     0x566298e3d4c5 - std::thread::local::LocalKey<T>::try_with::h6007b73ed73fbdba
[INFO] [stdout]                                at /rustc/6067b36314ab5eb2eb47cecc464545ba58e1ad24/library/std/src/thread/local.rs:308:12
[INFO] [stdout]   26:     0x566298e3a71a - std::thread::local::LocalKey<T>::with::h457597553134ce71
[INFO] [stdout]                                at /rustc/6067b36314ab5eb2eb47cecc464545ba58e1ad24/library/std/src/thread/local.rs:272:9
[INFO] [stdout]   27:     0x566298dedd59 - tokio::coop::with_budget::h500b88ab7c1e62e7
[INFO] [stdout]                                at /opt/rustwide/cargo-home/registry/src/index.crates.io-1949cf8c6b5b557f/tokio-1.3.0/src/coop.rs:99:5
[INFO] [stdout]   28:     0x566298dedd59 - tokio::coop::budget::h8721da343ba479b0
[INFO] [stdout]                                at /opt/rustwide/cargo-home/registry/src/index.crates.io-1949cf8c6b5b557f/tokio-1.3.0/src/coop.rs:76:5
[INFO] [stdout]   29:     0x566298dedd59 - tokio::runtime::basic_scheduler::Inner<P>::block_on::{{closure}}::h19e49b67538302f1
[INFO] [stdout]                                at /opt/rustwide/cargo-home/registry/src/index.crates.io-1949cf8c6b5b557f/tokio-1.3.0/src/runtime/basic_scheduler.rs:184:35
[INFO] [stdout]   30:     0x566298dff78a - tokio::runtime::basic_scheduler::enter::{{closure}}::h1af751e20be5825c
[INFO] [stdout]                                at /opt/rustwide/cargo-home/registry/src/index.crates.io-1949cf8c6b5b557f/tokio-1.3.0/src/runtime/basic_scheduler.rs:266:29
[INFO] [stdout]   31:     0x566298e676c5 - tokio::macros::scoped_tls::ScopedKey<T>::set::h6a80933ad3079275
[INFO] [stdout]                                at /opt/rustwide/cargo-home/registry/src/index.crates.io-1949cf8c6b5b557f/tokio-1.3.0/src/macros/scoped_tls.rs:61:9
[INFO] [stdout]   32:     0x566298dfe875 - tokio::runtime::basic_scheduler::enter::hb00c7cdea9a0e4a4
[INFO] [stdout]                                at /opt/rustwide/cargo-home/registry/src/index.crates.io-1949cf8c6b5b557f/tokio-1.3.0/src/runtime/basic_scheduler.rs:266:5
[INFO] [stdout]   33:     0x566298decb63 - tokio::runtime::basic_scheduler::Inner<P>::block_on::h53ec3db36d003c93
[INFO] [stdout]                                at /opt/rustwide/cargo-home/registry/src/index.crates.io-1949cf8c6b5b557f/tokio-1.3.0/src/runtime/basic_scheduler.rs:176:9
[INFO] [stdout]   34:     0x566298df6565 - tokio::runtime::basic_scheduler::InnerGuard<P>::block_on::h858ceca0861782fe
[INFO] [stdout]                                at /opt/rustwide/cargo-home/registry/src/index.crates.io-1949cf8c6b5b557f/tokio-1.3.0/src/runtime/basic_scheduler.rs:405:9
[INFO] [stdout]   35:     0x566298df9220 - tokio::runtime::basic_scheduler::BasicScheduler<P>::block_on::h9cdbcd01bb165873
[INFO] [stdout]                                at /opt/rustwide/cargo-home/registry/src/index.crates.io-1949cf8c6b5b557f/tokio-1.3.0/src/runtime/basic_scheduler.rs:136:24
[INFO] [stdout]   36:     0x566298ddb793 - tokio::runtime::Runtime::block_on::h1b9d10d58345523c
[INFO] [stdout]                                at /opt/rustwide/cargo-home/registry/src/index.crates.io-1949cf8c6b5b557f/tokio-1.3.0/src/runtime/mod.rs:450:46
[INFO] [stdout]   37:     0x566298de29b2 - json::convert_obj_rev::h784d529f637d5b16
[INFO] [stdout]                                at /opt/rustwide/workdir/tests/json.rs:33:1
[INFO] [stdout]   38:     0x566298de2837 - json::convert_obj_rev::{{closure}}::hb378d734142a31da
[INFO] [stdout]                                at /opt/rustwide/workdir/tests/json.rs:34:27
[INFO] [stdout]   39:     0x566298e0a626 - core::ops::function::FnOnce::call_once::h6b5f70fab02f54ab
[INFO] [stdout]                                at /rustc/6067b36314ab5eb2eb47cecc464545ba58e1ad24/library/core/src/ops/function.rs:250:5
[INFO] [stdout]   40:     0x566298eb8a1b - core::ops::function::FnOnce::call_once::he27718dfdd183f43
[INFO] [stdout]                                at /rustc/6067b36314ab5eb2eb47cecc464545ba58e1ad24/library/core/src/ops/function.rs:250:5
[INFO] [stdout]   41:     0x566298eb8a1b - test::__rust_begin_short_backtrace::h4e84902998457a5d
[INFO] [stdout]                                at /rustc/6067b36314ab5eb2eb47cecc464545ba58e1ad24/library/test/src/lib.rs:632:18
[INFO] [stdout]   42:     0x566298eb7953 - test::run_test_in_process::{{closure}}::h7176fd18fc1feca0
[INFO] [stdout]                                at /rustc/6067b36314ab5eb2eb47cecc464545ba58e1ad24/library/test/src/lib.rs:655:60
[INFO] [stdout]   43:     0x566298eb7953 - <core::panic::unwind_safe::AssertUnwindSafe<F> as core::ops::function::FnOnce<()>>::call_once::hf79cff2a624d8cf7
[INFO] [stdout]                                at /rustc/6067b36314ab5eb2eb47cecc464545ba58e1ad24/library/core/src/panic/unwind_safe.rs:272:9
[INFO] [stdout]   44:     0x566298eb7953 - std::panicking::try::do_call::h3da0561d9ab99c25
[INFO] [stdout]                                at /rustc/6067b36314ab5eb2eb47cecc464545ba58e1ad24/library/std/src/panicking.rs:587:40
[INFO] [stdout]   45:     0x566298eb7953 - std::panicking::try::h41c9fa508bc61df6
[INFO] [stdout]                                at /rustc/6067b36314ab5eb2eb47cecc464545ba58e1ad24/library/std/src/panicking.rs:550:19
[INFO] [stdout]   46:     0x566298eb7953 - std::panic::catch_unwind::h6b3ff07bb5afad93
[INFO] [stdout]                                at /rustc/6067b36314ab5eb2eb47cecc464545ba58e1ad24/library/std/src/panic.rs:358:14
[INFO] [stdout]   47:     0x566298eb7953 - test::run_test_in_process::hc7253dd11b39b9f4
[INFO] [stdout]                                at /rustc/6067b36314ab5eb2eb47cecc464545ba58e1ad24/library/test/src/lib.rs:655:27
[INFO] [stdout]   48:     0x566298eb7953 - test::run_test::{{closure}}::hfb2007f8649c30bb
[INFO] [stdout]                                at /rustc/6067b36314ab5eb2eb47cecc464545ba58e1ad24/library/test/src/lib.rs:576:43
[INFO] [stdout]   49:     0x566298e7aa35 - test::run_test::{{closure}}::h56a17aa7a282a9f4
[INFO] [stdout]                                at /rustc/6067b36314ab5eb2eb47cecc464545ba58e1ad24/library/test/src/lib.rs:606:41
[INFO] [stdout]   50:     0x566298e7aa35 - std::sys::backtrace::__rust_begin_short_backtrace::hd2d2d2fb8e8c6aac
[INFO] [stdout]                                at /rustc/6067b36314ab5eb2eb47cecc464545ba58e1ad24/library/std/src/sys/backtrace.rs:152:18
[INFO] [stdout]   51:     0x566298e7e31a - std::thread::Builder::spawn_unchecked_::{{closure}}::{{closure}}::h4faa3f9db6133423
[INFO] [stdout]                                at /rustc/6067b36314ab5eb2eb47cecc464545ba58e1ad24/library/std/src/thread/mod.rs:559:17
[INFO] [stdout]   52:     0x566298e7e31a - <core::panic::unwind_safe::AssertUnwindSafe<F> as core::ops::function::FnOnce<()>>::call_once::hf2e855a36a4ea846
[INFO] [stdout]                                at /rustc/6067b36314ab5eb2eb47cecc464545ba58e1ad24/library/core/src/panic/unwind_safe.rs:272:9
[INFO] [stdout]   53:     0x566298e7e31a - std::panicking::try::do_call::h2f73af3616c35465
[INFO] [stdout]                                at /rustc/6067b36314ab5eb2eb47cecc464545ba58e1ad24/library/std/src/panicking.rs:587:40
[INFO] [stdout]   54:     0x566298e7e31a - std::panicking::try::hd1660ce9efadef5a
[INFO] [stdout]                                at /rustc/6067b36314ab5eb2eb47cecc464545ba58e1ad24/library/std/src/panicking.rs:550:19
[INFO] [stdout]   55:     0x566298e7e31a - std::panic::catch_unwind::h5ee8d7823b8ca744
[INFO] [stdout]                                at /rustc/6067b36314ab5eb2eb47cecc464545ba58e1ad24/library/std/src/panic.rs:358:14
[INFO] [stdout]   56:     0x566298e7e31a - std::thread::Builder::spawn_unchecked_::{{closure}}::h53c3a1894dce8407
[INFO] [stdout]                                at /rustc/6067b36314ab5eb2eb47cecc464545ba58e1ad24/library/std/src/thread/mod.rs:557:30
[INFO] [stdout]   57:     0x566298e7e31a - core::ops::function::FnOnce::call_once{{vtable.shim}}::h048ce291ad4f62bf
[INFO] [stdout]                                at /rustc/6067b36314ab5eb2eb47cecc464545ba58e1ad24/library/core/src/ops/function.rs:250:5
[INFO] [stdout]   58:     0x566299008c6b - <alloc::boxed::Box<F,A> as core::ops::function::FnOnce<Args>>::call_once::ha52bedf99a3b4981
[INFO] [stdout]                                at /rustc/6067b36314ab5eb2eb47cecc464545ba58e1ad24/library/alloc/src/boxed.rs:2013:9
[INFO] [stdout]   59:     0x566299008c6b - <alloc::boxed::Box<F,A> as core::ops::function::FnOnce<Args>>::call_once::h567748934d80ccf8
[INFO] [stdout]                                at /rustc/6067b36314ab5eb2eb47cecc464545ba58e1ad24/library/alloc/src/boxed.rs:2013:9
[INFO] [stdout]   60:     0x566299008c6b - std::sys::pal::unix::thread::Thread::new::thread_start::h2d970728ae887adc
[INFO] [stdout]                                at /rustc/6067b36314ab5eb2eb47cecc464545ba58e1ad24/library/std/src/sys/pal/unix/thread.rs:106:17
[INFO] [stdout]   61:     0x757619342ac3 - <unknown>
[INFO] [stdout]   62:     0x7576193d3a04 - clone
[INFO] [stdout]   63:                0x0 - <unknown>
[INFO] [stdout] 
[INFO] [stdout] 
[INFO] [stdout] failures:
[INFO] [stdout]     convert_array
[INFO] [stdout]     convert_complex
[INFO] [stdout]     convert_nest
[INFO] [stdout]     convert_obj
[INFO] [stdout]     convert_obj_rev
[INFO] [stdout] 
[INFO] [stdout] test result: FAILED. 13 passed; 5 failed; 0 ignored; 0 measured; 0 filtered out; finished in 0.09s
[INFO] [stdout] 
[INFO] running `Command { std: "docker" "inspect" "2e15675fbb524d56b57505ebb4966b709261e6b100aa2d2e22de23e6a849249e", kill_on_drop: false }`
[INFO] running `Command { std: "docker" "rm" "-f" "2e15675fbb524d56b57505ebb4966b709261e6b100aa2d2e22de23e6a849249e", kill_on_drop: false }`
[INFO] [stdout] 2e15675fbb524d56b57505ebb4966b709261e6b100aa2d2e22de23e6a849249e
