[INFO] cloning repository https://github.com/ccheek21/topd
[INFO] running `Command { std: "git" "-c" "credential.helper=" "-c" "credential.helper=/workspace/cargo-home/bin/git-credential-null" "clone" "--bare" "https://github.com/ccheek21/topd" "/workspace/cache/git-repos/https%3A%2F%2Fgithub.com%2Fccheek21%2Ftopd", kill_on_drop: false }`
[INFO] [stderr] Cloning into bare repository '/workspace/cache/git-repos/https%3A%2F%2Fgithub.com%2Fccheek21%2Ftopd'...
[INFO] running `Command { std: "git" "rev-parse" "HEAD", kill_on_drop: false }`
[INFO] [stdout] 6574ee7045061957de24855567e0abf05f2778d9
[INFO] testing ccheek21/topd against nightly-2025-01-18 for randomize-layout-2
[INFO] running `Command { std: "git" "clone" "/workspace/cache/git-repos/https%3A%2F%2Fgithub.com%2Fccheek21%2Ftopd" "/workspace/builds/worker-5-tc1/source", kill_on_drop: false }`
[INFO] [stderr] Cloning into '/workspace/builds/worker-5-tc1/source'...
[INFO] [stderr] done.
[INFO] validating manifest of git repo https://github.com/ccheek21/topd on toolchain nightly-2025-01-18
[INFO] running `Command { std: CARGO_HOME="/workspace/cargo-home" RUSTUP_HOME="/workspace/rustup-home" "/workspace/cargo-home/bin/cargo" "+nightly-2025-01-18" "metadata" "--manifest-path" "Cargo.toml" "--no-deps", kill_on_drop: false }`
[INFO] started tweaking git repo https://github.com/ccheek21/topd
[INFO] finished tweaking git repo https://github.com/ccheek21/topd
[INFO] tweaked toml for git repo https://github.com/ccheek21/topd written to /workspace/builds/worker-5-tc1/source/Cargo.toml
[INFO] crate git repo https://github.com/ccheek21/topd already has a lockfile, it will not be regenerated
[INFO] running `Command { std: CARGO_HOME="/workspace/cargo-home" RUSTUP_HOME="/workspace/rustup-home" "/workspace/cargo-home/bin/cargo" "+nightly-2025-01-18" "fetch" "--manifest-path" "Cargo.toml", kill_on_drop: false }`
[INFO] [stderr]     Blocking waiting for file lock on package cache
[INFO] [stderr]     Blocking waiting for file lock on package cache
[INFO] [stderr]  Downloading crates ...
[INFO] [stderr]   Downloaded assert_cmd v0.10.2
[INFO] [stderr]   Downloaded escargot v0.3.1
[INFO] running `Command { std: "docker" "create" "-v" "/var/lib/crater-agent-workspace/builds/worker-5-tc1/target:/opt/rustwide/target:rw,Z" "-v" "/var/lib/crater-agent-workspace/builds/worker-5-tc1/source:/opt/rustwide/workdir:ro,Z" "-v" "/var/lib/crater-agent-workspace/cargo-home:/opt/rustwide/cargo-home:ro,Z" "-v" "/var/lib/crater-agent-workspace/rustup-home:/opt/rustwide/rustup-home:ro,Z" "-e" "SOURCE_DIR=/opt/rustwide/workdir" "-e" "CARGO_TARGET_DIR=/opt/rustwide/target" "-e" "CARGO_HOME=/opt/rustwide/cargo-home" "-e" "RUSTUP_HOME=/opt/rustwide/rustup-home" "-w" "/opt/rustwide/workdir" "-m" "1610612736" "--user" "0:0" "--network" "none" "ghcr.io/rust-lang/crates-build-env/linux@sha256:819108c5571ea2e421544af4d832f968d213c87fbe3707a016657f43d2f853bc" "/opt/rustwide/cargo-home/bin/cargo" "+nightly-2025-01-18" "metadata" "--no-deps" "--format-version=1", kill_on_drop: false }`
[INFO] [stdout] 14ef6a9a162578aa8d9247e324b38cdb99f4d46d2a170b5fae7e84e0cc52663b
[INFO] running `Command { std: "docker" "start" "-a" "14ef6a9a162578aa8d9247e324b38cdb99f4d46d2a170b5fae7e84e0cc52663b", kill_on_drop: false }`
[INFO] running `Command { std: "docker" "inspect" "14ef6a9a162578aa8d9247e324b38cdb99f4d46d2a170b5fae7e84e0cc52663b", kill_on_drop: false }`
[INFO] running `Command { std: "docker" "rm" "-f" "14ef6a9a162578aa8d9247e324b38cdb99f4d46d2a170b5fae7e84e0cc52663b", kill_on_drop: false }`
[INFO] [stdout] 14ef6a9a162578aa8d9247e324b38cdb99f4d46d2a170b5fae7e84e0cc52663b
[INFO] running `Command { std: "docker" "create" "-v" "/var/lib/crater-agent-workspace/builds/worker-5-tc1/target:/opt/rustwide/target:rw,Z" "-v" "/var/lib/crater-agent-workspace/builds/worker-5-tc1/source:/opt/rustwide/workdir:ro,Z" "-v" "/var/lib/crater-agent-workspace/cargo-home:/opt/rustwide/cargo-home:ro,Z" "-v" "/var/lib/crater-agent-workspace/rustup-home:/opt/rustwide/rustup-home:ro,Z" "-e" "SOURCE_DIR=/opt/rustwide/workdir" "-e" "CARGO_TARGET_DIR=/opt/rustwide/target" "-e" "CARGO_INCREMENTAL=0" "-e" "RUST_BACKTRACE=full" "-e" "RUSTFLAGS=--cap-lints=forbid" "-e" "RUSTDOCFLAGS=--cap-lints=forbid" "-e" "CARGO_HOME=/opt/rustwide/cargo-home" "-e" "RUSTUP_HOME=/opt/rustwide/rustup-home" "-w" "/opt/rustwide/workdir" "-m" "1610612736" "--user" "0:0" "--network" "none" "ghcr.io/rust-lang/crates-build-env/linux@sha256:819108c5571ea2e421544af4d832f968d213c87fbe3707a016657f43d2f853bc" "/opt/rustwide/cargo-home/bin/cargo" "+nightly-2025-01-18" "build" "--frozen" "--message-format=json", kill_on_drop: false }`
[INFO] [stdout] b83a2ac35ae5d57ae9e3fab66484b7c6d8f9127a7104fd90d9c2848ac4008656
[INFO] running `Command { std: "docker" "start" "-a" "b83a2ac35ae5d57ae9e3fab66484b7c6d8f9127a7104fd90d9c2848ac4008656", kill_on_drop: false }`
[INFO] [stderr]    Compiling proc-macro2 v1.0.70
[INFO] [stderr]    Compiling utf8parse v0.2.1
[INFO] [stderr]    Compiling rustix v0.38.26
[INFO] [stderr]    Compiling libc v0.2.150
[INFO] [stderr]    Compiling anstyle v1.0.4
[INFO] [stderr]    Compiling serde v1.0.193
[INFO] [stderr]    Compiling colorchoice v1.0.0
[INFO] [stderr]    Compiling anstyle-query v1.0.0
[INFO] [stderr]    Compiling linux-raw-sys v0.4.12
[INFO] [stderr]    Compiling bitflags v2.4.1
[INFO] [stderr]    Compiling serde_json v1.0.108
[INFO] [stderr]    Compiling clap_lex v0.6.0
[INFO] [stderr]    Compiling anyhow v1.0.75
[INFO] [stderr]    Compiling strsim v0.10.0
[INFO] [stderr]    Compiling heck v0.4.1
[INFO] [stderr]    Compiling fastrand v2.0.1
[INFO] [stderr]    Compiling anstyle-parse v0.2.2
[INFO] [stderr]    Compiling anstream v0.6.4
[INFO] [stderr]    Compiling clap_builder v4.4.9
[INFO] [stderr]    Compiling quote v1.0.33
[INFO] [stderr]    Compiling directories v1.0.2
[INFO] [stderr]    Compiling syn v2.0.39
[INFO] [stderr]    Compiling tempfile v3.8.1
[INFO] [stderr]    Compiling clap_derive v4.4.7
[INFO] [stderr]    Compiling serde_derive v1.0.193
[INFO] [stderr]    Compiling clap v4.4.10
[INFO] [stderr]    Compiling fre v0.4.1 (/opt/rustwide/workdir)
[INFO] [stderr]     Finished `dev` profile [unoptimized + debuginfo] target(s) in 14.46s
[INFO] running `Command { std: "docker" "inspect" "b83a2ac35ae5d57ae9e3fab66484b7c6d8f9127a7104fd90d9c2848ac4008656", kill_on_drop: false }`
[INFO] running `Command { std: "docker" "rm" "-f" "b83a2ac35ae5d57ae9e3fab66484b7c6d8f9127a7104fd90d9c2848ac4008656", kill_on_drop: false }`
[INFO] [stdout] b83a2ac35ae5d57ae9e3fab66484b7c6d8f9127a7104fd90d9c2848ac4008656
[INFO] running `Command { std: "docker" "create" "-v" "/var/lib/crater-agent-workspace/builds/worker-5-tc1/target:/opt/rustwide/target:rw,Z" "-v" "/var/lib/crater-agent-workspace/builds/worker-5-tc1/source:/opt/rustwide/workdir:ro,Z" "-v" "/var/lib/crater-agent-workspace/cargo-home:/opt/rustwide/cargo-home:ro,Z" "-v" "/var/lib/crater-agent-workspace/rustup-home:/opt/rustwide/rustup-home:ro,Z" "-e" "SOURCE_DIR=/opt/rustwide/workdir" "-e" "CARGO_TARGET_DIR=/opt/rustwide/target" "-e" "CARGO_INCREMENTAL=0" "-e" "RUST_BACKTRACE=full" "-e" "RUSTFLAGS=--cap-lints=forbid" "-e" "RUSTDOCFLAGS=--cap-lints=forbid" "-e" "CARGO_HOME=/opt/rustwide/cargo-home" "-e" "RUSTUP_HOME=/opt/rustwide/rustup-home" "-w" "/opt/rustwide/workdir" "-m" "1610612736" "--user" "0:0" "--network" "none" "ghcr.io/rust-lang/crates-build-env/linux@sha256:819108c5571ea2e421544af4d832f968d213c87fbe3707a016657f43d2f853bc" "/opt/rustwide/cargo-home/bin/cargo" "+nightly-2025-01-18" "test" "--frozen" "--no-run" "--message-format=json", kill_on_drop: false }`
[INFO] [stdout] a7b2ce42772bd5af4c8af9a70224fba02fe945308f6cbf6733e90a0a857ea312
[INFO] running `Command { std: "docker" "start" "-a" "a7b2ce42772bd5af4c8af9a70224fba02fe945308f6cbf6733e90a0a857ea312", kill_on_drop: false }`
[INFO] [stderr]    Compiling serde v1.0.193
[INFO] [stderr]    Compiling memchr v2.6.4
[INFO] [stderr]    Compiling num-traits v0.2.17
[INFO] [stderr]    Compiling regex-syntax v0.8.2
[INFO] [stderr]    Compiling escargot v0.3.1
[INFO] [stderr]    Compiling aho-corasick v1.1.2
[INFO] [stderr]    Compiling float-cmp v0.8.0
[INFO] [stderr]    Compiling regex-automata v0.4.3
[INFO] [stderr]    Compiling serde_json v1.0.108
[INFO] [stderr]    Compiling fre v0.4.1 (/opt/rustwide/workdir)
[INFO] [stderr]    Compiling regex v1.10.2
[INFO] [stderr]    Compiling predicates v1.0.8
[INFO] [stderr]    Compiling assert_cmd v0.10.2
[INFO] [stderr]     Finished `test` profile [unoptimized + debuginfo] target(s) in 12.00s
[INFO] running `Command { std: "docker" "inspect" "a7b2ce42772bd5af4c8af9a70224fba02fe945308f6cbf6733e90a0a857ea312", kill_on_drop: false }`
[INFO] running `Command { std: "docker" "rm" "-f" "a7b2ce42772bd5af4c8af9a70224fba02fe945308f6cbf6733e90a0a857ea312", kill_on_drop: false }`
[INFO] [stdout] a7b2ce42772bd5af4c8af9a70224fba02fe945308f6cbf6733e90a0a857ea312
[INFO] running `Command { std: "docker" "create" "-v" "/var/lib/crater-agent-workspace/builds/worker-5-tc1/target:/opt/rustwide/target:rw,Z" "-v" "/var/lib/crater-agent-workspace/builds/worker-5-tc1/source:/opt/rustwide/workdir:ro,Z" "-v" "/var/lib/crater-agent-workspace/cargo-home:/opt/rustwide/cargo-home:ro,Z" "-v" "/var/lib/crater-agent-workspace/rustup-home:/opt/rustwide/rustup-home:ro,Z" "-e" "SOURCE_DIR=/opt/rustwide/workdir" "-e" "CARGO_TARGET_DIR=/opt/rustwide/target" "-e" "CARGO_INCREMENTAL=0" "-e" "RUST_BACKTRACE=full" "-e" "RUSTFLAGS=--cap-lints=forbid" "-e" "RUSTDOCFLAGS=--cap-lints=forbid" "-e" "CARGO_HOME=/opt/rustwide/cargo-home" "-e" "RUSTUP_HOME=/opt/rustwide/rustup-home" "-w" "/opt/rustwide/workdir" "-m" "1610612736" "--user" "0:0" "--network" "none" "ghcr.io/rust-lang/crates-build-env/linux@sha256:819108c5571ea2e421544af4d832f968d213c87fbe3707a016657f43d2f853bc" "/opt/rustwide/cargo-home/bin/cargo" "+nightly-2025-01-18" "test" "--frozen", kill_on_drop: false }`
[INFO] [stdout] c82a35c083067ec0f4006dbbf8e55857b98d7e51456fe720c4ad21c677cc68a4
[INFO] running `Command { std: "docker" "start" "-a" "c82a35c083067ec0f4006dbbf8e55857b98d7e51456fe720c4ad21c677cc68a4", kill_on_drop: false }`
[INFO] [stderr]     Finished `test` profile [unoptimized + debuginfo] target(s) in 0.11s
[INFO] [stderr]      Running unittests src/lib.rs (/opt/rustwide/target/debug/deps/fre-b66d8835e5424213)
[INFO] [stdout] 
[INFO] [stdout] running 30 tests
[INFO] [stdout] test stats::tests::compare_with_func ... ok
[INFO] [stdout] test stats::tests::get_frecency_two_half_lives ... ok
[INFO] [stdout] test stats::tests::new_item_stats ... ok
[INFO] [stdout] test args::tests::get_store_path_full ... ok
[INFO] [stdout] test stats::tests::reset_time ... ok
[INFO] [stdout] test stats::tests::to_string_stats ... ok
[INFO] [stdout] test stats::tests::set_half_life ... ok
[INFO] [stdout] test stats::tests::to_string_custom_precision ... ok
[INFO] [stdout] test args::tests::get_store_path_file ... ok
[INFO] [stdout] test stats::tests::compare_with_enum ... ok
[INFO] [stdout] test stats::tests::get_frecency_one_half_life ... ok
[INFO] [stdout] test stats::tests::to_string_no_stats ... ok
[INFO] [stdout] test stats::tests::update_num_accesses ... ok
[INFO] [stdout] test stats::tests::update_score ... ok
[INFO] [stdout] test store::tests::add_existing ... ok
[INFO] [stdout] test store::tests::add_new ... ok
[INFO] [stdout] test store::tests::adjust_existing ... ok
[INFO] [stdout] test store::tests::adjust_new ... ok
[INFO] [stdout] test store::tests::delete_nonexisting ... ok
[INFO] [stdout] test store::tests::get_exists ... ok
[INFO] [stdout] test store::tests::get_not_exists ... ok
[INFO] [stdout] test store::tests::reset_time ... ok
[INFO] [stdout] test store::tests::delete_existing ... ok
[INFO] [stdout] test store::tests::sorted_frecent ... ok
[INFO] [stdout] test store::tests::sorted_frequent ... ok
[INFO] [stdout] test store::tests::sorted_recent ... ok
[INFO] [stdout] test store::tests::set_halflife ... ok
[INFO] [stdout] test store::tests::truncate_less ... ok
[INFO] [stdout] test store::tests::truncate_greater ... ok
[INFO] [stdout] test store::tests::sorted_frecent2 ... ok
[INFO] [stdout] 
[INFO] [stdout] test result: ok. 30 passed; 0 failed; 0 ignored; 0 measured; 0 filtered out; finished in 0.01s
[INFO] [stdout] 
[INFO] [stderr]      Running unittests src/main.rs (/opt/rustwide/target/debug/deps/fre-f724bafd00808ab3)
[INFO] [stdout] 
[INFO] [stdout] running 0 tests
[INFO] [stdout] 
[INFO] [stdout] test result: ok. 0 passed; 0 failed; 0 ignored; 0 measured; 0 filtered out; finished in 0.00s
[INFO] [stdout] 
[INFO] [stderr]      Running tests/lib.rs (/opt/rustwide/target/debug/deps/lib-9f4aba5fdfcb725a)
[INFO] [stdout] 
[INFO] [stdout] running 19 tests
[INFO] [stdout] test integration::sort::limit_too_many ... ok
[INFO] [stdout] test integration::sort::sorted_frecent ... ok
[INFO] [stdout] test integration::sort::sorted_stats ... ok
[INFO] [stdout] test integration::sort::sorted_frequent ... ok
[INFO] [stdout] test integration::sort::limit ... ok
[INFO] [stdout] test integration::errors::invalid_store ... ok
[INFO] [stdout] test integration::sort::sorted_recent ... ok
[INFO] [stdout] test integration::sort::sorted_invalid ... ok
[INFO] [stdout] test integration::errors::non_writable ... FAILED
[INFO] [stdout] test integration::sort::change_half_life_new_decay ... ok
[INFO] [stdout] test integration::weight::add_existing_increases ... ok
[INFO] [stdout] test integration::sort::change_half_life_maintain_frecency ... ok
[INFO] [stdout] test integration::weight::increase_accesses ... ok
[INFO] [stdout] test integration::sort::truncate ... ok
[INFO] [stdout] test integration::weight::decrease_accesses ... ok
[INFO] [stdout] test integration::weight::increase_score ... ok
[INFO] [stdout] test integration::weight::add_existing_exists ... ok
[INFO] [stdout] test integration::weight::decrease_score ... ok
[INFO] [stdout] test integration::weight::add_create ... ok
[INFO] [stdout] 
[INFO] [stdout] failures:
[INFO] [stdout] 
[INFO] [stdout] ---- integration::errors::non_writable stdout ----
[INFO] [stdout] 
[INFO] [stdout] thread 'integration::errors::non_writable' panicked at /opt/rustwide/cargo-home/registry/src/index.crates.io-1949cf8c6b5b557f/assert_cmd-0.10.2/src/assert.rs:262:13:
[INFO] [stdout] Unexpected return code, failed var == 1
[INFO] [stdout] 
[INFO] [stdout] command=`"/opt/rustwide/target/x86_64-unknown-linux-gnu/debug/fre" "--store" "/testdir" "--sorted"`
[INFO] [stdout] code=0
[INFO] [stdout] stdout=``````
[INFO] [stdout] stderr=``````
[INFO] [stdout] 
[INFO] [stdout] stack backtrace:
[INFO] [stdout]    0:     0x582c6702cc0a - std::backtrace_rs::backtrace::libunwind::trace::hb059275cfc8d6126
[INFO] [stdout]                                at /rustc/6067b36314ab5eb2eb47cecc464545ba58e1ad24/library/std/src/../../backtrace/src/backtrace/libunwind.rs:116:5
[INFO] [stdout]    1:     0x582c6702cc0a - std::backtrace_rs::backtrace::trace_unsynchronized::h2da071e4327ce3ee
[INFO] [stdout]                                at /rustc/6067b36314ab5eb2eb47cecc464545ba58e1ad24/library/std/src/../../backtrace/src/backtrace/mod.rs:66:5
[INFO] [stdout]    2:     0x582c6702cc0a - std::sys::backtrace::_print_fmt::h842a1474e6f8d23f
[INFO] [stdout]                                at /rustc/6067b36314ab5eb2eb47cecc464545ba58e1ad24/library/std/src/sys/backtrace.rs:66:9
[INFO] [stdout]    3:     0x582c6702cc0a - <std::sys::backtrace::BacktraceLock::print::DisplayBacktrace as core::fmt::Display>::fmt::h71a62eb3b9696b12
[INFO] [stdout]                                at /rustc/6067b36314ab5eb2eb47cecc464545ba58e1ad24/library/std/src/sys/backtrace.rs:39:26
[INFO] [stdout]    4:     0x582c67056353 - core::fmt::rt::Argument::fmt::hdb6b616786b41dc1
[INFO] [stdout]                                at /rustc/6067b36314ab5eb2eb47cecc464545ba58e1ad24/library/core/src/fmt/rt.rs:177:76
[INFO] [stdout]    5:     0x582c67056353 - core::fmt::write::h2cc1698af7e2d686
[INFO] [stdout]                                at /rustc/6067b36314ab5eb2eb47cecc464545ba58e1ad24/library/core/src/fmt/mod.rs:1440:21
[INFO] [stdout]    6:     0x582c670294e3 - std::io::Write::write_fmt::hab1b4cd059a79022
[INFO] [stdout]                                at /rustc/6067b36314ab5eb2eb47cecc464545ba58e1ad24/library/std/src/io/mod.rs:1887:15
[INFO] [stdout]    7:     0x582c6702ca52 - std::sys::backtrace::BacktraceLock::print::h147fe35b4ea13b08
[INFO] [stdout]                                at /rustc/6067b36314ab5eb2eb47cecc464545ba58e1ad24/library/std/src/sys/backtrace.rs:42:9
[INFO] [stdout]    8:     0x582c6702e0af - std::panicking::default_hook::{{closure}}::hbd44223dbdc0d208
[INFO] [stdout]                                at /rustc/6067b36314ab5eb2eb47cecc464545ba58e1ad24/library/std/src/panicking.rs:298:22
[INFO] [stdout]    9:     0x582c6702dec8 - std::panicking::default_hook::h20f81eb0576efcec
[INFO] [stdout]                                at /rustc/6067b36314ab5eb2eb47cecc464545ba58e1ad24/library/std/src/panicking.rs:322:9
[INFO] [stdout]   10:     0x582c66fa0c03 - <alloc::boxed::Box<F,A> as core::ops::function::Fn<Args>>::call::hdb53814c496a4d34
[INFO] [stdout]                                at /rustc/6067b36314ab5eb2eb47cecc464545ba58e1ad24/library/alloc/src/boxed.rs:2027:9
[INFO] [stdout]   11:     0x582c66fa0c03 - test::test_main::{{closure}}::hc0a4963c59427c24
[INFO] [stdout]                                at /rustc/6067b36314ab5eb2eb47cecc464545ba58e1ad24/library/test/src/lib.rs:134:21
[INFO] [stdout]   12:     0x582c6702eba3 - <alloc::boxed::Box<F,A> as core::ops::function::Fn<Args>>::call::h591b2225413a77e9
[INFO] [stdout]                                at /rustc/6067b36314ab5eb2eb47cecc464545ba58e1ad24/library/alloc/src/boxed.rs:2027:9
[INFO] [stdout]   13:     0x582c6702eba3 - std::panicking::rust_panic_with_hook::h625eea43051b2edc
[INFO] [stdout]                                at /rustc/6067b36314ab5eb2eb47cecc464545ba58e1ad24/library/std/src/panicking.rs:839:13
[INFO] [stdout]   14:     0x582c6702e85a - std::panicking::begin_panic_handler::{{closure}}::h4f9159cfbc3f6bd3
[INFO] [stdout]                                at /rustc/6067b36314ab5eb2eb47cecc464545ba58e1ad24/library/std/src/panicking.rs:704:13
[INFO] [stdout]   15:     0x582c6702d109 - std::sys::backtrace::__rust_end_short_backtrace::h0390abce48353151
[INFO] [stdout]                                at /rustc/6067b36314ab5eb2eb47cecc464545ba58e1ad24/library/std/src/sys/backtrace.rs:168:18
[INFO] [stdout]   16:     0x582c6702e4ed - rust_begin_unwind
[INFO] [stdout]                                at /rustc/6067b36314ab5eb2eb47cecc464545ba58e1ad24/library/std/src/panicking.rs:695:5
[INFO] [stdout]   17:     0x582c67054a20 - core::panicking::panic_fmt::h9e7c637e9e5f29c9
[INFO] [stdout]                                at /rustc/6067b36314ab5eb2eb47cecc464545ba58e1ad24/library/core/src/panicking.rs:75:14
[INFO] [stdout]   18:     0x582c66facb01 - assert_cmd::assert::Assert::code_impl::hc59f65dde3e490a2
[INFO] [stdout]                                at /opt/rustwide/cargo-home/registry/src/index.crates.io-1949cf8c6b5b557f/assert_cmd-0.10.2/src/assert.rs:262:13
[INFO] [stdout]   19:     0x582c66f568ec - assert_cmd::assert::Assert::code::h9816fdd38e1d5ee1
[INFO] [stdout]                                at /opt/rustwide/cargo-home/registry/src/index.crates.io-1949cf8c6b5b557f/assert_cmd-0.10.2/src/assert.rs:252:9
[INFO] [stdout]   20:     0x582c66f5d7e8 - lib::integration::errors::non_writable::h975fe06ad41ab0dd
[INFO] [stdout]                                at /opt/rustwide/workdir/tests/integration/errors.rs:28:5
[INFO] [stdout]   21:     0x582c66f5d607 - lib::integration::errors::non_writable::{{closure}}::h9e6a65c7a26a2532
[INFO] [stdout]                                at /opt/rustwide/workdir/tests/integration/errors.rs:24:18
[INFO] [stdout]   22:     0x582c66f597d6 - core::ops::function::FnOnce::call_once::h07726e3f935e7206
[INFO] [stdout]                                at /rustc/6067b36314ab5eb2eb47cecc464545ba58e1ad24/library/core/src/ops/function.rs:250:5
[INFO] [stdout]   23:     0x582c66fa635b - core::ops::function::FnOnce::call_once::he27718dfdd183f43
[INFO] [stdout]                                at /rustc/6067b36314ab5eb2eb47cecc464545ba58e1ad24/library/core/src/ops/function.rs:250:5
[INFO] [stdout]   24:     0x582c66fa635b - test::__rust_begin_short_backtrace::h4e84902998457a5d
[INFO] [stdout]                                at /rustc/6067b36314ab5eb2eb47cecc464545ba58e1ad24/library/test/src/lib.rs:632:18
[INFO] [stdout]   25:     0x582c66fa5293 - test::run_test_in_process::{{closure}}::h7176fd18fc1feca0
[INFO] [stdout]                                at /rustc/6067b36314ab5eb2eb47cecc464545ba58e1ad24/library/test/src/lib.rs:655:60
[INFO] [stdout]   26:     0x582c66fa5293 - <core::panic::unwind_safe::AssertUnwindSafe<F> as core::ops::function::FnOnce<()>>::call_once::hf79cff2a624d8cf7
[INFO] [stdout]                                at /rustc/6067b36314ab5eb2eb47cecc464545ba58e1ad24/library/core/src/panic/unwind_safe.rs:272:9
[INFO] [stdout]   27:     0x582c66fa5293 - std::panicking::try::do_call::h3da0561d9ab99c25
[INFO] [stdout]                                at /rustc/6067b36314ab5eb2eb47cecc464545ba58e1ad24/library/std/src/panicking.rs:587:40
[INFO] [stdout]   28:     0x582c66fa5293 - std::panicking::try::h41c9fa508bc61df6
[INFO] [stdout]                                at /rustc/6067b36314ab5eb2eb47cecc464545ba58e1ad24/library/std/src/panicking.rs:550:19
[INFO] [stdout]   29:     0x582c66fa5293 - std::panic::catch_unwind::h6b3ff07bb5afad93
[INFO] [stdout]                                at /rustc/6067b36314ab5eb2eb47cecc464545ba58e1ad24/library/std/src/panic.rs:358:14
[INFO] [stdout]   30:     0x582c66fa5293 - test::run_test_in_process::hc7253dd11b39b9f4
[INFO] [stdout]                                at /rustc/6067b36314ab5eb2eb47cecc464545ba58e1ad24/library/test/src/lib.rs:655:27
[INFO] [stdout]   31:     0x582c66fa5293 - test::run_test::{{closure}}::hfb2007f8649c30bb
[INFO] [stdout]                                at /rustc/6067b36314ab5eb2eb47cecc464545ba58e1ad24/library/test/src/lib.rs:576:43
[INFO] [stdout]   32:     0x582c66f68375 - test::run_test::{{closure}}::h56a17aa7a282a9f4
[INFO] [stdout]                                at /rustc/6067b36314ab5eb2eb47cecc464545ba58e1ad24/library/test/src/lib.rs:606:41
[INFO] [stdout]   33:     0x582c66f68375 - std::sys::backtrace::__rust_begin_short_backtrace::hd2d2d2fb8e8c6aac
[INFO] [stdout]                                at /rustc/6067b36314ab5eb2eb47cecc464545ba58e1ad24/library/std/src/sys/backtrace.rs:152:18
[INFO] [stdout]   34:     0x582c66f6bc5a - std::thread::Builder::spawn_unchecked_::{{closure}}::{{closure}}::h4faa3f9db6133423
[INFO] [stdout]                                at /rustc/6067b36314ab5eb2eb47cecc464545ba58e1ad24/library/std/src/thread/mod.rs:559:17
[INFO] [stdout]   35:     0x582c66f6bc5a - <core::panic::unwind_safe::AssertUnwindSafe<F> as core::ops::function::FnOnce<()>>::call_once::hf2e855a36a4ea846
[INFO] [stdout]                                at /rustc/6067b36314ab5eb2eb47cecc464545ba58e1ad24/library/core/src/panic/unwind_safe.rs:272:9
[INFO] [stdout]   36:     0x582c66f6bc5a - std::panicking::try::do_call::h2f73af3616c35465
[INFO] [stdout]                                at /rustc/6067b36314ab5eb2eb47cecc464545ba58e1ad24/library/std/src/panicking.rs:587:40
[INFO] [stdout]   37:     0x582c66f6bc5a - std::panicking::try::hd1660ce9efadef5a
[INFO] [stdout]                                at /rustc/6067b36314ab5eb2eb47cecc464545ba58e1ad24/library/std/src/panicking.rs:550:19
[INFO] [stdout]   38:     0x582c66f6bc5a - std::panic::catch_unwind::h5ee8d7823b8ca744
[INFO] [stdout]                                at /rustc/6067b36314ab5eb2eb47cecc464545ba58e1ad24/library/std/src/panic.rs:358:14
[INFO] [stdout]   39:     0x582c66f6bc5a - std::thread::Builder::spawn_unchecked_::{{closure}}::h53c3a1894dce8407
[INFO] [stdout]                                at /rustc/6067b36314ab5eb2eb47cecc464545ba58e1ad24/library/std/src/thread/mod.rs:557:30
[INFO] [stdout]   40:     0x582c66f6bc5a - core::ops::function::FnOnce::call_once{{vtable.shim}}::h048ce291ad4f62bf
[INFO] [stdout]                                at /rustc/6067b36314ab5eb2eb47cecc464545ba58e1ad24/library/core/src/ops/function.rs:250:5
[INFO] [stdout]   41:     0x582c670336ab - <alloc::boxed::Box<F,A> as core::ops::function::FnOnce<Args>>::call_once::ha52bedf99a3b4981
[INFO] [stdout]                                at /rustc/6067b36314ab5eb2eb47cecc464545ba58e1ad24/library/alloc/src/boxed.rs:2013:9
[INFO] [stdout]   42:     0x582c670336ab - <alloc::boxed::Box<F,A> as core::ops::function::FnOnce<Args>>::call_once::h567748934d80ccf8
[INFO] [stdout]                                at /rustc/6067b36314ab5eb2eb47cecc464545ba58e1ad24/library/alloc/src/boxed.rs:2013:9
[INFO] [stdout]   43:     0x582c670336ab - std::sys::pal::unix::thread::Thread::new::thread_start::h2d970728ae887adc
[INFO] [stdout]                                at /rustc/6067b36314ab5eb2eb47cecc464545ba58e1ad24/library/std/src/sys/pal/unix/thread.rs:106:17
[INFO] [stdout]   44:     0x70e608117ac3 - <unknown>
[INFO] [stdout]   45:     0x70e6081a8a04 - clone
[INFO] [stdout]   46:                0x0 - <unknown>
[INFO] [stdout] 
[INFO] [stdout] 
[INFO] [stdout] failures:
[INFO] [stdout]     integration::errors::non_writable
[INFO] [stdout] 
[INFO] [stdout] test result: FAILED. 18 passed; 1 failed; 0 ignored; 0 measured; 0 filtered out; finished in 22.96s
[INFO] [stdout] 
[INFO] [stderr] error: test failed, to rerun pass `--test lib`
[INFO] running `Command { std: "docker" "inspect" "c82a35c083067ec0f4006dbbf8e55857b98d7e51456fe720c4ad21c677cc68a4", kill_on_drop: false }`
[INFO] running `Command { std: "docker" "rm" "-f" "c82a35c083067ec0f4006dbbf8e55857b98d7e51456fe720c4ad21c677cc68a4", kill_on_drop: false }`
[INFO] [stdout] c82a35c083067ec0f4006dbbf8e55857b98d7e51456fe720c4ad21c677cc68a4
