[INFO] cloning repository https://github.com/ccgauche/ytermusic
[INFO] running `Command { std: "git" "-c" "credential.helper=" "-c" "credential.helper=/workspace/cargo-home/bin/git-credential-null" "clone" "--bare" "https://github.com/ccgauche/ytermusic" "/workspace/cache/git-repos/https%3A%2F%2Fgithub.com%2Fccgauche%2Fytermusic", kill_on_drop: false }`
[INFO] [stderr] Cloning into bare repository '/workspace/cache/git-repos/https%3A%2F%2Fgithub.com%2Fccgauche%2Fytermusic'...
[INFO] running `Command { std: "git" "rev-parse" "HEAD", kill_on_drop: false }`
[INFO] [stdout] f199b058270dcba6ce2e65d28363f6601e4f9ccd
[INFO] testing ccgauche/ytermusic against nightly-2025-01-18+rustflags=-Zrandomize-layout for randomize-layout-2
[INFO] running `Command { std: "git" "clone" "/workspace/cache/git-repos/https%3A%2F%2Fgithub.com%2Fccgauche%2Fytermusic" "/workspace/builds/worker-0-tc2/source", kill_on_drop: false }`
[INFO] [stderr] Cloning into '/workspace/builds/worker-0-tc2/source'...
[INFO] [stderr] done.
[INFO] validating manifest of git repo https://github.com/ccgauche/ytermusic on toolchain nightly-2025-01-18
[INFO] running `Command { std: CARGO_HOME="/workspace/cargo-home" RUSTUP_HOME="/workspace/rustup-home" "/workspace/cargo-home/bin/cargo" "+nightly-2025-01-18" "metadata" "--manifest-path" "Cargo.toml" "--no-deps", kill_on_drop: false }`
[INFO] started tweaking git repo https://github.com/ccgauche/ytermusic
[INFO] finished tweaking git repo https://github.com/ccgauche/ytermusic
[INFO] tweaked toml for git repo https://github.com/ccgauche/ytermusic written to /workspace/builds/worker-0-tc2/source/Cargo.toml
[INFO] crate git repo https://github.com/ccgauche/ytermusic already has a lockfile, it will not be regenerated
[INFO] running `Command { std: CARGO_HOME="/workspace/cargo-home" RUSTUP_HOME="/workspace/rustup-home" "/workspace/cargo-home/bin/cargo" "+nightly-2025-01-18" "fetch" "--manifest-path" "Cargo.toml", kill_on_drop: false }`
[INFO] running `Command { std: "docker" "create" "-v" "/var/lib/crater-agent-workspace/builds/worker-0-tc2/target:/opt/rustwide/target:rw,Z" "-v" "/var/lib/crater-agent-workspace/builds/worker-0-tc2/source:/opt/rustwide/workdir:ro,Z" "-v" "/var/lib/crater-agent-workspace/cargo-home:/opt/rustwide/cargo-home:ro,Z" "-v" "/var/lib/crater-agent-workspace/rustup-home:/opt/rustwide/rustup-home:ro,Z" "-e" "SOURCE_DIR=/opt/rustwide/workdir" "-e" "CARGO_TARGET_DIR=/opt/rustwide/target" "-e" "CARGO_HOME=/opt/rustwide/cargo-home" "-e" "RUSTUP_HOME=/opt/rustwide/rustup-home" "-w" "/opt/rustwide/workdir" "-m" "1610612736" "--user" "0:0" "--network" "none" "ghcr.io/rust-lang/crates-build-env/linux@sha256:819108c5571ea2e421544af4d832f968d213c87fbe3707a016657f43d2f853bc" "/opt/rustwide/cargo-home/bin/cargo" "+nightly-2025-01-18" "metadata" "--no-deps" "--format-version=1", kill_on_drop: false }`
[INFO] [stdout] 5ef8d892c121ac79751e9e33ad6d7573c1aa11ca8eb9d113c1999e0dd257c391
[INFO] running `Command { std: "docker" "start" "-a" "5ef8d892c121ac79751e9e33ad6d7573c1aa11ca8eb9d113c1999e0dd257c391", kill_on_drop: false }`
[INFO] running `Command { std: "docker" "inspect" "5ef8d892c121ac79751e9e33ad6d7573c1aa11ca8eb9d113c1999e0dd257c391", kill_on_drop: false }`
[INFO] running `Command { std: "docker" "rm" "-f" "5ef8d892c121ac79751e9e33ad6d7573c1aa11ca8eb9d113c1999e0dd257c391", kill_on_drop: false }`
[INFO] [stdout] 5ef8d892c121ac79751e9e33ad6d7573c1aa11ca8eb9d113c1999e0dd257c391
[INFO] running `Command { std: "docker" "create" "-v" "/var/lib/crater-agent-workspace/builds/worker-0-tc2/target:/opt/rustwide/target:rw,Z" "-v" "/var/lib/crater-agent-workspace/builds/worker-0-tc2/source:/opt/rustwide/workdir:ro,Z" "-v" "/var/lib/crater-agent-workspace/cargo-home:/opt/rustwide/cargo-home:ro,Z" "-v" "/var/lib/crater-agent-workspace/rustup-home:/opt/rustwide/rustup-home:ro,Z" "-e" "SOURCE_DIR=/opt/rustwide/workdir" "-e" "CARGO_TARGET_DIR=/opt/rustwide/target" "-e" "CARGO_INCREMENTAL=0" "-e" "RUST_BACKTRACE=full" "-e" "RUSTFLAGS=--cap-lints=forbid -Zrandomize-layout" "-e" "RUSTDOCFLAGS=--cap-lints=forbid" "-e" "CARGO_HOME=/opt/rustwide/cargo-home" "-e" "RUSTUP_HOME=/opt/rustwide/rustup-home" "-w" "/opt/rustwide/workdir" "-m" "1610612736" "--user" "0:0" "--network" "none" "ghcr.io/rust-lang/crates-build-env/linux@sha256:819108c5571ea2e421544af4d832f968d213c87fbe3707a016657f43d2f853bc" "/opt/rustwide/cargo-home/bin/cargo" "+nightly-2025-01-18" "build" "--frozen" "--message-format=json", kill_on_drop: false }`
[INFO] [stdout] 36c4658588efbcc899b41948ad353cd13657912d62411f943b0cf80ce1fcdf08
[INFO] running `Command { std: "docker" "start" "-a" "36c4658588efbcc899b41948ad353cd13657912d62411f943b0cf80ce1fcdf08", kill_on_drop: false }`
[INFO] [stderr]    Compiling proc-macro2 v1.0.92
[INFO] [stderr]    Compiling unicode-ident v1.0.14
[INFO] [stderr]    Compiling libc v0.2.167
[INFO] [stderr]    Compiling autocfg v1.4.0
[INFO] [stderr]    Compiling version_check v0.9.5
[INFO] [stderr]    Compiling once_cell v1.20.2
[INFO] [stderr]    Compiling serde v1.0.215
[INFO] [stderr]    Compiling pin-project-lite v0.2.15
[INFO] [stderr]    Compiling futures-core v0.3.31
[INFO] [stderr]    Compiling allocator-api2 v0.2.21
[INFO] [stderr]    Compiling itoa v1.0.14
[INFO] [stderr]    Compiling cc v1.2.2
[INFO] [stderr]    Compiling parking_lot_core v0.9.10
[INFO] [stderr]    Compiling lock_api v0.4.12
[INFO] [stderr]    Compiling byteorder v1.5.0
[INFO] [stderr]    Compiling stable_deref_trait v1.2.0
[INFO] [stderr]    Compiling siphasher v0.3.11
[INFO] [stderr]    Compiling typenum v1.17.0
[INFO] [stderr]    Compiling generic-array v0.14.7
[INFO] [stderr]    Compiling foldhash v0.1.3
[INFO] [stderr]    Compiling bytes v1.9.0
[INFO] [stderr]    Compiling futures-io v0.3.31
[INFO] [stderr]    Compiling quote v1.0.37
[INFO] [stderr]    Compiling hashbrown v0.15.2
[INFO] [stderr]    Compiling syn v2.0.90
[INFO] [stderr]    Compiling getrandom v0.2.15
[INFO] [stderr]    Compiling slab v0.4.9
[INFO] [stderr]    Compiling futures-sink v0.3.31
[INFO] [stderr]    Compiling litemap v0.7.4
[INFO] [stderr]    Compiling rand_core v0.6.4
[INFO] [stderr]    Compiling writeable v0.5.5
[INFO] [stderr]    Compiling futures-channel v0.3.31
[INFO] [stderr]    Compiling spin v0.9.8
[INFO] [stderr]    Compiling indexmap v2.7.0
[INFO] [stderr]    Compiling futures-task v0.3.31
[INFO] [stderr]    Compiling icu_locid_transform_data v1.5.0
[INFO] [stderr]    Compiling ahash v0.8.11
[INFO] [stderr]    Compiling pkg-config v0.3.31
[INFO] [stderr]    Compiling icu_properties_data v1.5.0
[INFO] [stderr]    Compiling phf_shared v0.11.2
[INFO] [stderr]    Compiling arrayvec v0.7.6
[INFO] [stderr]    Compiling utf16_iter v1.0.5
[INFO] [stderr]    Compiling ring v0.17.8
[INFO] [stderr]    Compiling write16 v1.0.0
[INFO] [stderr]    Compiling icu_normalizer_data v1.5.0
[INFO] [stderr]    Compiling utf8_iter v1.0.4
[INFO] [stderr]    Compiling signal-hook-registry v1.4.2
[INFO] [stderr]    Compiling mio v1.0.3
[INFO] [stderr]    Compiling socket2 v0.5.8
[INFO] [stderr]    Compiling parking_lot v0.12.3
[INFO] [stderr]    Compiling crypto-common v0.1.6
[INFO] [stderr]    Compiling phf_shared v0.10.0
[INFO] [stderr]    Compiling tracing-core v0.1.33
[INFO] [stderr]    Compiling toml_datetime v0.6.8
[INFO] [stderr]    Compiling num-conv v0.1.0
[INFO] [stderr]    Compiling httparse v1.9.5
[INFO] [stderr]    Compiling time-core v0.1.2
[INFO] [stderr]    Compiling powerfmt v0.2.0
[INFO] [stderr]    Compiling encoding_rs v0.8.35
[INFO] [stderr]    Compiling time-macros v0.2.18
[INFO] [stderr]    Compiling deranged v0.3.11
[INFO] [stderr]    Compiling serde_json v1.0.133
[INFO] [stderr]    Compiling crossbeam-utils v0.8.20
[INFO] [stderr]    Compiling num_threads v0.1.7
[INFO] [stderr]    Compiling syn v1.0.109
[INFO] [stderr]    Compiling num-traits v0.2.19
[INFO] [stderr]    Compiling tower-service v0.3.3
[INFO] [stderr]    Compiling rustls-pki-types v1.10.0
[INFO] [stderr]    Compiling thiserror v1.0.69
[INFO] [stderr]    Compiling paste v1.0.15
[INFO] [stderr]    Compiling concurrent-queue v2.5.0
[INFO] [stderr]    Compiling http v1.1.0
[INFO] [stderr]    Compiling parking v2.2.1
[INFO] [stderr]    Compiling cpufeatures v0.2.16
[INFO] [stderr]    Compiling adler2 v2.0.0
[INFO] [stderr]    Compiling psl-types v2.0.11
[INFO] [stderr]    Compiling crunchy v0.2.2
[INFO] [stderr]    Compiling miniz_oxide v0.8.0
[INFO] [stderr]    Compiling time v0.3.36
[INFO] [stderr]    Compiling http-body v1.0.1
[INFO] [stderr]    Compiling block-padding v0.3.3
[INFO] [stderr]    Compiling regex-syntax v0.8.5
[INFO] [stderr]    Compiling tiny-keccak v2.0.2
[INFO] [stderr]    Compiling winnow v0.5.40
[INFO] [stderr]    Compiling new_debug_unreachable v1.0.6
[INFO] [stderr]    Compiling rustls v0.23.19
[INFO] [stderr]    Compiling winnow v0.6.20
[INFO] [stderr]    Compiling synstructure v0.13.1
[INFO] [stderr]    Compiling rustls-webpki v0.102.8
[INFO] [stderr]    Compiling inout v0.1.3
[INFO] [stderr]    Compiling flate2 v1.0.35
[INFO] [stderr]    Compiling block-buffer v0.10.4
[INFO] [stderr]    Compiling cookie v0.18.1
[INFO] [stderr]    Compiling fast-float v0.2.0
[INFO] [stderr]    Compiling rustversion v1.0.18
[INFO] [stderr]    Compiling toml_edit v0.19.15
[INFO] [stderr]    Compiling sptr v0.3.2
[INFO] [stderr]    Compiling rustc-hash v2.1.0
[INFO] [stderr]    Compiling boa_string v0.19.1
[INFO] [stderr]    Compiling digest v0.10.7
[INFO] [stderr]    Compiling zerocopy-derive v0.7.35
[INFO] [stderr]    Compiling serde_derive v1.0.215
[INFO] [stderr]    Compiling zerofrom-derive v0.1.5
[INFO] [stderr]    Compiling yoke-derive v0.7.5
[INFO] [stderr]    Compiling zerocopy v0.7.35
[INFO] [stderr]    Compiling zerovec-derive v0.10.3
[INFO] [stderr]    Compiling ppv-lite86 v0.2.20
[INFO] [stderr]    Compiling rand_chacha v0.3.1
[INFO] [stderr]    Compiling zerofrom v0.1.5
[INFO] [stderr]    Compiling yoke v0.7.5
[INFO] [stderr]    Compiling displaydoc v0.2.5
[INFO] [stderr]    Compiling rand v0.8.5
[INFO] [stderr]    Compiling icu_provider_macros v1.5.0
[INFO] [stderr]    Compiling zerovec v0.10.4
[INFO] [stderr]    Compiling tokio-macros v2.4.0
[INFO] [stderr]    Compiling futures-macro v0.3.31
[INFO] [stderr]    Compiling bytemuck_derive v1.8.0
[INFO] [stderr]    Compiling tracing-attributes v0.1.28
[INFO] [stderr]    Compiling tokio v1.41.1
[INFO] [stderr]    Compiling futures-util v0.3.31
[INFO] [stderr]    Compiling phf_generator v0.11.2
[INFO] [stderr]    Compiling hashbrown v0.14.5
[INFO] [stderr]    Compiling tinystr v0.7.6
[INFO] [stderr]    Compiling icu_locid v1.5.0
[INFO] [stderr]    Compiling icu_collections v1.5.0
[INFO] [stderr]    Compiling bytemuck v1.20.0
[INFO] [stderr]    Compiling tracing v0.1.41
[INFO] [stderr]    Compiling symphonia-core v0.5.4 (https://github.com/pdeljanov/Symphonia#64171c33)
[INFO] [stderr]    Compiling phf_macros v0.11.2
[INFO] [stderr]    Compiling icu_provider v1.5.0
[INFO] [stderr]    Compiling phf_generator v0.10.0
[INFO] [stderr]    Compiling icu_locid_transform v1.5.0
[INFO] [stderr]    Compiling phf v0.11.2
[INFO] [stderr]    Compiling thiserror-impl v1.0.69
[INFO] [stderr]    Compiling symphonia-metadata v0.5.4 (https://github.com/pdeljanov/Symphonia#64171c33)
[INFO] [stderr]    Compiling icu_properties v1.5.1
[INFO] [stderr]    Compiling symphonia-utils-xiph v0.5.4 (https://github.com/pdeljanov/Symphonia#64171c33)
[INFO] [stderr]    Compiling bitflags v2.6.0
[INFO] [stderr]    Compiling serde_urlencoded v0.7.1
[INFO] [stderr]    Compiling string_cache_codegen v0.5.2
[INFO] [stderr]    Compiling phf_codegen v0.11.2
[INFO] [stderr]    Compiling proc-macro-crate v1.3.1
[INFO] [stderr]    Compiling zvariant_utils v1.0.1
[INFO] [stderr]    Compiling boa_macros v0.19.1
[INFO] [stderr]    Compiling cipher v0.4.4
[INFO] [stderr]    Compiling event-listener v5.3.1
[INFO] [stderr]    Compiling http v0.2.12
[INFO] [stderr]    Compiling memoffset v0.6.5
[INFO] [stderr]    Compiling memchr v2.7.4
[INFO] [stderr]    Compiling rustls v0.21.12
[INFO] [stderr]    Compiling either v1.13.0
[INFO] [stderr]    Compiling mac v0.1.1
[INFO] [stderr]    Compiling io-lifetimes v1.0.11
[INFO] [stderr]    Compiling litrs v0.4.1
[INFO] [stderr]    Compiling thin-vec v0.2.13
[INFO] [stderr]    Compiling precomputed-hash v0.1.1
[INFO] [stderr]    Compiling ipnet v2.10.1
[INFO] [stderr]    Compiling boa_profiler v0.19.1
[INFO] [stderr]    Compiling fastrand v2.2.0
[INFO] [stderr]    Compiling icu_normalizer v1.5.0
[INFO] [stderr]    Compiling document-features v0.2.10
[INFO] [stderr]    Compiling tokio-util v0.7.12
[INFO] [stderr]    Compiling hyper v1.5.1
[INFO] [stderr]    Compiling async-compression v0.4.18
[INFO] [stderr]    Compiling tokio-rustls v0.26.0
[INFO] [stderr]    Compiling boa_gc v0.19.1
[INFO] [stderr]    Compiling aho-corasick v1.1.3
[INFO] [stderr]    Compiling idna_adapter v1.2.0
[INFO] [stderr]    Compiling idna v1.0.3
[INFO] [stderr]    Compiling futf v0.1.5
[INFO] [stderr]    Compiling hyper-util v0.1.10
[INFO] [stderr]    Compiling event-listener-strategy v0.5.3
[INFO] [stderr]    Compiling markup5ever v0.12.1
[INFO] [stderr]    Compiling phf_codegen v0.10.0
[INFO] [stderr]    Compiling url v2.5.4
[INFO] [stderr]    Compiling publicsuffix v2.3.0
[INFO] [stderr]    Compiling const-random-macro v0.1.16
[INFO] [stderr]    Compiling toml_edit v0.22.22
[INFO] [stderr]    Compiling enumflags2_derive v0.7.10
[INFO] [stderr]    Compiling async-trait v0.1.83
[INFO] [stderr]    Compiling rustls-webpki v0.101.7
[INFO] [stderr]    Compiling sct v0.7.1
[INFO] [stderr]    Compiling num-integer v0.1.46
[INFO] [stderr]    Compiling webpki-roots v0.26.7
[INFO] [stderr]    Compiling libdbus-sys v0.2.5
[INFO] [stderr]    Compiling alsa-sys v0.3.1
[INFO] [stderr]    Compiling cookie v0.17.0
[INFO] [stderr]    Compiling polling v2.8.0
[INFO] [stderr]    Compiling memoffset v0.9.1
[INFO] [stderr]    Compiling memoffset v0.7.1
[INFO] [stderr]    Compiling futures-lite v2.5.0
[INFO] [stderr]    Compiling waker-fn v1.2.0
[INFO] [stderr]    Compiling parking_lot_core v0.8.6
[INFO] [stderr]    Compiling unicode-width v0.1.14
[INFO] [stderr]    Compiling async-task v4.7.1
[INFO] [stderr]    Compiling rustix v0.37.27
[INFO] [stderr]    Compiling signal-hook v0.3.17
[INFO] [stderr]    Compiling anyhow v1.0.93
[INFO] [stderr]    Compiling utf-8 v0.7.6
[INFO] [stderr]    Compiling dtoa v1.0.9
[INFO] [stderr]    Compiling tendril v0.4.3
[INFO] [stderr]    Compiling dtoa-short v0.3.5
[INFO] [stderr]    Compiling piper v0.2.4
[INFO] [stderr]    Compiling futures-lite v1.13.0
[INFO] [stderr]    Compiling libsqlite3-sys v0.28.0
[INFO] [stderr]    Compiling proc-macro-crate v3.2.0
[INFO] [stderr]    Compiling hyper-rustls v0.27.3
[INFO] [stderr]    Compiling num-bigint v0.4.6
[INFO] [stderr]    Compiling enumflags2 v0.7.10
[INFO] [stderr]    Compiling cookie_store v0.21.1
[INFO] [stderr]    Compiling const-random v0.1.18
[INFO] [stderr]    Compiling regex-automata v0.4.9
[INFO] [stderr]    Compiling selectors v0.25.0
[INFO] [stderr]    Compiling boa_interner v0.19.1
[INFO] [stderr]    Compiling async-channel v2.3.1
[INFO] [stderr]    Compiling unicode-normalization v0.1.24
[INFO] [stderr]    Compiling h2 v0.3.26
[INFO] [stderr]    Compiling http-body v0.4.6
[INFO] [stderr]    Compiling string_cache v0.8.7
[INFO] [stderr]    Compiling itertools v0.13.0
[INFO] [stderr]    Compiling async-lock v2.8.0
[INFO] [stderr]    Compiling zvariant_derive v3.15.2
[INFO] [stderr]    Compiling http-body-util v0.1.2
[INFO] [stderr]    Compiling html5ever v0.27.0
[INFO] [stderr]    Compiling cssparser-macros v0.6.1
[INFO] [stderr]    Compiling rustls-pemfile v2.2.0
[INFO] [stderr]    Compiling universal-hash v0.5.1
[INFO] [stderr]    Compiling async-fs v1.6.0
[INFO] [stderr]    Compiling async-io v1.13.0
[INFO] [stderr]    Compiling sync_wrapper v1.0.2
[INFO] [stderr]    Compiling instant v0.1.13
[INFO] [stderr]    Compiling opaque-debug v0.3.1
[INFO] [stderr]    Compiling portable-atomic v1.10.0
[INFO] [stderr]    Compiling linux-raw-sys v0.3.8
[INFO] [stderr]    Compiling unicode-bidi v0.3.17
[INFO] [stderr]    Compiling reqwest v0.12.9
[INFO] [stderr]    Compiling tokio-rustls v0.24.1
[INFO] [stderr]    Compiling regex v1.11.1
[INFO] [stderr]    Compiling idna v0.3.0
[INFO] [stderr]    Compiling zvariant v3.15.2
[INFO] [stderr]    Compiling polyval v0.6.2
[INFO] [stderr]    Compiling hyper v0.14.31
[INFO] [stderr]    Compiling cssparser v0.31.2
[INFO] [stderr]    Compiling num_enum_derive v0.7.3
[INFO] [stderr]    Compiling boa_ast v0.19.1
[INFO] [stderr]    Compiling nix v0.23.2
[INFO] [stderr]    Compiling blocking v1.6.1
[INFO] [stderr]    Compiling dlv-list v0.5.2
[INFO] [stderr]    Compiling aes v0.8.4
[INFO] [stderr]    Compiling futures-executor v0.3.31
[INFO] [stderr]    Compiling regress v0.10.1
[INFO] [stderr]    Compiling derivative v2.2.0
[INFO] [stderr]    Compiling derive_more v0.99.18
[INFO] [stderr]    Compiling sha1 v0.10.6
[INFO] [stderr]    Compiling phf v0.10.1
[INFO] [stderr]    Compiling socket2 v0.4.10
[INFO] [stderr]    Compiling mio v0.8.11
[INFO] [stderr]    Compiling libmimalloc-sys v0.1.39
[INFO] [stderr]    Compiling fxhash v0.2.1
[INFO] [stderr]    Compiling servo_arc v0.3.0
[INFO] [stderr]    Compiling base64 v0.21.7
[INFO] [stderr]    Compiling extended v0.1.0
[INFO] [stderr]    Compiling eyre v0.6.12
[INFO] [stderr]    Compiling unicode-xid v0.2.6
[INFO] [stderr]    Compiling minimal-lexical v0.2.1
[INFO] [stderr]    Compiling hex v0.4.3
[INFO] [stderr]    Compiling cpal v0.13.5
[INFO] [stderr]    Compiling derive_more-impl v1.0.0
[INFO] [stderr]    Compiling rustls-pemfile v1.0.4
[INFO] [stderr]    Compiling strum_macros v0.26.4
[INFO] [stderr]    Compiling nom v7.1.3
[INFO] [stderr]    Compiling symphonia-format-riff v0.5.4 (https://github.com/pdeljanov/Symphonia#64171c33)
[INFO] [stderr]    Compiling boa_parser v0.19.1
[INFO] [stderr]    Compiling signal-hook-mio v0.2.4
[INFO] [stderr]    Compiling alsa v0.6.0
[INFO] [stderr]    Compiling futures v0.3.31
[INFO] [stderr]    Compiling cookie_store v0.20.0
[INFO] [stderr]    Compiling intrusive-collections v0.9.7
[INFO] [stderr]    Compiling nix v0.26.4
[INFO] [stderr]    Compiling reqwest-middleware v0.3.3
[INFO] [stderr]    Compiling dbus v0.9.7
[INFO] [stderr]    Compiling ordered-multimap v0.7.3
[INFO] [stderr]    Compiling num_enum v0.7.3
[INFO] [stderr]    Compiling zbus_macros v3.15.2
[INFO] [stderr]    Compiling hyper-rustls v0.24.2
[INFO] [stderr]    Compiling zbus_names v2.6.1
[INFO] [stderr]    Compiling parking_lot v0.11.2
[INFO] [stderr]    Compiling ghash v0.5.1
[INFO] [stderr]    Compiling async-executor v1.13.1
[INFO] [stderr]    Compiling getopts v0.2.21
[INFO] [stderr]    Compiling castaway v0.2.3
[INFO] [stderr]    Compiling async-broadcast v0.5.1
[INFO] [stderr]    Compiling retry-policies v0.4.0
[INFO] [stderr]    Compiling ctr v0.9.2
[INFO] [stderr]    Compiling cbc v0.1.2
[INFO] [stderr]    Compiling serde_spanned v0.6.8
[INFO] [stderr]    Compiling symphonia-bundle-flac v0.5.4 (https://github.com/pdeljanov/Symphonia#64171c33)
[INFO] [stderr]    Compiling symphonia-codec-vorbis v0.5.4 (https://github.com/pdeljanov/Symphonia#64171c33)
[INFO] [stderr]    Compiling symphonia-format-mkv v0.5.4 (https://github.com/pdeljanov/Symphonia#64171c33)
[INFO] [stderr]    Compiling symphonia-format-ogg v0.5.4 (https://github.com/pdeljanov/Symphonia#64171c33)
[INFO] [stderr]    Compiling symphonia-format-isomp4 v0.5.4 (https://github.com/pdeljanov/Symphonia#64171c33)
[INFO] [stderr]    Compiling symphonia-codec-aac v0.5.4 (https://github.com/pdeljanov/Symphonia#64171c33)
[INFO] [stderr]    Compiling symphonia-codec-adpcm v0.5.4 (https://github.com/pdeljanov/Symphonia#64171c33)
[INFO] [stderr]    Compiling symphonia-codec-pcm v0.5.4 (https://github.com/pdeljanov/Symphonia#64171c33)
[INFO] [stderr]    Compiling dashmap v5.5.3
[INFO] [stderr]    Compiling hashlink v0.9.1
[INFO] [stderr]    Compiling serde_repr v0.1.19
[INFO] [stderr]    Compiling async-recursion v1.1.1
[INFO] [stderr]    Compiling hmac v0.12.1
[INFO] [stderr]    Compiling chrono v0.4.38
[INFO] [stderr]    Compiling aead v0.5.2
[INFO] [stderr]    Compiling nanorand v0.7.0
[INFO] [stderr]    Compiling xdg-home v1.3.0
[INFO] [stderr]    Compiling twox-hash v1.6.3
[INFO] [stderr]    Compiling ordered-stream v0.2.0
[INFO] [stderr]    Compiling fallible-iterator v0.3.0
[INFO] [stderr]    Compiling unicode-segmentation v1.12.0
[INFO] [stderr]    Compiling trim-in-place v0.1.7
[INFO] [stderr]    Compiling sync_wrapper v0.1.2
[INFO] [stderr]    Compiling option-ext v0.2.0
[INFO] [stderr]    Compiling ego-tree v0.6.3
[INFO] [stderr]    Compiling souvlaki v0.7.3
[INFO] [stderr]    Compiling tap v1.0.1
[INFO] [stderr]    Compiling webpki-roots v0.25.4
[INFO] [stderr]    Compiling pollster v0.3.0
[INFO] [stderr]    Compiling fallible-streaming-iterator v0.1.9
[INFO] [stderr]    Compiling rookie v0.5.6
[INFO] [stderr]    Compiling indenter v0.3.3
[INFO] [stderr]    Compiling ryu-js v1.0.1
[INFO] [stderr]    Compiling reqwest v0.11.27
[INFO] [stderr]    Compiling scraper v0.20.0
[INFO] [stderr]    Compiling boa_engine v0.19.1
[INFO] [stderr]    Compiling rusqlite v0.31.0
[INFO] [stderr]    Compiling unicode-truncate v1.1.0
[INFO] [stderr]    Compiling m3u8-rs v6.0.0
[INFO] [stderr]    Compiling dirs-sys v0.4.1
[INFO] [stderr]    Compiling rust-ini v0.21.1
[INFO] [stderr]    Compiling zbus v3.15.2
[INFO] [stderr]    Compiling lz4_flex v0.11.3
[INFO] [stderr]    Compiling flume v0.11.1
[INFO] [stderr]    Compiling aes-gcm v0.10.3
[INFO] [stderr]    Compiling pbkdf2 v0.12.2
[INFO] [stderr]    Compiling symphonia v0.5.4 (https://github.com/pdeljanov/Symphonia#64171c33)
[INFO] [stderr]    Compiling dbus-crossroads v0.5.2
[INFO] [stderr]    Compiling reqwest-retry v0.6.1
[INFO] [stderr]    Compiling compact_str v0.7.1
[INFO] [stderr]    Compiling strum v0.26.3
[INFO] [stderr]    Compiling derive_more v1.0.0
[INFO] [stderr]    Compiling crossterm v0.27.0
[INFO] [stderr]    Compiling itertools v0.12.1
[INFO] [stderr]    Compiling serde_qs v0.13.0
[INFO] [stderr]    Compiling stability v0.2.1
[INFO] [stderr]    Compiling lru v0.12.5
[INFO] [stderr]    Compiling indoc v2.0.5
[INFO] [stderr]    Compiling atomic_float v0.1.0
[INFO] [stderr]    Compiling cassowary v0.3.0
[INFO] [stderr]    Compiling player v0.1.0 (/opt/rustwide/workdir/player)
[INFO] [stderr]    Compiling toml v0.8.19
[INFO] [stderr]    Compiling ratatui v0.26.3
[INFO] [stderr]    Compiling mimalloc v0.1.43
[INFO] [stderr]    Compiling ytpapi2 v0.1.0 (/opt/rustwide/workdir/ytpapi2)
[INFO] [stderr]    Compiling directories v5.0.1
[INFO] [stderr]    Compiling bincode v1.3.3
[INFO] [stderr]    Compiling varuint v0.7.1
[INFO] [stderr]    Compiling rusty_ytdl v0.7.4 (https://github.com/Mithronn/rusty_ytdl/?branch=main#af7e85e0)
[INFO] [stderr]    Compiling ytermusic v0.1.0 (/opt/rustwide/workdir)
[INFO] [stderr]     Finished `dev` profile [unoptimized + debuginfo] target(s) in 5m 40s
[INFO] running `Command { std: "docker" "inspect" "36c4658588efbcc899b41948ad353cd13657912d62411f943b0cf80ce1fcdf08", kill_on_drop: false }`
[INFO] running `Command { std: "docker" "rm" "-f" "36c4658588efbcc899b41948ad353cd13657912d62411f943b0cf80ce1fcdf08", kill_on_drop: false }`
[INFO] [stdout] 36c4658588efbcc899b41948ad353cd13657912d62411f943b0cf80ce1fcdf08
[INFO] running `Command { std: "docker" "create" "-v" "/var/lib/crater-agent-workspace/builds/worker-0-tc2/target:/opt/rustwide/target:rw,Z" "-v" "/var/lib/crater-agent-workspace/builds/worker-0-tc2/source:/opt/rustwide/workdir:ro,Z" "-v" "/var/lib/crater-agent-workspace/cargo-home:/opt/rustwide/cargo-home:ro,Z" "-v" "/var/lib/crater-agent-workspace/rustup-home:/opt/rustwide/rustup-home:ro,Z" "-e" "SOURCE_DIR=/opt/rustwide/workdir" "-e" "CARGO_TARGET_DIR=/opt/rustwide/target" "-e" "CARGO_INCREMENTAL=0" "-e" "RUST_BACKTRACE=full" "-e" "RUSTFLAGS=--cap-lints=forbid -Zrandomize-layout" "-e" "RUSTDOCFLAGS=--cap-lints=forbid" "-e" "CARGO_HOME=/opt/rustwide/cargo-home" "-e" "RUSTUP_HOME=/opt/rustwide/rustup-home" "-w" "/opt/rustwide/workdir" "-m" "1610612736" "--user" "0:0" "--network" "none" "ghcr.io/rust-lang/crates-build-env/linux@sha256:819108c5571ea2e421544af4d832f968d213c87fbe3707a016657f43d2f853bc" "/opt/rustwide/cargo-home/bin/cargo" "+nightly-2025-01-18" "test" "--frozen" "--no-run" "--message-format=json", kill_on_drop: false }`
[INFO] [stdout] f703dd1f1d1affb8faf7dde842fd49abf2c5dc53f7d2c94a56189764a4ad8cc6
[INFO] running `Command { std: "docker" "start" "-a" "f703dd1f1d1affb8faf7dde842fd49abf2c5dc53f7d2c94a56189764a4ad8cc6", kill_on_drop: false }`
[INFO] [stderr]    Compiling ytermusic v0.1.0 (/opt/rustwide/workdir)
[INFO] [stderr]     Finished `test` profile [unoptimized + debuginfo] target(s) in 10.21s
[INFO] running `Command { std: "docker" "inspect" "f703dd1f1d1affb8faf7dde842fd49abf2c5dc53f7d2c94a56189764a4ad8cc6", kill_on_drop: false }`
[INFO] running `Command { std: "docker" "rm" "-f" "f703dd1f1d1affb8faf7dde842fd49abf2c5dc53f7d2c94a56189764a4ad8cc6", kill_on_drop: false }`
[INFO] [stdout] f703dd1f1d1affb8faf7dde842fd49abf2c5dc53f7d2c94a56189764a4ad8cc6
[INFO] running `Command { std: "docker" "create" "-v" "/var/lib/crater-agent-workspace/builds/worker-0-tc2/target:/opt/rustwide/target:rw,Z" "-v" "/var/lib/crater-agent-workspace/builds/worker-0-tc2/source:/opt/rustwide/workdir:ro,Z" "-v" "/var/lib/crater-agent-workspace/cargo-home:/opt/rustwide/cargo-home:ro,Z" "-v" "/var/lib/crater-agent-workspace/rustup-home:/opt/rustwide/rustup-home:ro,Z" "-e" "SOURCE_DIR=/opt/rustwide/workdir" "-e" "CARGO_TARGET_DIR=/opt/rustwide/target" "-e" "CARGO_INCREMENTAL=0" "-e" "RUST_BACKTRACE=full" "-e" "RUSTFLAGS=--cap-lints=forbid -Zrandomize-layout" "-e" "RUSTDOCFLAGS=--cap-lints=forbid" "-e" "CARGO_HOME=/opt/rustwide/cargo-home" "-e" "RUSTUP_HOME=/opt/rustwide/rustup-home" "-w" "/opt/rustwide/workdir" "-m" "1610612736" "--user" "0:0" "--network" "none" "ghcr.io/rust-lang/crates-build-env/linux@sha256:819108c5571ea2e421544af4d832f968d213c87fbe3707a016657f43d2f853bc" "/opt/rustwide/cargo-home/bin/cargo" "+nightly-2025-01-18" "test" "--frozen", kill_on_drop: false }`
[INFO] [stdout] 6d2cb36ebb4d45b41868314f8a8c73e768c62f7a64bee961f9e150e5aa872021
[INFO] running `Command { std: "docker" "start" "-a" "6d2cb36ebb4d45b41868314f8a8c73e768c62f7a64bee961f9e150e5aa872021", kill_on_drop: false }`
[INFO] [stderr]     Finished `test` profile [unoptimized + debuginfo] target(s) in 0.48s
[INFO] [stderr]      Running unittests src/main.rs (/opt/rustwide/target/debug/deps/ytermusic-6a9562d891ef6b64)
[INFO] [stdout] 
[INFO] [stdout] running 1 test
[INFO] [stdout] test tasks::download::video_download_test ... FAILED
[INFO] [stdout] 
[INFO] [stdout] failures:
[INFO] [stdout] 
[INFO] [stdout] ---- tasks::download::video_download_test stdout ----
[INFO] [stdout] 
[INFO] [stdout] thread 'tasks::download::video_download_test' panicked at src/tasks/download.rs:198:43:
[INFO] [stdout] called `Result::unwrap()` on an `Err` value: ReqwestMiddleware(Reqwest(reqwest::Error { kind: Request, url: "https://www.youtube.com/watch?v=iFbNzVFgjCk&hl=en", source: hyper_util::client::legacy::Error(Connect, ConnectError("dns error", Custom { kind: Uncategorized, error: "failed to lookup address information: Temporary failure in name resolution" })) }))
[INFO] [stdout] stack backtrace:
[INFO] [stdout]    0:     0x5ca277309a7a - std::backtrace_rs::backtrace::libunwind::trace::hb059275cfc8d6126
[INFO] [stdout]                                at /rustc/6067b36314ab5eb2eb47cecc464545ba58e1ad24/library/std/src/../../backtrace/src/backtrace/libunwind.rs:116:5
[INFO] [stdout]    1:     0x5ca277309a7a - std::backtrace_rs::backtrace::trace_unsynchronized::h2da071e4327ce3ee
[INFO] [stdout]                                at /rustc/6067b36314ab5eb2eb47cecc464545ba58e1ad24/library/std/src/../../backtrace/src/backtrace/mod.rs:66:5
[INFO] [stdout]    2:     0x5ca277309a7a - std::sys::backtrace::_print_fmt::h842a1474e6f8d23f
[INFO] [stdout]                                at /rustc/6067b36314ab5eb2eb47cecc464545ba58e1ad24/library/std/src/sys/backtrace.rs:66:9
[INFO] [stdout]    3:     0x5ca277309a7a - <std::sys::backtrace::BacktraceLock::print::DisplayBacktrace as core::fmt::Display>::fmt::h71a62eb3b9696b12
[INFO] [stdout]                                at /rustc/6067b36314ab5eb2eb47cecc464545ba58e1ad24/library/std/src/sys/backtrace.rs:39:26
[INFO] [stdout]    4:     0x5ca277338a33 - core::fmt::rt::Argument::fmt::hdb6b616786b41dc1
[INFO] [stdout]                                at /rustc/6067b36314ab5eb2eb47cecc464545ba58e1ad24/library/core/src/fmt/rt.rs:177:76
[INFO] [stdout]    5:     0x5ca277338a33 - core::fmt::write::h2cc1698af7e2d686
[INFO] [stdout]                                at /rustc/6067b36314ab5eb2eb47cecc464545ba58e1ad24/library/core/src/fmt/mod.rs:1440:21
[INFO] [stdout]    6:     0x5ca277305693 - std::io::Write::write_fmt::hab1b4cd059a79022
[INFO] [stdout]                                at /rustc/6067b36314ab5eb2eb47cecc464545ba58e1ad24/library/std/src/io/mod.rs:1887:15
[INFO] [stdout]    7:     0x5ca2773098c2 - std::sys::backtrace::BacktraceLock::print::h147fe35b4ea13b08
[INFO] [stdout]                                at /rustc/6067b36314ab5eb2eb47cecc464545ba58e1ad24/library/std/src/sys/backtrace.rs:42:9
[INFO] [stdout]    8:     0x5ca27730acef - std::panicking::default_hook::{{closure}}::hbd44223dbdc0d208
[INFO] [stdout]                                at /rustc/6067b36314ab5eb2eb47cecc464545ba58e1ad24/library/std/src/panicking.rs:298:22
[INFO] [stdout]    9:     0x5ca27730ab08 - std::panicking::default_hook::h20f81eb0576efcec
[INFO] [stdout]                                at /rustc/6067b36314ab5eb2eb47cecc464545ba58e1ad24/library/std/src/panicking.rs:322:9
[INFO] [stdout]   10:     0x5ca276067903 - <alloc::boxed::Box<F,A> as core::ops::function::Fn<Args>>::call::hdb53814c496a4d34
[INFO] [stdout]                                at /rustc/6067b36314ab5eb2eb47cecc464545ba58e1ad24/library/alloc/src/boxed.rs:2027:9
[INFO] [stdout]   11:     0x5ca276067903 - test::test_main::{{closure}}::hc0a4963c59427c24
[INFO] [stdout]                                at /rustc/6067b36314ab5eb2eb47cecc464545ba58e1ad24/library/test/src/lib.rs:134:21
[INFO] [stdout]   12:     0x5ca27730b7e3 - <alloc::boxed::Box<F,A> as core::ops::function::Fn<Args>>::call::h591b2225413a77e9
[INFO] [stdout]                                at /rustc/6067b36314ab5eb2eb47cecc464545ba58e1ad24/library/alloc/src/boxed.rs:2027:9
[INFO] [stdout]   13:     0x5ca27730b7e3 - std::panicking::rust_panic_with_hook::h625eea43051b2edc
[INFO] [stdout]                                at /rustc/6067b36314ab5eb2eb47cecc464545ba58e1ad24/library/std/src/panicking.rs:839:13
[INFO] [stdout]   14:     0x5ca27730b49a - std::panicking::begin_panic_handler::{{closure}}::h4f9159cfbc3f6bd3
[INFO] [stdout]                                at /rustc/6067b36314ab5eb2eb47cecc464545ba58e1ad24/library/std/src/panicking.rs:704:13
[INFO] [stdout]   15:     0x5ca277309f79 - std::sys::backtrace::__rust_end_short_backtrace::h0390abce48353151
[INFO] [stdout]                                at /rustc/6067b36314ab5eb2eb47cecc464545ba58e1ad24/library/std/src/sys/backtrace.rs:168:18
[INFO] [stdout]   16:     0x5ca27730b12d - rust_begin_unwind
[INFO] [stdout]                                at /rustc/6067b36314ab5eb2eb47cecc464545ba58e1ad24/library/std/src/panicking.rs:695:5
[INFO] [stdout]   17:     0x5ca277335a20 - core::panicking::panic_fmt::h9e7c637e9e5f29c9
[INFO] [stdout]                                at /rustc/6067b36314ab5eb2eb47cecc464545ba58e1ad24/library/core/src/panicking.rs:75:14
[INFO] [stdout]   18:     0x5ca277335ef6 - core::result::unwrap_failed::h7979f09313fe1849
[INFO] [stdout]                                at /rustc/6067b36314ab5eb2eb47cecc464545ba58e1ad24/library/core/src/result.rs:1704:5
[INFO] [stdout]   19:     0x5ca27601128b - core::result::Result<T,E>::unwrap::hc8ac27e4458323d1
[INFO] [stdout]                                at /rustc/6067b36314ab5eb2eb47cecc464545ba58e1ad24/library/core/src/result.rs:1109:23
[INFO] [stdout]   20:     0x5ca27601128b - ytermusic::tasks::download::video_download_test::{{closure}}::h51d9166fd1b76500
[INFO] [stdout]                                at /opt/rustwide/workdir/src/tasks/download.rs:198:22
[INFO] [stdout]   21:     0x5ca276009ec2 - <core::pin::Pin<P> as core::future::future::Future>::poll::h2c82bac7d988c5c6
[INFO] [stdout]                                at /rustc/6067b36314ab5eb2eb47cecc464545ba58e1ad24/library/core/src/future/future.rs:124:9
[INFO] [stdout]   22:     0x5ca276009f5d - <core::pin::Pin<P> as core::future::future::Future>::poll::hd5511a3a501865cd
[INFO] [stdout]                                at /rustc/6067b36314ab5eb2eb47cecc464545ba58e1ad24/library/core/src/future/future.rs:124:9
[INFO] [stdout]   23:     0x5ca27601010f - tokio::runtime::scheduler::current_thread::CoreGuard::block_on::{{closure}}::{{closure}}::{{closure}}::hf09456c894be65ad
[INFO] [stdout]                                at /opt/rustwide/cargo-home/registry/src/index.crates.io-1949cf8c6b5b557f/tokio-1.41.1/src/runtime/scheduler/current_thread/mod.rs:729:57
[INFO] [stdout]   24:     0x5ca276010015 - tokio::runtime::coop::with_budget::h60da701100b3f6aa
[INFO] [stdout]                                at /opt/rustwide/cargo-home/registry/src/index.crates.io-1949cf8c6b5b557f/tokio-1.41.1/src/runtime/coop.rs:107:5
[INFO] [stdout]   25:     0x5ca276010015 - tokio::runtime::coop::budget::h4128e6ac5b8aaf23
[INFO] [stdout]                                at /opt/rustwide/cargo-home/registry/src/index.crates.io-1949cf8c6b5b557f/tokio-1.41.1/src/runtime/coop.rs:73:5
[INFO] [stdout]   26:     0x5ca276010015 - tokio::runtime::scheduler::current_thread::CoreGuard::block_on::{{closure}}::{{closure}}::h8d7e9599901ca795
[INFO] [stdout]                                at /opt/rustwide/cargo-home/registry/src/index.crates.io-1949cf8c6b5b557f/tokio-1.41.1/src/runtime/scheduler/current_thread/mod.rs:729:25
[INFO] [stdout]   27:     0x5ca27600d380 - tokio::runtime::scheduler::current_thread::Context::enter::h3c37bcc745bff47f
[INFO] [stdout]                                at /opt/rustwide/cargo-home/registry/src/index.crates.io-1949cf8c6b5b557f/tokio-1.41.1/src/runtime/scheduler/current_thread/mod.rs:428:19
[INFO] [stdout]   28:     0x5ca27600f6db - tokio::runtime::scheduler::current_thread::CoreGuard::block_on::{{closure}}::hc16a810a86261aa1
[INFO] [stdout]                                at /opt/rustwide/cargo-home/registry/src/index.crates.io-1949cf8c6b5b557f/tokio-1.41.1/src/runtime/scheduler/current_thread/mod.rs:728:36
[INFO] [stdout]   29:     0x5ca27600eb34 - tokio::runtime::scheduler::current_thread::CoreGuard::enter::{{closure}}::hbbe3b8045dd698d9
[INFO] [stdout]                                at /opt/rustwide/cargo-home/registry/src/index.crates.io-1949cf8c6b5b557f/tokio-1.41.1/src/runtime/scheduler/current_thread/mod.rs:807:68
[INFO] [stdout]   30:     0x5ca27601a80b - tokio::runtime::context::scoped::Scoped<T>::set::hc927dab6cef473b6
[INFO] [stdout]                                at /opt/rustwide/cargo-home/registry/src/index.crates.io-1949cf8c6b5b557f/tokio-1.41.1/src/runtime/context/scoped.rs:40:9
[INFO] [stdout]   31:     0x5ca27600c3a5 - tokio::runtime::context::set_scheduler::{{closure}}::h10de5211d53032f1
[INFO] [stdout]                                at /opt/rustwide/cargo-home/registry/src/index.crates.io-1949cf8c6b5b557f/tokio-1.41.1/src/runtime/context.rs:180:26
[INFO] [stdout]   32:     0x5ca27601ccc2 - std::thread::local::LocalKey<T>::try_with::heec45c06da0d0902
[INFO] [stdout]                                at /rustc/6067b36314ab5eb2eb47cecc464545ba58e1ad24/library/std/src/thread/local.rs:308:12
[INFO] [stdout]   33:     0x5ca27601bd7a - std::thread::local::LocalKey<T>::with::hc794d1f976f6a197
[INFO] [stdout]                                at /rustc/6067b36314ab5eb2eb47cecc464545ba58e1ad24/library/std/src/thread/local.rs:272:9
[INFO] [stdout]   34:     0x5ca27600c35d - tokio::runtime::context::set_scheduler::hc78dba78baec28a5
[INFO] [stdout]                                at /opt/rustwide/cargo-home/registry/src/index.crates.io-1949cf8c6b5b557f/tokio-1.41.1/src/runtime/context.rs:180:9
[INFO] [stdout]   35:     0x5ca27600e4c8 - tokio::runtime::scheduler::current_thread::CoreGuard::enter::hc21c8bae11d81aa1
[INFO] [stdout]                                at /opt/rustwide/cargo-home/registry/src/index.crates.io-1949cf8c6b5b557f/tokio-1.41.1/src/runtime/scheduler/current_thread/mod.rs:807:27
[INFO] [stdout]   36:     0x5ca27600ebd3 - tokio::runtime::scheduler::current_thread::CoreGuard::block_on::heef6fd8572c33981
[INFO] [stdout]                                at /opt/rustwide/cargo-home/registry/src/index.crates.io-1949cf8c6b5b557f/tokio-1.41.1/src/runtime/scheduler/current_thread/mod.rs:716:19
[INFO] [stdout]   37:     0x5ca27600c97a - tokio::runtime::scheduler::current_thread::CurrentThread::block_on::{{closure}}::ha642b70e4c4ff79b
[INFO] [stdout]                                at /opt/rustwide/cargo-home/registry/src/index.crates.io-1949cf8c6b5b557f/tokio-1.41.1/src/runtime/scheduler/current_thread/mod.rs:196:28
[INFO] [stdout]   38:     0x5ca276020b86 - tokio::runtime::context::runtime::enter_runtime::h556c21d2a3aa8307
[INFO] [stdout]                                at /opt/rustwide/cargo-home/registry/src/index.crates.io-1949cf8c6b5b557f/tokio-1.41.1/src/runtime/context/runtime.rs:65:16
[INFO] [stdout]   39:     0x5ca27600c731 - tokio::runtime::scheduler::current_thread::CurrentThread::block_on::h8d6e21662b8da2f3
[INFO] [stdout]                                at /opt/rustwide/cargo-home/registry/src/index.crates.io-1949cf8c6b5b557f/tokio-1.41.1/src/runtime/scheduler/current_thread/mod.rs:184:9
[INFO] [stdout]   40:     0x5ca27601aa70 - tokio::runtime::runtime::Runtime::block_on_inner::hdb554abcc7ca1639
[INFO] [stdout]                                at /opt/rustwide/cargo-home/registry/src/index.crates.io-1949cf8c6b5b557f/tokio-1.41.1/src/runtime/runtime.rs:368:47
[INFO] [stdout]   41:     0x5ca27601ac67 - tokio::runtime::runtime::Runtime::block_on::hff25f4af30a20252
[INFO] [stdout]                                at /opt/rustwide/cargo-home/registry/src/index.crates.io-1949cf8c6b5b557f/tokio-1.41.1/src/runtime/runtime.rs:342:13
[INFO] [stdout]   42:     0x5ca276010832 - ytermusic::tasks::download::video_download_test::h7709d850d9a1f14b
[INFO] [stdout]                                at /opt/rustwide/workdir/src/tasks/download.rs:196:5
[INFO] [stdout]   43:     0x5ca2760106c7 - ytermusic::tasks::download::video_download_test::{{closure}}::haff2d571a5e25f77
[INFO] [stdout]                                at /opt/rustwide/workdir/src/tasks/download.rs:194:31
[INFO] [stdout]   44:     0x5ca276013376 - core::ops::function::FnOnce::call_once::h346626a956021f46
[INFO] [stdout]                                at /rustc/6067b36314ab5eb2eb47cecc464545ba58e1ad24/library/core/src/ops/function.rs:250:5
[INFO] [stdout]   45:     0x5ca27606d05b - core::ops::function::FnOnce::call_once::he27718dfdd183f43
[INFO] [stdout]                                at /rustc/6067b36314ab5eb2eb47cecc464545ba58e1ad24/library/core/src/ops/function.rs:250:5
[INFO] [stdout]   46:     0x5ca27606d05b - test::__rust_begin_short_backtrace::h4e84902998457a5d
[INFO] [stdout]                                at /rustc/6067b36314ab5eb2eb47cecc464545ba58e1ad24/library/test/src/lib.rs:632:18
[INFO] [stdout]   47:     0x5ca27606bf93 - test::run_test_in_process::{{closure}}::h7176fd18fc1feca0
[INFO] [stdout]                                at /rustc/6067b36314ab5eb2eb47cecc464545ba58e1ad24/library/test/src/lib.rs:655:60
[INFO] [stdout]   48:     0x5ca27606bf93 - <core::panic::unwind_safe::AssertUnwindSafe<F> as core::ops::function::FnOnce<()>>::call_once::hf79cff2a624d8cf7
[INFO] [stdout]                                at /rustc/6067b36314ab5eb2eb47cecc464545ba58e1ad24/library/core/src/panic/unwind_safe.rs:272:9
[INFO] [stdout]   49:     0x5ca27606bf93 - std::panicking::try::do_call::h3da0561d9ab99c25
[INFO] [stdout]                                at /rustc/6067b36314ab5eb2eb47cecc464545ba58e1ad24/library/std/src/panicking.rs:587:40
[INFO] [stdout]   50:     0x5ca27606bf93 - std::panicking::try::h41c9fa508bc61df6
[INFO] [stdout]                                at /rustc/6067b36314ab5eb2eb47cecc464545ba58e1ad24/library/std/src/panicking.rs:550:19
[INFO] [stdout]   51:     0x5ca27606bf93 - std::panic::catch_unwind::h6b3ff07bb5afad93
[INFO] [stdout]                                at /rustc/6067b36314ab5eb2eb47cecc464545ba58e1ad24/library/std/src/panic.rs:358:14
[INFO] [stdout]   52:     0x5ca27606bf93 - test::run_test_in_process::hc7253dd11b39b9f4
[INFO] [stdout]                                at /rustc/6067b36314ab5eb2eb47cecc464545ba58e1ad24/library/test/src/lib.rs:655:27
[INFO] [stdout]   53:     0x5ca27606bf93 - test::run_test::{{closure}}::hfb2007f8649c30bb
[INFO] [stdout]                                at /rustc/6067b36314ab5eb2eb47cecc464545ba58e1ad24/library/test/src/lib.rs:576:43
[INFO] [stdout]   54:     0x5ca27602f075 - test::run_test::{{closure}}::h56a17aa7a282a9f4
[INFO] [stdout]                                at /rustc/6067b36314ab5eb2eb47cecc464545ba58e1ad24/library/test/src/lib.rs:606:41
[INFO] [stdout]   55:     0x5ca27602f075 - std::sys::backtrace::__rust_begin_short_backtrace::hd2d2d2fb8e8c6aac
[INFO] [stdout]                                at /rustc/6067b36314ab5eb2eb47cecc464545ba58e1ad24/library/std/src/sys/backtrace.rs:152:18
[INFO] [stdout]   56:     0x5ca27603295a - std::thread::Builder::spawn_unchecked_::{{closure}}::{{closure}}::h4faa3f9db6133423
[INFO] [stdout]                                at /rustc/6067b36314ab5eb2eb47cecc464545ba58e1ad24/library/std/src/thread/mod.rs:559:17
[INFO] [stdout]   57:     0x5ca27603295a - <core::panic::unwind_safe::AssertUnwindSafe<F> as core::ops::function::FnOnce<()>>::call_once::hf2e855a36a4ea846
[INFO] [stdout]                                at /rustc/6067b36314ab5eb2eb47cecc464545ba58e1ad24/library/core/src/panic/unwind_safe.rs:272:9
[INFO] [stdout]   58:     0x5ca27603295a - std::panicking::try::do_call::h2f73af3616c35465
[INFO] [stdout]                                at /rustc/6067b36314ab5eb2eb47cecc464545ba58e1ad24/library/std/src/panicking.rs:587:40
[INFO] [stdout]   59:     0x5ca27603295a - std::panicking::try::hd1660ce9efadef5a
[INFO] [stdout]                                at /rustc/6067b36314ab5eb2eb47cecc464545ba58e1ad24/library/std/src/panicking.rs:550:19
[INFO] [stdout]   60:     0x5ca27603295a - std::panic::catch_unwind::h5ee8d7823b8ca744
[INFO] [stdout]                                at /rustc/6067b36314ab5eb2eb47cecc464545ba58e1ad24/library/std/src/panic.rs:358:14
[INFO] [stdout]   61:     0x5ca27603295a - std::thread::Builder::spawn_unchecked_::{{closure}}::h53c3a1894dce8407
[INFO] [stdout]                                at /rustc/6067b36314ab5eb2eb47cecc464545ba58e1ad24/library/std/src/thread/mod.rs:557:30
[INFO] [stdout]   62:     0x5ca27603295a - core::ops::function::FnOnce::call_once{{vtable.shim}}::h048ce291ad4f62bf
[INFO] [stdout]                                at /rustc/6067b36314ab5eb2eb47cecc464545ba58e1ad24/library/core/src/ops/function.rs:250:5
[INFO] [stdout]   63:     0x5ca27730fa3b - <alloc::boxed::Box<F,A> as core::ops::function::FnOnce<Args>>::call_once::ha52bedf99a3b4981
[INFO] [stdout]                                at /rustc/6067b36314ab5eb2eb47cecc464545ba58e1ad24/library/alloc/src/boxed.rs:2013:9
[INFO] [stdout]   64:     0x5ca27730fa3b - <alloc::boxed::Box<F,A> as core::ops::function::FnOnce<Args>>::call_once::h567748934d80ccf8
[INFO] [stdout]                                at /rustc/6067b36314ab5eb2eb47cecc464545ba58e1ad24/library/alloc/src/boxed.rs:2013:9
[INFO] [stdout]   65:     0x5ca27730fa3b - std::sys::pal::unix::thread::Thread::new::thread_start::h2d970728ae887adc
[INFO] [stdout]                                at /rustc/6067b36314ab5eb2eb47cecc464545ba58e1ad24/library/std/src/sys/pal/unix/thread.rs:106:17
[INFO] [stdout]   66:     0x7f7a654e3ac3 - <unknown>
[INFO] [stdout]   67:     0x7f7a65574a04 - clone
[INFO] [stdout]   68:                0x0 - <unknown>
[INFO] [stdout] 
[INFO] [stdout] 
[INFO] [stdout] failures:
[INFO] [stdout]     tasks::download::video_download_test
[INFO] [stdout] 
[INFO] [stdout] test result: FAILED. 0 passed; 1 failed; 0 ignored; 0 measured; 0 filtered out; finished in 4.92s
[INFO] [stdout] 
[INFO] [stderr] error: test failed, to rerun pass `--bin ytermusic`
[INFO] running `Command { std: "docker" "inspect" "6d2cb36ebb4d45b41868314f8a8c73e768c62f7a64bee961f9e150e5aa872021", kill_on_drop: false }`
[INFO] running `Command { std: "docker" "rm" "-f" "6d2cb36ebb4d45b41868314f8a8c73e768c62f7a64bee961f9e150e5aa872021", kill_on_drop: false }`
[INFO] [stdout] 6d2cb36ebb4d45b41868314f8a8c73e768c62f7a64bee961f9e150e5aa872021
