[INFO] cloning repository https://github.com/cbeuw/rustlantis
[INFO] running `Command { std: "git" "-c" "credential.helper=" "-c" "credential.helper=/workspace/cargo-home/bin/git-credential-null" "clone" "--bare" "https://github.com/cbeuw/rustlantis" "/workspace/cache/git-repos/https%3A%2F%2Fgithub.com%2Fcbeuw%2Frustlantis", kill_on_drop: false }`
[INFO] [stderr] Cloning into bare repository '/workspace/cache/git-repos/https%3A%2F%2Fgithub.com%2Fcbeuw%2Frustlantis'...
[INFO] running `Command { std: "git" "rev-parse" "HEAD", kill_on_drop: false }`
[INFO] [stdout] 0bf91281430bb137c1f69de1d59e60061e064dbd
[INFO] testing cbeuw/rustlantis against nightly-2025-01-18 for randomize-layout-2
[INFO] running `Command { std: "git" "clone" "/workspace/cache/git-repos/https%3A%2F%2Fgithub.com%2Fcbeuw%2Frustlantis" "/workspace/builds/worker-0-tc1/source", kill_on_drop: false }`
[INFO] [stderr] Cloning into '/workspace/builds/worker-0-tc1/source'...
[INFO] [stderr] done.
[INFO] validating manifest of git repo https://github.com/cbeuw/rustlantis on toolchain nightly-2025-01-18
[INFO] running `Command { std: CARGO_HOME="/workspace/cargo-home" RUSTUP_HOME="/workspace/rustup-home" "/workspace/cargo-home/bin/cargo" "+nightly-2025-01-18" "metadata" "--manifest-path" "Cargo.toml" "--no-deps", kill_on_drop: false }`
[INFO] started tweaking git repo https://github.com/cbeuw/rustlantis
[INFO] finished tweaking git repo https://github.com/cbeuw/rustlantis
[INFO] tweaked toml for git repo https://github.com/cbeuw/rustlantis written to /workspace/builds/worker-0-tc1/source/Cargo.toml
[INFO] crate git repo https://github.com/cbeuw/rustlantis already has a lockfile, it will not be regenerated
[INFO] running `Command { std: CARGO_HOME="/workspace/cargo-home" RUSTUP_HOME="/workspace/rustup-home" "/workspace/cargo-home/bin/cargo" "+nightly-2025-01-18" "fetch" "--manifest-path" "Cargo.toml", kill_on_drop: false }`
[INFO] [stderr]     Updating crates.io index
[INFO] [stderr]  Downloading crates ...
[INFO] [stderr]   Downloaded index_vec v0.1.4
[INFO] running `Command { std: "docker" "create" "-v" "/var/lib/crater-agent-workspace/builds/worker-0-tc1/target:/opt/rustwide/target:rw,Z" "-v" "/var/lib/crater-agent-workspace/builds/worker-0-tc1/source:/opt/rustwide/workdir:ro,Z" "-v" "/var/lib/crater-agent-workspace/cargo-home:/opt/rustwide/cargo-home:ro,Z" "-v" "/var/lib/crater-agent-workspace/rustup-home:/opt/rustwide/rustup-home:ro,Z" "-e" "SOURCE_DIR=/opt/rustwide/workdir" "-e" "CARGO_TARGET_DIR=/opt/rustwide/target" "-e" "CARGO_HOME=/opt/rustwide/cargo-home" "-e" "RUSTUP_HOME=/opt/rustwide/rustup-home" "-w" "/opt/rustwide/workdir" "-m" "1610612736" "--user" "0:0" "--network" "none" "ghcr.io/rust-lang/crates-build-env/linux@sha256:819108c5571ea2e421544af4d832f968d213c87fbe3707a016657f43d2f853bc" "/opt/rustwide/cargo-home/bin/cargo" "+nightly-2025-01-18" "metadata" "--no-deps" "--format-version=1", kill_on_drop: false }`
[INFO] [stdout] 1a4384d451f0e6d5467674e43933477598f87e105094372bf9dc3926f02130e0
[INFO] running `Command { std: "docker" "start" "-a" "1a4384d451f0e6d5467674e43933477598f87e105094372bf9dc3926f02130e0", kill_on_drop: false }`
[INFO] running `Command { std: "docker" "inspect" "1a4384d451f0e6d5467674e43933477598f87e105094372bf9dc3926f02130e0", kill_on_drop: false }`
[INFO] running `Command { std: "docker" "rm" "-f" "1a4384d451f0e6d5467674e43933477598f87e105094372bf9dc3926f02130e0", kill_on_drop: false }`
[INFO] [stdout] 1a4384d451f0e6d5467674e43933477598f87e105094372bf9dc3926f02130e0
[INFO] running `Command { std: "docker" "create" "-v" "/var/lib/crater-agent-workspace/builds/worker-0-tc1/target:/opt/rustwide/target:rw,Z" "-v" "/var/lib/crater-agent-workspace/builds/worker-0-tc1/source:/opt/rustwide/workdir:ro,Z" "-v" "/var/lib/crater-agent-workspace/cargo-home:/opt/rustwide/cargo-home:ro,Z" "-v" "/var/lib/crater-agent-workspace/rustup-home:/opt/rustwide/rustup-home:ro,Z" "-e" "SOURCE_DIR=/opt/rustwide/workdir" "-e" "CARGO_TARGET_DIR=/opt/rustwide/target" "-e" "CARGO_INCREMENTAL=0" "-e" "RUST_BACKTRACE=full" "-e" "RUSTFLAGS=--cap-lints=forbid" "-e" "RUSTDOCFLAGS=--cap-lints=forbid" "-e" "CARGO_HOME=/opt/rustwide/cargo-home" "-e" "RUSTUP_HOME=/opt/rustwide/rustup-home" "-w" "/opt/rustwide/workdir" "-m" "1610612736" "--user" "0:0" "--network" "none" "ghcr.io/rust-lang/crates-build-env/linux@sha256:819108c5571ea2e421544af4d832f968d213c87fbe3707a016657f43d2f853bc" "/opt/rustwide/cargo-home/bin/cargo" "+nightly-2025-01-18" "build" "--frozen" "--message-format=json", kill_on_drop: false }`
[INFO] [stdout] 3f00f836c015b376d2e29507d4fe8372309b852e0cf5158fdd590fcb041acf5a
[INFO] running `Command { std: "docker" "start" "-a" "3f00f836c015b376d2e29507d4fe8372309b852e0cf5158fdd590fcb041acf5a", kill_on_drop: false }`
[INFO] [stderr]    Compiling proc-macro2 v1.0.93
[INFO] [stderr]    Compiling libc v0.2.169
[INFO] [stderr]    Compiling memchr v2.7.4
[INFO] [stderr]    Compiling unicode-ident v1.0.14
[INFO] [stderr]    Compiling serde v1.0.217
[INFO] [stderr]    Compiling crossbeam-utils v0.8.21
[INFO] [stderr]    Compiling hashbrown v0.15.2
[INFO] [stderr]    Compiling anstyle-parse v0.2.6
[INFO] [stderr]    Compiling regex-syntax v0.8.5
[INFO] [stderr]    Compiling colorchoice v1.0.3
[INFO] [stderr]    Compiling is_terminal_polyfill v1.70.1
[INFO] [stderr]    Compiling anstyle v1.0.10
[INFO] [stderr]    Compiling anstyle-query v1.1.2
[INFO] [stderr]    Compiling anstream v0.6.18
[INFO] [stderr]    Compiling quote v1.0.38
[INFO] [stderr]    Compiling indexmap v2.7.0
[INFO] [stderr]    Compiling syn v2.0.96
[INFO] [stderr]    Compiling aho-corasick v1.1.3
[INFO] [stderr]    Compiling byteorder v1.5.0
[INFO] [stderr]    Compiling crossbeam-epoch v0.9.18
[INFO] [stderr]    Compiling getrandom v0.2.15
[INFO] [stderr]    Compiling winnow v0.6.24
[INFO] [stderr]    Compiling libm v0.2.11
[INFO] [stderr]    Compiling strsim v0.11.1
[INFO] [stderr]    Compiling rayon-core v1.12.1
[INFO] [stderr]    Compiling autocfg v1.4.0
[INFO] [stderr]    Compiling log v0.4.25
[INFO] [stderr]    Compiling rustix v0.38.43
[INFO] [stderr]    Compiling clap_lex v0.7.4
[INFO] [stderr]    Compiling num-traits v0.2.19
[INFO] [stderr]    Compiling clap_builder v4.5.26
[INFO] [stderr]    Compiling rand_core v0.6.4
[INFO] [stderr]    Compiling crossbeam-deque v0.8.6
[INFO] [stderr]    Compiling regex-automata v0.4.9
[INFO] [stderr]    Compiling linux-raw-sys v0.4.15
[INFO] [stderr]    Compiling minimal-lexical v0.2.1
[INFO] [stderr]    Compiling bitflags v2.8.0
[INFO] [stderr]    Compiling nom v7.1.3
[INFO] [stderr]    Compiling toml_datetime v0.6.8
[INFO] [stderr]    Compiling zerocopy-derive v0.7.35
[INFO] [stderr]    Compiling serde_spanned v0.6.8
[INFO] [stderr]    Compiling toml_edit v0.22.22
[INFO] [stderr]    Compiling clap v4.5.26
[INFO] [stderr]    Compiling lazy_static v1.5.0
[INFO] [stderr]    Compiling fastrand v2.3.0
[INFO] [stderr]    Compiling zerocopy v0.7.35
[INFO] [stderr]    Compiling pathdiff v0.2.3
[INFO] [stderr]    Compiling either v1.13.0
[INFO] [stderr]    Compiling once_cell v1.20.2
[INFO] [stderr]    Compiling rayon v1.10.0
[INFO] [stderr]    Compiling regex v1.11.1
[INFO] [stderr]    Compiling ppv-lite86 v0.2.20
[INFO] [stderr]    Compiling tempfile v3.15.0
[INFO] [stderr]    Compiling env_filter v0.1.3
[INFO] [stderr]    Compiling colored v2.2.0
[INFO] [stderr]    Compiling env_logger v0.11.6
[INFO] [stderr]    Compiling rand_chacha v0.3.1
[INFO] [stderr]    Compiling fixedbitset v0.4.2
[INFO] [stderr]    Compiling rand v0.8.5
[INFO] [stderr]    Compiling smallvec v1.13.2
[INFO] [stderr]    Compiling abi v0.1.0 (/opt/rustwide/workdir/abi)
[INFO] [stderr]    Compiling index_vec v0.1.4
[INFO] [stderr]    Compiling rangemap v0.1.0 (/opt/rustwide/workdir/rangemap)
[INFO] [stderr]    Compiling petgraph v0.6.5
[INFO] [stderr]    Compiling toml v0.8.19
[INFO] [stderr]    Compiling rand_distr v0.4.3
[INFO] [stderr]    Compiling mir v0.1.0 (/opt/rustwide/workdir/mir)
[INFO] [stderr]    Compiling bimap v0.6.3
[INFO] [stderr]    Compiling config v0.14.1
[INFO] [stderr]    Compiling difftest v0.1.0 (/opt/rustwide/workdir/difftest)
[INFO] [stderr]    Compiling generate v0.1.0 (/opt/rustwide/workdir/generate)
[INFO] [stdout] warning: methods `generate_storage_live`, `generate_storage_dead`, `generate_deinit`, and `generate_set_discriminant` are never used
[INFO] [stdout]    --> generate/src/generation/mod.rs:498:8
[INFO] [stdout]     |
[INFO] [stdout] 463 | impl GenerationCtx {
[INFO] [stdout]     | ------------------ methods in this implementation
[INFO] [stdout] ...
[INFO] [stdout] 498 |     fn generate_storage_live(&self) -> Result<Statement> {
[INFO] [stdout]     |        ^^^^^^^^^^^^^^^^^^^^^
[INFO] [stdout] ...
[INFO] [stdout] 508 |     fn generate_storage_dead(&self) -> Result<Statement> {
[INFO] [stdout]     |        ^^^^^^^^^^^^^^^^^^^^^
[INFO] [stdout] ...
[INFO] [stdout] 518 |     fn generate_deinit(&self) -> Result<Statement> {
[INFO] [stdout]     |        ^^^^^^^^^^^^^^^
[INFO] [stdout] ...
[INFO] [stdout] 526 |     fn generate_set_discriminant(&self) -> Result<Statement> {
[INFO] [stdout]     |        ^^^^^^^^^^^^^^^^^^^^^^^^^
[INFO] [stdout]     |
[INFO] [stdout]     = note: `#[warn(dead_code)]` on by default
[INFO] [stdout] 
[INFO] [stdout] 
[INFO] [stdout] warning: method `size` is never used
[INFO] [stdout]   --> generate/src/mem/mod.rs:76:12
[INFO] [stdout]    |
[INFO] [stdout] 65 | impl Run {
[INFO] [stdout]    | -------- method in this implementation
[INFO] [stdout] ...
[INFO] [stdout] 76 |     pub fn size(&self) -> Size {
[INFO] [stdout]    |            ^^^^
[INFO] [stdout] 
[INFO] [stdout] 
[INFO] [stdout] warning: methods `runs_and_sizes` and `run` are never used
[INFO] [stdout]    --> generate/src/mem/mod.rs:239:8
[INFO] [stdout]     |
[INFO] [stdout] 238 | impl Allocation {
[INFO] [stdout]     | --------------- methods in this implementation
[INFO] [stdout] 239 |     fn runs_and_sizes(&self) -> impl Iterator<Item = (RunId, Size)> + '_ {
[INFO] [stdout]     |        ^^^^^^^^^^^^^^
[INFO] [stdout] ...
[INFO] [stdout] 245 |     fn run(&self, run_and_offset: RunAndOffset) -> &Run {
[INFO] [stdout]     |        ^^^
[INFO] [stdout] 
[INFO] [stdout] 
[INFO] [stdout] warning: method `len` is never used
[INFO] [stdout]    --> generate/src/mem/mod.rs:325:12
[INFO] [stdout]     |
[INFO] [stdout] 308 | impl RunPointer {
[INFO] [stdout]     | --------------- method in this implementation
[INFO] [stdout] ...
[INFO] [stdout] 325 |     pub fn len(&self) -> Size {
[INFO] [stdout]     |            ^^^
[INFO] [stdout] 
[INFO] [stdout] 
[INFO] [stdout] warning: variant `SetDiscriminant` is never constructed
[INFO] [stdout]   --> generate/src/place_select.rs:20:5
[INFO] [stdout]    |
[INFO] [stdout] 16 | enum PlaceUsage {
[INFO] [stdout]    |      ---------- variant in this enum
[INFO] [stdout] ...
[INFO] [stdout] 20 |     SetDiscriminant,
[INFO] [stdout]    |     ^^^^^^^^^^^^^^^
[INFO] [stdout]    |
[INFO] [stdout]    = note: `PlaceUsage` has derived impls for the traits `Debug` and `Clone`, but these are intentionally ignored during dead code analysis
[INFO] [stdout] 
[INFO] [stdout] 
[INFO] [stdout] warning: associated function `for_set_discriminant` is never used
[INFO] [stdout]   --> generate/src/place_select.rs:73:12
[INFO] [stdout]    |
[INFO] [stdout] 51 | impl PlaceSelector {
[INFO] [stdout]    | ------------------ associated function in this implementation
[INFO] [stdout] ...
[INFO] [stdout] 73 |     pub fn for_set_discriminant(tcx: Rc<TyCtxt>) -> Self {
[INFO] [stdout]    |            ^^^^^^^^^^^^^^^^^^^^
[INFO] [stdout] 
[INFO] [stdout] 
[INFO] [stdout] warning: methods `arguments_ok` and `place_count` are never used
[INFO] [stdout]     --> generate/src/pgraph.rs:211:12
[INFO] [stdout]      |
[INFO] [stdout] 175  | impl PlaceGraph {
[INFO] [stdout]      | --------------- methods in this implementation
[INFO] [stdout] ...
[INFO] [stdout] 211  |     pub fn arguments_ok(&self, args: &[Operand], return_dest: &Place) -> bool {
[INFO] [stdout]      |            ^^^^^^^^^^^^
[INFO] [stdout] ...
[INFO] [stdout] 1145 |     pub fn place_count(&self) -> usize {
[INFO] [stdout]      |            ^^^^^^^^^^^
[INFO] [stdout] 
[INFO] [stdout] 
[INFO] [stderr]     Finished `dev` profile [unoptimized + debuginfo] target(s) in 54.05s
[INFO] running `Command { std: "docker" "inspect" "3f00f836c015b376d2e29507d4fe8372309b852e0cf5158fdd590fcb041acf5a", kill_on_drop: false }`
[INFO] running `Command { std: "docker" "rm" "-f" "3f00f836c015b376d2e29507d4fe8372309b852e0cf5158fdd590fcb041acf5a", kill_on_drop: false }`
[INFO] [stdout] 3f00f836c015b376d2e29507d4fe8372309b852e0cf5158fdd590fcb041acf5a
[INFO] running `Command { std: "docker" "create" "-v" "/var/lib/crater-agent-workspace/builds/worker-0-tc1/target:/opt/rustwide/target:rw,Z" "-v" "/var/lib/crater-agent-workspace/builds/worker-0-tc1/source:/opt/rustwide/workdir:ro,Z" "-v" "/var/lib/crater-agent-workspace/cargo-home:/opt/rustwide/cargo-home:ro,Z" "-v" "/var/lib/crater-agent-workspace/rustup-home:/opt/rustwide/rustup-home:ro,Z" "-e" "SOURCE_DIR=/opt/rustwide/workdir" "-e" "CARGO_TARGET_DIR=/opt/rustwide/target" "-e" "CARGO_INCREMENTAL=0" "-e" "RUST_BACKTRACE=full" "-e" "RUSTFLAGS=--cap-lints=forbid" "-e" "RUSTDOCFLAGS=--cap-lints=forbid" "-e" "CARGO_HOME=/opt/rustwide/cargo-home" "-e" "RUSTUP_HOME=/opt/rustwide/rustup-home" "-w" "/opt/rustwide/workdir" "-m" "1610612736" "--user" "0:0" "--network" "none" "ghcr.io/rust-lang/crates-build-env/linux@sha256:819108c5571ea2e421544af4d832f968d213c87fbe3707a016657f43d2f853bc" "/opt/rustwide/cargo-home/bin/cargo" "+nightly-2025-01-18" "test" "--frozen" "--no-run" "--message-format=json", kill_on_drop: false }`
[INFO] [stdout] d5462df3b1f402e3ff54fbad190992883953134cafad19c3153237837650652f
[INFO] running `Command { std: "docker" "start" "-a" "d5462df3b1f402e3ff54fbad190992883953134cafad19c3153237837650652f", kill_on_drop: false }`
[INFO] [stderr]    Compiling difftest v0.1.0 (/opt/rustwide/workdir/difftest)
[INFO] [stderr]    Compiling mir v0.1.0 (/opt/rustwide/workdir/mir)
[INFO] [stderr]    Compiling rangemap v0.1.0 (/opt/rustwide/workdir/rangemap)
[INFO] [stderr]    Compiling generate v0.1.0 (/opt/rustwide/workdir/generate)
[INFO] [stderr]    Compiling abi v0.1.0 (/opt/rustwide/workdir/abi)
[INFO] [stdout] warning: methods `generate_storage_live`, `generate_storage_dead`, `generate_deinit`, and `generate_set_discriminant` are never used
[INFO] [stdout]    --> generate/src/generation/mod.rs:498:8
[INFO] [stdout]     |
[INFO] [stdout] 463 | impl GenerationCtx {
[INFO] [stdout]     | ------------------ methods in this implementation
[INFO] [stdout] ...
[INFO] [stdout] 498 |     fn generate_storage_live(&self) -> Result<Statement> {
[INFO] [stdout]     |        ^^^^^^^^^^^^^^^^^^^^^
[INFO] [stdout] ...
[INFO] [stdout] 508 |     fn generate_storage_dead(&self) -> Result<Statement> {
[INFO] [stdout]     |        ^^^^^^^^^^^^^^^^^^^^^
[INFO] [stdout] ...
[INFO] [stdout] 518 |     fn generate_deinit(&self) -> Result<Statement> {
[INFO] [stdout]     |        ^^^^^^^^^^^^^^^
[INFO] [stdout] ...
[INFO] [stdout] 526 |     fn generate_set_discriminant(&self) -> Result<Statement> {
[INFO] [stdout]     |        ^^^^^^^^^^^^^^^^^^^^^^^^^
[INFO] [stdout]     |
[INFO] [stdout]     = note: `#[warn(dead_code)]` on by default
[INFO] [stdout] 
[INFO] [stdout] 
[INFO] [stdout] warning: method `size` is never used
[INFO] [stdout]   --> generate/src/mem/mod.rs:76:12
[INFO] [stdout]    |
[INFO] [stdout] 65 | impl Run {
[INFO] [stdout]    | -------- method in this implementation
[INFO] [stdout] ...
[INFO] [stdout] 76 |     pub fn size(&self) -> Size {
[INFO] [stdout]    |            ^^^^
[INFO] [stdout] 
[INFO] [stdout] 
[INFO] [stdout] warning: methods `runs_and_sizes` and `run` are never used
[INFO] [stdout]    --> generate/src/mem/mod.rs:239:8
[INFO] [stdout]     |
[INFO] [stdout] 238 | impl Allocation {
[INFO] [stdout]     | --------------- methods in this implementation
[INFO] [stdout] 239 |     fn runs_and_sizes(&self) -> impl Iterator<Item = (RunId, Size)> + '_ {
[INFO] [stdout]     |        ^^^^^^^^^^^^^^
[INFO] [stdout] ...
[INFO] [stdout] 245 |     fn run(&self, run_and_offset: RunAndOffset) -> &Run {
[INFO] [stdout]     |        ^^^
[INFO] [stdout] 
[INFO] [stdout] 
[INFO] [stdout] warning: method `len` is never used
[INFO] [stdout]    --> generate/src/mem/mod.rs:325:12
[INFO] [stdout]     |
[INFO] [stdout] 308 | impl RunPointer {
[INFO] [stdout]     | --------------- method in this implementation
[INFO] [stdout] ...
[INFO] [stdout] 325 |     pub fn len(&self) -> Size {
[INFO] [stdout]     |            ^^^
[INFO] [stdout] 
[INFO] [stdout] 
[INFO] [stdout] warning: variant `SetDiscriminant` is never constructed
[INFO] [stdout]   --> generate/src/place_select.rs:20:5
[INFO] [stdout]    |
[INFO] [stdout] 16 | enum PlaceUsage {
[INFO] [stdout]    |      ---------- variant in this enum
[INFO] [stdout] ...
[INFO] [stdout] 20 |     SetDiscriminant,
[INFO] [stdout]    |     ^^^^^^^^^^^^^^^
[INFO] [stdout]    |
[INFO] [stdout]    = note: `PlaceUsage` has derived impls for the traits `Debug` and `Clone`, but these are intentionally ignored during dead code analysis
[INFO] [stdout] 
[INFO] [stdout] 
[INFO] [stdout] warning: associated function `for_set_discriminant` is never used
[INFO] [stdout]   --> generate/src/place_select.rs:73:12
[INFO] [stdout]    |
[INFO] [stdout] 51 | impl PlaceSelector {
[INFO] [stdout]    | ------------------ associated function in this implementation
[INFO] [stdout] ...
[INFO] [stdout] 73 |     pub fn for_set_discriminant(tcx: Rc<TyCtxt>) -> Self {
[INFO] [stdout]    |            ^^^^^^^^^^^^^^^^^^^^
[INFO] [stdout] 
[INFO] [stdout] 
[INFO] [stdout] warning: methods `arguments_ok` and `place_count` are never used
[INFO] [stdout]     --> generate/src/pgraph.rs:211:12
[INFO] [stdout]      |
[INFO] [stdout] 175  | impl PlaceGraph {
[INFO] [stdout]      | --------------- methods in this implementation
[INFO] [stdout] ...
[INFO] [stdout] 211  |     pub fn arguments_ok(&self, args: &[Operand], return_dest: &Place) -> bool {
[INFO] [stdout]      |            ^^^^^^^^^^^^
[INFO] [stdout] ...
[INFO] [stdout] 1145 |     pub fn place_count(&self) -> usize {
[INFO] [stdout]      |            ^^^^^^^^^^^
[INFO] [stdout] 
[INFO] [stdout] 
[INFO] [stderr]     Finished `test` profile [unoptimized + debuginfo] target(s) in 4.94s
[INFO] running `Command { std: "docker" "inspect" "d5462df3b1f402e3ff54fbad190992883953134cafad19c3153237837650652f", kill_on_drop: false }`
[INFO] running `Command { std: "docker" "rm" "-f" "d5462df3b1f402e3ff54fbad190992883953134cafad19c3153237837650652f", kill_on_drop: false }`
[INFO] [stdout] d5462df3b1f402e3ff54fbad190992883953134cafad19c3153237837650652f
[INFO] running `Command { std: "docker" "create" "-v" "/var/lib/crater-agent-workspace/builds/worker-0-tc1/target:/opt/rustwide/target:rw,Z" "-v" "/var/lib/crater-agent-workspace/builds/worker-0-tc1/source:/opt/rustwide/workdir:ro,Z" "-v" "/var/lib/crater-agent-workspace/cargo-home:/opt/rustwide/cargo-home:ro,Z" "-v" "/var/lib/crater-agent-workspace/rustup-home:/opt/rustwide/rustup-home:ro,Z" "-e" "SOURCE_DIR=/opt/rustwide/workdir" "-e" "CARGO_TARGET_DIR=/opt/rustwide/target" "-e" "CARGO_INCREMENTAL=0" "-e" "RUST_BACKTRACE=full" "-e" "RUSTFLAGS=--cap-lints=forbid" "-e" "RUSTDOCFLAGS=--cap-lints=forbid" "-e" "CARGO_HOME=/opt/rustwide/cargo-home" "-e" "RUSTUP_HOME=/opt/rustwide/rustup-home" "-w" "/opt/rustwide/workdir" "-m" "1610612736" "--user" "0:0" "--network" "none" "ghcr.io/rust-lang/crates-build-env/linux@sha256:819108c5571ea2e421544af4d832f968d213c87fbe3707a016657f43d2f853bc" "/opt/rustwide/cargo-home/bin/cargo" "+nightly-2025-01-18" "test" "--frozen", kill_on_drop: false }`
[INFO] [stdout] 03067dd260e7cd811ee12aea8000d67b46b09c5f71bd4eb1c848d9a2cb1185c4
[INFO] running `Command { std: "docker" "start" "-a" "03067dd260e7cd811ee12aea8000d67b46b09c5f71bd4eb1c848d9a2cb1185c4", kill_on_drop: false }`
[INFO] [stderr] warning: methods `generate_storage_live`, `generate_storage_dead`, `generate_deinit`, and `generate_set_discriminant` are never used
[INFO] [stderr]    --> generate/src/generation/mod.rs:498:8
[INFO] [stderr]     |
[INFO] [stderr] 463 | impl GenerationCtx {
[INFO] [stderr]     | ------------------ methods in this implementation
[INFO] [stderr] ...
[INFO] [stderr] 498 |     fn generate_storage_live(&self) -> Result<Statement> {
[INFO] [stderr]     |        ^^^^^^^^^^^^^^^^^^^^^
[INFO] [stderr] ...
[INFO] [stderr] 508 |     fn generate_storage_dead(&self) -> Result<Statement> {
[INFO] [stderr]     |        ^^^^^^^^^^^^^^^^^^^^^
[INFO] [stderr] ...
[INFO] [stderr] 518 |     fn generate_deinit(&self) -> Result<Statement> {
[INFO] [stderr]     |        ^^^^^^^^^^^^^^^
[INFO] [stderr] ...
[INFO] [stderr] 526 |     fn generate_set_discriminant(&self) -> Result<Statement> {
[INFO] [stderr]     |        ^^^^^^^^^^^^^^^^^^^^^^^^^
[INFO] [stderr]     |
[INFO] [stderr]     = note: `#[warn(dead_code)]` on by default
[INFO] [stderr] 
[INFO] [stderr] warning: method `size` is never used
[INFO] [stderr]   --> generate/src/mem/mod.rs:76:12
[INFO] [stderr]    |
[INFO] [stderr] 65 | impl Run {
[INFO] [stderr]    | -------- method in this implementation
[INFO] [stderr] ...
[INFO] [stderr] 76 |     pub fn size(&self) -> Size {
[INFO] [stderr]    |            ^^^^
[INFO] [stderr] 
[INFO] [stderr] warning: methods `runs_and_sizes` and `run` are never used
[INFO] [stderr]    --> generate/src/mem/mod.rs:239:8
[INFO] [stderr]     |
[INFO] [stderr] 238 | impl Allocation {
[INFO] [stderr]     | --------------- methods in this implementation
[INFO] [stderr] 239 |     fn runs_and_sizes(&self) -> impl Iterator<Item = (RunId, Size)> + '_ {
[INFO] [stderr]     |        ^^^^^^^^^^^^^^
[INFO] [stderr] ...
[INFO] [stderr] 245 |     fn run(&self, run_and_offset: RunAndOffset) -> &Run {
[INFO] [stderr]     |        ^^^
[INFO] [stderr] 
[INFO] [stderr] warning: method `len` is never used
[INFO] [stderr]    --> generate/src/mem/mod.rs:325:12
[INFO] [stderr]     |
[INFO] [stderr] 308 | impl RunPointer {
[INFO] [stderr]     | --------------- method in this implementation
[INFO] [stderr] ...
[INFO] [stderr] 325 |     pub fn len(&self) -> Size {
[INFO] [stderr]     |            ^^^
[INFO] [stderr] 
[INFO] [stderr] warning: variant `SetDiscriminant` is never constructed
[INFO] [stderr]   --> generate/src/place_select.rs:20:5
[INFO] [stderr]    |
[INFO] [stderr] 16 | enum PlaceUsage {
[INFO] [stderr]    |      ---------- variant in this enum
[INFO] [stderr] ...
[INFO] [stderr] 20 |     SetDiscriminant,
[INFO] [stderr]    |     ^^^^^^^^^^^^^^^
[INFO] [stderr]    |
[INFO] [stderr]    = note: `PlaceUsage` has derived impls for the traits `Debug` and `Clone`, but these are intentionally ignored during dead code analysis
[INFO] [stderr] 
[INFO] [stderr] warning: associated function `for_set_discriminant` is never used
[INFO] [stderr]   --> generate/src/place_select.rs:73:12
[INFO] [stderr]    |
[INFO] [stderr] 51 | impl PlaceSelector {
[INFO] [stderr]    | ------------------ associated function in this implementation
[INFO] [stderr] ...
[INFO] [stderr] 73 |     pub fn for_set_discriminant(tcx: Rc<TyCtxt>) -> Self {
[INFO] [stderr]    |            ^^^^^^^^^^^^^^^^^^^^
[INFO] [stderr] 
[INFO] [stderr] warning: methods `arguments_ok` and `place_count` are never used
[INFO] [stderr]     --> generate/src/pgraph.rs:211:12
[INFO] [stderr]      |
[INFO] [stderr] 175  | impl PlaceGraph {
[INFO] [stderr]      | --------------- methods in this implementation
[INFO] [stderr] ...
[INFO] [stderr] 211  |     pub fn arguments_ok(&self, args: &[Operand], return_dest: &Place) -> bool {
[INFO] [stderr]      |            ^^^^^^^^^^^^
[INFO] [stderr] ...
[INFO] [stderr] 1145 |     pub fn place_count(&self) -> usize {
[INFO] [stderr]      |            ^^^^^^^^^^^
[INFO] [stderr] 
[INFO] [stderr] warning: `generate` (bin "generate" test) generated 7 warnings
[INFO] [stderr]     Finished `test` profile [unoptimized + debuginfo] target(s) in 0.19s
[INFO] [stderr]      Running unittests src/lib.rs (/opt/rustwide/target/debug/deps/abi-a24b12b3d173659d)
[INFO] [stderr]      Running unittests src/lib.rs (/opt/rustwide/target/debug/deps/difftest-dffb91f0b07b02f8)
[INFO] [stdout] 
[INFO] [stderr]      Running unittests src/main.rs (/opt/rustwide/target/debug/deps/difftest-09a73d3ee3e8d2c8)
[INFO] [stdout] running 0 tests
[INFO] [stdout] 
[INFO] [stdout] test result: ok. 0 passed; 0 failed; 0 ignored; 0 measured; 0 filtered out; finished in 0.00s
[INFO] [stdout] 
[INFO] [stdout] 
[INFO] [stdout] running 0 tests
[INFO] [stdout] 
[INFO] [stdout] test result: ok. 0 passed; 0 failed; 0 ignored; 0 measured; 0 filtered out; finished in 0.00s
[INFO] [stdout] 
[INFO] [stdout] 
[INFO] [stdout] running 0 tests
[INFO] [stdout] 
[INFO] [stdout] test result: ok. 0 passed; 0 failed; 0 ignored; 0 measured; 0 filtered out; finished in 0.00s
[INFO] [stdout] 
[INFO] [stderr]      Running tests/test.rs (/opt/rustwide/target/debug/deps/test-e53cdae94a431d93)
[INFO] [stdout] 
[INFO] [stdout] running 1 test
[INFO] [stdout] test correct_mir ... ok
[INFO] [stdout] 
[INFO] [stdout] test result: ok. 1 passed; 0 failed; 0 ignored; 0 measured; 0 filtered out; finished in 0.43s
[INFO] [stdout] 
[INFO] [stderr]      Running unittests src/main.rs (/opt/rustwide/target/debug/deps/generate-76be0c93a9cdb421)
[INFO] [stdout] 
[INFO] [stdout] running 14 tests
[INFO] [stdout] test pgraph::tests::pointers ... ok
[INFO] [stdout] test pgraph::tests::recursive_init ... ok
[INFO] [stdout] test pgraph::tests::composite_arrays ... ok
[INFO] [stdout] test pgraph::tests::prim_arrays ... ok
[INFO] [stdout] test pgraph::tests::complexity ... ok
[INFO] [stdout] test pgraph::tests::tuple_projection ... ok
[INFO] [stdout] test pgraph::tests::reborrow ... ok
[INFO] [stdout] test pgraph::tests::shared_reference ... ok
[INFO] [stdout] test pgraph::tests::overlap_check ... ok
[INFO] [stdout] test place_select::tests::bench_materialise_into_vec ... ok
[INFO] [stdout] test pgraph::tests::recursive_uninit ... ok
[INFO] [stdout] test ty::tests::tys_unique ... ok
[INFO] [stdout] test place_select::tests::bench_select ... ok
[INFO] [stdout] test pgraph::tests::nested_tuple ... FAILED
[INFO] [stdout] 
[INFO] [stdout] failures:
[INFO] [stdout] 
[INFO] [stdout] ---- pgraph::tests::nested_tuple stdout ----
[INFO] [stdout] 
[INFO] [stdout] thread 'pgraph::tests::nested_tuple' panicked at generate/src/pgraph.rs:1561:9:
[INFO] [stdout] assertion `left == right` failed
[INFO] [stdout]   left: [18, 4, 17, 6, 5, 7]
[INFO] [stdout]  right: [18, 4, 17, 5, 6, 7]
[INFO] [stdout] stack backtrace:
[INFO] [stdout]    0:     0x629f38f7e73a - std::backtrace_rs::backtrace::libunwind::trace::hb059275cfc8d6126
[INFO] [stdout]                                at /rustc/6067b36314ab5eb2eb47cecc464545ba58e1ad24/library/std/src/../../backtrace/src/backtrace/libunwind.rs:116:5
[INFO] [stdout]    1:     0x629f38f7e73a - std::backtrace_rs::backtrace::trace_unsynchronized::h2da071e4327ce3ee
[INFO] [stdout]                                at /rustc/6067b36314ab5eb2eb47cecc464545ba58e1ad24/library/std/src/../../backtrace/src/backtrace/mod.rs:66:5
[INFO] [stdout]    2:     0x629f38f7e73a - std::sys::backtrace::_print_fmt::h842a1474e6f8d23f
[INFO] [stdout]                                at /rustc/6067b36314ab5eb2eb47cecc464545ba58e1ad24/library/std/src/sys/backtrace.rs:66:9
[INFO] [stdout]    3:     0x629f38f7e73a - <std::sys::backtrace::BacktraceLock::print::DisplayBacktrace as core::fmt::Display>::fmt::h71a62eb3b9696b12
[INFO] [stdout]                                at /rustc/6067b36314ab5eb2eb47cecc464545ba58e1ad24/library/std/src/sys/backtrace.rs:39:26
[INFO] [stdout]    4:     0x629f38fa69d3 - core::fmt::rt::Argument::fmt::hdb6b616786b41dc1
[INFO] [stdout]                                at /rustc/6067b36314ab5eb2eb47cecc464545ba58e1ad24/library/core/src/fmt/rt.rs:177:76
[INFO] [stdout]    5:     0x629f38fa69d3 - core::fmt::write::h2cc1698af7e2d686
[INFO] [stdout]                                at /rustc/6067b36314ab5eb2eb47cecc464545ba58e1ad24/library/core/src/fmt/mod.rs:1440:21
[INFO] [stdout]    6:     0x629f38f7b293 - std::io::Write::write_fmt::hab1b4cd059a79022
[INFO] [stdout]                                at /rustc/6067b36314ab5eb2eb47cecc464545ba58e1ad24/library/std/src/io/mod.rs:1887:15
[INFO] [stdout]    7:     0x629f38f7e582 - std::sys::backtrace::BacktraceLock::print::h147fe35b4ea13b08
[INFO] [stdout]                                at /rustc/6067b36314ab5eb2eb47cecc464545ba58e1ad24/library/std/src/sys/backtrace.rs:42:9
[INFO] [stdout]    8:     0x629f38f7fb5f - std::panicking::default_hook::{{closure}}::hbd44223dbdc0d208
[INFO] [stdout]                                at /rustc/6067b36314ab5eb2eb47cecc464545ba58e1ad24/library/std/src/panicking.rs:298:22
[INFO] [stdout]    9:     0x629f38f7f978 - std::panicking::default_hook::h20f81eb0576efcec
[INFO] [stdout]                                at /rustc/6067b36314ab5eb2eb47cecc464545ba58e1ad24/library/std/src/panicking.rs:322:9
[INFO] [stdout]   10:     0x629f38f48793 - <alloc::boxed::Box<F,A> as core::ops::function::Fn<Args>>::call::hdb53814c496a4d34
[INFO] [stdout]                                at /rustc/6067b36314ab5eb2eb47cecc464545ba58e1ad24/library/alloc/src/boxed.rs:2027:9
[INFO] [stdout]   11:     0x629f38f48793 - test::test_main::{{closure}}::hc0a4963c59427c24
[INFO] [stdout]                                at /rustc/6067b36314ab5eb2eb47cecc464545ba58e1ad24/library/test/src/lib.rs:134:21
[INFO] [stdout]   12:     0x629f38f80653 - <alloc::boxed::Box<F,A> as core::ops::function::Fn<Args>>::call::h591b2225413a77e9
[INFO] [stdout]                                at /rustc/6067b36314ab5eb2eb47cecc464545ba58e1ad24/library/alloc/src/boxed.rs:2027:9
[INFO] [stdout]   13:     0x629f38f80653 - std::panicking::rust_panic_with_hook::h625eea43051b2edc
[INFO] [stdout]                                at /rustc/6067b36314ab5eb2eb47cecc464545ba58e1ad24/library/std/src/panicking.rs:839:13
[INFO] [stdout]   14:     0x629f38f8030a - std::panicking::begin_panic_handler::{{closure}}::h4f9159cfbc3f6bd3
[INFO] [stdout]                                at /rustc/6067b36314ab5eb2eb47cecc464545ba58e1ad24/library/std/src/panicking.rs:704:13
[INFO] [stdout]   15:     0x629f38f7ec39 - std::sys::backtrace::__rust_end_short_backtrace::h0390abce48353151
[INFO] [stdout]                                at /rustc/6067b36314ab5eb2eb47cecc464545ba58e1ad24/library/std/src/sys/backtrace.rs:168:18
[INFO] [stdout]   16:     0x629f38f7ff9d - rust_begin_unwind
[INFO] [stdout]                                at /rustc/6067b36314ab5eb2eb47cecc464545ba58e1ad24/library/std/src/panicking.rs:695:5
[INFO] [stdout]   17:     0x629f38fa4950 - core::panicking::panic_fmt::h9e7c637e9e5f29c9
[INFO] [stdout]                                at /rustc/6067b36314ab5eb2eb47cecc464545ba58e1ad24/library/core/src/panicking.rs:75:14
[INFO] [stdout]   18:     0x629f38fa4d42 - core::panicking::assert_failed_inner::h538bec7c1374cd9c
[INFO] [stdout]   19:     0x629f38e966bb - core::panicking::assert_failed::hf97f042ec437dfc6
[INFO] [stdout]                                at /rustc/6067b36314ab5eb2eb47cecc464545ba58e1ad24/library/core/src/panicking.rs:364:5
[INFO] [stdout]   20:     0x629f38eb3309 - generate::pgraph::tests::nested_tuple::hd0699cf883ab0b5b
[INFO] [stdout]                                at /opt/rustwide/workdir/generate/src/pgraph.rs:1561:9
[INFO] [stdout]   21:     0x629f38eb2e17 - generate::pgraph::tests::nested_tuple::{{closure}}::h9519a63dbef0140f
[INFO] [stdout]                                at /opt/rustwide/workdir/generate/src/pgraph.rs:1550:22
[INFO] [stdout]   22:     0x629f38ea25d6 - core::ops::function::FnOnce::call_once::h3b12e97657cfa0ef
[INFO] [stdout]                                at /rustc/6067b36314ab5eb2eb47cecc464545ba58e1ad24/library/core/src/ops/function.rs:250:5
[INFO] [stdout]   23:     0x629f38f4deeb - core::ops::function::FnOnce::call_once::he27718dfdd183f43
[INFO] [stdout]                                at /rustc/6067b36314ab5eb2eb47cecc464545ba58e1ad24/library/core/src/ops/function.rs:250:5
[INFO] [stdout]   24:     0x629f38f4deeb - test::__rust_begin_short_backtrace::h4e84902998457a5d
[INFO] [stdout]                                at /rustc/6067b36314ab5eb2eb47cecc464545ba58e1ad24/library/test/src/lib.rs:632:18
[INFO] [stdout]   25:     0x629f38f4ce23 - test::run_test_in_process::{{closure}}::h7176fd18fc1feca0
[INFO] [stdout]                                at /rustc/6067b36314ab5eb2eb47cecc464545ba58e1ad24/library/test/src/lib.rs:655:60
[INFO] [stdout]   26:     0x629f38f4ce23 - <core::panic::unwind_safe::AssertUnwindSafe<F> as core::ops::function::FnOnce<()>>::call_once::hf79cff2a624d8cf7
[INFO] [stdout]                                at /rustc/6067b36314ab5eb2eb47cecc464545ba58e1ad24/library/core/src/panic/unwind_safe.rs:272:9
[INFO] [stdout]   27:     0x629f38f4ce23 - std::panicking::try::do_call::h3da0561d9ab99c25
[INFO] [stdout]                                at /rustc/6067b36314ab5eb2eb47cecc464545ba58e1ad24/library/std/src/panicking.rs:587:40
[INFO] [stdout]   28:     0x629f38f4ce23 - std::panicking::try::h41c9fa508bc61df6
[INFO] [stdout]                                at /rustc/6067b36314ab5eb2eb47cecc464545ba58e1ad24/library/std/src/panicking.rs:550:19
[INFO] [stdout]   29:     0x629f38f4ce23 - std::panic::catch_unwind::h6b3ff07bb5afad93
[INFO] [stdout]                                at /rustc/6067b36314ab5eb2eb47cecc464545ba58e1ad24/library/std/src/panic.rs:358:14
[INFO] [stdout]   30:     0x629f38f4ce23 - test::run_test_in_process::hc7253dd11b39b9f4
[INFO] [stdout]                                at /rustc/6067b36314ab5eb2eb47cecc464545ba58e1ad24/library/test/src/lib.rs:655:27
[INFO] [stdout]   31:     0x629f38f4ce23 - test::run_test::{{closure}}::hfb2007f8649c30bb
[INFO] [stdout]                                at /rustc/6067b36314ab5eb2eb47cecc464545ba58e1ad24/library/test/src/lib.rs:576:43
[INFO] [stdout]   32:     0x629f38f0fcf5 - test::run_test::{{closure}}::h56a17aa7a282a9f4
[INFO] [stdout]                                at /rustc/6067b36314ab5eb2eb47cecc464545ba58e1ad24/library/test/src/lib.rs:606:41
[INFO] [stdout]   33:     0x629f38f0fcf5 - std::sys::backtrace::__rust_begin_short_backtrace::hd2d2d2fb8e8c6aac
[INFO] [stdout]                                at /rustc/6067b36314ab5eb2eb47cecc464545ba58e1ad24/library/std/src/sys/backtrace.rs:152:18
[INFO] [stdout]   34:     0x629f38f135da - std::thread::Builder::spawn_unchecked_::{{closure}}::{{closure}}::h4faa3f9db6133423
[INFO] [stdout]                                at /rustc/6067b36314ab5eb2eb47cecc464545ba58e1ad24/library/std/src/thread/mod.rs:559:17
[INFO] [stdout]   35:     0x629f38f135da - <core::panic::unwind_safe::AssertUnwindSafe<F> as core::ops::function::FnOnce<()>>::call_once::hf2e855a36a4ea846
[INFO] [stdout]                                at /rustc/6067b36314ab5eb2eb47cecc464545ba58e1ad24/library/core/src/panic/unwind_safe.rs:272:9
[INFO] [stdout]   36:     0x629f38f135da - std::panicking::try::do_call::h2f73af3616c35465
[INFO] [stdout]                                at /rustc/6067b36314ab5eb2eb47cecc464545ba58e1ad24/library/std/src/panicking.rs:587:40
[INFO] [stdout]   37:     0x629f38f135da - std::panicking::try::hd1660ce9efadef5a
[INFO] [stdout]                                at /rustc/6067b36314ab5eb2eb47cecc464545ba58e1ad24/library/std/src/panicking.rs:550:19
[INFO] [stdout]   38:     0x629f38f135da - std::panic::catch_unwind::h5ee8d7823b8ca744
[INFO] [stdout]                                at /rustc/6067b36314ab5eb2eb47cecc464545ba58e1ad24/library/std/src/panic.rs:358:14
[INFO] [stdout]   39:     0x629f38f135da - std::thread::Builder::spawn_unchecked_::{{closure}}::h53c3a1894dce8407
[INFO] [stdout]                                at /rustc/6067b36314ab5eb2eb47cecc464545ba58e1ad24/library/std/src/thread/mod.rs:557:30
[INFO] [stdout]   40:     0x629f38f135da - core::ops::function::FnOnce::call_once{{vtable.shim}}::h048ce291ad4f62bf
[INFO] [stdout]                                at /rustc/6067b36314ab5eb2eb47cecc464545ba58e1ad24/library/core/src/ops/function.rs:250:5
[INFO] [stdout]   41:     0x629f38f8458b - <alloc::boxed::Box<F,A> as core::ops::function::FnOnce<Args>>::call_once::ha52bedf99a3b4981
[INFO] [stdout]                                at /rustc/6067b36314ab5eb2eb47cecc464545ba58e1ad24/library/alloc/src/boxed.rs:2013:9
[INFO] [stdout]   42:     0x629f38f8458b - <alloc::boxed::Box<F,A> as core::ops::function::FnOnce<Args>>::call_once::h567748934d80ccf8
[INFO] [stdout]                                at /rustc/6067b36314ab5eb2eb47cecc464545ba58e1ad24/library/alloc/src/boxed.rs:2013:9
[INFO] [stdout]   43:     0x629f38f8458b - std::sys::pal::unix::thread::Thread::new::thread_start::h2d970728ae887adc
[INFO] [stdout]                                at /rustc/6067b36314ab5eb2eb47cecc464545ba58e1ad24/library/std/src/sys/pal/unix/thread.rs:106:17
[INFO] [stdout]   44:     0x75382279cac3 - <unknown>
[INFO] [stdout]   45:     0x75382282da04 - clone
[INFO] [stdout]   46:                0x0 - <unknown>
[INFO] [stdout] 
[INFO] [stdout] 
[INFO] [stdout] failures:
[INFO] [stdout]     pgraph::tests::nested_tuple
[INFO] [stdout] 
[INFO] [stdout] test result: FAILED. 13 passed; 1 failed; 0 ignored; 0 measured; 0 filtered out; finished in 0.11s
[INFO] [stdout] 
[INFO] [stderr] error: test failed, to rerun pass `-p generate --bin generate`
[INFO] running `Command { std: "docker" "inspect" "03067dd260e7cd811ee12aea8000d67b46b09c5f71bd4eb1c848d9a2cb1185c4", kill_on_drop: false }`
[INFO] running `Command { std: "docker" "rm" "-f" "03067dd260e7cd811ee12aea8000d67b46b09c5f71bd4eb1c848d9a2cb1185c4", kill_on_drop: false }`
[INFO] [stdout] 03067dd260e7cd811ee12aea8000d67b46b09c5f71bd4eb1c848d9a2cb1185c4
