[INFO] cloning repository https://github.com/cbarber/hvacrux
[INFO] running `Command { std: "git" "-c" "credential.helper=" "-c" "credential.helper=/workspace/cargo-home/bin/git-credential-null" "clone" "--bare" "https://github.com/cbarber/hvacrux" "/workspace/cache/git-repos/https%3A%2F%2Fgithub.com%2Fcbarber%2Fhvacrux", kill_on_drop: false }`
[INFO] [stderr] Cloning into bare repository '/workspace/cache/git-repos/https%3A%2F%2Fgithub.com%2Fcbarber%2Fhvacrux'...
[INFO] running `Command { std: "git" "rev-parse" "HEAD", kill_on_drop: false }`
[INFO] [stdout] e5fd4053faf4f7fddbb015659e1b7cb3c171f5a1
[INFO] testing cbarber/hvacrux against nightly-2025-01-18+rustflags=-Zrandomize-layout for randomize-layout-2
[INFO] running `Command { std: "git" "clone" "/workspace/cache/git-repos/https%3A%2F%2Fgithub.com%2Fcbarber%2Fhvacrux" "/workspace/builds/worker-0-tc2/source", kill_on_drop: false }`
[INFO] [stderr] Cloning into '/workspace/builds/worker-0-tc2/source'...
[INFO] [stderr] done.
[INFO] validating manifest of git repo https://github.com/cbarber/hvacrux on toolchain nightly-2025-01-18
[INFO] running `Command { std: CARGO_HOME="/workspace/cargo-home" RUSTUP_HOME="/workspace/rustup-home" "/workspace/cargo-home/bin/cargo" "+nightly-2025-01-18" "metadata" "--manifest-path" "Cargo.toml" "--no-deps", kill_on_drop: false }`
[INFO] removed /workspace/builds/worker-0-tc2/source/.cargo/config.toml
[INFO] removed /workspace/builds/worker-0-tc2/source/rust-toolchain.toml
[INFO] started tweaking git repo https://github.com/cbarber/hvacrux
[INFO] finished tweaking git repo https://github.com/cbarber/hvacrux
[INFO] tweaked toml for git repo https://github.com/cbarber/hvacrux written to /workspace/builds/worker-0-tc2/source/Cargo.toml
[INFO] crate git repo https://github.com/cbarber/hvacrux already has a lockfile, it will not be regenerated
[INFO] running `Command { std: CARGO_HOME="/workspace/cargo-home" RUSTUP_HOME="/workspace/rustup-home" "/workspace/cargo-home/bin/cargo" "+nightly-2025-01-18" "fetch" "--manifest-path" "Cargo.toml", kill_on_drop: false }`
[INFO] [stderr] warning: profiles for the non root package will be ignored, specify profiles at the workspace root:
[INFO] [stderr] package:   /workspace/builds/worker-0-tc2/source/hvacrux-leptos/Cargo.toml
[INFO] [stderr] workspace: /workspace/builds/worker-0-tc2/source/Cargo.toml
[INFO] running `Command { std: "docker" "create" "-v" "/var/lib/crater-agent-workspace/builds/worker-0-tc2/target:/opt/rustwide/target:rw,Z" "-v" "/var/lib/crater-agent-workspace/builds/worker-0-tc2/source:/opt/rustwide/workdir:ro,Z" "-v" "/var/lib/crater-agent-workspace/cargo-home:/opt/rustwide/cargo-home:ro,Z" "-v" "/var/lib/crater-agent-workspace/rustup-home:/opt/rustwide/rustup-home:ro,Z" "-e" "SOURCE_DIR=/opt/rustwide/workdir" "-e" "CARGO_TARGET_DIR=/opt/rustwide/target" "-e" "CARGO_HOME=/opt/rustwide/cargo-home" "-e" "RUSTUP_HOME=/opt/rustwide/rustup-home" "-w" "/opt/rustwide/workdir" "-m" "1610612736" "--user" "0:0" "--network" "none" "ghcr.io/rust-lang/crates-build-env/linux@sha256:819108c5571ea2e421544af4d832f968d213c87fbe3707a016657f43d2f853bc" "/opt/rustwide/cargo-home/bin/cargo" "+nightly-2025-01-18" "metadata" "--no-deps" "--format-version=1", kill_on_drop: false }`
[INFO] [stdout] 597962e4e74a9dad175d58e15effa465b4d1d5e14a7af17227483e5a51c51e3a
[INFO] running `Command { std: "docker" "start" "-a" "597962e4e74a9dad175d58e15effa465b4d1d5e14a7af17227483e5a51c51e3a", kill_on_drop: false }`
[INFO] running `Command { std: "docker" "inspect" "597962e4e74a9dad175d58e15effa465b4d1d5e14a7af17227483e5a51c51e3a", kill_on_drop: false }`
[INFO] running `Command { std: "docker" "rm" "-f" "597962e4e74a9dad175d58e15effa465b4d1d5e14a7af17227483e5a51c51e3a", kill_on_drop: false }`
[INFO] [stdout] 597962e4e74a9dad175d58e15effa465b4d1d5e14a7af17227483e5a51c51e3a
[INFO] running `Command { std: "docker" "create" "-v" "/var/lib/crater-agent-workspace/builds/worker-0-tc2/target:/opt/rustwide/target:rw,Z" "-v" "/var/lib/crater-agent-workspace/builds/worker-0-tc2/source:/opt/rustwide/workdir:ro,Z" "-v" "/var/lib/crater-agent-workspace/cargo-home:/opt/rustwide/cargo-home:ro,Z" "-v" "/var/lib/crater-agent-workspace/rustup-home:/opt/rustwide/rustup-home:ro,Z" "-e" "SOURCE_DIR=/opt/rustwide/workdir" "-e" "CARGO_TARGET_DIR=/opt/rustwide/target" "-e" "CARGO_INCREMENTAL=0" "-e" "RUST_BACKTRACE=full" "-e" "RUSTFLAGS=--cap-lints=forbid -Zrandomize-layout" "-e" "RUSTDOCFLAGS=--cap-lints=forbid" "-e" "CARGO_HOME=/opt/rustwide/cargo-home" "-e" "RUSTUP_HOME=/opt/rustwide/rustup-home" "-w" "/opt/rustwide/workdir" "-m" "1610612736" "--user" "0:0" "--network" "none" "ghcr.io/rust-lang/crates-build-env/linux@sha256:819108c5571ea2e421544af4d832f968d213c87fbe3707a016657f43d2f853bc" "/opt/rustwide/cargo-home/bin/cargo" "+nightly-2025-01-18" "build" "--frozen" "--message-format=json", kill_on_drop: false }`
[INFO] [stdout] ae56060986887745a772cba58e00cb7699bfcca7731183c7f1ce47a1cc55aec2
[INFO] running `Command { std: "docker" "start" "-a" "ae56060986887745a772cba58e00cb7699bfcca7731183c7f1ce47a1cc55aec2", kill_on_drop: false }`
[INFO] [stderr] warning: profiles for the non root package will be ignored, specify profiles at the workspace root:
[INFO] [stderr] package:   /opt/rustwide/workdir/hvacrux-leptos/Cargo.toml
[INFO] [stderr] workspace: /opt/rustwide/workdir/Cargo.toml
[INFO] [stderr]    Compiling proc-macro2 v1.0.82
[INFO] [stderr]    Compiling unicode-ident v1.0.12
[INFO] [stderr]    Compiling cfg-if v1.0.0
[INFO] [stderr]    Compiling serde v1.0.201
[INFO] [stderr]    Compiling once_cell v1.19.0
[INFO] [stderr]    Compiling version_check v0.9.4
[INFO] [stderr]    Compiling wasm-bindgen-shared v0.2.92
[INFO] [stderr]    Compiling autocfg v1.3.0
[INFO] [stderr]    Compiling log v0.4.21
[INFO] [stderr]    Compiling bumpalo v3.16.0
[INFO] [stderr]    Compiling wasm-bindgen v0.2.92
[INFO] [stderr]    Compiling memchr v2.7.2
[INFO] [stderr]    Compiling libc v0.2.154
[INFO] [stderr]    Compiling smallvec v1.13.2
[INFO] [stderr]    Compiling hashbrown v0.14.5
[INFO] [stderr]    Compiling thiserror v1.0.60
[INFO] [stderr]    Compiling futures-core v0.3.30
[INFO] [stderr]    Compiling parking_lot_core v0.9.10
[INFO] [stderr]    Compiling futures-sink v0.3.30
[INFO] [stderr]    Compiling pin-project-lite v0.2.14
[INFO] [stderr]    Compiling equivalent v1.0.1
[INFO] [stderr]    Compiling futures-channel v0.3.30
[INFO] [stderr]    Compiling itoa v1.0.11
[INFO] [stderr]    Compiling unicode-segmentation v1.11.0
[INFO] [stderr]    Compiling futures-task v0.3.30
[INFO] [stderr]    Compiling unicode-xid v0.2.4
[INFO] [stderr]    Compiling serde_json v1.0.117
[INFO] [stderr]    Compiling futures-io v0.3.30
[INFO] [stderr]    Compiling scopeguard v1.2.0
[INFO] [stderr]    Compiling pin-utils v0.1.0
[INFO] [stderr]    Compiling ryu v1.0.18
[INFO] [stderr]    Compiling indexmap v2.2.6
[INFO] [stderr]    Compiling tinyvec_macros v0.1.1
[INFO] [stderr]    Compiling proc-macro-error-attr v1.0.4
[INFO] [stderr]    Compiling proc-macro-error v1.0.4
[INFO] [stderr]    Compiling proc-macro2-diagnostics v0.10.1
[INFO] [stderr]    Compiling bytes v1.6.0
[INFO] [stderr]    Compiling fnv v1.0.7
[INFO] [stderr]    Compiling tinyvec v1.6.0
[INFO] [stderr]    Compiling xxhash-rust v0.8.10
[INFO] [stderr]    Compiling slab v0.4.9
[INFO] [stderr]    Compiling lock_api v0.4.12
[INFO] [stderr]    Compiling percent-encoding v2.3.1
[INFO] [stderr]    Compiling slotmap v1.0.7
[INFO] [stderr]    Compiling tracing-core v0.1.32
[INFO] [stderr]    Compiling half v2.4.1
[INFO] [stderr]    Compiling unicode-bidi v0.3.15
[INFO] [stderr]    Compiling ciborium-io v0.2.2
[INFO] [stderr]    Compiling anyhow v1.0.83
[INFO] [stderr]    Compiling paste v1.0.15
[INFO] [stderr]    Compiling camino v1.1.6
[INFO] [stderr]    Compiling yansi v1.0.1
[INFO] [stderr]    Compiling convert_case v0.6.0
[INFO] [stderr]    Compiling quote v1.0.36
[INFO] [stderr]    Compiling ciborium-ll v0.2.2
[INFO] [stderr]    Compiling form_urlencoded v1.2.1
[INFO] [stderr]    Compiling interpolator v0.5.0
[INFO] [stderr]    Compiling same-file v1.0.6
[INFO] [stderr]    Compiling either v1.11.0
[INFO] [stderr]    Compiling winnow v0.6.8
[INFO] [stderr]    Compiling http v0.2.12
[INFO] [stderr]    Compiling utf8-width v0.1.7
[INFO] [stderr]    Compiling prettyplease v0.2.20
[INFO] [stderr]    Compiling collection_literals v1.0.1
[INFO] [stderr]    Compiling unicode-normalization v0.1.23
[INFO] [stderr]    Compiling itertools v0.12.1
[INFO] [stderr]    Compiling html-escape v0.2.13
[INFO] [stderr]    Compiling syn v2.0.61
[INFO] [stderr]    Compiling proc-macro-utils v0.8.0
[INFO] [stderr]    Compiling walkdir v2.5.0
[INFO] [stderr]    Compiling parking_lot v0.12.2
[INFO] [stderr]    Compiling dashmap v5.5.3
[INFO] [stderr]    Compiling http v1.1.0
[INFO] [stderr]    Compiling const_format_proc_macros v0.2.32
[INFO] [stderr]    Compiling getrandom v0.2.15
[INFO] [stderr]    Compiling idna v0.5.0
[INFO] [stderr]    Compiling aho-corasick v1.1.3
[INFO] [stderr]    Compiling send_wrapper v0.6.0
[INFO] [stderr]    Compiling manyhow-macros v0.10.4
[INFO] [stderr]    Compiling base64 v0.22.1
[INFO] [stderr]    Compiling lazy_static v1.4.0
[INFO] [stderr]    Compiling rustc-hash v1.1.0
[INFO] [stderr]    Compiling minimal-lexical v0.2.1
[INFO] [stderr]    Compiling regex-syntax v0.8.3
[INFO] [stderr]    Compiling self_cell v1.0.4
[INFO] [stderr]    Compiling uuid v1.8.0
[INFO] [stderr]    Compiling pathdiff v0.2.1
[INFO] [stderr]    Compiling nom v7.1.3
[INFO] [stderr]    Compiling pad-adapter v0.1.1
[INFO] [stderr]    Compiling url v2.5.0
[INFO] [stderr]    Compiling drain_filter_polyfill v0.1.3
[INFO] [stderr]    Compiling inventory v0.3.15
[INFO] [stderr]    Compiling hvacrux-lib v0.1.0 (/opt/rustwide/workdir/hvacrux-lib)
[INFO] [stdout] warning: enum `WallMaterial` is never used
[INFO] [stdout]  --> hvacrux-lib/src/building.rs:2:6
[INFO] [stdout]   |
[INFO] [stdout] 2 | enum WallMaterial {
[INFO] [stdout]   |      ^^^^^^^^^^^^
[INFO] [stdout]   |
[INFO] [stdout]   = note: `#[warn(dead_code)]` on by default
[INFO] [stdout] 
[INFO] [stdout] 
[INFO] [stdout] warning: enum `RoofMaterial` is never used
[INFO] [stdout]   --> hvacrux-lib/src/building.rs:12:6
[INFO] [stdout]    |
[INFO] [stdout] 12 | enum RoofMaterial {
[INFO] [stdout]    |      ^^^^^^^^^^^^
[INFO] [stdout] 
[INFO] [stdout] 
[INFO] [stdout] warning: enum `WindowMaterial` is never used
[INFO] [stdout]   --> hvacrux-lib/src/building.rs:22:6
[INFO] [stdout]    |
[INFO] [stdout] 22 | enum WindowMaterial {
[INFO] [stdout]    |      ^^^^^^^^^^^^^^
[INFO] [stdout] 
[INFO] [stdout] 
[INFO] [stdout] warning: method `u_value` is never used
[INFO] [stdout]   --> hvacrux-lib/src/building.rs:33:8
[INFO] [stdout]    |
[INFO] [stdout] 32 | impl WallMaterial {
[INFO] [stdout]    | ----------------- method in this implementation
[INFO] [stdout] 33 |     fn u_value(&self) -> f64 {
[INFO] [stdout]    |        ^^^^^^^
[INFO] [stdout] 
[INFO] [stdout] 
[INFO] [stdout] warning: method `u_value` is never used
[INFO] [stdout]   --> hvacrux-lib/src/building.rs:45:8
[INFO] [stdout]    |
[INFO] [stdout] 44 | impl RoofMaterial {
[INFO] [stdout]    | ----------------- method in this implementation
[INFO] [stdout] 45 |     fn u_value(&self) -> f64 {
[INFO] [stdout]    |        ^^^^^^^
[INFO] [stdout] 
[INFO] [stdout] 
[INFO] [stdout] warning: method `u_value` is never used
[INFO] [stdout]   --> hvacrux-lib/src/building.rs:57:8
[INFO] [stdout]    |
[INFO] [stdout] 56 | impl WindowMaterial {
[INFO] [stdout]    | ------------------- method in this implementation
[INFO] [stdout] 57 |     fn u_value(&self) -> f64 {
[INFO] [stdout]    |        ^^^^^^^
[INFO] [stdout] 
[INFO] [stdout] 
[INFO] [stdout] warning: fields `floors`, `envelope`, and `location` are never read
[INFO] [stdout]   --> hvacrux-lib/src/building.rs:83:5
[INFO] [stdout]    |
[INFO] [stdout] 82 | pub struct Building {
[INFO] [stdout]    |            -------- fields in this struct
[INFO] [stdout] 83 |     floors: Vec<Floor>,
[INFO] [stdout]    |     ^^^^^^
[INFO] [stdout] 84 |     envelope: BuildingEnvelope,
[INFO] [stdout]    |     ^^^^^^^^
[INFO] [stdout] 85 |     location: Location,
[INFO] [stdout]    |     ^^^^^^^^
[INFO] [stdout] 
[INFO] [stdout] 
[INFO] [stdout] warning: fields `wall_area`, `wall_u_value`, `roof_area`, `roof_u_value`, and `window_u_value` are never read
[INFO] [stdout]   --> hvacrux-lib/src/building.rs:89:5
[INFO] [stdout]    |
[INFO] [stdout] 88 | struct BuildingEnvelope {
[INFO] [stdout]    |        ---------------- fields in this struct
[INFO] [stdout] 89 |     wall_area: f64,      // in square meters
[INFO] [stdout]    |     ^^^^^^^^^
[INFO] [stdout] 90 |     wall_u_value: f64,   // U-Value in W/(m^2*K)
[INFO] [stdout]    |     ^^^^^^^^^^^^
[INFO] [stdout] 91 |     roof_area: f64,      // in square meters
[INFO] [stdout]    |     ^^^^^^^^^
[INFO] [stdout] 92 |     roof_u_value: f64,   // U-Value in W/(m^2*K)
[INFO] [stdout]    |     ^^^^^^^^^^^^
[INFO] [stdout] 93 |     window_u_value: f64, // U-Value in W/(m^2*K)
[INFO] [stdout]    |     ^^^^^^^^^^^^^^
[INFO] [stdout] 
[INFO] [stdout] 
[INFO] [stdout] warning: fields `latitude`, `longitude`, and `elevation` are never read
[INFO] [stdout]   --> hvacrux-lib/src/building.rs:97:5
[INFO] [stdout]    |
[INFO] [stdout] 96 | struct Location {
[INFO] [stdout]    |        -------- fields in this struct
[INFO] [stdout] 97 |     latitude: f64, // in degrees
[INFO] [stdout]    |     ^^^^^^^^
[INFO] [stdout] 98 |     longitude: f64, // in degrees
[INFO] [stdout]    |     ^^^^^^^^^
[INFO] [stdout] 99 |     elevation: f64, // in meters
[INFO] [stdout]    |     ^^^^^^^^^
[INFO] [stdout] 
[INFO] [stdout] 
[INFO] [stdout] warning: struct `DesignConditions` is never constructed
[INFO] [stdout]    --> hvacrux-lib/src/building.rs:102:8
[INFO] [stdout]     |
[INFO] [stdout] 102 | struct DesignConditions {
[INFO] [stdout]     |        ^^^^^^^^^^^^^^^^
[INFO] [stdout] 
[INFO] [stdout] 
[INFO] [stdout] warning: constant `PEOPLE_HEAT_GAIN` is never used
[INFO] [stdout]    --> hvacrux-lib/src/building.rs:108:7
[INFO] [stdout]     |
[INFO] [stdout] 108 | const PEOPLE_HEAT_GAIN: f64 = 75.0; // in watts per person
[INFO] [stdout]     |       ^^^^^^^^^^^^^^^^
[INFO] [stdout] 
[INFO] [stdout] 
[INFO] [stdout] warning: constant `LIGHTING_LOAD_FACTOR` is never used
[INFO] [stdout]    --> hvacrux-lib/src/building.rs:109:7
[INFO] [stdout]     |
[INFO] [stdout] 109 | const LIGHTING_LOAD_FACTOR: f64 = 1.25;
[INFO] [stdout]     |       ^^^^^^^^^^^^^^^^^^^^
[INFO] [stdout] 
[INFO] [stdout] 
[INFO] [stdout] warning: constant `APPLIANCE_LOAD_FACTOR` is never used
[INFO] [stdout]    --> hvacrux-lib/src/building.rs:110:7
[INFO] [stdout]     |
[INFO] [stdout] 110 | const APPLIANCE_LOAD_FACTOR: f64 = 0.6;
[INFO] [stdout]     |       ^^^^^^^^^^^^^^^^^^^^^
[INFO] [stdout] 
[INFO] [stdout] 
[INFO] [stdout] warning: function `calculate_heat_loss` is never used
[INFO] [stdout]    --> hvacrux-lib/src/building.rs:113:4
[INFO] [stdout]     |
[INFO] [stdout] 113 | fn calculate_heat_loss(building: &Building, conditions: &DesignConditions) -> f64 {
[INFO] [stdout]     |    ^^^^^^^^^^^^^^^^^^^
[INFO] [stdout] 
[INFO] [stdout] 
[INFO] [stdout] warning: function `calculate_infiltration_load` is never used
[INFO] [stdout]    --> hvacrux-lib/src/building.rs:130:4
[INFO] [stdout]     |
[INFO] [stdout] 130 | fn calculate_infiltration_load(room: &Room, conditions: &DesignConditions) -> f64 {
[INFO] [stdout]     |    ^^^^^^^^^^^^^^^^^^^^^^^^^^^
[INFO] [stdout] 
[INFO] [stdout] 
[INFO] [stdout] warning: function `calculate_heat_gain` is never used
[INFO] [stdout]    --> hvacrux-lib/src/building.rs:139:4
[INFO] [stdout]     |
[INFO] [stdout] 139 | fn calculate_heat_gain(building: &Building) -> f64 {
[INFO] [stdout]     |    ^^^^^^^^^^^^^^^^^^^
[INFO] [stdout] 
[INFO] [stdout] 
[INFO] [stdout] warning: function `calculate_cooling_load` is never used
[INFO] [stdout]    --> hvacrux-lib/src/building.rs:155:4
[INFO] [stdout]     |
[INFO] [stdout] 155 | fn calculate_cooling_load(heat_loss: f64, heat_gain: f64) -> f64 {
[INFO] [stdout]     |    ^^^^^^^^^^^^^^^^^^^^^^
[INFO] [stdout] 
[INFO] [stdout] 
[INFO] [stdout] warning: function `calculate_heating_load` is never used
[INFO] [stdout]    --> hvacrux-lib/src/building.rs:159:4
[INFO] [stdout]     |
[INFO] [stdout] 159 | fn calculate_heating_load(heat_loss: f64, heat_gain: f64) -> f64 {
[INFO] [stdout]     |    ^^^^^^^^^^^^^^^^^^^^^^
[INFO] [stdout] 
[INFO] [stdout] 
[INFO] [stderr]    Compiling const_format v0.2.32
[INFO] [stderr]    Compiling regex-automata v0.4.6
[INFO] [stderr]    Compiling wasm-bindgen-backend v0.2.92
[INFO] [stderr]    Compiling server_fn_macro v0.6.11
[INFO] [stderr]    Compiling manyhow v0.10.4
[INFO] [stderr]    Compiling serde_derive v1.0.201
[INFO] [stderr]    Compiling thiserror-impl v1.0.60
[INFO] [stderr]    Compiling futures-macro v0.3.30
[INFO] [stderr]    Compiling pin-project-internal v1.1.5
[INFO] [stderr]    Compiling derive-where v1.2.7
[INFO] [stderr]    Compiling tracing-attributes v0.1.27
[INFO] [stderr]    Compiling syn_derive v0.1.8
[INFO] [stderr]    Compiling server_fn_macro_default v0.6.11
[INFO] [stderr]    Compiling typed-builder-macro v0.18.2
[INFO] [stderr]    Compiling async-recursion v1.1.1
[INFO] [stderr]    Compiling wasm-bindgen-macro-support v0.2.92
[INFO] [stderr]    Compiling typed-builder v0.18.2
[INFO] [stderr]    Compiling regex v1.10.4
[INFO] [stderr]    Compiling futures-util v0.3.30
[INFO] [stderr]    Compiling quote-use-macros v0.8.0
[INFO] [stderr]    Compiling pin-project v1.1.5
[INFO] [stderr]    Compiling rstml v0.11.2
[INFO] [stderr]    Compiling quote-use v0.8.0
[INFO] [stderr]    Compiling attribute-derive-macro v0.9.1
[INFO] [stderr]    Compiling tracing v0.1.40
[INFO] [stderr]    Compiling wasm-bindgen-macro v0.2.92
[INFO] [stderr]    Compiling attribute-derive v0.9.1
[INFO] [stderr]    Compiling js-sys v0.3.69
[INFO] [stderr]    Compiling console_error_panic_hook v0.1.7
[INFO] [stderr]    Compiling futures-executor v0.3.30
[INFO] [stderr]    Compiling futures v0.3.30
[INFO] [stderr]    Compiling leptos_hot_reload v0.6.11
[INFO] [stderr]    Compiling serde_spanned v0.6.5
[INFO] [stderr]    Compiling toml_datetime v0.6.5
[INFO] [stderr]    Compiling ciborium v0.2.2
[INFO] [stderr]    Compiling serde_qs v0.12.0
[INFO] [stderr]    Compiling serde_test v1.0.176
[INFO] [stderr]    Compiling toml_edit v0.22.12
[INFO] [stderr]    Compiling linear-map v1.2.0
[INFO] [stderr]    Compiling leptos_macro v0.6.11
[INFO] [stderr]    Compiling web-sys v0.3.69
[INFO] [stderr]    Compiling wasm-bindgen-futures v0.4.42
[INFO] [stderr]    Compiling serde-wasm-bindgen v0.6.5
[INFO] [stderr]    Compiling leptos_reactive v0.6.11
[INFO] [stderr]    Compiling toml v0.8.12
[INFO] [stderr]    Compiling config v0.14.0
[INFO] [stderr]    Compiling leptos_config v0.6.11
[INFO] [stderr]    Compiling gloo-utils v0.2.0
[INFO] [stderr]    Compiling gloo-net v0.5.0
[INFO] [stderr]    Compiling wasm-streams v0.4.0
[INFO] [stderr]    Compiling server_fn v0.6.11
[INFO] [stderr]    Compiling leptos_dom v0.6.11
[INFO] [stderr]    Compiling leptos_server v0.6.11
[INFO] [stderr]    Compiling leptos v0.6.11
[INFO] [stderr]    Compiling leptos_meta v0.6.11
[INFO] [stderr]    Compiling leptos_router v0.6.11
[INFO] [stderr]    Compiling hvacrux-leptos v0.1.0 (/opt/rustwide/workdir/hvacrux-leptos)
[INFO] [stderr]     Finished `dev` profile [unoptimized + debuginfo] target(s) in 1m 02s
[INFO] running `Command { std: "docker" "inspect" "ae56060986887745a772cba58e00cb7699bfcca7731183c7f1ce47a1cc55aec2", kill_on_drop: false }`
[INFO] running `Command { std: "docker" "rm" "-f" "ae56060986887745a772cba58e00cb7699bfcca7731183c7f1ce47a1cc55aec2", kill_on_drop: false }`
[INFO] [stdout] ae56060986887745a772cba58e00cb7699bfcca7731183c7f1ce47a1cc55aec2
[INFO] running `Command { std: "docker" "create" "-v" "/var/lib/crater-agent-workspace/builds/worker-0-tc2/target:/opt/rustwide/target:rw,Z" "-v" "/var/lib/crater-agent-workspace/builds/worker-0-tc2/source:/opt/rustwide/workdir:ro,Z" "-v" "/var/lib/crater-agent-workspace/cargo-home:/opt/rustwide/cargo-home:ro,Z" "-v" "/var/lib/crater-agent-workspace/rustup-home:/opt/rustwide/rustup-home:ro,Z" "-e" "SOURCE_DIR=/opt/rustwide/workdir" "-e" "CARGO_TARGET_DIR=/opt/rustwide/target" "-e" "CARGO_INCREMENTAL=0" "-e" "RUST_BACKTRACE=full" "-e" "RUSTFLAGS=--cap-lints=forbid -Zrandomize-layout" "-e" "RUSTDOCFLAGS=--cap-lints=forbid" "-e" "CARGO_HOME=/opt/rustwide/cargo-home" "-e" "RUSTUP_HOME=/opt/rustwide/rustup-home" "-w" "/opt/rustwide/workdir" "-m" "1610612736" "--user" "0:0" "--network" "none" "ghcr.io/rust-lang/crates-build-env/linux@sha256:819108c5571ea2e421544af4d832f968d213c87fbe3707a016657f43d2f853bc" "/opt/rustwide/cargo-home/bin/cargo" "+nightly-2025-01-18" "test" "--frozen" "--no-run" "--message-format=json", kill_on_drop: false }`
[INFO] [stdout] 1021fdf80a121e62e215ddff8351677e9b19e46bf579fcdc9c6e34c7fe20e69d
[INFO] running `Command { std: "docker" "start" "-a" "1021fdf80a121e62e215ddff8351677e9b19e46bf579fcdc9c6e34c7fe20e69d", kill_on_drop: false }`
[INFO] [stderr] warning: profiles for the non root package will be ignored, specify profiles at the workspace root:
[INFO] [stderr] package:   /opt/rustwide/workdir/hvacrux-leptos/Cargo.toml
[INFO] [stderr] workspace: /opt/rustwide/workdir/Cargo.toml
[INFO] [stdout] warning: enum `WallMaterial` is never used
[INFO] [stdout]  --> hvacrux-lib/src/building.rs:2:6
[INFO] [stdout]   |
[INFO] [stdout] 2 | enum WallMaterial {
[INFO] [stdout]   |      ^^^^^^^^^^^^
[INFO] [stdout]   |
[INFO] [stdout]   = note: `#[warn(dead_code)]` on by default
[INFO] [stdout] 
[INFO] [stdout] 
[INFO] [stdout] warning: enum `RoofMaterial` is never used
[INFO] [stdout]   --> hvacrux-lib/src/building.rs:12:6
[INFO] [stdout]    |
[INFO] [stdout] 12 | enum RoofMaterial {
[INFO] [stdout]    |      ^^^^^^^^^^^^
[INFO] [stdout] 
[INFO] [stdout] 
[INFO] [stdout] warning: enum `WindowMaterial` is never used
[INFO] [stdout]   --> hvacrux-lib/src/building.rs:22:6
[INFO] [stdout]    |
[INFO] [stdout] 22 | enum WindowMaterial {
[INFO] [stdout]    |      ^^^^^^^^^^^^^^
[INFO] [stdout] 
[INFO] [stdout] 
[INFO] [stdout] warning: method `u_value` is never used
[INFO] [stdout]   --> hvacrux-lib/src/building.rs:33:8
[INFO] [stdout]    |
[INFO] [stdout] 32 | impl WallMaterial {
[INFO] [stdout]    | ----------------- method in this implementation
[INFO] [stdout] 33 |     fn u_value(&self) -> f64 {
[INFO] [stdout]    |        ^^^^^^^
[INFO] [stdout] 
[INFO] [stdout] 
[INFO] [stdout] warning: method `u_value` is never used
[INFO] [stdout]   --> hvacrux-lib/src/building.rs:45:8
[INFO] [stdout]    |
[INFO] [stdout] 44 | impl RoofMaterial {
[INFO] [stdout]    | ----------------- method in this implementation
[INFO] [stdout] 45 |     fn u_value(&self) -> f64 {
[INFO] [stdout]    |        ^^^^^^^
[INFO] [stdout] 
[INFO] [stdout] 
[INFO] [stdout] warning: method `u_value` is never used
[INFO] [stdout]   --> hvacrux-lib/src/building.rs:57:8
[INFO] [stdout]    |
[INFO] [stdout] 56 | impl WindowMaterial {
[INFO] [stdout]    | ------------------- method in this implementation
[INFO] [stdout] 57 |     fn u_value(&self) -> f64 {
[INFO] [stdout]    |        ^^^^^^^
[INFO] [stdout] 
[INFO] [stdout] 
[INFO] [stdout] warning: fields `floors`, `envelope`, and `location` are never read
[INFO] [stdout]   --> hvacrux-lib/src/building.rs:83:5
[INFO] [stdout]    |
[INFO] [stdout] 82 | pub struct Building {
[INFO] [stdout]    |            -------- fields in this struct
[INFO] [stdout] 83 |     floors: Vec<Floor>,
[INFO] [stdout]    |     ^^^^^^
[INFO] [stdout] 84 |     envelope: BuildingEnvelope,
[INFO] [stdout]    |     ^^^^^^^^
[INFO] [stdout] 85 |     location: Location,
[INFO] [stdout]    |     ^^^^^^^^
[INFO] [stdout] 
[INFO] [stdout] 
[INFO] [stdout] warning: fields `wall_area`, `wall_u_value`, `roof_area`, `roof_u_value`, and `window_u_value` are never read
[INFO] [stdout]   --> hvacrux-lib/src/building.rs:89:5
[INFO] [stdout]    |
[INFO] [stdout] 88 | struct BuildingEnvelope {
[INFO] [stdout]    |        ---------------- fields in this struct
[INFO] [stdout] 89 |     wall_area: f64,      // in square meters
[INFO] [stdout]    |     ^^^^^^^^^
[INFO] [stdout] 90 |     wall_u_value: f64,   // U-Value in W/(m^2*K)
[INFO] [stdout]    |     ^^^^^^^^^^^^
[INFO] [stdout] 91 |     roof_area: f64,      // in square meters
[INFO] [stdout]    |     ^^^^^^^^^
[INFO] [stdout] 92 |     roof_u_value: f64,   // U-Value in W/(m^2*K)
[INFO] [stdout]    |     ^^^^^^^^^^^^
[INFO] [stdout] 93 |     window_u_value: f64, // U-Value in W/(m^2*K)
[INFO] [stdout]    |     ^^^^^^^^^^^^^^
[INFO] [stdout] 
[INFO] [stdout] 
[INFO] [stdout] warning: fields `latitude`, `longitude`, and `elevation` are never read
[INFO] [stdout]   --> hvacrux-lib/src/building.rs:97:5
[INFO] [stdout]    |
[INFO] [stdout] 96 | struct Location {
[INFO] [stdout]    |        -------- fields in this struct
[INFO] [stdout] 97 |     latitude: f64, // in degrees
[INFO] [stdout]    |     ^^^^^^^^
[INFO] [stdout] 98 |     longitude: f64, // in degrees
[INFO] [stdout]    |     ^^^^^^^^^
[INFO] [stdout] 99 |     elevation: f64, // in meters
[INFO] [stdout]    |     ^^^^^^^^^
[INFO] [stdout] 
[INFO] [stdout] 
[INFO] [stdout] warning: struct `DesignConditions` is never constructed
[INFO] [stdout]    --> hvacrux-lib/src/building.rs:102:8
[INFO] [stdout]     |
[INFO] [stdout] 102 | struct DesignConditions {
[INFO] [stdout]     |        ^^^^^^^^^^^^^^^^
[INFO] [stdout] 
[INFO] [stdout] 
[INFO] [stdout] warning: constant `PEOPLE_HEAT_GAIN` is never used
[INFO] [stdout]    --> hvacrux-lib/src/building.rs:108:7
[INFO] [stdout]     |
[INFO] [stdout] 108 | const PEOPLE_HEAT_GAIN: f64 = 75.0; // in watts per person
[INFO] [stdout]     |       ^^^^^^^^^^^^^^^^
[INFO] [stdout] 
[INFO] [stdout] 
[INFO] [stdout] warning: constant `LIGHTING_LOAD_FACTOR` is never used
[INFO] [stdout]    --> hvacrux-lib/src/building.rs:109:7
[INFO] [stdout]     |
[INFO] [stdout] 109 | const LIGHTING_LOAD_FACTOR: f64 = 1.25;
[INFO] [stdout]     |       ^^^^^^^^^^^^^^^^^^^^
[INFO] [stdout] 
[INFO] [stdout] 
[INFO] [stdout] warning: constant `APPLIANCE_LOAD_FACTOR` is never used
[INFO] [stdout]    --> hvacrux-lib/src/building.rs:110:7
[INFO] [stdout]     |
[INFO] [stdout] 110 | const APPLIANCE_LOAD_FACTOR: f64 = 0.6;
[INFO] [stdout]     |       ^^^^^^^^^^^^^^^^^^^^^
[INFO] [stdout] 
[INFO] [stdout] 
[INFO] [stdout] warning: function `calculate_heat_loss` is never used
[INFO] [stdout]    --> hvacrux-lib/src/building.rs:113:4
[INFO] [stdout]     |
[INFO] [stdout] 113 | fn calculate_heat_loss(building: &Building, conditions: &DesignConditions) -> f64 {
[INFO] [stdout]     |    ^^^^^^^^^^^^^^^^^^^
[INFO] [stdout] 
[INFO] [stdout] 
[INFO] [stdout] warning: function `calculate_infiltration_load` is never used
[INFO] [stdout]    --> hvacrux-lib/src/building.rs:130:4
[INFO] [stdout]     |
[INFO] [stdout] 130 | fn calculate_infiltration_load(room: &Room, conditions: &DesignConditions) -> f64 {
[INFO] [stdout]     |    ^^^^^^^^^^^^^^^^^^^^^^^^^^^
[INFO] [stdout] 
[INFO] [stdout] 
[INFO] [stdout] warning: function `calculate_heat_gain` is never used
[INFO] [stdout]    --> hvacrux-lib/src/building.rs:139:4
[INFO] [stdout]     |
[INFO] [stdout] 139 | fn calculate_heat_gain(building: &Building) -> f64 {
[INFO] [stdout]     |    ^^^^^^^^^^^^^^^^^^^
[INFO] [stdout] 
[INFO] [stdout] 
[INFO] [stdout] warning: function `calculate_cooling_load` is never used
[INFO] [stdout]    --> hvacrux-lib/src/building.rs:155:4
[INFO] [stdout]     |
[INFO] [stdout] 155 | fn calculate_cooling_load(heat_loss: f64, heat_gain: f64) -> f64 {
[INFO] [stdout]     |    ^^^^^^^^^^^^^^^^^^^^^^
[INFO] [stdout] 
[INFO] [stdout] 
[INFO] [stdout] warning: function `calculate_heating_load` is never used
[INFO] [stdout]    --> hvacrux-lib/src/building.rs:159:4
[INFO] [stdout]     |
[INFO] [stdout] 159 | fn calculate_heating_load(heat_loss: f64, heat_gain: f64) -> f64 {
[INFO] [stdout]     |    ^^^^^^^^^^^^^^^^^^^^^^
[INFO] [stdout] 
[INFO] [stdout] 
[INFO] [stderr]    Compiling hvacrux-lib v0.1.0 (/opt/rustwide/workdir/hvacrux-lib)
[INFO] [stderr]    Compiling hvacrux-leptos v0.1.0 (/opt/rustwide/workdir/hvacrux-leptos)
[INFO] [stdout] warning: enum `WallMaterial` is never used
[INFO] [stdout]  --> hvacrux-lib/src/building.rs:2:6
[INFO] [stdout]   |
[INFO] [stdout] 2 | enum WallMaterial {
[INFO] [stdout]   |      ^^^^^^^^^^^^
[INFO] [stdout]   |
[INFO] [stdout]   = note: `#[warn(dead_code)]` on by default
[INFO] [stdout] 
[INFO] [stdout] 
[INFO] [stdout] warning: enum `RoofMaterial` is never used
[INFO] [stdout]   --> hvacrux-lib/src/building.rs:12:6
[INFO] [stdout]    |
[INFO] [stdout] 12 | enum RoofMaterial {
[INFO] [stdout]    |      ^^^^^^^^^^^^
[INFO] [stdout] 
[INFO] [stdout] 
[INFO] [stdout] warning: enum `WindowMaterial` is never used
[INFO] [stdout]   --> hvacrux-lib/src/building.rs:22:6
[INFO] [stdout]    |
[INFO] [stdout] 22 | enum WindowMaterial {
[INFO] [stdout]    |      ^^^^^^^^^^^^^^
[INFO] [stdout] 
[INFO] [stdout] 
[INFO] [stdout] warning: method `u_value` is never used
[INFO] [stdout]   --> hvacrux-lib/src/building.rs:33:8
[INFO] [stdout]    |
[INFO] [stdout] 32 | impl WallMaterial {
[INFO] [stdout]    | ----------------- method in this implementation
[INFO] [stdout] 33 |     fn u_value(&self) -> f64 {
[INFO] [stdout]    |        ^^^^^^^
[INFO] [stdout] 
[INFO] [stdout] 
[INFO] [stdout] warning: method `u_value` is never used
[INFO] [stdout]   --> hvacrux-lib/src/building.rs:45:8
[INFO] [stdout]    |
[INFO] [stdout] 44 | impl RoofMaterial {
[INFO] [stdout]    | ----------------- method in this implementation
[INFO] [stdout] 45 |     fn u_value(&self) -> f64 {
[INFO] [stdout]    |        ^^^^^^^
[INFO] [stdout] 
[INFO] [stdout] 
[INFO] [stdout] warning: method `u_value` is never used
[INFO] [stdout]   --> hvacrux-lib/src/building.rs:57:8
[INFO] [stdout]    |
[INFO] [stdout] 56 | impl WindowMaterial {
[INFO] [stdout]    | ------------------- method in this implementation
[INFO] [stdout] 57 |     fn u_value(&self) -> f64 {
[INFO] [stdout]    |        ^^^^^^^
[INFO] [stdout] 
[INFO] [stdout] 
[INFO] [stdout] warning: field `location` is never read
[INFO] [stdout]   --> hvacrux-lib/src/building.rs:85:5
[INFO] [stdout]    |
[INFO] [stdout] 82 | pub struct Building {
[INFO] [stdout]    |            -------- field in this struct
[INFO] [stdout] ...
[INFO] [stdout] 85 |     location: Location,
[INFO] [stdout]    |     ^^^^^^^^
[INFO] [stdout] 
[INFO] [stdout] 
[INFO] [stdout] warning: fields `latitude`, `longitude`, and `elevation` are never read
[INFO] [stdout]   --> hvacrux-lib/src/building.rs:97:5
[INFO] [stdout]    |
[INFO] [stdout] 96 | struct Location {
[INFO] [stdout]    |        -------- fields in this struct
[INFO] [stdout] 97 |     latitude: f64, // in degrees
[INFO] [stdout]    |     ^^^^^^^^
[INFO] [stdout] 98 |     longitude: f64, // in degrees
[INFO] [stdout]    |     ^^^^^^^^^
[INFO] [stdout] 99 |     elevation: f64, // in meters
[INFO] [stdout]    |     ^^^^^^^^^
[INFO] [stdout] 
[INFO] [stdout] 
[INFO] [stderr]     Finished `test` profile [unoptimized + debuginfo] target(s) in 1.05s
[INFO] running `Command { std: "docker" "inspect" "1021fdf80a121e62e215ddff8351677e9b19e46bf579fcdc9c6e34c7fe20e69d", kill_on_drop: false }`
[INFO] running `Command { std: "docker" "rm" "-f" "1021fdf80a121e62e215ddff8351677e9b19e46bf579fcdc9c6e34c7fe20e69d", kill_on_drop: false }`
[INFO] [stdout] 1021fdf80a121e62e215ddff8351677e9b19e46bf579fcdc9c6e34c7fe20e69d
[INFO] running `Command { std: "docker" "create" "-v" "/var/lib/crater-agent-workspace/builds/worker-0-tc2/target:/opt/rustwide/target:rw,Z" "-v" "/var/lib/crater-agent-workspace/builds/worker-0-tc2/source:/opt/rustwide/workdir:ro,Z" "-v" "/var/lib/crater-agent-workspace/cargo-home:/opt/rustwide/cargo-home:ro,Z" "-v" "/var/lib/crater-agent-workspace/rustup-home:/opt/rustwide/rustup-home:ro,Z" "-e" "SOURCE_DIR=/opt/rustwide/workdir" "-e" "CARGO_TARGET_DIR=/opt/rustwide/target" "-e" "CARGO_INCREMENTAL=0" "-e" "RUST_BACKTRACE=full" "-e" "RUSTFLAGS=--cap-lints=forbid -Zrandomize-layout" "-e" "RUSTDOCFLAGS=--cap-lints=forbid" "-e" "CARGO_HOME=/opt/rustwide/cargo-home" "-e" "RUSTUP_HOME=/opt/rustwide/rustup-home" "-w" "/opt/rustwide/workdir" "-m" "1610612736" "--user" "0:0" "--network" "none" "ghcr.io/rust-lang/crates-build-env/linux@sha256:819108c5571ea2e421544af4d832f968d213c87fbe3707a016657f43d2f853bc" "/opt/rustwide/cargo-home/bin/cargo" "+nightly-2025-01-18" "test" "--frozen", kill_on_drop: false }`
[INFO] [stdout] 82c02d9bb60a502b1406a7cee85c49fc33ce6a6fcb4f41fbd3b7911a67e1bdef
[INFO] running `Command { std: "docker" "start" "-a" "82c02d9bb60a502b1406a7cee85c49fc33ce6a6fcb4f41fbd3b7911a67e1bdef", kill_on_drop: false }`
[INFO] [stderr] warning: profiles for the non root package will be ignored, specify profiles at the workspace root:
[INFO] [stderr] package:   /opt/rustwide/workdir/hvacrux-leptos/Cargo.toml
[INFO] [stderr] workspace: /opt/rustwide/workdir/Cargo.toml
[INFO] [stderr] warning: enum `WallMaterial` is never used
[INFO] [stderr]  --> hvacrux-lib/src/building.rs:2:6
[INFO] [stderr]   |
[INFO] [stderr] 2 | enum WallMaterial {
[INFO] [stderr]   |      ^^^^^^^^^^^^
[INFO] [stderr]   |
[INFO] [stderr]   = note: `#[warn(dead_code)]` on by default
[INFO] [stderr] 
[INFO] [stderr] warning: enum `RoofMaterial` is never used
[INFO] [stderr]   --> hvacrux-lib/src/building.rs:12:6
[INFO] [stderr]    |
[INFO] [stderr] 12 | enum RoofMaterial {
[INFO] [stderr]    |      ^^^^^^^^^^^^
[INFO] [stderr] 
[INFO] [stderr] warning: enum `WindowMaterial` is never used
[INFO] [stderr]   --> hvacrux-lib/src/building.rs:22:6
[INFO] [stderr]    |
[INFO] [stderr] 22 | enum WindowMaterial {
[INFO] [stderr]    |      ^^^^^^^^^^^^^^
[INFO] [stderr] 
[INFO] [stderr] warning: method `u_value` is never used
[INFO] [stderr]   --> hvacrux-lib/src/building.rs:33:8
[INFO] [stderr]    |
[INFO] [stderr] 32 | impl WallMaterial {
[INFO] [stderr]    | ----------------- method in this implementation
[INFO] [stderr] 33 |     fn u_value(&self) -> f64 {
[INFO] [stderr]    |        ^^^^^^^
[INFO] [stderr] 
[INFO] [stderr] warning: method `u_value` is never used
[INFO] [stderr]   --> hvacrux-lib/src/building.rs:45:8
[INFO] [stderr]    |
[INFO] [stderr] 44 | impl RoofMaterial {
[INFO] [stderr]    | ----------------- method in this implementation
[INFO] [stderr] 45 |     fn u_value(&self) -> f64 {
[INFO] [stderr]    |        ^^^^^^^
[INFO] [stderr] 
[INFO] [stderr] warning: method `u_value` is never used
[INFO] [stderr]   --> hvacrux-lib/src/building.rs:57:8
[INFO] [stderr]    |
[INFO] [stderr] 56 | impl WindowMaterial {
[INFO] [stderr]    | ------------------- method in this implementation
[INFO] [stderr] 57 |     fn u_value(&self) -> f64 {
[INFO] [stderr]    |        ^^^^^^^
[INFO] [stderr] 
[INFO] [stderr] warning: fields `floors`, `envelope`, and `location` are never read
[INFO] [stderr]   --> hvacrux-lib/src/building.rs:83:5
[INFO] [stderr]    |
[INFO] [stderr] 82 | pub struct Building {
[INFO] [stderr]    |            -------- fields in this struct
[INFO] [stderr] 83 |     floors: Vec<Floor>,
[INFO] [stderr]    |     ^^^^^^
[INFO] [stderr] 84 |     envelope: BuildingEnvelope,
[INFO] [stderr]    |     ^^^^^^^^
[INFO] [stderr] 85 |     location: Location,
[INFO] [stderr]    |     ^^^^^^^^
[INFO] [stderr] 
[INFO] [stderr] warning: fields `wall_area`, `wall_u_value`, `roof_area`, `roof_u_value`, and `window_u_value` are never read
[INFO] [stderr]   --> hvacrux-lib/src/building.rs:89:5
[INFO] [stderr]    |
[INFO] [stderr] 88 | struct BuildingEnvelope {
[INFO] [stderr]    |        ---------------- fields in this struct
[INFO] [stderr] 89 |     wall_area: f64,      // in square meters
[INFO] [stderr]    |     ^^^^^^^^^
[INFO] [stderr] 90 |     wall_u_value: f64,   // U-Value in W/(m^2*K)
[INFO] [stderr]    |     ^^^^^^^^^^^^
[INFO] [stderr] 91 |     roof_area: f64,      // in square meters
[INFO] [stderr]    |     ^^^^^^^^^
[INFO] [stderr] 92 |     roof_u_value: f64,   // U-Value in W/(m^2*K)
[INFO] [stderr]    |     ^^^^^^^^^^^^
[INFO] [stderr] 93 |     window_u_value: f64, // U-Value in W/(m^2*K)
[INFO] [stderr]    |     ^^^^^^^^^^^^^^
[INFO] [stderr] 
[INFO] [stderr] warning: fields `latitude`, `longitude`, and `elevation` are never read
[INFO] [stderr]   --> hvacrux-lib/src/building.rs:97:5
[INFO] [stderr]    |
[INFO] [stderr] 96 | struct Location {
[INFO] [stderr]    |        -------- fields in this struct
[INFO] [stderr] 97 |     latitude: f64, // in degrees
[INFO] [stderr]    |     ^^^^^^^^
[INFO] [stderr] 98 |     longitude: f64, // in degrees
[INFO] [stderr]    |     ^^^^^^^^^
[INFO] [stderr] 99 |     elevation: f64, // in meters
[INFO] [stderr]    |     ^^^^^^^^^
[INFO] [stderr] 
[INFO] [stderr] warning: struct `DesignConditions` is never constructed
[INFO] [stderr]    --> hvacrux-lib/src/building.rs:102:8
[INFO] [stderr]     |
[INFO] [stderr] 102 | struct DesignConditions {
[INFO] [stderr]     |        ^^^^^^^^^^^^^^^^
[INFO] [stderr] 
[INFO] [stderr] warning: constant `PEOPLE_HEAT_GAIN` is never used
[INFO] [stderr]    --> hvacrux-lib/src/building.rs:108:7
[INFO] [stderr]     |
[INFO] [stderr] 108 | const PEOPLE_HEAT_GAIN: f64 = 75.0; // in watts per person
[INFO] [stderr]     |       ^^^^^^^^^^^^^^^^
[INFO] [stderr] 
[INFO] [stderr] warning: constant `LIGHTING_LOAD_FACTOR` is never used
[INFO] [stderr]    --> hvacrux-lib/src/building.rs:109:7
[INFO] [stderr]     |
[INFO] [stderr] 109 | const LIGHTING_LOAD_FACTOR: f64 = 1.25;
[INFO] [stderr]     |       ^^^^^^^^^^^^^^^^^^^^
[INFO] [stderr] 
[INFO] [stderr] warning: constant `APPLIANCE_LOAD_FACTOR` is never used
[INFO] [stderr]    --> hvacrux-lib/src/building.rs:110:7
[INFO] [stderr]     |
[INFO] [stderr] 110 | const APPLIANCE_LOAD_FACTOR: f64 = 0.6;
[INFO] [stderr]     |       ^^^^^^^^^^^^^^^^^^^^^
[INFO] [stderr] 
[INFO] [stderr] warning: function `calculate_heat_loss` is never used
[INFO] [stderr]    --> hvacrux-lib/src/building.rs:113:4
[INFO] [stderr]     |
[INFO] [stderr] 113 | fn calculate_heat_loss(building: &Building, conditions: &DesignConditions) -> f64 {
[INFO] [stderr]     |    ^^^^^^^^^^^^^^^^^^^
[INFO] [stderr] 
[INFO] [stderr] warning: function `calculate_infiltration_load` is never used
[INFO] [stderr]    --> hvacrux-lib/src/building.rs:130:4
[INFO] [stderr]     |
[INFO] [stderr] 130 | fn calculate_infiltration_load(room: &Room, conditions: &DesignConditions) -> f64 {
[INFO] [stderr]     |    ^^^^^^^^^^^^^^^^^^^^^^^^^^^
[INFO] [stderr] 
[INFO] [stderr] warning: function `calculate_heat_gain` is never used
[INFO] [stderr]    --> hvacrux-lib/src/building.rs:139:4
[INFO] [stderr]     |
[INFO] [stderr] 139 | fn calculate_heat_gain(building: &Building) -> f64 {
[INFO] [stderr]     |    ^^^^^^^^^^^^^^^^^^^
[INFO] [stderr] 
[INFO] [stderr] warning: function `calculate_cooling_load` is never used
[INFO] [stderr]    --> hvacrux-lib/src/building.rs:155:4
[INFO] [stderr]     |
[INFO] [stderr] 155 | fn calculate_cooling_load(heat_loss: f64, heat_gain: f64) -> f64 {
[INFO] [stderr]     |    ^^^^^^^^^^^^^^^^^^^^^^
[INFO] [stderr] 
[INFO] [stderr] warning: function `calculate_heating_load` is never used
[INFO] [stderr]    --> hvacrux-lib/src/building.rs:159:4
[INFO] [stderr]     |
[INFO] [stderr] 159 | fn calculate_heating_load(heat_loss: f64, heat_gain: f64) -> f64 {
[INFO] [stderr]     |    ^^^^^^^^^^^^^^^^^^^^^^
[INFO] [stderr] 
[INFO] [stderr] warning: field `location` is never read
[INFO] [stderr]   --> hvacrux-lib/src/building.rs:85:5
[INFO] [stderr]    |
[INFO] [stderr] 82 | pub struct Building {
[INFO] [stderr]    |            -------- field in this struct
[INFO] [stderr] ...
[INFO] [stderr] 85 |     location: Location,
[INFO] [stderr]    |     ^^^^^^^^
[INFO] [stderr] 
[INFO] [stderr] warning: `hvacrux-lib` (lib) generated 18 warnings
[INFO] [stderr] warning: `hvacrux-lib` (lib test) generated 8 warnings (7 duplicates)
[INFO] [stderr]     Finished `test` profile [unoptimized + debuginfo] target(s) in 0.26s
[INFO] [stderr]      Running unittests src/lib.rs (/opt/rustwide/target/debug/deps/hvacrux_leptos-d566928168b1284c)
[INFO] [stdout] 
[INFO] [stdout] running 0 tests
[INFO] [stderr]      Running unittests src/main.rs (/opt/rustwide/target/debug/deps/hvacrux_leptos-eaaedb0337d40613)
[INFO] [stdout] 
[INFO] [stdout] test result: ok. 0 passed; 0 failed; 0 ignored; 0 measured; 0 filtered out; finished in 0.00s
[INFO] [stdout] 
[INFO] [stdout] 
[INFO] [stdout] running 0 tests
[INFO] [stdout] 
[INFO] [stdout] test result: ok. 0 passed; 0 failed; 0 ignored; 0 measured; 0 filtered out; finished in 0.00s
[INFO] [stdout] 
[INFO] [stderr]      Running unittests src/lib.rs (/opt/rustwide/target/debug/deps/hvacrux_lib-80217a3515c09707)
[INFO] [stdout] 
[INFO] [stdout] running 6 tests
[INFO] [stdout] test building::tests::test_calculate_cooling_load ... ok
[INFO] [stdout] test building::tests::test_calculate_heating_load ... ok
[INFO] [stdout] test building::tests::test_calculate_heat_gain ... FAILED
[INFO] [stderr] error: test failed, to rerun pass `-p hvacrux-lib --lib`
[INFO] [stdout] test building::tests::test_calculate_heat_gain_example_2 ... FAILED
[INFO] [stdout] test building::tests::test_calculate_heat_loss_example_1 ... FAILED
[INFO] [stdout] test building::tests::test_calculate_heat_loss ... FAILED
[INFO] [stdout] 
[INFO] [stdout] failures:
[INFO] [stdout] 
[INFO] [stdout] ---- building::tests::test_calculate_heat_gain stdout ----
[INFO] [stdout] 
[INFO] [stdout] thread 'building::tests::test_calculate_heat_gain' panicked at hvacrux-lib/src/building.rs:270:9:
[INFO] [stdout] assertion `left == right` failed
[INFO] [stdout]   left: 1420.0
[INFO] [stdout]  right: 1340.0
[INFO] [stdout] stack backtrace:
[INFO] [stdout]    0:     0x64aaf2cad83a - std::backtrace_rs::backtrace::libunwind::trace::hb059275cfc8d6126
[INFO] [stdout]                                at /rustc/6067b36314ab5eb2eb47cecc464545ba58e1ad24/library/std/src/../../backtrace/src/backtrace/libunwind.rs:116:5
[INFO] [stdout]    1:     0x64aaf2cad83a - std::backtrace_rs::backtrace::trace_unsynchronized::h2da071e4327ce3ee
[INFO] [stdout]                                at /rustc/6067b36314ab5eb2eb47cecc464545ba58e1ad24/library/std/src/../../backtrace/src/backtrace/mod.rs:66:5
[INFO] [stdout]    2:     0x64aaf2cad83a - std::sys::backtrace::_print_fmt::h842a1474e6f8d23f
[INFO] [stdout]                                at /rustc/6067b36314ab5eb2eb47cecc464545ba58e1ad24/library/std/src/sys/backtrace.rs:66:9
[INFO] [stdout]    3:     0x64aaf2cad83a - <std::sys::backtrace::BacktraceLock::print::DisplayBacktrace as core::fmt::Display>::fmt::h71a62eb3b9696b12
[INFO] [stdout]                                at /rustc/6067b36314ab5eb2eb47cecc464545ba58e1ad24/library/std/src/sys/backtrace.rs:39:26
[INFO] [stdout]    4:     0x64aaf2cd51f3 - core::fmt::rt::Argument::fmt::hdb6b616786b41dc1
[INFO] [stdout]                                at /rustc/6067b36314ab5eb2eb47cecc464545ba58e1ad24/library/core/src/fmt/rt.rs:177:76
[INFO] [stdout]    5:     0x64aaf2cd51f3 - core::fmt::write::h2cc1698af7e2d686
[INFO] [stdout]                                at /rustc/6067b36314ab5eb2eb47cecc464545ba58e1ad24/library/core/src/fmt/mod.rs:1440:21
[INFO] [stdout]    6:     0x64aaf2caa393 - std::io::Write::write_fmt::hab1b4cd059a79022
[INFO] [stdout]                                at /rustc/6067b36314ab5eb2eb47cecc464545ba58e1ad24/library/std/src/io/mod.rs:1887:15
[INFO] [stdout]    7:     0x64aaf2cad682 - std::sys::backtrace::BacktraceLock::print::h147fe35b4ea13b08
[INFO] [stdout]                                at /rustc/6067b36314ab5eb2eb47cecc464545ba58e1ad24/library/std/src/sys/backtrace.rs:42:9
[INFO] [stdout]    8:     0x64aaf2caec5f - std::panicking::default_hook::{{closure}}::hbd44223dbdc0d208
[INFO] [stdout]                                at /rustc/6067b36314ab5eb2eb47cecc464545ba58e1ad24/library/std/src/panicking.rs:298:22
[INFO] [stdout]    9:     0x64aaf2caea78 - std::panicking::default_hook::h20f81eb0576efcec
[INFO] [stdout]                                at /rustc/6067b36314ab5eb2eb47cecc464545ba58e1ad24/library/std/src/panicking.rs:322:9
[INFO] [stdout]   10:     0x64aaf2c77893 - <alloc::boxed::Box<F,A> as core::ops::function::Fn<Args>>::call::hdb53814c496a4d34
[INFO] [stdout]                                at /rustc/6067b36314ab5eb2eb47cecc464545ba58e1ad24/library/alloc/src/boxed.rs:2027:9
[INFO] [stdout]   11:     0x64aaf2c77893 - test::test_main::{{closure}}::hc0a4963c59427c24
[INFO] [stdout]                                at /rustc/6067b36314ab5eb2eb47cecc464545ba58e1ad24/library/test/src/lib.rs:134:21
[INFO] [stdout]   12:     0x64aaf2caf753 - <alloc::boxed::Box<F,A> as core::ops::function::Fn<Args>>::call::h591b2225413a77e9
[INFO] [stdout]                                at /rustc/6067b36314ab5eb2eb47cecc464545ba58e1ad24/library/alloc/src/boxed.rs:2027:9
[INFO] [stdout]   13:     0x64aaf2caf753 - std::panicking::rust_panic_with_hook::h625eea43051b2edc
[INFO] [stdout]                                at /rustc/6067b36314ab5eb2eb47cecc464545ba58e1ad24/library/std/src/panicking.rs:839:13
[INFO] [stdout]   14:     0x64aaf2caf40a - std::panicking::begin_panic_handler::{{closure}}::h4f9159cfbc3f6bd3
[INFO] [stdout]                                at /rustc/6067b36314ab5eb2eb47cecc464545ba58e1ad24/library/std/src/panicking.rs:704:13
[INFO] [stdout]   15:     0x64aaf2cadd39 - std::sys::backtrace::__rust_end_short_backtrace::h0390abce48353151
[INFO] [stdout]                                at /rustc/6067b36314ab5eb2eb47cecc464545ba58e1ad24/library/std/src/sys/backtrace.rs:168:18
[INFO] [stdout]   16:     0x64aaf2caf09d - rust_begin_unwind
[INFO] [stdout]                                at /rustc/6067b36314ab5eb2eb47cecc464545ba58e1ad24/library/std/src/panicking.rs:695:5
[INFO] [stdout]   17:     0x64aaf2cd3850 - core::panicking::panic_fmt::h9e7c637e9e5f29c9
[INFO] [stdout]                                at /rustc/6067b36314ab5eb2eb47cecc464545ba58e1ad24/library/core/src/panicking.rs:75:14
[INFO] [stdout]   18:     0x64aaf2cd3c12 - core::panicking::assert_failed_inner::h538bec7c1374cd9c
[INFO] [stdout]   19:     0x64aaf2c3b244 - core::panicking::assert_failed::hbb18e197aa458cc5
[INFO] [stdout]                                at /rustc/6067b36314ab5eb2eb47cecc464545ba58e1ad24/library/core/src/panicking.rs:364:5
[INFO] [stdout]   20:     0x64aaf2c3cc33 - hvacrux_lib::building::tests::test_calculate_heat_gain::haa65cadd7d90d080
[INFO] [stdout]                                at /opt/rustwide/workdir/hvacrux-lib/src/building.rs:270:9
[INFO] [stdout]   21:     0x64aaf2c3c7f7 - hvacrux_lib::building::tests::test_calculate_heat_gain::{{closure}}::h55ec1a882ade467a
[INFO] [stdout]                                at /opt/rustwide/workdir/hvacrux-lib/src/building.rs:224:34
[INFO] [stdout]   22:     0x64aaf2c3a9e6 - core::ops::function::FnOnce::call_once::h2368127566fb9855
[INFO] [stdout]                                at /rustc/6067b36314ab5eb2eb47cecc464545ba58e1ad24/library/core/src/ops/function.rs:250:5
[INFO] [stdout]   23:     0x64aaf2c7cfeb - core::ops::function::FnOnce::call_once::he27718dfdd183f43
[INFO] [stdout]                                at /rustc/6067b36314ab5eb2eb47cecc464545ba58e1ad24/library/core/src/ops/function.rs:250:5
[INFO] [stdout]   24:     0x64aaf2c7cfeb - test::__rust_begin_short_backtrace::h4e84902998457a5d
[INFO] [stdout]                                at /rustc/6067b36314ab5eb2eb47cecc464545ba58e1ad24/library/test/src/lib.rs:632:18
[INFO] [stdout]   25:     0x64aaf2c7bf23 - test::run_test_in_process::{{closure}}::h7176fd18fc1feca0
[INFO] [stdout]                                at /rustc/6067b36314ab5eb2eb47cecc464545ba58e1ad24/library/test/src/lib.rs:655:60
[INFO] [stdout]   26:     0x64aaf2c7bf23 - <core::panic::unwind_safe::AssertUnwindSafe<F> as core::ops::function::FnOnce<()>>::call_once::hf79cff2a624d8cf7
[INFO] [stdout]                                at /rustc/6067b36314ab5eb2eb47cecc464545ba58e1ad24/library/core/src/panic/unwind_safe.rs:272:9
[INFO] [stdout]   27:     0x64aaf2c7bf23 - std::panicking::try::do_call::h3da0561d9ab99c25
[INFO] [stdout]                                at /rustc/6067b36314ab5eb2eb47cecc464545ba58e1ad24/library/std/src/panicking.rs:587:40
[INFO] [stdout]   28:     0x64aaf2c7bf23 - std::panicking::try::h41c9fa508bc61df6
[INFO] [stdout]                                at /rustc/6067b36314ab5eb2eb47cecc464545ba58e1ad24/library/std/src/panicking.rs:550:19
[INFO] [stdout]   29:     0x64aaf2c7bf23 - std::panic::catch_unwind::h6b3ff07bb5afad93
[INFO] [stdout]                                at /rustc/6067b36314ab5eb2eb47cecc464545ba58e1ad24/library/std/src/panic.rs:358:14
[INFO] [stdout]   30:     0x64aaf2c7bf23 - test::run_test_in_process::hc7253dd11b39b9f4
[INFO] [stdout]                                at /rustc/6067b36314ab5eb2eb47cecc464545ba58e1ad24/library/test/src/lib.rs:655:27
[INFO] [stdout]   31:     0x64aaf2c7bf23 - test::run_test::{{closure}}::hfb2007f8649c30bb
[INFO] [stdout]                                at /rustc/6067b36314ab5eb2eb47cecc464545ba58e1ad24/library/test/src/lib.rs:576:43
[INFO] [stdout]   32:     0x64aaf2c3f005 - test::run_test::{{closure}}::h56a17aa7a282a9f4
[INFO] [stdout]                                at /rustc/6067b36314ab5eb2eb47cecc464545ba58e1ad24/library/test/src/lib.rs:606:41
[INFO] [stdout]   33:     0x64aaf2c3f005 - std::sys::backtrace::__rust_begin_short_backtrace::hd2d2d2fb8e8c6aac
[INFO] [stdout]                                at /rustc/6067b36314ab5eb2eb47cecc464545ba58e1ad24/library/std/src/sys/backtrace.rs:152:18
[INFO] [stdout]   34:     0x64aaf2c428ea - std::thread::Builder::spawn_unchecked_::{{closure}}::{{closure}}::h4faa3f9db6133423
[INFO] [stdout]                                at /rustc/6067b36314ab5eb2eb47cecc464545ba58e1ad24/library/std/src/thread/mod.rs:559:17
[INFO] [stdout]   35:     0x64aaf2c428ea - <core::panic::unwind_safe::AssertUnwindSafe<F> as core::ops::function::FnOnce<()>>::call_once::hf2e855a36a4ea846
[INFO] [stdout]                                at /rustc/6067b36314ab5eb2eb47cecc464545ba58e1ad24/library/core/src/panic/unwind_safe.rs:272:9
[INFO] [stdout]   36:     0x64aaf2c428ea - std::panicking::try::do_call::h2f73af3616c35465
[INFO] [stdout]                                at /rustc/6067b36314ab5eb2eb47cecc464545ba58e1ad24/library/std/src/panicking.rs:587:40
[INFO] [stdout]   37:     0x64aaf2c428ea - std::panicking::try::hd1660ce9efadef5a
[INFO] [stdout]                                at /rustc/6067b36314ab5eb2eb47cecc464545ba58e1ad24/library/std/src/panicking.rs:550:19
[INFO] [stdout]   38:     0x64aaf2c428ea - std::panic::catch_unwind::h5ee8d7823b8ca744
[INFO] [stdout]                                at /rustc/6067b36314ab5eb2eb47cecc464545ba58e1ad24/library/std/src/panic.rs:358:14
[INFO] [stdout]   39:     0x64aaf2c428ea - std::thread::Builder::spawn_unchecked_::{{closure}}::h53c3a1894dce8407
[INFO] [stdout]                                at /rustc/6067b36314ab5eb2eb47cecc464545ba58e1ad24/library/std/src/thread/mod.rs:557:30
[INFO] [stdout]   40:     0x64aaf2c428ea - core::ops::function::FnOnce::call_once{{vtable.shim}}::h048ce291ad4f62bf
[INFO] [stdout]                                at /rustc/6067b36314ab5eb2eb47cecc464545ba58e1ad24/library/core/src/ops/function.rs:250:5
[INFO] [stdout]   41:     0x64aaf2cb368b - <alloc::boxed::Box<F,A> as core::ops::function::FnOnce<Args>>::call_once::ha52bedf99a3b4981
[INFO] [stdout]                                at /rustc/6067b36314ab5eb2eb47cecc464545ba58e1ad24/library/alloc/src/boxed.rs:2013:9
[INFO] [stdout]   42:     0x64aaf2cb368b - <alloc::boxed::Box<F,A> as core::ops::function::FnOnce<Args>>::call_once::h567748934d80ccf8
[INFO] [stdout]                                at /rustc/6067b36314ab5eb2eb47cecc464545ba58e1ad24/library/alloc/src/boxed.rs:2013:9
[INFO] [stdout]   43:     0x64aaf2cb368b - std::sys::pal::unix::thread::Thread::new::thread_start::h2d970728ae887adc
[INFO] [stdout]                                at /rustc/6067b36314ab5eb2eb47cecc464545ba58e1ad24/library/std/src/sys/pal/unix/thread.rs:106:17
[INFO] [stdout]   44:     0x7d410f7e3ac3 - <unknown>
[INFO] [stdout]   45:     0x7d410f874a04 - clone
[INFO] [stdout]   46:                0x0 - <unknown>
[INFO] [stdout] 
[INFO] [stdout] ---- building::tests::test_calculate_heat_gain_example_2 stdout ----
[INFO] [stdout] 
[INFO] [stdout] thread 'building::tests::test_calculate_heat_gain_example_2' panicked at hvacrux-lib/src/building.rs:399:9:
[INFO] [stdout] assertion `left == right` failed
[INFO] [stdout]   left: 3535.0
[INFO] [stdout]  right: 2475.0
[INFO] [stdout] stack backtrace:
[INFO] [stdout]    0:     0x64aaf2cad83a - std::backtrace_rs::backtrace::libunwind::trace::hb059275cfc8d6126
[INFO] [stdout]                                at /rustc/6067b36314ab5eb2eb47cecc464545ba58e1ad24/library/std/src/../../backtrace/src/backtrace/libunwind.rs:116:5
[INFO] [stdout]    1:     0x64aaf2cad83a - std::backtrace_rs::backtrace::trace_unsynchronized::h2da071e4327ce3ee
[INFO] [stdout]                                at /rustc/6067b36314ab5eb2eb47cecc464545ba58e1ad24/library/std/src/../../backtrace/src/backtrace/mod.rs:66:5
[INFO] [stdout]    2:     0x64aaf2cad83a - std::sys::backtrace::_print_fmt::h842a1474e6f8d23f
[INFO] [stdout]                                at /rustc/6067b36314ab5eb2eb47cecc464545ba58e1ad24/library/std/src/sys/backtrace.rs:66:9
[INFO] [stdout]    3:     0x64aaf2cad83a - <std::sys::backtrace::BacktraceLock::print::DisplayBacktrace as core::fmt::Display>::fmt::h71a62eb3b9696b12
[INFO] [stdout]                                at /rustc/6067b36314ab5eb2eb47cecc464545ba58e1ad24/library/std/src/sys/backtrace.rs:39:26
[INFO] [stdout]    4:     0x64aaf2cd51f3 - core::fmt::rt::Argument::fmt::hdb6b616786b41dc1
[INFO] [stdout]                                at /rustc/6067b36314ab5eb2eb47cecc464545ba58e1ad24/library/core/src/fmt/rt.rs:177:76
[INFO] [stdout]    5:     0x64aaf2cd51f3 - core::fmt::write::h2cc1698af7e2d686
[INFO] [stdout]                                at /rustc/6067b36314ab5eb2eb47cecc464545ba58e1ad24/library/core/src/fmt/mod.rs:1440:21
[INFO] [stdout]    6:     0x64aaf2caa393 - std::io::Write::write_fmt::hab1b4cd059a79022
[INFO] [stdout]                                at /rustc/6067b36314ab5eb2eb47cecc464545ba58e1ad24/library/std/src/io/mod.rs:1887:15
[INFO] [stdout]    7:     0x64aaf2cad682 - std::sys::backtrace::BacktraceLock::print::h147fe35b4ea13b08
[INFO] [stdout]                                at /rustc/6067b36314ab5eb2eb47cecc464545ba58e1ad24/library/std/src/sys/backtrace.rs:42:9
[INFO] [stdout]    8:     0x64aaf2caec5f - std::panicking::default_hook::{{closure}}::hbd44223dbdc0d208
[INFO] [stdout]                                at /rustc/6067b36314ab5eb2eb47cecc464545ba58e1ad24/library/std/src/panicking.rs:298:22
[INFO] [stdout]    9:     0x64aaf2caea78 - std::panicking::default_hook::h20f81eb0576efcec
[INFO] [stdout]                                at /rustc/6067b36314ab5eb2eb47cecc464545ba58e1ad24/library/std/src/panicking.rs:322:9
[INFO] [stdout]   10:     0x64aaf2c77893 - <alloc::boxed::Box<F,A> as core::ops::function::Fn<Args>>::call::hdb53814c496a4d34
[INFO] [stdout]                                at /rustc/6067b36314ab5eb2eb47cecc464545ba58e1ad24/library/alloc/src/boxed.rs:2027:9
[INFO] [stdout]   11:     0x64aaf2c77893 - test::test_main::{{closure}}::hc0a4963c59427c24
[INFO] [stdout]                                at /rustc/6067b36314ab5eb2eb47cecc464545ba58e1ad24/library/test/src/lib.rs:134:21
[INFO] [stdout]   12:     0x64aaf2caf753 - <alloc::boxed::Box<F,A> as core::ops::function::Fn<Args>>::call::h591b2225413a77e9
[INFO] [stdout]                                at /rustc/6067b36314ab5eb2eb47cecc464545ba58e1ad24/library/alloc/src/boxed.rs:2027:9
[INFO] [stdout]   13:     0x64aaf2caf753 - std::panicking::rust_panic_with_hook::h625eea43051b2edc
[INFO] [stdout]                                at /rustc/6067b36314ab5eb2eb47cecc464545ba58e1ad24/library/std/src/panicking.rs:839:13
[INFO] [stdout]   14:     0x64aaf2caf40a - std::panicking::begin_panic_handler::{{closure}}::h4f9159cfbc3f6bd3
[INFO] [stdout]                                at /rustc/6067b36314ab5eb2eb47cecc464545ba58e1ad24/library/std/src/panicking.rs:704:13
[INFO] [stdout]   15:     0x64aaf2cadd39 - std::sys::backtrace::__rust_end_short_backtrace::h0390abce48353151
[INFO] [stdout]                                at /rustc/6067b36314ab5eb2eb47cecc464545ba58e1ad24/library/std/src/sys/backtrace.rs:168:18
[INFO] [stdout]   16:     0x64aaf2caf09d - rust_begin_unwind
[INFO] [stdout]                                at /rustc/6067b36314ab5eb2eb47cecc464545ba58e1ad24/library/std/src/panicking.rs:695:5
[INFO] [stdout]   17:     0x64aaf2cd3850 - core::panicking::panic_fmt::h9e7c637e9e5f29c9
[INFO] [stdout]                                at /rustc/6067b36314ab5eb2eb47cecc464545ba58e1ad24/library/core/src/panicking.rs:75:14
[INFO] [stdout]   18:     0x64aaf2cd3c12 - core::panicking::assert_failed_inner::h538bec7c1374cd9c
[INFO] [stdout]   19:     0x64aaf2c3b244 - core::panicking::assert_failed::hbb18e197aa458cc5
[INFO] [stdout]                                at /rustc/6067b36314ab5eb2eb47cecc464545ba58e1ad24/library/core/src/panicking.rs:364:5
[INFO] [stdout]   20:     0x64aaf2c3d748 - hvacrux_lib::building::tests::test_calculate_heat_gain_example_2::hb647b07b933266e9
[INFO] [stdout]                                at /opt/rustwide/workdir/hvacrux-lib/src/building.rs:399:9
[INFO] [stdout]   21:     0x64aaf2c3d267 - hvacrux_lib::building::tests::test_calculate_heat_gain_example_2::{{closure}}::h023c664e2ea2068a
[INFO] [stdout]                                at /opt/rustwide/workdir/hvacrux-lib/src/building.rs:340:44
[INFO] [stdout]   22:     0x64aaf2c3aa76 - core::ops::function::FnOnce::call_once::h6e6025869ce8ea03
[INFO] [stdout]                                at /rustc/6067b36314ab5eb2eb47cecc464545ba58e1ad24/library/core/src/ops/function.rs:250:5
[INFO] [stdout]   23:     0x64aaf2c7cfeb - core::ops::function::FnOnce::call_once::he27718dfdd183f43
[INFO] [stdout]                                at /rustc/6067b36314ab5eb2eb47cecc464545ba58e1ad24/library/core/src/ops/function.rs:250:5
[INFO] [stdout]   24:     0x64aaf2c7cfeb - test::__rust_begin_short_backtrace::h4e84902998457a5d
[INFO] [stdout]                                at /rustc/6067b36314ab5eb2eb47cecc464545ba58e1ad24/library/test/src/lib.rs:632:18
[INFO] [stdout]   25:     0x64aaf2c7bf23 - test::run_test_in_process::{{closure}}::h7176fd18fc1feca0
[INFO] [stdout]                                at /rustc/6067b36314ab5eb2eb47cecc464545ba58e1ad24/library/test/src/lib.rs:655:60
[INFO] [stdout]   26:     0x64aaf2c7bf23 - <core::panic::unwind_safe::AssertUnwindSafe<F> as core::ops::function::FnOnce<()>>::call_once::hf79cff2a624d8cf7
[INFO] [stdout]                                at /rustc/6067b36314ab5eb2eb47cecc464545ba58e1ad24/library/core/src/panic/unwind_safe.rs:272:9
[INFO] [stdout]   27:     0x64aaf2c7bf23 - std::panicking::try::do_call::h3da0561d9ab99c25
[INFO] [stdout]                                at /rustc/6067b36314ab5eb2eb47cecc464545ba58e1ad24/library/std/src/panicking.rs:587:40
[INFO] [stdout]   28:     0x64aaf2c7bf23 - std::panicking::try::h41c9fa508bc61df6
[INFO] [stdout]                                at /rustc/6067b36314ab5eb2eb47cecc464545ba58e1ad24/library/std/src/panicking.rs:550:19
[INFO] [stdout]   29:     0x64aaf2c7bf23 - std::panic::catch_unwind::h6b3ff07bb5afad93
[INFO] [stdout]                                at /rustc/6067b36314ab5eb2eb47cecc464545ba58e1ad24/library/std/src/panic.rs:358:14
[INFO] [stdout]   30:     0x64aaf2c7bf23 - test::run_test_in_process::hc7253dd11b39b9f4
[INFO] [stdout]                                at /rustc/6067b36314ab5eb2eb47cecc464545ba58e1ad24/library/test/src/lib.rs:655:27
[INFO] [stdout]   31:     0x64aaf2c7bf23 - test::run_test::{{closure}}::hfb2007f8649c30bb
[INFO] [stdout]                                at /rustc/6067b36314ab5eb2eb47cecc464545ba58e1ad24/library/test/src/lib.rs:576:43
[INFO] [stdout]   32:     0x64aaf2c3f005 - test::run_test::{{closure}}::h56a17aa7a282a9f4
[INFO] [stdout]                                at /rustc/6067b36314ab5eb2eb47cecc464545ba58e1ad24/library/test/src/lib.rs:606:41
[INFO] [stdout]   33:     0x64aaf2c3f005 - std::sys::backtrace::__rust_begin_short_backtrace::hd2d2d2fb8e8c6aac
[INFO] [stdout]                                at /rustc/6067b36314ab5eb2eb47cecc464545ba58e1ad24/library/std/src/sys/backtrace.rs:152:18
[INFO] [stdout]   34:     0x64aaf2c428ea - std::thread::Builder::spawn_unchecked_::{{closure}}::{{closure}}::h4faa3f9db6133423
[INFO] [stdout]                                at /rustc/6067b36314ab5eb2eb47cecc464545ba58e1ad24/library/std/src/thread/mod.rs:559:17
[INFO] [stdout]   35:     0x64aaf2c428ea - <core::panic::unwind_safe::AssertUnwindSafe<F> as core::ops::function::FnOnce<()>>::call_once::hf2e855a36a4ea846
[INFO] [stdout]                                at /rustc/6067b36314ab5eb2eb47cecc464545ba58e1ad24/library/core/src/panic/unwind_safe.rs:272:9
[INFO] [stdout]   36:     0x64aaf2c428ea - std::panicking::try::do_call::h2f73af3616c35465
[INFO] [stdout]                                at /rustc/6067b36314ab5eb2eb47cecc464545ba58e1ad24/library/std/src/panicking.rs:587:40
[INFO] [stdout]   37:     0x64aaf2c428ea - std::panicking::try::hd1660ce9efadef5a
[INFO] [stdout]                                at /rustc/6067b36314ab5eb2eb47cecc464545ba58e1ad24/library/std/src/panicking.rs:550:19
[INFO] [stdout]   38:     0x64aaf2c428ea - std::panic::catch_unwind::h5ee8d7823b8ca744
[INFO] [stdout]                                at /rustc/6067b36314ab5eb2eb47cecc464545ba58e1ad24/library/std/src/panic.rs:358:14
[INFO] [stdout]   39:     0x64aaf2c428ea - std::thread::Builder::spawn_unchecked_::{{closure}}::h53c3a1894dce8407
[INFO] [stdout]                                at /rustc/6067b36314ab5eb2eb47cecc464545ba58e1ad24/library/std/src/thread/mod.rs:557:30
[INFO] [stdout]   40:     0x64aaf2c428ea - core::ops::function::FnOnce::call_once{{vtable.shim}}::h048ce291ad4f62bf
[INFO] [stdout]                                at /rustc/6067b36314ab5eb2eb47cecc464545ba58e1ad24/library/core/src/ops/function.rs:250:5
[INFO] [stdout]   41:     0x64aaf2cb368b - <alloc::boxed::Box<F,A> as core::ops::function::FnOnce<Args>>::call_once::ha52bedf99a3b4981
[INFO] [stdout]                                at /rustc/6067b36314ab5eb2eb47cecc464545ba58e1ad24/library/alloc/src/boxed.rs:2013:9
[INFO] [stdout]   42:     0x64aaf2cb368b - <alloc::boxed::Box<F,A> as core::ops::function::FnOnce<Args>>::call_once::h567748934d80ccf8
[INFO] [stdout]                                at /rustc/6067b36314ab5eb2eb47cecc464545ba58e1ad24/library/alloc/src/boxed.rs:2013:9
[INFO] [stdout]   43:     0x64aaf2cb368b - std::sys::pal::unix::thread::Thread::new::thread_start::h2d970728ae887adc
[INFO] [stdout]                                at /rustc/6067b36314ab5eb2eb47cecc464545ba58e1ad24/library/std/src/sys/pal/unix/thread.rs:106:17
[INFO] [stdout]   44:     0x7d410f7e3ac3 - <unknown>
[INFO] [stdout]   45:     0x7d410f874a04 - clone
[INFO] [stdout]   46:                0x0 - <unknown>
[INFO] [stdout] 
[INFO] [stdout] ---- building::tests::test_calculate_heat_loss_example_1 stdout ----
[INFO] [stdout] 
[INFO] [stdout] thread 'building::tests::test_calculate_heat_loss_example_1' panicked at hvacrux-lib/src/building.rs:336:9:
[INFO] [stdout] assertion `left == right` failed
[INFO] [stdout]   left: 20191.0
[INFO] [stdout]  right: 31680.0
[INFO] [stdout] stack backtrace:
[INFO] [stdout]    0:     0x64aaf2cad83a - std::backtrace_rs::backtrace::libunwind::trace::hb059275cfc8d6126
[INFO] [stdout]                                at /rustc/6067b36314ab5eb2eb47cecc464545ba58e1ad24/library/std/src/../../backtrace/src/backtrace/libunwind.rs:116:5
[INFO] [stdout]    1:     0x64aaf2cad83a - std::backtrace_rs::backtrace::trace_unsynchronized::h2da071e4327ce3ee
[INFO] [stdout]                                at /rustc/6067b36314ab5eb2eb47cecc464545ba58e1ad24/library/std/src/../../backtrace/src/backtrace/mod.rs:66:5
[INFO] [stdout]    2:     0x64aaf2cad83a - std::sys::backtrace::_print_fmt::h842a1474e6f8d23f
[INFO] [stdout]                                at /rustc/6067b36314ab5eb2eb47cecc464545ba58e1ad24/library/std/src/sys/backtrace.rs:66:9
[INFO] [stdout]    3:     0x64aaf2cad83a - <std::sys::backtrace::BacktraceLock::print::DisplayBacktrace as core::fmt::Display>::fmt::h71a62eb3b9696b12
[INFO] [stdout]                                at /rustc/6067b36314ab5eb2eb47cecc464545ba58e1ad24/library/std/src/sys/backtrace.rs:39:26
[INFO] [stdout]    4:     0x64aaf2cd51f3 - core::fmt::rt::Argument::fmt::hdb6b616786b41dc1
[INFO] [stdout]                                at /rustc/6067b36314ab5eb2eb47cecc464545ba58e1ad24/library/core/src/fmt/rt.rs:177:76
[INFO] [stdout]    5:     0x64aaf2cd51f3 - core::fmt::write::h2cc1698af7e2d686
[INFO] [stdout]                                at /rustc/6067b36314ab5eb2eb47cecc464545ba58e1ad24/library/core/src/fmt/mod.rs:1440:21
[INFO] [stdout]    6:     0x64aaf2caa393 - std::io::Write::write_fmt::hab1b4cd059a79022
[INFO] [stdout]                                at /rustc/6067b36314ab5eb2eb47cecc464545ba58e1ad24/library/std/src/io/mod.rs:1887:15
[INFO] [stdout]    7:     0x64aaf2cad682 - std::sys::backtrace::BacktraceLock::print::h147fe35b4ea13b08
[INFO] [stdout]                                at /rustc/6067b36314ab5eb2eb47cecc464545ba58e1ad24/library/std/src/sys/backtrace.rs:42:9
[INFO] [stdout]    8:     0x64aaf2caec5f - std::panicking::default_hook::{{closure}}::hbd44223dbdc0d208
[INFO] [stdout]                                at /rustc/6067b36314ab5eb2eb47cecc464545ba58e1ad24/library/std/src/panicking.rs:298:22
[INFO] [stdout]    9:     0x64aaf2caea78 - std::panicking::default_hook::h20f81eb0576efcec
[INFO] [stdout]                                at /rustc/6067b36314ab5eb2eb47cecc464545ba58e1ad24/library/std/src/panicking.rs:322:9
[INFO] [stdout]   10:     0x64aaf2c77893 - <alloc::boxed::Box<F,A> as core::ops::function::Fn<Args>>::call::hdb53814c496a4d34
[INFO] [stdout]                                at /rustc/6067b36314ab5eb2eb47cecc464545ba58e1ad24/library/alloc/src/boxed.rs:2027:9
[INFO] [stdout]   11:     0x64aaf2c77893 - test::test_main::{{closure}}::hc0a4963c59427c24
[INFO] [stdout]                                at /rustc/6067b36314ab5eb2eb47cecc464545ba58e1ad24/library/test/src/lib.rs:134:21
[INFO] [stdout]   12:     0x64aaf2caf753 - <alloc::boxed::Box<F,A> as core::ops::function::Fn<Args>>::call::h591b2225413a77e9
[INFO] [stdout]                                at /rustc/6067b36314ab5eb2eb47cecc464545ba58e1ad24/library/alloc/src/boxed.rs:2027:9
[INFO] [stdout]   13:     0x64aaf2caf753 - std::panicking::rust_panic_with_hook::h625eea43051b2edc
[INFO] [stdout]                                at /rustc/6067b36314ab5eb2eb47cecc464545ba58e1ad24/library/std/src/panicking.rs:839:13
[INFO] [stdout]   14:     0x64aaf2caf40a - std::panicking::begin_panic_handler::{{closure}}::h4f9159cfbc3f6bd3
[INFO] [stdout]                                at /rustc/6067b36314ab5eb2eb47cecc464545ba58e1ad24/library/std/src/panicking.rs:704:13
[INFO] [stdout]   15:     0x64aaf2cadd39 - std::sys::backtrace::__rust_end_short_backtrace::h0390abce48353151
[INFO] [stdout]                                at /rustc/6067b36314ab5eb2eb47cecc464545ba58e1ad24/library/std/src/sys/backtrace.rs:168:18
[INFO] [stdout]   16:     0x64aaf2caf09d - rust_begin_unwind
[INFO] [stdout]                                at /rustc/6067b36314ab5eb2eb47cecc464545ba58e1ad24/library/std/src/panicking.rs:695:5
[INFO] [stdout]   17:     0x64aaf2cd3850 - core::panicking::panic_fmt::h9e7c637e9e5f29c9
[INFO] [stdout]                                at /rustc/6067b36314ab5eb2eb47cecc464545ba58e1ad24/library/core/src/panicking.rs:75:14
[INFO] [stdout]   18:     0x64aaf2cd3c12 - core::panicking::assert_failed_inner::h538bec7c1374cd9c
[INFO] [stdout]   19:     0x64aaf2c3b244 - core::panicking::assert_failed::hbb18e197aa458cc5
[INFO] [stdout]                                at /rustc/6067b36314ab5eb2eb47cecc464545ba58e1ad24/library/core/src/panicking.rs:364:5
[INFO] [stdout]   20:     0x64aaf2c3d1fc - hvacrux_lib::building::tests::test_calculate_heat_loss_example_1::h3e9fb51303fd4f2f
[INFO] [stdout]                                at /opt/rustwide/workdir/hvacrux-lib/src/building.rs:336:9
[INFO] [stdout]   21:     0x64aaf2c3ce37 - hvacrux_lib::building::tests::test_calculate_heat_loss_example_1::{{closure}}::hb433e082d78c5565
[INFO] [stdout]                                at /opt/rustwide/workdir/hvacrux-lib/src/building.rs:292:44
[INFO] [stdout]   22:     0x64aaf2c3aa26 - core::ops::function::FnOnce::call_once::h2e69daeb73cfa85b
[INFO] [stdout]                                at /rustc/6067b36314ab5eb2eb47cecc464545ba58e1ad24/library/core/src/ops/function.rs:250:5
[INFO] [stdout]   23:     0x64aaf2c7cfeb - core::ops::function::FnOnce::call_once::he27718dfdd183f43
[INFO] [stdout]                                at /rustc/6067b36314ab5eb2eb47cecc464545ba58e1ad24/library/core/src/ops/function.rs:250:5
[INFO] [stdout]   24:     0x64aaf2c7cfeb - test::__rust_begin_short_backtrace::h4e84902998457a5d
[INFO] [stdout]                                at /rustc/6067b36314ab5eb2eb47cecc464545ba58e1ad24/library/test/src/lib.rs:632:18
[INFO] [stdout]   25:     0x64aaf2c7bf23 - test::run_test_in_process::{{closure}}::h7176fd18fc1feca0
[INFO] [stdout]                                at /rustc/6067b36314ab5eb2eb47cecc464545ba58e1ad24/library/test/src/lib.rs:655:60
[INFO] [stdout]   26:     0x64aaf2c7bf23 - <core::panic::unwind_safe::AssertUnwindSafe<F> as core::ops::function::FnOnce<()>>::call_once::hf79cff2a624d8cf7
[INFO] [stdout]                                at /rustc/6067b36314ab5eb2eb47cecc464545ba58e1ad24/library/core/src/panic/unwind_safe.rs:272:9
[INFO] [stdout]   27:     0x64aaf2c7bf23 - std::panicking::try::do_call::h3da0561d9ab99c25
[INFO] [stdout]                                at /rustc/6067b36314ab5eb2eb47cecc464545ba58e1ad24/library/std/src/panicking.rs:587:40
[INFO] [stdout]   28:     0x64aaf2c7bf23 - std::panicking::try::h41c9fa508bc61df6
[INFO] [stdout]                                at /rustc/6067b36314ab5eb2eb47cecc464545ba58e1ad24/library/std/src/panicking.rs:550:19
[INFO] [stdout]   29:     0x64aaf2c7bf23 - std::panic::catch_unwind::h6b3ff07bb5afad93
[INFO] [stdout]                                at /rustc/6067b36314ab5eb2eb47cecc464545ba58e1ad24/library/std/src/panic.rs:358:14
[INFO] [stdout]   30:     0x64aaf2c7bf23 - test::run_test_in_process::hc7253dd11b39b9f4
[INFO] [stdout]                                at /rustc/6067b36314ab5eb2eb47cecc464545ba58e1ad24/library/test/src/lib.rs:655:27
[INFO] [stdout]   31:     0x64aaf2c7bf23 - test::run_test::{{closure}}::hfb2007f8649c30bb
[INFO] [stdout]                                at /rustc/6067b36314ab5eb2eb47cecc464545ba58e1ad24/library/test/src/lib.rs:576:43
[INFO] [stdout]   32:     0x64aaf2c3f005 - test::run_test::{{closure}}::h56a17aa7a282a9f4
[INFO] [stdout]                                at /rustc/6067b36314ab5eb2eb47cecc464545ba58e1ad24/library/test/src/lib.rs:606:41
[INFO] [stdout]   33:     0x64aaf2c3f005 - std::sys::backtrace::__rust_begin_short_backtrace::hd2d2d2fb8e8c6aac
[INFO] [stdout]                                at /rustc/6067b36314ab5eb2eb47cecc464545ba58e1ad24/library/std/src/sys/backtrace.rs:152:18
[INFO] [stdout]   34:     0x64aaf2c428ea - std::thread::Builder::spawn_unchecked_::{{closure}}::{{closure}}::h4faa3f9db6133423
[INFO] [stdout]                                at /rustc/6067b36314ab5eb2eb47cecc464545ba58e1ad24/library/std/src/thread/mod.rs:559:17
[INFO] [stdout]   35:     0x64aaf2c428ea - <core::panic::unwind_safe::AssertUnwindSafe<F> as core::ops::function::FnOnce<()>>::call_once::hf2e855a36a4ea846
[INFO] [stdout]                                at /rustc/6067b36314ab5eb2eb47cecc464545ba58e1ad24/library/core/src/panic/unwind_safe.rs:272:9
[INFO] [stdout]   36:     0x64aaf2c428ea - std::panicking::try::do_call::h2f73af3616c35465
[INFO] [stdout]                                at /rustc/6067b36314ab5eb2eb47cecc464545ba58e1ad24/library/std/src/panicking.rs:587:40
[INFO] [stdout]   37:     0x64aaf2c428ea - std::panicking::try::hd1660ce9efadef5a
[INFO] [stdout]                                at /rustc/6067b36314ab5eb2eb47cecc464545ba58e1ad24/library/std/src/panicking.rs:550:19
[INFO] [stdout]   38:     0x64aaf2c428ea - std::panic::catch_unwind::h5ee8d7823b8ca744
[INFO] [stdout]                                at /rustc/6067b36314ab5eb2eb47cecc464545ba58e1ad24/library/std/src/panic.rs:358:14
[INFO] [stdout]   39:     0x64aaf2c428ea - std::thread::Builder::spawn_unchecked_::{{closure}}::h53c3a1894dce8407
[INFO] [stdout]                                at /rustc/6067b36314ab5eb2eb47cecc464545ba58e1ad24/library/std/src/thread/mod.rs:557:30
[INFO] [stdout]   40:     0x64aaf2c428ea - core::ops::function::FnOnce::call_once{{vtable.shim}}::h048ce291ad4f62bf
[INFO] [stdout]                                at /rustc/6067b36314ab5eb2eb47cecc464545ba58e1ad24/library/core/src/ops/function.rs:250:5
[INFO] [stdout]   41:     0x64aaf2cb368b - <alloc::boxed::Box<F,A> as core::ops::function::FnOnce<Args>>::call_once::ha52bedf99a3b4981
[INFO] [stdout]                                at /rustc/6067b36314ab5eb2eb47cecc464545ba58e1ad24/library/alloc/src/boxed.rs:2013:9
[INFO] [stdout]   42:     0x64aaf2cb368b - <alloc::boxed::Box<F,A> as core::ops::function::FnOnce<Args>>::call_once::h567748934d80ccf8
[INFO] [stdout]                                at /rustc/6067b36314ab5eb2eb47cecc464545ba58e1ad24/library/alloc/src/boxed.rs:2013:9
[INFO] [stdout]   43:     0x64aaf2cb368b - std::sys::pal::unix::thread::Thread::new::thread_start::h2d970728ae887adc
[INFO] [stdout]                                at /rustc/6067b36314ab5eb2eb47cecc464545ba58e1ad24/library/std/src/sys/pal/unix/thread.rs:106:17
[INFO] [stdout]   44:     0x7d410f7e3ac3 - <unknown>
[INFO] [stdout]   45:     0x7d410f874a04 - clone
[INFO] [stdout]   46:                0x0 - <unknown>
[INFO] [stdout] 
[INFO] [stdout] ---- building::tests::test_calculate_heat_loss stdout ----
[INFO] [stdout] 
[INFO] [stdout] thread 'building::tests::test_calculate_heat_loss' panicked at hvacrux-lib/src/building.rs:220:9:
[INFO] [stdout] assertion `left == right` failed
[INFO] [stdout]   left: 3572.75
[INFO] [stdout]  right: 8320.0
[INFO] [stdout] stack backtrace:
[INFO] [stdout]    0:     0x64aaf2cad83a - std::backtrace_rs::backtrace::libunwind::trace::hb059275cfc8d6126
[INFO] [stdout]                                at /rustc/6067b36314ab5eb2eb47cecc464545ba58e1ad24/library/std/src/../../backtrace/src/backtrace/libunwind.rs:116:5
[INFO] [stdout]    1:     0x64aaf2cad83a - std::backtrace_rs::backtrace::trace_unsynchronized::h2da071e4327ce3ee
[INFO] [stdout]                                at /rustc/6067b36314ab5eb2eb47cecc464545ba58e1ad24/library/std/src/../../backtrace/src/backtrace/mod.rs:66:5
[INFO] [stdout]    2:     0x64aaf2cad83a - std::sys::backtrace::_print_fmt::h842a1474e6f8d23f
[INFO] [stdout]                                at /rustc/6067b36314ab5eb2eb47cecc464545ba58e1ad24/library/std/src/sys/backtrace.rs:66:9
[INFO] [stdout]    3:     0x64aaf2cad83a - <std::sys::backtrace::BacktraceLock::print::DisplayBacktrace as core::fmt::Display>::fmt::h71a62eb3b9696b12
[INFO] [stdout]                                at /rustc/6067b36314ab5eb2eb47cecc464545ba58e1ad24/library/std/src/sys/backtrace.rs:39:26
[INFO] [stdout]    4:     0x64aaf2cd51f3 - core::fmt::rt::Argument::fmt::hdb6b616786b41dc1
[INFO] [stdout]                                at /rustc/6067b36314ab5eb2eb47cecc464545ba58e1ad24/library/core/src/fmt/rt.rs:177:76
[INFO] [stdout]    5:     0x64aaf2cd51f3 - core::fmt::write::h2cc1698af7e2d686
[INFO] [stdout]                                at /rustc/6067b36314ab5eb2eb47cecc464545ba58e1ad24/library/core/src/fmt/mod.rs:1440:21
[INFO] [stdout]    6:     0x64aaf2caa393 - std::io::Write::write_fmt::hab1b4cd059a79022
[INFO] [stdout]                                at /rustc/6067b36314ab5eb2eb47cecc464545ba58e1ad24/library/std/src/io/mod.rs:1887:15
[INFO] [stdout]    7:     0x64aaf2cad682 - std::sys::backtrace::BacktraceLock::print::h147fe35b4ea13b08
[INFO] [stdout]                                at /rustc/6067b36314ab5eb2eb47cecc464545ba58e1ad24/library/std/src/sys/backtrace.rs:42:9
[INFO] [stdout]    8:     0x64aaf2caec5f - std::panicking::default_hook::{{closure}}::hbd44223dbdc0d208
[INFO] [stdout]                                at /rustc/6067b36314ab5eb2eb47cecc464545ba58e1ad24/library/std/src/panicking.rs:298:22
[INFO] [stdout]    9:     0x64aaf2caea78 - std::panicking::default_hook::h20f81eb0576efcec
[INFO] [stdout]                                at /rustc/6067b36314ab5eb2eb47cecc464545ba58e1ad24/library/std/src/panicking.rs:322:9
[INFO] [stdout]   10:     0x64aaf2c77893 - <alloc::boxed::Box<F,A> as core::ops::function::Fn<Args>>::call::hdb53814c496a4d34
[INFO] [stdout]                                at /rustc/6067b36314ab5eb2eb47cecc464545ba58e1ad24/library/alloc/src/boxed.rs:2027:9
[INFO] [stdout]   11:     0x64aaf2c77893 - test::test_main::{{closure}}::hc0a4963c59427c24
[INFO] [stdout]                                at /rustc/6067b36314ab5eb2eb47cecc464545ba58e1ad24/library/test/src/lib.rs:134:21
[INFO] [stdout]   12:     0x64aaf2caf753 - <alloc::boxed::Box<F,A> as core::ops::function::Fn<Args>>::call::h591b2225413a77e9
[INFO] [stdout]                                at /rustc/6067b36314ab5eb2eb47cecc464545ba58e1ad24/library/alloc/src/boxed.rs:2027:9
[INFO] [stdout]   13:     0x64aaf2caf753 - std::panicking::rust_panic_with_hook::h625eea43051b2edc
[INFO] [stdout]                                at /rustc/6067b36314ab5eb2eb47cecc464545ba58e1ad24/library/std/src/panicking.rs:839:13
[INFO] [stdout]   14:     0x64aaf2caf40a - std::panicking::begin_panic_handler::{{closure}}::h4f9159cfbc3f6bd3
[INFO] [stdout]                                at /rustc/6067b36314ab5eb2eb47cecc464545ba58e1ad24/library/std/src/panicking.rs:704:13
[INFO] [stdout]   15:     0x64aaf2cadd39 - std::sys::backtrace::__rust_end_short_backtrace::h0390abce48353151
[INFO] [stdout]                                at /rustc/6067b36314ab5eb2eb47cecc464545ba58e1ad24/library/std/src/sys/backtrace.rs:168:18
[INFO] [stdout]   16:     0x64aaf2caf09d - rust_begin_unwind
[INFO] [stdout]                                at /rustc/6067b36314ab5eb2eb47cecc464545ba58e1ad24/library/std/src/panicking.rs:695:5
[INFO] [stdout]   17:     0x64aaf2cd3850 - core::panicking::panic_fmt::h9e7c637e9e5f29c9
[INFO] [stdout]                                at /rustc/6067b36314ab5eb2eb47cecc464545ba58e1ad24/library/core/src/panicking.rs:75:14
[INFO] [stdout]   18:     0x64aaf2cd3c12 - core::panicking::assert_failed_inner::h538bec7c1374cd9c
[INFO] [stdout]   19:     0x64aaf2c3b244 - core::panicking::assert_failed::hbb18e197aa458cc5
[INFO] [stdout]                                at /rustc/6067b36314ab5eb2eb47cecc464545ba58e1ad24/library/core/src/panicking.rs:364:5
[INFO] [stdout]   20:     0x64aaf2c3c78f - hvacrux_lib::building::tests::test_calculate_heat_loss::hcc61d61e53494e37
[INFO] [stdout]                                at /opt/rustwide/workdir/hvacrux-lib/src/building.rs:220:9
[INFO] [stdout]   21:     0x64aaf2c3c327 - hvacrux_lib::building::tests::test_calculate_heat_loss::{{closure}}::hda4dc8be58f9ffe0
[INFO] [stdout]                                at /opt/rustwide/workdir/hvacrux-lib/src/building.rs:169:34
[INFO] [stdout]   22:     0x64aaf2c3aab6 - core::ops::function::FnOnce::call_once::h98ca9c0c993d58a3
[INFO] [stdout]                                at /rustc/6067b36314ab5eb2eb47cecc464545ba58e1ad24/library/core/src/ops/function.rs:250:5
[INFO] [stdout]   23:     0x64aaf2c7cfeb - core::ops::function::FnOnce::call_once::he27718dfdd183f43
[INFO] [stdout]                                at /rustc/6067b36314ab5eb2eb47cecc464545ba58e1ad24/library/core/src/ops/function.rs:250:5
[INFO] [stdout]   24:     0x64aaf2c7cfeb - test::__rust_begin_short_backtrace::h4e84902998457a5d
[INFO] [stdout]                                at /rustc/6067b36314ab5eb2eb47cecc464545ba58e1ad24/library/test/src/lib.rs:632:18
[INFO] [stdout]   25:     0x64aaf2c7bf23 - test::run_test_in_process::{{closure}}::h7176fd18fc1feca0
[INFO] [stdout]                                at /rustc/6067b36314ab5eb2eb47cecc464545ba58e1ad24/library/test/src/lib.rs:655:60
[INFO] [stdout]   26:     0x64aaf2c7bf23 - <core::panic::unwind_safe::AssertUnwindSafe<F> as core::ops::function::FnOnce<()>>::call_once::hf79cff2a624d8cf7
[INFO] [stdout]                                at /rustc/6067b36314ab5eb2eb47cecc464545ba58e1ad24/library/core/src/panic/unwind_safe.rs:272:9
[INFO] [stdout]   27:     0x64aaf2c7bf23 - std::panicking::try::do_call::h3da0561d9ab99c25
[INFO] [stdout]                                at /rustc/6067b36314ab5eb2eb47cecc464545ba58e1ad24/library/std/src/panicking.rs:587:40
[INFO] [stdout]   28:     0x64aaf2c7bf23 - std::panicking::try::h41c9fa508bc61df6
[INFO] [stdout]                                at /rustc/6067b36314ab5eb2eb47cecc464545ba58e1ad24/library/std/src/panicking.rs:550:19
[INFO] [stdout]   29:     0x64aaf2c7bf23 - std::panic::catch_unwind::h6b3ff07bb5afad93
[INFO] [stdout]                                at /rustc/6067b36314ab5eb2eb47cecc464545ba58e1ad24/library/std/src/panic.rs:358:14
[INFO] [stdout]   30:     0x64aaf2c7bf23 - test::run_test_in_process::hc7253dd11b39b9f4
[INFO] [stdout]                                at /rustc/6067b36314ab5eb2eb47cecc464545ba58e1ad24/library/test/src/lib.rs:655:27
[INFO] [stdout]   31:     0x64aaf2c7bf23 - test::run_test::{{closure}}::hfb2007f8649c30bb
[INFO] [stdout]                                at /rustc/6067b36314ab5eb2eb47cecc464545ba58e1ad24/library/test/src/lib.rs:576:43
[INFO] [stdout]   32:     0x64aaf2c3f005 - test::run_test::{{closure}}::h56a17aa7a282a9f4
[INFO] [stdout]                                at /rustc/6067b36314ab5eb2eb47cecc464545ba58e1ad24/library/test/src/lib.rs:606:41
[INFO] [stdout]   33:     0x64aaf2c3f005 - std::sys::backtrace::__rust_begin_short_backtrace::hd2d2d2fb8e8c6aac
[INFO] [stdout]                                at /rustc/6067b36314ab5eb2eb47cecc464545ba58e1ad24/library/std/src/sys/backtrace.rs:152:18
[INFO] [stdout]   34:     0x64aaf2c428ea - std::thread::Builder::spawn_unchecked_::{{closure}}::{{closure}}::h4faa3f9db6133423
[INFO] [stdout]                                at /rustc/6067b36314ab5eb2eb47cecc464545ba58e1ad24/library/std/src/thread/mod.rs:559:17
[INFO] [stdout]   35:     0x64aaf2c428ea - <core::panic::unwind_safe::AssertUnwindSafe<F> as core::ops::function::FnOnce<()>>::call_once::hf2e855a36a4ea846
[INFO] [stdout]                                at /rustc/6067b36314ab5eb2eb47cecc464545ba58e1ad24/library/core/src/panic/unwind_safe.rs:272:9
[INFO] [stdout]   36:     0x64aaf2c428ea - std::panicking::try::do_call::h2f73af3616c35465
[INFO] [stdout]                                at /rustc/6067b36314ab5eb2eb47cecc464545ba58e1ad24/library/std/src/panicking.rs:587:40
[INFO] [stdout]   37:     0x64aaf2c428ea - std::panicking::try::hd1660ce9efadef5a
[INFO] [stdout]                                at /rustc/6067b36314ab5eb2eb47cecc464545ba58e1ad24/library/std/src/panicking.rs:550:19
[INFO] [stdout]   38:     0x64aaf2c428ea - std::panic::catch_unwind::h5ee8d7823b8ca744
[INFO] [stdout]                                at /rustc/6067b36314ab5eb2eb47cecc464545ba58e1ad24/library/std/src/panic.rs:358:14
[INFO] [stdout]   39:     0x64aaf2c428ea - std::thread::Builder::spawn_unchecked_::{{closure}}::h53c3a1894dce8407
[INFO] [stdout]                                at /rustc/6067b36314ab5eb2eb47cecc464545ba58e1ad24/library/std/src/thread/mod.rs:557:30
[INFO] [stdout]   40:     0x64aaf2c428ea - core::ops::function::FnOnce::call_once{{vtable.shim}}::h048ce291ad4f62bf
[INFO] [stdout]                                at /rustc/6067b36314ab5eb2eb47cecc464545ba58e1ad24/library/core/src/ops/function.rs:250:5
[INFO] [stdout]   41:     0x64aaf2cb368b - <alloc::boxed::Box<F,A> as core::ops::function::FnOnce<Args>>::call_once::ha52bedf99a3b4981
[INFO] [stdout]                                at /rustc/6067b36314ab5eb2eb47cecc464545ba58e1ad24/library/alloc/src/boxed.rs:2013:9
[INFO] [stdout]   42:     0x64aaf2cb368b - <alloc::boxed::Box<F,A> as core::ops::function::FnOnce<Args>>::call_once::h567748934d80ccf8
[INFO] [stdout]                                at /rustc/6067b36314ab5eb2eb47cecc464545ba58e1ad24/library/alloc/src/boxed.rs:2013:9
[INFO] [stdout]   43:     0x64aaf2cb368b - std::sys::pal::unix::thread::Thread::new::thread_start::h2d970728ae887adc
[INFO] [stdout]                                at /rustc/6067b36314ab5eb2eb47cecc464545ba58e1ad24/library/std/src/sys/pal/unix/thread.rs:106:17
[INFO] [stdout]   44:     0x7d410f7e3ac3 - <unknown>
[INFO] [stdout]   45:     0x7d410f874a04 - clone
[INFO] [stdout]   46:                0x0 - <unknown>
[INFO] [stdout] 
[INFO] [stdout] 
[INFO] [stdout] failures:
[INFO] [stdout]     building::tests::test_calculate_heat_gain
[INFO] [stdout]     building::tests::test_calculate_heat_gain_example_2
[INFO] [stdout]     building::tests::test_calculate_heat_loss
[INFO] [stdout]     building::tests::test_calculate_heat_loss_example_1
[INFO] [stdout] 
[INFO] [stdout] test result: FAILED. 2 passed; 4 failed; 0 ignored; 0 measured; 0 filtered out; finished in 0.03s
[INFO] [stdout] 
[INFO] running `Command { std: "docker" "inspect" "82c02d9bb60a502b1406a7cee85c49fc33ce6a6fcb4f41fbd3b7911a67e1bdef", kill_on_drop: false }`
[INFO] running `Command { std: "docker" "rm" "-f" "82c02d9bb60a502b1406a7cee85c49fc33ce6a6fcb4f41fbd3b7911a67e1bdef", kill_on_drop: false }`
[INFO] [stdout] 82c02d9bb60a502b1406a7cee85c49fc33ce6a6fcb4f41fbd3b7911a67e1bdef
