[INFO] cloning repository https://github.com/catalincatuna/git_imp
[INFO] running `Command { std: "git" "-c" "credential.helper=" "-c" "credential.helper=/workspace/cargo-home/bin/git-credential-null" "clone" "--bare" "https://github.com/catalincatuna/git_imp" "/workspace/cache/git-repos/https%3A%2F%2Fgithub.com%2Fcatalincatuna%2Fgit_imp", kill_on_drop: false }`
[INFO] [stderr] Cloning into bare repository '/workspace/cache/git-repos/https%3A%2F%2Fgithub.com%2Fcatalincatuna%2Fgit_imp'...
[INFO] running `Command { std: "git" "rev-parse" "HEAD", kill_on_drop: false }`
[INFO] [stdout] b833738ff8e131c9d0c27dc4e45fcf3915891221
[INFO] testing catalincatuna/git_imp against nightly-2025-01-18+rustflags=-Zrandomize-layout for randomize-layout-2
[INFO] running `Command { std: "git" "clone" "/workspace/cache/git-repos/https%3A%2F%2Fgithub.com%2Fcatalincatuna%2Fgit_imp" "/workspace/builds/worker-5-tc2/source", kill_on_drop: false }`
[INFO] [stderr] Cloning into '/workspace/builds/worker-5-tc2/source'...
[INFO] [stderr] done.
[INFO] validating manifest of git repo https://github.com/catalincatuna/git_imp on toolchain nightly-2025-01-18
[INFO] running `Command { std: CARGO_HOME="/workspace/cargo-home" RUSTUP_HOME="/workspace/rustup-home" "/workspace/cargo-home/bin/cargo" "+nightly-2025-01-18" "metadata" "--manifest-path" "Cargo.toml" "--no-deps", kill_on_drop: false }`
[INFO] started tweaking git repo https://github.com/catalincatuna/git_imp
[INFO] finished tweaking git repo https://github.com/catalincatuna/git_imp
[INFO] tweaked toml for git repo https://github.com/catalincatuna/git_imp written to /workspace/builds/worker-5-tc2/source/Cargo.toml
[INFO] crate git repo https://github.com/catalincatuna/git_imp already has a lockfile, it will not be regenerated
[INFO] running `Command { std: CARGO_HOME="/workspace/cargo-home" RUSTUP_HOME="/workspace/rustup-home" "/workspace/cargo-home/bin/cargo" "+nightly-2025-01-18" "fetch" "--manifest-path" "Cargo.toml", kill_on_drop: false }`
[INFO] running `Command { std: "docker" "create" "-v" "/var/lib/crater-agent-workspace/builds/worker-5-tc2/target:/opt/rustwide/target:rw,Z" "-v" "/var/lib/crater-agent-workspace/builds/worker-5-tc2/source:/opt/rustwide/workdir:ro,Z" "-v" "/var/lib/crater-agent-workspace/cargo-home:/opt/rustwide/cargo-home:ro,Z" "-v" "/var/lib/crater-agent-workspace/rustup-home:/opt/rustwide/rustup-home:ro,Z" "-e" "SOURCE_DIR=/opt/rustwide/workdir" "-e" "CARGO_TARGET_DIR=/opt/rustwide/target" "-e" "CARGO_HOME=/opt/rustwide/cargo-home" "-e" "RUSTUP_HOME=/opt/rustwide/rustup-home" "-w" "/opt/rustwide/workdir" "-m" "1610612736" "--user" "0:0" "--network" "none" "ghcr.io/rust-lang/crates-build-env/linux@sha256:819108c5571ea2e421544af4d832f968d213c87fbe3707a016657f43d2f853bc" "/opt/rustwide/cargo-home/bin/cargo" "+nightly-2025-01-18" "metadata" "--no-deps" "--format-version=1", kill_on_drop: false }`
[INFO] [stdout] 5a6efafa8db9480d7282c23d96d1d2bab1fccd971b86de5748abe89f6bf8ee52
[INFO] running `Command { std: "docker" "start" "-a" "5a6efafa8db9480d7282c23d96d1d2bab1fccd971b86de5748abe89f6bf8ee52", kill_on_drop: false }`
[INFO] running `Command { std: "docker" "inspect" "5a6efafa8db9480d7282c23d96d1d2bab1fccd971b86de5748abe89f6bf8ee52", kill_on_drop: false }`
[INFO] running `Command { std: "docker" "rm" "-f" "5a6efafa8db9480d7282c23d96d1d2bab1fccd971b86de5748abe89f6bf8ee52", kill_on_drop: false }`
[INFO] [stdout] 5a6efafa8db9480d7282c23d96d1d2bab1fccd971b86de5748abe89f6bf8ee52
[INFO] running `Command { std: "docker" "create" "-v" "/var/lib/crater-agent-workspace/builds/worker-5-tc2/target:/opt/rustwide/target:rw,Z" "-v" "/var/lib/crater-agent-workspace/builds/worker-5-tc2/source:/opt/rustwide/workdir:ro,Z" "-v" "/var/lib/crater-agent-workspace/cargo-home:/opt/rustwide/cargo-home:ro,Z" "-v" "/var/lib/crater-agent-workspace/rustup-home:/opt/rustwide/rustup-home:ro,Z" "-e" "SOURCE_DIR=/opt/rustwide/workdir" "-e" "CARGO_TARGET_DIR=/opt/rustwide/target" "-e" "CARGO_INCREMENTAL=0" "-e" "RUST_BACKTRACE=full" "-e" "RUSTFLAGS=--cap-lints=forbid -Zrandomize-layout" "-e" "RUSTDOCFLAGS=--cap-lints=forbid" "-e" "CARGO_HOME=/opt/rustwide/cargo-home" "-e" "RUSTUP_HOME=/opt/rustwide/rustup-home" "-w" "/opt/rustwide/workdir" "-m" "1610612736" "--user" "0:0" "--network" "none" "ghcr.io/rust-lang/crates-build-env/linux@sha256:819108c5571ea2e421544af4d832f968d213c87fbe3707a016657f43d2f853bc" "/opt/rustwide/cargo-home/bin/cargo" "+nightly-2025-01-18" "build" "--frozen" "--message-format=json", kill_on_drop: false }`
[INFO] [stdout] f2443b4f01cb3c7ddb0409164639817691974cf4e154d4e8b30d8b3a789239fe
[INFO] running `Command { std: "docker" "start" "-a" "f2443b4f01cb3c7ddb0409164639817691974cf4e154d4e8b30d8b3a789239fe", kill_on_drop: false }`
[INFO] [stderr]    Compiling autocfg v1.1.0
[INFO] [stderr]    Compiling libc v0.2.139
[INFO] [stderr]    Compiling proc-macro2 v1.0.43
[INFO] [stderr]    Compiling cfg-if v1.0.0
[INFO] [stderr]    Compiling quote v1.0.21
[INFO] [stderr]    Compiling unicode-ident v1.0.3
[INFO] [stderr]    Compiling syn v1.0.99
[INFO] [stderr]    Compiling version_check v0.9.4
[INFO] [stderr]    Compiling log v0.4.17
[INFO] [stderr]    Compiling once_cell v1.13.0
[INFO] [stderr]    Compiling memchr v2.5.0
[INFO] [stderr]    Compiling pkg-config v0.3.25
[INFO] [stderr]    Compiling cc v1.0.73
[INFO] [stderr]    Compiling pin-project-lite v0.2.9
[INFO] [stderr]    Compiling parking_lot_core v0.9.6
[INFO] [stderr]    Compiling smallvec v1.10.0
[INFO] [stderr]    Compiling futures-core v0.3.21
[INFO] [stderr]    Compiling scopeguard v1.1.0
[INFO] [stderr]    Compiling bytes v1.3.0
[INFO] [stderr]    Compiling typenum v1.15.0
[INFO] [stderr]    Compiling bitflags v1.3.2
[INFO] [stderr]    Compiling itoa v1.0.3
[INFO] [stderr]    Compiling futures-task v0.3.21
[INFO] [stderr]    Compiling tracing-core v0.1.29
[INFO] [stderr]    Compiling futures-util v0.3.21
[INFO] [stderr]    Compiling openssl v0.10.41
[INFO] [stderr]    Compiling foreign-types-shared v0.1.1
[INFO] [stderr]    Compiling fnv v1.0.7
[INFO] [stderr]    Compiling lock_api v0.4.9
[INFO] [stderr]    Compiling tokio v1.24.1
[INFO] [stderr]    Compiling slab v0.4.7
[INFO] [stderr]    Compiling generic-array v0.14.6
[INFO] [stderr]    Compiling indexmap v1.9.1
[INFO] [stderr]    Compiling proc-macro-error-attr v1.0.4
[INFO] [stderr]    Compiling foreign-types v0.3.2
[INFO] [stderr]    Compiling futures-io v0.3.21
[INFO] [stderr]    Compiling serde v1.0.142
[INFO] [stderr]    Compiling http v0.2.8
[INFO] [stderr]    Compiling httparse v1.8.0
[INFO] [stderr]    Compiling native-tls v0.2.10
[INFO] [stderr]    Compiling futures-channel v0.3.21
[INFO] [stderr]    Compiling matches v0.1.9
[INFO] [stderr]    Compiling tracing v0.1.36
[INFO] [stderr]    Compiling pin-utils v0.1.0
[INFO] [stderr]    Compiling tinyvec_macros v0.1.0
[INFO] [stderr]    Compiling io-lifetimes v1.0.3
[INFO] [stderr]    Compiling hashbrown v0.12.3
[INFO] [stderr]    Compiling futures-sink v0.3.21
[INFO] [stderr]    Compiling tinyvec v1.6.0
[INFO] [stderr]    Compiling proc-macro-error v1.0.4
[INFO] [stderr]    Compiling openssl-probe v0.1.5
[INFO] [stderr]    Compiling try-lock v0.2.3
[INFO] [stderr]    Compiling percent-encoding v2.1.0
[INFO] [stderr]    Compiling rustix v0.36.6
[INFO] [stderr]    Compiling form_urlencoded v1.0.1
[INFO] [stderr]    Compiling want v0.3.0
[INFO] [stderr]    Compiling unicode-bidi v0.3.8
[INFO] [stderr]    Compiling ryu v1.0.11
[INFO] [stderr]    Compiling encoding_rs v0.8.31
[INFO] [stderr]    Compiling tower-service v0.3.2
[INFO] [stderr]    Compiling serde_json v1.0.83
[INFO] [stderr]    Compiling crc32fast v1.3.2
[INFO] [stderr]    Compiling httpdate v1.0.2
[INFO] [stderr]    Compiling linux-raw-sys v0.1.4
[INFO] [stderr]    Compiling anyhow v1.0.59
[INFO] [stderr]    Compiling os_str_bytes v6.4.1
[INFO] [stderr]    Compiling openssl-sys v0.9.75
[INFO] [stderr]    Compiling cpufeatures v0.2.2
[INFO] [stderr]    Compiling heck v0.4.0
[INFO] [stderr]    Compiling adler v1.0.2
[INFO] [stderr]    Compiling clap_lex v0.3.0
[INFO] [stderr]    Compiling unicode-normalization v0.1.21
[INFO] [stderr]    Compiling miniz_oxide v0.5.3
[INFO] [stderr]    Compiling mime v0.3.16
[INFO] [stderr]    Compiling termcolor v1.1.3
[INFO] [stderr]    Compiling base64 v0.13.0
[INFO] [stderr]    Compiling ipnet v2.5.0
[INFO] [stderr]    Compiling same-file v1.0.6
[INFO] [stderr]    Compiling strsim v0.10.0
[INFO] [stderr]    Compiling flate2 v1.0.24
[INFO] [stderr]    Compiling walkdir v2.5.0
[INFO] [stderr]    Compiling signal-hook-registry v1.4.0
[INFO] [stderr]    Compiling num_cpus v1.13.1
[INFO] [stderr]    Compiling mio v0.8.5
[INFO] [stderr]    Compiling socket2 v0.4.7
[INFO] [stderr]    Compiling parking_lot v0.12.1
[INFO] [stderr]    Compiling http-body v0.4.5
[INFO] [stderr]    Compiling idna v0.2.3
[INFO] [stderr]    Compiling base64 v0.22.1
[INFO] [stderr]    Compiling crypto-common v0.1.6
[INFO] [stderr]    Compiling block-buffer v0.10.3
[INFO] [stderr]    Compiling hex v0.4.3
[INFO] [stderr]    Compiling ascii85 v0.2.1
[INFO] [stderr]    Compiling digest v0.10.7
[INFO] [stderr]    Compiling sha2 v0.10.8
[INFO] [stderr]    Compiling sha1 v0.10.5
[INFO] [stderr]    Compiling url v2.2.2
[INFO] [stderr]    Compiling is-terminal v0.4.2
[INFO] [stderr]    Compiling tokio-macros v1.8.2
[INFO] [stderr]    Compiling openssl-macros v0.1.0
[INFO] [stderr]    Compiling thiserror-impl v1.0.32
[INFO] [stderr]    Compiling clap_derive v4.0.21
[INFO] [stderr]    Compiling thiserror v1.0.32
[INFO] [stderr]    Compiling clap v4.0.32
[INFO] [stderr]    Compiling serde_urlencoded v0.7.1
[INFO] [stderr]    Compiling tokio-util v0.7.4
[INFO] [stderr]    Compiling tokio-native-tls v0.3.0
[INFO] [stderr]    Compiling h2 v0.3.15
[INFO] [stderr]    Compiling hyper v0.14.23
[INFO] [stderr]    Compiling hyper-tls v0.5.0
[INFO] [stderr]    Compiling reqwest v0.11.13
[INFO] [stderr]    Compiling git-starter-rust v0.1.0 (/opt/rustwide/workdir)
[INFO] [stdout] warning: unused import: `anyhow::Context`
[INFO] [stdout]  --> src/main.rs:1:5
[INFO] [stdout]   |
[INFO] [stdout] 1 | use anyhow::Context;
[INFO] [stdout]   |     ^^^^^^^^^^^^^^^
[INFO] [stdout]   |
[INFO] [stdout]   = note: `#[warn(unused_imports)]` on by default
[INFO] [stdout] 
[INFO] [stdout] 
[INFO] [stdout] warning: unused import: `flate2::write::ZlibEncoder`
[INFO] [stdout]  --> src/main.rs:5:5
[INFO] [stdout]   |
[INFO] [stdout] 5 | use flate2::write::ZlibEncoder;
[INFO] [stdout]   |     ^^^^^^^^^^^^^^^^^^^^^^^^^^
[INFO] [stdout] 
[INFO] [stdout] 
[INFO] [stdout] warning: unused import: `flate2::Compression`
[INFO] [stdout]  --> src/main.rs:6:5
[INFO] [stdout]   |
[INFO] [stdout] 6 | use flate2::Compression;
[INFO] [stdout]   |     ^^^^^^^^^^^^^^^^^^^
[INFO] [stdout] 
[INFO] [stdout] 
[INFO] [stdout] warning: unused imports: `Digest` and `Sha1`
[INFO] [stdout]  --> src/main.rs:7:12
[INFO] [stdout]   |
[INFO] [stdout] 7 | use sha1::{Digest, Sha1};
[INFO] [stdout]   |            ^^^^^^  ^^^^
[INFO] [stdout] 
[INFO] [stdout] 
[INFO] [stdout] warning: unused import: `std::io::prelude::*`
[INFO] [stdout]   --> src/main.rs:12:5
[INFO] [stdout]    |
[INFO] [stdout] 12 | use std::io::prelude::*;
[INFO] [stdout]    |     ^^^^^^^^^^^^^^^^^^^
[INFO] [stdout] 
[INFO] [stdout] 
[INFO] [stdout] warning: unused import: `std::path::PathBuf`
[INFO] [stdout]   --> src/main.rs:13:5
[INFO] [stdout]    |
[INFO] [stdout] 13 | use std::path::PathBuf;
[INFO] [stdout]    |     ^^^^^^^^^^^^^^^^^^
[INFO] [stdout] 
[INFO] [stdout] 
[INFO] [stdout] warning: unused imports: `ffi::CStr` and `io::BufReader`
[INFO] [stdout]   --> src/main.rs:14:11
[INFO] [stdout]    |
[INFO] [stdout] 14 | use std::{ffi::CStr, io::BufReader};
[INFO] [stdout]    |           ^^^^^^^^^  ^^^^^^^^^^^^^
[INFO] [stdout] 
[INFO] [stdout] 
[INFO] [stdout] warning: unused import: `core::hash`
[INFO] [stdout]  --> src/git_functions.rs:7:5
[INFO] [stdout]   |
[INFO] [stdout] 7 | use core::hash;
[INFO] [stdout]   |     ^^^^^^^^^^
[INFO] [stdout] 
[INFO] [stdout] 
[INFO] [stdout] warning: unused import: `std::fmt::format`
[INFO] [stdout]   --> src/git_functions.rs:10:5
[INFO] [stdout]    |
[INFO] [stdout] 10 | use std::fmt::format;
[INFO] [stdout]    |     ^^^^^^^^^^^^^^^^
[INFO] [stdout] 
[INFO] [stdout] 
[INFO] [stdout] warning: unused import: `std::fs::Metadata`
[INFO] [stdout]   --> src/git_functions.rs:13:5
[INFO] [stdout]    |
[INFO] [stdout] 13 | use std::fs::Metadata;
[INFO] [stdout]    |     ^^^^^^^^^^^^^^^^^
[INFO] [stdout] 
[INFO] [stdout] 
[INFO] [stdout] warning: unused import: `walkdir::WalkDir`
[INFO] [stdout]   --> src/git_functions.rs:17:5
[INFO] [stdout]    |
[INFO] [stdout] 17 | use walkdir::WalkDir;
[INFO] [stdout]    |     ^^^^^^^^^^^^^^^^
[INFO] [stdout] 
[INFO] [stdout] 
[INFO] [stdout] warning: unused import: `ascii85::encode`
[INFO] [stdout]  --> src/utils.rs:2:5
[INFO] [stdout]   |
[INFO] [stdout] 2 | use ascii85::encode;
[INFO] [stdout]   |     ^^^^^^^^^^^^^^^
[INFO] [stdout] 
[INFO] [stdout] 
[INFO] [stdout] warning: unused import: `base64`
[INFO] [stdout]  --> src/utils.rs:3:5
[INFO] [stdout]   |
[INFO] [stdout] 3 | use base64;
[INFO] [stdout]   |     ^^^^^^
[INFO] [stdout] 
[INFO] [stdout] 
[INFO] [stdout] warning: unused import: `Cursor`
[INFO] [stdout]  --> src/utils.rs:8:27
[INFO] [stdout]   |
[INFO] [stdout] 8 | use std::io::{prelude::*, Cursor};
[INFO] [stdout]   |                           ^^^^^^
[INFO] [stdout] 
[INFO] [stdout] 
[INFO] [stdout] warning: unused import: `crate::data::Object`
[INFO] [stdout]   --> src/git_functions.rs:23:5
[INFO] [stdout]    |
[INFO] [stdout] 23 | use crate::data::Object;
[INFO] [stdout]    |     ^^^^^^^^^^^^^^^^^^^
[INFO] [stdout] 
[INFO] [stdout] 
[INFO] [stdout] warning: unused import: `data::Command`
[INFO] [stdout]   --> src/main.rs:23:5
[INFO] [stdout]    |
[INFO] [stdout] 23 | use data::Command;
[INFO] [stdout]    |     ^^^^^^^^^^^^^
[INFO] [stdout] 
[INFO] [stdout] 
[INFO] [stdout] warning: unreachable pattern
[INFO] [stdout]    --> src/git_functions.rs:209:9
[INFO] [stdout]     |
[INFO] [stdout] 209 |         _ => {
[INFO] [stdout]     |         ^ no value can reach this
[INFO] [stdout]     |
[INFO] [stdout] note: multiple earlier patterns match some of the same values
[INFO] [stdout]    --> src/git_functions.rs:209:9
[INFO] [stdout]     |
[INFO] [stdout] 28  |           Command::Init => {
[INFO] [stdout]     |           ------------- matches some of the same values
[INFO] [stdout] ...
[INFO] [stdout] 35  | /         Command::CatFile {
[INFO] [stdout] 36  | |             pretty_print,
[INFO] [stdout] 37  | |             object_hash,
[INFO] [stdout] 38  | |         } => {
[INFO] [stdout]     | |_________- matches some of the same values
[INFO] [stdout] ...
[INFO] [stdout] 78  | /         Command::HashObject {
[INFO] [stdout] 79  | |             write_object,
[INFO] [stdout] 80  | |             object_file,
[INFO] [stdout] 81  | |         } => {
[INFO] [stdout]     | |_________- matches some of the same values
[INFO] [stdout] ...
[INFO] [stdout] 121 | /         Command::LsTree {
[INFO] [stdout] 122 | |             name_only,
[INFO] [stdout] 123 | |             tree_sha,
[INFO] [stdout] 124 | |         } => {
[INFO] [stdout]     | |_________- matches some of the same values
[INFO] [stdout] ...
[INFO] [stdout] 209 |           _ => {
[INFO] [stdout]     |           ^ ...and 1 other patterns collectively make this unreachable
[INFO] [stdout]     = note: `#[warn(unreachable_patterns)]` on by default
[INFO] [stdout] 
[INFO] [stdout] 
[INFO] [stdout] warning: unused variable: `pretty_print`
[INFO] [stdout]   --> src/git_functions.rs:36:13
[INFO] [stdout]    |
[INFO] [stdout] 36 |             pretty_print,
[INFO] [stdout]    |             ^^^^^^^^^^^^ help: try ignoring the field: `pretty_print: _`
[INFO] [stdout]    |
[INFO] [stdout]    = note: `#[warn(unused_variables)]` on by default
[INFO] [stdout] 
[INFO] [stdout] 
[INFO] [stdout] warning: unused variable: `write_object`
[INFO] [stdout]   --> src/git_functions.rs:79:13
[INFO] [stdout]    |
[INFO] [stdout] 79 |             write_object,
[INFO] [stdout]    |             ^^^^^^^^^^^^ help: try ignoring the field: `write_object: _`
[INFO] [stdout] 
[INFO] [stdout] 
[INFO] [stdout] warning: unused variable: `file_content`
[INFO] [stdout]    --> src/git_functions.rs:101:17
[INFO] [stdout]     |
[INFO] [stdout] 101 |             let file_content = &hex_result[2..];
[INFO] [stdout]     |                 ^^^^^^^^^^^^ help: if this is intentional, prefix it with an underscore: `_file_content`
[INFO] [stdout] 
[INFO] [stdout] 
[INFO] [stdout] warning: unused variable: `file_content`
[INFO] [stdout]    --> src/git_functions.rs:109:17
[INFO] [stdout]     |
[INFO] [stdout] 109 |             let file_content = &hex_result[2..];
[INFO] [stdout]     |                 ^^^^^^^^^^^^ help: if this is intentional, prefix it with an underscore: `_file_content`
[INFO] [stdout] 
[INFO] [stdout] 
[INFO] [stdout] warning: unused variable: `name_only`
[INFO] [stdout]    --> src/git_functions.rs:122:13
[INFO] [stdout]     |
[INFO] [stdout] 122 |             name_only,
[INFO] [stdout]     |             ^^^^^^^^^ help: try ignoring the field: `name_only: _`
[INFO] [stdout] 
[INFO] [stdout] 
[INFO] [stdout] warning: unused variable: `buf_copy`
[INFO] [stdout]    --> src/git_functions.rs:136:21
[INFO] [stdout]     |
[INFO] [stdout] 136 |             let mut buf_copy = buf.clone();
[INFO] [stdout]     |                     ^^^^^^^^ help: if this is intentional, prefix it with an underscore: `_buf_copy`
[INFO] [stdout] 
[INFO] [stdout] 
[INFO] [stdout] warning: variable does not need to be mutable
[INFO] [stdout]    --> src/git_functions.rs:136:17
[INFO] [stdout]     |
[INFO] [stdout] 136 |             let mut buf_copy = buf.clone();
[INFO] [stdout]     |                 ----^^^^^^^^
[INFO] [stdout]     |                 |
[INFO] [stdout]     |                 help: remove this `mut`
[INFO] [stdout]     |
[INFO] [stdout]     = note: `#[warn(unused_mut)]` on by default
[INFO] [stdout] 
[INFO] [stdout] 
[INFO] [stdout] warning: variable does not need to be mutable
[INFO] [stdout]    --> src/git_functions.rs:144:17
[INFO] [stdout]     |
[INFO] [stdout] 144 |             let mut header = header.to_str().unwrap();
[INFO] [stdout]     |                 ----^^^^^^
[INFO] [stdout]     |                 |
[INFO] [stdout]     |                 help: remove this `mut`
[INFO] [stdout] 
[INFO] [stdout] 
[INFO] [stdout] warning: function `extract_filename` is never used
[INFO] [stdout]    --> src/utils.rs:295:8
[INFO] [stdout]     |
[INFO] [stdout] 295 | pub fn extract_filename(input: String) -> String {
[INFO] [stdout]     |        ^^^^^^^^^^^^^^^^
[INFO] [stdout]     |
[INFO] [stdout]     = note: `#[warn(dead_code)]` on by default
[INFO] [stdout] 
[INFO] [stdout] 
[INFO] [stdout] warning: function `calculate_total_size` is never used
[INFO] [stdout]    --> src/utils.rs:307:8
[INFO] [stdout]     |
[INFO] [stdout] 307 | pub fn calculate_total_size(obj: &Object) -> usize {
[INFO] [stdout]     |        ^^^^^^^^^^^^^^^^^^^^
[INFO] [stdout] 
[INFO] [stdout] 
[INFO] [stdout] warning: function `extract_after_numeric` is never used
[INFO] [stdout]   --> src/utils.rs:17:8
[INFO] [stdout]    |
[INFO] [stdout] 17 | pub fn extract_after_numeric(input: String, patterns: &[&str]) -> Vec<String> {
[INFO] [stdout]    |        ^^^^^^^^^^^^^^^^^^^^^
[INFO] [stdout] 
[INFO] [stdout] 
[INFO] [stdout] warning: function `compute_file_hash` is never used
[INFO] [stdout]   --> src/utils.rs:43:8
[INFO] [stdout]    |
[INFO] [stdout] 43 | pub fn compute_file_hash(path: &PathBuf) -> anyhow::Result<[u8; 20], Error> {
[INFO] [stdout]    |        ^^^^^^^^^^^^^^^^^
[INFO] [stdout] 
[INFO] [stdout] 
[INFO] [stdout] warning: function `process_directory` is never used
[INFO] [stdout]   --> src/utils.rs:80:8
[INFO] [stdout]    |
[INFO] [stdout] 80 | pub fn process_directory(dir: &PathBuf) -> anyhow::Result<Option<[u8; 20]>> {
[INFO] [stdout]    |        ^^^^^^^^^^^^^^^^^
[INFO] [stdout] 
[INFO] [stdout] 
[INFO] [stdout] warning: struct `Object` is never constructed
[INFO] [stdout]   --> src/data.rs:12:12
[INFO] [stdout]    |
[INFO] [stdout] 12 | pub struct Object {
[INFO] [stdout]    |            ^^^^^^
[INFO] [stdout] 
[INFO] [stdout] 
[INFO] [stdout] warning: methods `serialize` and `display` are never used
[INFO] [stdout]   --> src/data.rs:20:12
[INFO] [stdout]    |
[INFO] [stdout] 18 | impl Object {   
[INFO] [stdout]    | ----------- methods in this implementation
[INFO] [stdout] 19 |     // Serialize
[INFO] [stdout] 20 |     pub fn serialize(&self) -> Vec<u8> {
[INFO] [stdout]    |            ^^^^^^^^^
[INFO] [stdout] ...
[INFO] [stdout] 28 |     pub fn display(&self) {
[INFO] [stdout]    |            ^^^^^^^
[INFO] [stdout] 
[INFO] [stdout] 
[INFO] [stdout] warning: unused `Result` that must be used
[INFO] [stdout]    --> src/git_functions.rs:138:13
[INFO] [stdout]     |
[INFO] [stdout] 138 | /             z.read_until(0, &mut buf)
[INFO] [stdout] 139 | |                 .context("read header from .git/objects"); 
[INFO] [stdout]     | |_________________________________________________________^
[INFO] [stdout]     |
[INFO] [stdout]     = note: this `Result` may be an `Err` variant, which should be handled
[INFO] [stdout]     = note: `#[warn(unused_must_use)]` on by default
[INFO] [stdout] help: use `let _ = ...` to ignore the resulting value
[INFO] [stdout]     |
[INFO] [stdout] 138 |             let _ = z.read_until(0, &mut buf)
[INFO] [stdout]     |             +++++++
[INFO] [stdout] 
[INFO] [stdout] 
[INFO] [stderr]     Finished `dev` profile [unoptimized + debuginfo] target(s) in 45.63s
[INFO] running `Command { std: "docker" "inspect" "f2443b4f01cb3c7ddb0409164639817691974cf4e154d4e8b30d8b3a789239fe", kill_on_drop: false }`
[INFO] running `Command { std: "docker" "rm" "-f" "f2443b4f01cb3c7ddb0409164639817691974cf4e154d4e8b30d8b3a789239fe", kill_on_drop: false }`
[INFO] [stdout] f2443b4f01cb3c7ddb0409164639817691974cf4e154d4e8b30d8b3a789239fe
[INFO] running `Command { std: "docker" "create" "-v" "/var/lib/crater-agent-workspace/builds/worker-5-tc2/target:/opt/rustwide/target:rw,Z" "-v" "/var/lib/crater-agent-workspace/builds/worker-5-tc2/source:/opt/rustwide/workdir:ro,Z" "-v" "/var/lib/crater-agent-workspace/cargo-home:/opt/rustwide/cargo-home:ro,Z" "-v" "/var/lib/crater-agent-workspace/rustup-home:/opt/rustwide/rustup-home:ro,Z" "-e" "SOURCE_DIR=/opt/rustwide/workdir" "-e" "CARGO_TARGET_DIR=/opt/rustwide/target" "-e" "CARGO_INCREMENTAL=0" "-e" "RUST_BACKTRACE=full" "-e" "RUSTFLAGS=--cap-lints=forbid -Zrandomize-layout" "-e" "RUSTDOCFLAGS=--cap-lints=forbid" "-e" "CARGO_HOME=/opt/rustwide/cargo-home" "-e" "RUSTUP_HOME=/opt/rustwide/rustup-home" "-w" "/opt/rustwide/workdir" "-m" "1610612736" "--user" "0:0" "--network" "none" "ghcr.io/rust-lang/crates-build-env/linux@sha256:819108c5571ea2e421544af4d832f968d213c87fbe3707a016657f43d2f853bc" "/opt/rustwide/cargo-home/bin/cargo" "+nightly-2025-01-18" "test" "--frozen" "--no-run" "--message-format=json", kill_on_drop: false }`
[INFO] [stdout] 3065c8266ae763637872580e3e4ddbcf14467fe13ca02ee224bc9170e3630ac2
[INFO] running `Command { std: "docker" "start" "-a" "3065c8266ae763637872580e3e4ddbcf14467fe13ca02ee224bc9170e3630ac2", kill_on_drop: false }`
[INFO] [stderr]    Compiling git-starter-rust v0.1.0 (/opt/rustwide/workdir)
[INFO] [stdout] warning: unused import: `anyhow::Context`
[INFO] [stdout]  --> src/main.rs:1:5
[INFO] [stdout]   |
[INFO] [stdout] 1 | use anyhow::Context;
[INFO] [stdout]   |     ^^^^^^^^^^^^^^^
[INFO] [stdout]   |
[INFO] [stdout]   = note: `#[warn(unused_imports)]` on by default
[INFO] [stdout] 
[INFO] [stdout] 
[INFO] [stdout] warning: unused import: `flate2::write::ZlibEncoder`
[INFO] [stdout]  --> src/main.rs:5:5
[INFO] [stdout]   |
[INFO] [stdout] 5 | use flate2::write::ZlibEncoder;
[INFO] [stdout]   |     ^^^^^^^^^^^^^^^^^^^^^^^^^^
[INFO] [stdout] 
[INFO] [stdout] 
[INFO] [stdout] warning: unused import: `flate2::Compression`
[INFO] [stdout]  --> src/main.rs:6:5
[INFO] [stdout]   |
[INFO] [stdout] 6 | use flate2::Compression;
[INFO] [stdout]   |     ^^^^^^^^^^^^^^^^^^^
[INFO] [stdout] 
[INFO] [stdout] 
[INFO] [stdout] warning: unused imports: `Digest` and `Sha1`
[INFO] [stdout]  --> src/main.rs:7:12
[INFO] [stdout]   |
[INFO] [stdout] 7 | use sha1::{Digest, Sha1};
[INFO] [stdout]   |            ^^^^^^  ^^^^
[INFO] [stdout] 
[INFO] [stdout] 
[INFO] [stdout] warning: unused import: `std::io::prelude::*`
[INFO] [stdout]   --> src/main.rs:12:5
[INFO] [stdout]    |
[INFO] [stdout] 12 | use std::io::prelude::*;
[INFO] [stdout]    |     ^^^^^^^^^^^^^^^^^^^
[INFO] [stdout] 
[INFO] [stdout] 
[INFO] [stdout] warning: unused import: `std::path::PathBuf`
[INFO] [stdout]   --> src/main.rs:13:5
[INFO] [stdout]    |
[INFO] [stdout] 13 | use std::path::PathBuf;
[INFO] [stdout]    |     ^^^^^^^^^^^^^^^^^^
[INFO] [stdout] 
[INFO] [stdout] 
[INFO] [stdout] warning: unused imports: `ffi::CStr` and `io::BufReader`
[INFO] [stdout]   --> src/main.rs:14:11
[INFO] [stdout]    |
[INFO] [stdout] 14 | use std::{ffi::CStr, io::BufReader};
[INFO] [stdout]    |           ^^^^^^^^^  ^^^^^^^^^^^^^
[INFO] [stdout] 
[INFO] [stdout] 
[INFO] [stdout] warning: unused import: `core::hash`
[INFO] [stdout]  --> src/git_functions.rs:7:5
[INFO] [stdout]   |
[INFO] [stdout] 7 | use core::hash;
[INFO] [stdout]   |     ^^^^^^^^^^
[INFO] [stdout] 
[INFO] [stdout] 
[INFO] [stdout] warning: unused import: `std::fmt::format`
[INFO] [stdout]   --> src/git_functions.rs:10:5
[INFO] [stdout]    |
[INFO] [stdout] 10 | use std::fmt::format;
[INFO] [stdout]    |     ^^^^^^^^^^^^^^^^
[INFO] [stdout] 
[INFO] [stdout] 
[INFO] [stdout] warning: unused import: `std::fs::Metadata`
[INFO] [stdout]   --> src/git_functions.rs:13:5
[INFO] [stdout]    |
[INFO] [stdout] 13 | use std::fs::Metadata;
[INFO] [stdout]    |     ^^^^^^^^^^^^^^^^^
[INFO] [stdout] 
[INFO] [stdout] 
[INFO] [stdout] warning: unused import: `walkdir::WalkDir`
[INFO] [stdout]   --> src/git_functions.rs:17:5
[INFO] [stdout]    |
[INFO] [stdout] 17 | use walkdir::WalkDir;
[INFO] [stdout]    |     ^^^^^^^^^^^^^^^^
[INFO] [stdout] 
[INFO] [stdout] 
[INFO] [stdout] warning: unused import: `ascii85::encode`
[INFO] [stdout]  --> src/utils.rs:2:5
[INFO] [stdout]   |
[INFO] [stdout] 2 | use ascii85::encode;
[INFO] [stdout]   |     ^^^^^^^^^^^^^^^
[INFO] [stdout] 
[INFO] [stdout] 
[INFO] [stdout] warning: unused import: `base64`
[INFO] [stdout]  --> src/utils.rs:3:5
[INFO] [stdout]   |
[INFO] [stdout] 3 | use base64;
[INFO] [stdout]   |     ^^^^^^
[INFO] [stdout] 
[INFO] [stdout] 
[INFO] [stdout] warning: unused import: `Cursor`
[INFO] [stdout]  --> src/utils.rs:8:27
[INFO] [stdout]   |
[INFO] [stdout] 8 | use std::io::{prelude::*, Cursor};
[INFO] [stdout]   |                           ^^^^^^
[INFO] [stdout] 
[INFO] [stdout] 
[INFO] [stdout] warning: unused import: `crate::data::Object`
[INFO] [stdout]   --> src/git_functions.rs:23:5
[INFO] [stdout]    |
[INFO] [stdout] 23 | use crate::data::Object;
[INFO] [stdout]    |     ^^^^^^^^^^^^^^^^^^^
[INFO] [stdout] 
[INFO] [stdout] 
[INFO] [stdout] warning: unreachable pattern
[INFO] [stdout]    --> src/git_functions.rs:209:9
[INFO] [stdout]     |
[INFO] [stdout] 209 |         _ => {
[INFO] [stdout]     |         ^ no value can reach this
[INFO] [stdout]     |
[INFO] [stdout] note: multiple earlier patterns match some of the same values
[INFO] [stdout]    --> src/git_functions.rs:209:9
[INFO] [stdout]     |
[INFO] [stdout] 28  |           Command::Init => {
[INFO] [stdout]     |           ------------- matches some of the same values
[INFO] [stdout] ...
[INFO] [stdout] 35  | /         Command::CatFile {
[INFO] [stdout] 36  | |             pretty_print,
[INFO] [stdout] 37  | |             object_hash,
[INFO] [stdout] 38  | |         } => {
[INFO] [stdout]     | |_________- matches some of the same values
[INFO] [stdout] ...
[INFO] [stdout] 78  | /         Command::HashObject {
[INFO] [stdout] 79  | |             write_object,
[INFO] [stdout] 80  | |             object_file,
[INFO] [stdout] 81  | |         } => {
[INFO] [stdout]     | |_________- matches some of the same values
[INFO] [stdout] ...
[INFO] [stdout] 121 | /         Command::LsTree {
[INFO] [stdout] 122 | |             name_only,
[INFO] [stdout] 123 | |             tree_sha,
[INFO] [stdout] 124 | |         } => {
[INFO] [stdout]     | |_________- matches some of the same values
[INFO] [stdout] ...
[INFO] [stdout] 209 |           _ => {
[INFO] [stdout]     |           ^ ...and 1 other patterns collectively make this unreachable
[INFO] [stdout]     = note: `#[warn(unreachable_patterns)]` on by default
[INFO] [stdout] 
[INFO] [stdout] 
[INFO] [stdout] warning: unused variable: `pretty_print`
[INFO] [stdout]   --> src/git_functions.rs:36:13
[INFO] [stdout]    |
[INFO] [stdout] 36 |             pretty_print,
[INFO] [stdout]    |             ^^^^^^^^^^^^ help: try ignoring the field: `pretty_print: _`
[INFO] [stdout]    |
[INFO] [stdout]    = note: `#[warn(unused_variables)]` on by default
[INFO] [stdout] 
[INFO] [stdout] 
[INFO] [stdout] warning: unused variable: `write_object`
[INFO] [stdout]   --> src/git_functions.rs:79:13
[INFO] [stdout]    |
[INFO] [stdout] 79 |             write_object,
[INFO] [stdout]    |             ^^^^^^^^^^^^ help: try ignoring the field: `write_object: _`
[INFO] [stdout] 
[INFO] [stdout] 
[INFO] [stdout] warning: unused variable: `file_content`
[INFO] [stdout]    --> src/git_functions.rs:101:17
[INFO] [stdout]     |
[INFO] [stdout] 101 |             let file_content = &hex_result[2..];
[INFO] [stdout]     |                 ^^^^^^^^^^^^ help: if this is intentional, prefix it with an underscore: `_file_content`
[INFO] [stdout] 
[INFO] [stdout] 
[INFO] [stdout] warning: unused variable: `file_content`
[INFO] [stdout]    --> src/git_functions.rs:109:17
[INFO] [stdout]     |
[INFO] [stdout] 109 |             let file_content = &hex_result[2..];
[INFO] [stdout]     |                 ^^^^^^^^^^^^ help: if this is intentional, prefix it with an underscore: `_file_content`
[INFO] [stdout] 
[INFO] [stdout] 
[INFO] [stdout] warning: unused variable: `name_only`
[INFO] [stdout]    --> src/git_functions.rs:122:13
[INFO] [stdout]     |
[INFO] [stdout] 122 |             name_only,
[INFO] [stdout]     |             ^^^^^^^^^ help: try ignoring the field: `name_only: _`
[INFO] [stdout] 
[INFO] [stdout] 
[INFO] [stdout] warning: unused variable: `buf_copy`
[INFO] [stdout]    --> src/git_functions.rs:136:21
[INFO] [stdout]     |
[INFO] [stdout] 136 |             let mut buf_copy = buf.clone();
[INFO] [stdout]     |                     ^^^^^^^^ help: if this is intentional, prefix it with an underscore: `_buf_copy`
[INFO] [stdout] 
[INFO] [stdout] 
[INFO] [stdout] warning: variable does not need to be mutable
[INFO] [stdout]    --> src/git_functions.rs:136:17
[INFO] [stdout]     |
[INFO] [stdout] 136 |             let mut buf_copy = buf.clone();
[INFO] [stdout]     |                 ----^^^^^^^^
[INFO] [stdout]     |                 |
[INFO] [stdout]     |                 help: remove this `mut`
[INFO] [stdout]     |
[INFO] [stdout]     = note: `#[warn(unused_mut)]` on by default
[INFO] [stdout] 
[INFO] [stdout] 
[INFO] [stdout] warning: variable does not need to be mutable
[INFO] [stdout]    --> src/git_functions.rs:144:17
[INFO] [stdout]     |
[INFO] [stdout] 144 |             let mut header = header.to_str().unwrap();
[INFO] [stdout]     |                 ----^^^^^^
[INFO] [stdout]     |                 |
[INFO] [stdout]     |                 help: remove this `mut`
[INFO] [stdout] 
[INFO] [stdout] 
[INFO] [stdout] warning: function `extract_filename` is never used
[INFO] [stdout]    --> src/utils.rs:295:8
[INFO] [stdout]     |
[INFO] [stdout] 295 | pub fn extract_filename(input: String) -> String {
[INFO] [stdout]     |        ^^^^^^^^^^^^^^^^
[INFO] [stdout]     |
[INFO] [stdout]     = note: `#[warn(dead_code)]` on by default
[INFO] [stdout] 
[INFO] [stdout] 
[INFO] [stdout] warning: function `calculate_total_size` is never used
[INFO] [stdout]    --> src/utils.rs:307:8
[INFO] [stdout]     |
[INFO] [stdout] 307 | pub fn calculate_total_size(obj: &Object) -> usize {
[INFO] [stdout]     |        ^^^^^^^^^^^^^^^^^^^^
[INFO] [stdout] 
[INFO] [stdout] 
[INFO] [stdout] warning: function `extract_after_numeric` is never used
[INFO] [stdout]   --> src/utils.rs:17:8
[INFO] [stdout]    |
[INFO] [stdout] 17 | pub fn extract_after_numeric(input: String, patterns: &[&str]) -> Vec<String> {
[INFO] [stdout]    |        ^^^^^^^^^^^^^^^^^^^^^
[INFO] [stdout] 
[INFO] [stdout] 
[INFO] [stdout] warning: function `compute_file_hash` is never used
[INFO] [stdout]   --> src/utils.rs:43:8
[INFO] [stdout]    |
[INFO] [stdout] 43 | pub fn compute_file_hash(path: &PathBuf) -> anyhow::Result<[u8; 20], Error> {
[INFO] [stdout]    |        ^^^^^^^^^^^^^^^^^
[INFO] [stdout] 
[INFO] [stdout] 
[INFO] [stdout] warning: function `process_directory` is never used
[INFO] [stdout]   --> src/utils.rs:80:8
[INFO] [stdout]    |
[INFO] [stdout] 80 | pub fn process_directory(dir: &PathBuf) -> anyhow::Result<Option<[u8; 20]>> {
[INFO] [stdout]    |        ^^^^^^^^^^^^^^^^^
[INFO] [stdout] 
[INFO] [stdout] 
[INFO] [stdout] warning: struct `Object` is never constructed
[INFO] [stdout]   --> src/data.rs:12:12
[INFO] [stdout]    |
[INFO] [stdout] 12 | pub struct Object {
[INFO] [stdout]    |            ^^^^^^
[INFO] [stdout] 
[INFO] [stdout] 
[INFO] [stdout] warning: methods `serialize` and `display` are never used
[INFO] [stdout]   --> src/data.rs:20:12
[INFO] [stdout]    |
[INFO] [stdout] 18 | impl Object {   
[INFO] [stdout]    | ----------- methods in this implementation
[INFO] [stdout] 19 |     // Serialize
[INFO] [stdout] 20 |     pub fn serialize(&self) -> Vec<u8> {
[INFO] [stdout]    |            ^^^^^^^^^
[INFO] [stdout] ...
[INFO] [stdout] 28 |     pub fn display(&self) {
[INFO] [stdout]    |            ^^^^^^^
[INFO] [stdout] 
[INFO] [stdout] 
[INFO] [stdout] warning: unused `Result` that must be used
[INFO] [stdout]    --> src/git_functions.rs:138:13
[INFO] [stdout]     |
[INFO] [stdout] 138 | /             z.read_until(0, &mut buf)
[INFO] [stdout] 139 | |                 .context("read header from .git/objects"); 
[INFO] [stdout]     | |_________________________________________________________^
[INFO] [stdout]     |
[INFO] [stdout]     = note: this `Result` may be an `Err` variant, which should be handled
[INFO] [stdout]     = note: `#[warn(unused_must_use)]` on by default
[INFO] [stdout] help: use `let _ = ...` to ignore the resulting value
[INFO] [stdout]     |
[INFO] [stdout] 138 |             let _ = z.read_until(0, &mut buf)
[INFO] [stdout]     |             +++++++
[INFO] [stdout] 
[INFO] [stdout] 
[INFO] [stderr]     Finished `test` profile [unoptimized + debuginfo] target(s) in 1.15s
[INFO] running `Command { std: "docker" "inspect" "3065c8266ae763637872580e3e4ddbcf14467fe13ca02ee224bc9170e3630ac2", kill_on_drop: false }`
[INFO] running `Command { std: "docker" "rm" "-f" "3065c8266ae763637872580e3e4ddbcf14467fe13ca02ee224bc9170e3630ac2", kill_on_drop: false }`
[INFO] [stdout] 3065c8266ae763637872580e3e4ddbcf14467fe13ca02ee224bc9170e3630ac2
[INFO] running `Command { std: "docker" "create" "-v" "/var/lib/crater-agent-workspace/builds/worker-5-tc2/target:/opt/rustwide/target:rw,Z" "-v" "/var/lib/crater-agent-workspace/builds/worker-5-tc2/source:/opt/rustwide/workdir:ro,Z" "-v" "/var/lib/crater-agent-workspace/cargo-home:/opt/rustwide/cargo-home:ro,Z" "-v" "/var/lib/crater-agent-workspace/rustup-home:/opt/rustwide/rustup-home:ro,Z" "-e" "SOURCE_DIR=/opt/rustwide/workdir" "-e" "CARGO_TARGET_DIR=/opt/rustwide/target" "-e" "CARGO_INCREMENTAL=0" "-e" "RUST_BACKTRACE=full" "-e" "RUSTFLAGS=--cap-lints=forbid -Zrandomize-layout" "-e" "RUSTDOCFLAGS=--cap-lints=forbid" "-e" "CARGO_HOME=/opt/rustwide/cargo-home" "-e" "RUSTUP_HOME=/opt/rustwide/rustup-home" "-w" "/opt/rustwide/workdir" "-m" "1610612736" "--user" "0:0" "--network" "none" "ghcr.io/rust-lang/crates-build-env/linux@sha256:819108c5571ea2e421544af4d832f968d213c87fbe3707a016657f43d2f853bc" "/opt/rustwide/cargo-home/bin/cargo" "+nightly-2025-01-18" "test" "--frozen", kill_on_drop: false }`
[INFO] [stdout] 8e8934b6c1dd655128e02dce107b538d6373a73a7f7730a6c2859549fc935ab0
[INFO] running `Command { std: "docker" "start" "-a" "8e8934b6c1dd655128e02dce107b538d6373a73a7f7730a6c2859549fc935ab0", kill_on_drop: false }`
[INFO] [stderr] warning: unused import: `anyhow::Context`
[INFO] [stderr]  --> src/main.rs:1:5
[INFO] [stderr]   |
[INFO] [stderr] 1 | use anyhow::Context;
[INFO] [stderr]   |     ^^^^^^^^^^^^^^^
[INFO] [stderr]   |
[INFO] [stderr]   = note: `#[warn(unused_imports)]` on by default
[INFO] [stderr] 
[INFO] [stderr] warning: unused import: `flate2::write::ZlibEncoder`
[INFO] [stderr]  --> src/main.rs:5:5
[INFO] [stderr]   |
[INFO] [stderr] 5 | use flate2::write::ZlibEncoder;
[INFO] [stderr]   |     ^^^^^^^^^^^^^^^^^^^^^^^^^^
[INFO] [stderr] 
[INFO] [stderr] warning: unused import: `flate2::Compression`
[INFO] [stderr]  --> src/main.rs:6:5
[INFO] [stderr]   |
[INFO] [stderr] 6 | use flate2::Compression;
[INFO] [stderr]   |     ^^^^^^^^^^^^^^^^^^^
[INFO] [stderr] 
[INFO] [stderr] warning: unused imports: `Digest` and `Sha1`
[INFO] [stderr]  --> src/main.rs:7:12
[INFO] [stderr]   |
[INFO] [stderr] 7 | use sha1::{Digest, Sha1};
[INFO] [stderr]   |            ^^^^^^  ^^^^
[INFO] [stderr] 
[INFO] [stderr] warning: unused import: `std::io::prelude::*`
[INFO] [stderr]   --> src/main.rs:12:5
[INFO] [stderr]    |
[INFO] [stderr] 12 | use std::io::prelude::*;
[INFO] [stderr]    |     ^^^^^^^^^^^^^^^^^^^
[INFO] [stderr] 
[INFO] [stderr] warning: unused import: `std::path::PathBuf`
[INFO] [stderr]   --> src/main.rs:13:5
[INFO] [stderr]    |
[INFO] [stderr] 13 | use std::path::PathBuf;
[INFO] [stderr]    |     ^^^^^^^^^^^^^^^^^^
[INFO] [stderr] 
[INFO] [stderr] warning: unused imports: `ffi::CStr` and `io::BufReader`
[INFO] [stderr]   --> src/main.rs:14:11
[INFO] [stderr]    |
[INFO] [stderr] 14 | use std::{ffi::CStr, io::BufReader};
[INFO] [stderr]    |           ^^^^^^^^^  ^^^^^^^^^^^^^
[INFO] [stderr] 
[INFO] [stderr] warning: unused import: `core::hash`
[INFO] [stderr]  --> src/git_functions.rs:7:5
[INFO] [stderr]   |
[INFO] [stderr] 7 | use core::hash;
[INFO] [stderr]   |     ^^^^^^^^^^
[INFO] [stderr] 
[INFO] [stderr] warning: unused import: `std::fmt::format`
[INFO] [stderr]   --> src/git_functions.rs:10:5
[INFO] [stderr]    |
[INFO] [stderr] 10 | use std::fmt::format;
[INFO] [stderr]    |     ^^^^^^^^^^^^^^^^
[INFO] [stderr] 
[INFO] [stderr] warning: unused import: `std::fs::Metadata`
[INFO] [stderr]   --> src/git_functions.rs:13:5
[INFO] [stderr]    |
[INFO] [stderr] 13 | use std::fs::Metadata;
[INFO] [stderr]    |     ^^^^^^^^^^^^^^^^^
[INFO] [stderr] 
[INFO] [stderr] warning: unused import: `walkdir::WalkDir`
[INFO] [stderr]   --> src/git_functions.rs:17:5
[INFO] [stderr]    |
[INFO] [stderr] 17 | use walkdir::WalkDir;
[INFO] [stderr]    |     ^^^^^^^^^^^^^^^^
[INFO] [stderr] 
[INFO] [stderr] warning: unused import: `ascii85::encode`
[INFO] [stderr]  --> src/utils.rs:2:5
[INFO] [stderr]   |
[INFO] [stderr] 2 | use ascii85::encode;
[INFO] [stderr]   |     ^^^^^^^^^^^^^^^
[INFO] [stderr] 
[INFO] [stderr] warning: unused import: `base64`
[INFO] [stderr]  --> src/utils.rs:3:5
[INFO] [stderr]   |
[INFO] [stderr] 3 | use base64;
[INFO] [stderr]   |     ^^^^^^
[INFO] [stderr] 
[INFO] [stderr] warning: unused import: `Cursor`
[INFO] [stderr]  --> src/utils.rs:8:27
[INFO] [stderr]   |
[INFO] [stderr] 8 | use std::io::{prelude::*, Cursor};
[INFO] [stderr]   |                           ^^^^^^
[INFO] [stderr] 
[INFO] [stderr] warning: unused import: `crate::data::Object`
[INFO] [stderr]   --> src/git_functions.rs:23:5
[INFO] [stderr]    |
[INFO] [stderr] 23 | use crate::data::Object;
[INFO] [stderr]    |     ^^^^^^^^^^^^^^^^^^^
[INFO] [stderr] 
[INFO] [stderr] warning: unreachable pattern
[INFO] [stderr]    --> src/git_functions.rs:209:9
[INFO] [stderr]     |
[INFO] [stderr] 209 |         _ => {
[INFO] [stderr]     |         ^ no value can reach this
[INFO] [stderr]     |
[INFO] [stderr] note: multiple earlier patterns match some of the same values
[INFO] [stderr]    --> src/git_functions.rs:209:9
[INFO] [stderr]     |
[INFO] [stderr] 28  |           Command::Init => {
[INFO] [stderr]     |           ------------- matches some of the same values
[INFO] [stderr] ...
[INFO] [stderr] 35  | /         Command::CatFile {
[INFO] [stderr] 36  | |             pretty_print,
[INFO] [stderr] 37  | |             object_hash,
[INFO] [stderr] 38  | |         } => {
[INFO] [stderr]     | |_________- matches some of the same values
[INFO] [stderr] ...
[INFO] [stderr] 78  | /         Command::HashObject {
[INFO] [stderr] 79  | |             write_object,
[INFO] [stderr] 80  | |             object_file,
[INFO] [stderr] 81  | |         } => {
[INFO] [stderr]     | |_________- matches some of the same values
[INFO] [stderr] ...
[INFO] [stderr] 121 | /         Command::LsTree {
[INFO] [stderr] 122 | |             name_only,
[INFO] [stderr] 123 | |             tree_sha,
[INFO] [stderr] 124 | |         } => {
[INFO] [stderr]     | |_________- matches some of the same values
[INFO] [stderr] ...
[INFO] [stderr] 209 |           _ => {
[INFO] [stderr]     |           ^ ...and 1 other patterns collectively make this unreachable
[INFO] [stderr]     = note: `#[warn(unreachable_patterns)]` on by default
[INFO] [stderr] 
[INFO] [stderr] warning: unused variable: `pretty_print`
[INFO] [stderr]   --> src/git_functions.rs:36:13
[INFO] [stderr]    |
[INFO] [stderr] 36 |             pretty_print,
[INFO] [stderr]    |             ^^^^^^^^^^^^ help: try ignoring the field: `pretty_print: _`
[INFO] [stderr]    |
[INFO] [stderr]    = note: `#[warn(unused_variables)]` on by default
[INFO] [stderr] 
[INFO] [stderr] warning: unused variable: `write_object`
[INFO] [stderr]   --> src/git_functions.rs:79:13
[INFO] [stderr]    |
[INFO] [stderr] 79 |             write_object,
[INFO] [stderr]    |             ^^^^^^^^^^^^ help: try ignoring the field: `write_object: _`
[INFO] [stderr] 
[INFO] [stderr] warning: unused variable: `file_content`
[INFO] [stderr]    --> src/git_functions.rs:101:17
[INFO] [stderr]     |
[INFO] [stderr] 101 |             let file_content = &hex_result[2..];
[INFO] [stderr]     |                 ^^^^^^^^^^^^ help: if this is intentional, prefix it with an underscore: `_file_content`
[INFO] [stderr] 
[INFO] [stderr] warning: unused variable: `file_content`
[INFO] [stderr]    --> src/git_functions.rs:109:17
[INFO] [stderr]     |
[INFO] [stderr] 109 |             let file_content = &hex_result[2..];
[INFO] [stderr]     |                 ^^^^^^^^^^^^ help: if this is intentional, prefix it with an underscore: `_file_content`
[INFO] [stderr] 
[INFO] [stderr] warning: unused variable: `name_only`
[INFO] [stderr]    --> src/git_functions.rs:122:13
[INFO] [stderr]     |
[INFO] [stderr] 122 |             name_only,
[INFO] [stderr]     |             ^^^^^^^^^ help: try ignoring the field: `name_only: _`
[INFO] [stderr] 
[INFO] [stderr] warning: unused variable: `buf_copy`
[INFO] [stderr]    --> src/git_functions.rs:136:21
[INFO] [stderr]     |
[INFO] [stderr] 136 |             let mut buf_copy = buf.clone();
[INFO] [stderr]     |                     ^^^^^^^^ help: if this is intentional, prefix it with an underscore: `_buf_copy`
[INFO] [stderr] 
[INFO] [stderr] warning: variable does not need to be mutable
[INFO] [stderr]    --> src/git_functions.rs:136:17
[INFO] [stderr]     |
[INFO] [stderr] 136 |             let mut buf_copy = buf.clone();
[INFO] [stderr]     |                 ----^^^^^^^^
[INFO] [stderr]     |                 |
[INFO] [stderr]     |                 help: remove this `mut`
[INFO] [stderr]     |
[INFO] [stderr]     = note: `#[warn(unused_mut)]` on by default
[INFO] [stderr] 
[INFO] [stderr] warning: variable does not need to be mutable
[INFO] [stderr]    --> src/git_functions.rs:144:17
[INFO] [stderr]     |
[INFO] [stderr] 144 |             let mut header = header.to_str().unwrap();
[INFO] [stderr]     |                 ----^^^^^^
[INFO] [stderr]     |                 |
[INFO] [stderr]     |                 help: remove this `mut`
[INFO] [stderr] 
[INFO] [stderr] warning: function `extract_filename` is never used
[INFO] [stderr]    --> src/utils.rs:295:8
[INFO] [stderr]     |
[INFO] [stderr] 295 | pub fn extract_filename(input: String) -> String {
[INFO] [stderr]     |        ^^^^^^^^^^^^^^^^
[INFO] [stderr]     |
[INFO] [stderr]     = note: `#[warn(dead_code)]` on by default
[INFO] [stderr] 
[INFO] [stderr] warning: function `calculate_total_size` is never used
[INFO] [stderr]    --> src/utils.rs:307:8
[INFO] [stderr]     |
[INFO] [stderr] 307 | pub fn calculate_total_size(obj: &Object) -> usize {
[INFO] [stderr]     |        ^^^^^^^^^^^^^^^^^^^^
[INFO] [stderr] 
[INFO] [stderr] warning: function `extract_after_numeric` is never used
[INFO] [stderr]   --> src/utils.rs:17:8
[INFO] [stderr]    |
[INFO] [stderr] 17 | pub fn extract_after_numeric(input: String, patterns: &[&str]) -> Vec<String> {
[INFO] [stderr]    |        ^^^^^^^^^^^^^^^^^^^^^
[INFO] [stderr] 
[INFO] [stderr] warning: function `compute_file_hash` is never used
[INFO] [stderr]   --> src/utils.rs:43:8
[INFO] [stderr]    |
[INFO] [stderr] 43 | pub fn compute_file_hash(path: &PathBuf) -> anyhow::Result<[u8; 20], Error> {
[INFO] [stderr]    |        ^^^^^^^^^^^^^^^^^
[INFO] [stderr] 
[INFO] [stderr] warning: function `process_directory` is never used
[INFO] [stderr]   --> src/utils.rs:80:8
[INFO] [stderr]    |
[INFO] [stderr] 80 | pub fn process_directory(dir: &PathBuf) -> anyhow::Result<Option<[u8; 20]>> {
[INFO] [stderr]    |        ^^^^^^^^^^^^^^^^^
[INFO] [stderr] 
[INFO] [stderr] warning: struct `Object` is never constructed
[INFO] [stderr]   --> src/data.rs:12:12
[INFO] [stderr]    |
[INFO] [stderr] 12 | pub struct Object {
[INFO] [stderr]    |            ^^^^^^
[INFO] [stderr] 
[INFO] [stderr] warning: methods `serialize` and `display` are never used
[INFO] [stderr]   --> src/data.rs:20:12
[INFO] [stderr]    |
[INFO] [stderr] 18 | impl Object {   
[INFO] [stderr]    | ----------- methods in this implementation
[INFO] [stderr] 19 |     // Serialize
[INFO] [stderr] 20 |     pub fn serialize(&self) -> Vec<u8> {
[INFO] [stderr]    |            ^^^^^^^^^
[INFO] [stderr] ...
[INFO] [stderr] 28 |     pub fn display(&self) {
[INFO] [stderr]    |            ^^^^^^^
[INFO] [stderr] 
[INFO] [stderr] warning: unused `Result` that must be used
[INFO] [stderr]    --> src/git_functions.rs:138:13
[INFO] [stderr]     |
[INFO] [stderr] 138 | /             z.read_until(0, &mut buf)
[INFO] [stderr] 139 | |                 .context("read header from .git/objects"); 
[INFO] [stderr]     | |_________________________________________________________^
[INFO] [stderr]     |
[INFO] [stderr]     = note: this `Result` may be an `Err` variant, which should be handled
[INFO] [stderr]     = note: `#[warn(unused_must_use)]` on by default
[INFO] [stderr] help: use `let _ = ...` to ignore the resulting value
[INFO] [stderr]     |
[INFO] [stderr] 138 |             let _ = z.read_until(0, &mut buf)
[INFO] [stderr]     |             +++++++
[INFO] [stderr] 
[INFO] [stderr] warning: `git-starter-rust` (bin "git-starter-rust" test) generated 32 warnings (run `cargo fix --bin "git-starter-rust" --tests` to apply 17 suggestions)
[INFO] [stderr]     Finished `test` profile [unoptimized + debuginfo] target(s) in 0.16s
[INFO] [stderr]      Running unittests src/main.rs (/opt/rustwide/target/debug/deps/git_starter_rust-9f9838fee5abad34)
[INFO] [stdout] 
[INFO] [stdout] running 1 test
[INFO] [stdout] test tests::test1 ... FAILED
[INFO] [stdout] 
[INFO] [stdout] failures:
[INFO] [stdout] 
[INFO] [stdout] ---- tests::test1 stdout ----
[INFO] [stdout] 
[INFO] [stdout] thread 'tests::test1' panicked at src/git_functions.rs:29:36:
[INFO] [stdout] called `Result::unwrap()` on an `Err` value: Os { code: 17, kind: AlreadyExists, message: "File exists" }
[INFO] [stdout] stack backtrace:
[INFO] [stdout]    0:     0x5a9c27991a1a - std::backtrace_rs::backtrace::libunwind::trace::hb059275cfc8d6126
[INFO] [stdout]                                at /rustc/6067b36314ab5eb2eb47cecc464545ba58e1ad24/library/std/src/../../backtrace/src/backtrace/libunwind.rs:116:5
[INFO] [stdout]    1:     0x5a9c27991a1a - std::backtrace_rs::backtrace::trace_unsynchronized::h2da071e4327ce3ee
[INFO] [stdout]                                at /rustc/6067b36314ab5eb2eb47cecc464545ba58e1ad24/library/std/src/../../backtrace/src/backtrace/mod.rs:66:5
[INFO] [stdout]    2:     0x5a9c27991a1a - std::sys::backtrace::_print_fmt::h842a1474e6f8d23f
[INFO] [stdout]                                at /rustc/6067b36314ab5eb2eb47cecc464545ba58e1ad24/library/std/src/sys/backtrace.rs:66:9
[INFO] [stdout]    3:     0x5a9c27991a1a - <std::sys::backtrace::BacktraceLock::print::DisplayBacktrace as core::fmt::Display>::fmt::h71a62eb3b9696b12
[INFO] [stdout]                                at /rustc/6067b36314ab5eb2eb47cecc464545ba58e1ad24/library/std/src/sys/backtrace.rs:39:26
[INFO] [stdout]    4:     0x5a9c279b9833 - core::fmt::rt::Argument::fmt::hdb6b616786b41dc1
[INFO] [stdout]                                at /rustc/6067b36314ab5eb2eb47cecc464545ba58e1ad24/library/core/src/fmt/rt.rs:177:76
[INFO] [stdout]    5:     0x5a9c279b9833 - core::fmt::write::h2cc1698af7e2d686
[INFO] [stdout]                                at /rustc/6067b36314ab5eb2eb47cecc464545ba58e1ad24/library/core/src/fmt/mod.rs:1440:21
[INFO] [stdout]    6:     0x5a9c2798e273 - std::io::Write::write_fmt::hab1b4cd059a79022
[INFO] [stdout]                                at /rustc/6067b36314ab5eb2eb47cecc464545ba58e1ad24/library/std/src/io/mod.rs:1887:15
[INFO] [stdout]    7:     0x5a9c27991862 - std::sys::backtrace::BacktraceLock::print::h147fe35b4ea13b08
[INFO] [stdout]                                at /rustc/6067b36314ab5eb2eb47cecc464545ba58e1ad24/library/std/src/sys/backtrace.rs:42:9
[INFO] [stdout]    8:     0x5a9c27992e3f - std::panicking::default_hook::{{closure}}::hbd44223dbdc0d208
[INFO] [stdout]                                at /rustc/6067b36314ab5eb2eb47cecc464545ba58e1ad24/library/std/src/panicking.rs:298:22
[INFO] [stdout]    9:     0x5a9c27992c58 - std::panicking::default_hook::h20f81eb0576efcec
[INFO] [stdout]                                at /rustc/6067b36314ab5eb2eb47cecc464545ba58e1ad24/library/std/src/panicking.rs:322:9
[INFO] [stdout]   10:     0x5a9c27912363 - <alloc::boxed::Box<F,A> as core::ops::function::Fn<Args>>::call::hdb53814c496a4d34
[INFO] [stdout]                                at /rustc/6067b36314ab5eb2eb47cecc464545ba58e1ad24/library/alloc/src/boxed.rs:2027:9
[INFO] [stdout]   11:     0x5a9c27912363 - test::test_main::{{closure}}::hc0a4963c59427c24
[INFO] [stdout]                                at /rustc/6067b36314ab5eb2eb47cecc464545ba58e1ad24/library/test/src/lib.rs:134:21
[INFO] [stdout]   12:     0x5a9c27993933 - <alloc::boxed::Box<F,A> as core::ops::function::Fn<Args>>::call::h591b2225413a77e9
[INFO] [stdout]                                at /rustc/6067b36314ab5eb2eb47cecc464545ba58e1ad24/library/alloc/src/boxed.rs:2027:9
[INFO] [stdout]   13:     0x5a9c27993933 - std::panicking::rust_panic_with_hook::h625eea43051b2edc
[INFO] [stdout]                                at /rustc/6067b36314ab5eb2eb47cecc464545ba58e1ad24/library/std/src/panicking.rs:839:13
[INFO] [stdout]   14:     0x5a9c279935ea - std::panicking::begin_panic_handler::{{closure}}::h4f9159cfbc3f6bd3
[INFO] [stdout]                                at /rustc/6067b36314ab5eb2eb47cecc464545ba58e1ad24/library/std/src/panicking.rs:704:13
[INFO] [stdout]   15:     0x5a9c27991f19 - std::sys::backtrace::__rust_end_short_backtrace::h0390abce48353151
[INFO] [stdout]                                at /rustc/6067b36314ab5eb2eb47cecc464545ba58e1ad24/library/std/src/sys/backtrace.rs:168:18
[INFO] [stdout]   16:     0x5a9c2799327d - rust_begin_unwind
[INFO] [stdout]                                at /rustc/6067b36314ab5eb2eb47cecc464545ba58e1ad24/library/std/src/panicking.rs:695:5
[INFO] [stdout]   17:     0x5a9c279b8210 - core::panicking::panic_fmt::h9e7c637e9e5f29c9
[INFO] [stdout]                                at /rustc/6067b36314ab5eb2eb47cecc464545ba58e1ad24/library/core/src/panicking.rs:75:14
[INFO] [stdout]   18:     0x5a9c279b8686 - core::result::unwrap_failed::h7979f09313fe1849
[INFO] [stdout]                                at /rustc/6067b36314ab5eb2eb47cecc464545ba58e1ad24/library/core/src/result.rs:1704:5
[INFO] [stdout]   19:     0x5a9c278c6b95 - core::result::Result<T,E>::unwrap::h5419ffb33246b0e2
[INFO] [stdout]                                at /rustc/6067b36314ab5eb2eb47cecc464545ba58e1ad24/library/core/src/result.rs:1109:23
[INFO] [stdout]   20:     0x5a9c278c6b95 - git_starter_rust::git_functions::execute_git_function::h34d442ebdf6fbc85
[INFO] [stdout]                                at /opt/rustwide/workdir/src/git_functions.rs:29:13
[INFO] [stdout]   21:     0x5a9c278cf0b3 - git_starter_rust::tests::test1::h01ffa9f20c7b8b92
[INFO] [stdout]                                at /opt/rustwide/workdir/src/main.rs:47:22
[INFO] [stdout]   22:     0x5a9c278cf087 - git_starter_rust::tests::test1::{{closure}}::h5d8c1100be8fb0db
[INFO] [stdout]                                at /opt/rustwide/workdir/src/main.rs:46:15
[INFO] [stdout]   23:     0x5a9c278c4206 - core::ops::function::FnOnce::call_once::ha59e843462aaae1a
[INFO] [stdout]                                at /rustc/6067b36314ab5eb2eb47cecc464545ba58e1ad24/library/core/src/ops/function.rs:250:5
[INFO] [stdout]   24:     0x5a9c27917abb - core::ops::function::FnOnce::call_once::he27718dfdd183f43
[INFO] [stdout]                                at /rustc/6067b36314ab5eb2eb47cecc464545ba58e1ad24/library/core/src/ops/function.rs:250:5
[INFO] [stdout]   25:     0x5a9c27917abb - test::__rust_begin_short_backtrace::h4e84902998457a5d
[INFO] [stdout]                                at /rustc/6067b36314ab5eb2eb47cecc464545ba58e1ad24/library/test/src/lib.rs:632:18
[INFO] [stdout]   26:     0x5a9c279169f3 - test::run_test_in_process::{{closure}}::h7176fd18fc1feca0
[INFO] [stdout]                                at /rustc/6067b36314ab5eb2eb47cecc464545ba58e1ad24/library/test/src/lib.rs:655:60
[INFO] [stdout]   27:     0x5a9c279169f3 - <core::panic::unwind_safe::AssertUnwindSafe<F> as core::ops::function::FnOnce<()>>::call_once::hf79cff2a624d8cf7
[INFO] [stdout]                                at /rustc/6067b36314ab5eb2eb47cecc464545ba58e1ad24/library/core/src/panic/unwind_safe.rs:272:9
[INFO] [stdout]   28:     0x5a9c279169f3 - std::panicking::try::do_call::h3da0561d9ab99c25
[INFO] [stdout]                                at /rustc/6067b36314ab5eb2eb47cecc464545ba58e1ad24/library/std/src/panicking.rs:587:40
[INFO] [stdout]   29:     0x5a9c279169f3 - std::panicking::try::h41c9fa508bc61df6
[INFO] [stdout]                                at /rustc/6067b36314ab5eb2eb47cecc464545ba58e1ad24/library/std/src/panicking.rs:550:19
[INFO] [stdout]   30:     0x5a9c279169f3 - std::panic::catch_unwind::h6b3ff07bb5afad93
[INFO] [stdout]                                at /rustc/6067b36314ab5eb2eb47cecc464545ba58e1ad24/library/std/src/panic.rs:358:14
[INFO] [stdout]   31:     0x5a9c279169f3 - test::run_test_in_process::hc7253dd11b39b9f4
[INFO] [stdout]                                at /rustc/6067b36314ab5eb2eb47cecc464545ba58e1ad24/library/test/src/lib.rs:655:27
[INFO] [stdout]   32:     0x5a9c279169f3 - test::run_test::{{closure}}::hfb2007f8649c30bb
[INFO] [stdout]                                at /rustc/6067b36314ab5eb2eb47cecc464545ba58e1ad24/library/test/src/lib.rs:576:43
[INFO] [stdout]   33:     0x5a9c278d9ad5 - test::run_test::{{closure}}::h56a17aa7a282a9f4
[INFO] [stdout]                                at /rustc/6067b36314ab5eb2eb47cecc464545ba58e1ad24/library/test/src/lib.rs:606:41
[INFO] [stdout]   34:     0x5a9c278d9ad5 - std::sys::backtrace::__rust_begin_short_backtrace::hd2d2d2fb8e8c6aac
[INFO] [stdout]                                at /rustc/6067b36314ab5eb2eb47cecc464545ba58e1ad24/library/std/src/sys/backtrace.rs:152:18
[INFO] [stdout]   35:     0x5a9c278dd3ba - std::thread::Builder::spawn_unchecked_::{{closure}}::{{closure}}::h4faa3f9db6133423
[INFO] [stdout]                                at /rustc/6067b36314ab5eb2eb47cecc464545ba58e1ad24/library/std/src/thread/mod.rs:559:17
[INFO] [stdout]   36:     0x5a9c278dd3ba - <core::panic::unwind_safe::AssertUnwindSafe<F> as core::ops::function::FnOnce<()>>::call_once::hf2e855a36a4ea846
[INFO] [stdout]                                at /rustc/6067b36314ab5eb2eb47cecc464545ba58e1ad24/library/core/src/panic/unwind_safe.rs:272:9
[INFO] [stdout]   37:     0x5a9c278dd3ba - std::panicking::try::do_call::h2f73af3616c35465
[INFO] [stdout]                                at /rustc/6067b36314ab5eb2eb47cecc464545ba58e1ad24/library/std/src/panicking.rs:587:40
[INFO] [stdout]   38:     0x5a9c278dd3ba - std::panicking::try::hd1660ce9efadef5a
[INFO] [stdout]                                at /rustc/6067b36314ab5eb2eb47cecc464545ba58e1ad24/library/std/src/panicking.rs:550:19
[INFO] [stdout]   39:     0x5a9c278dd3ba - std::panic::catch_unwind::h5ee8d7823b8ca744
[INFO] [stdout]                                at /rustc/6067b36314ab5eb2eb47cecc464545ba58e1ad24/library/std/src/panic.rs:358:14
[INFO] [stdout]   40:     0x5a9c278dd3ba - std::thread::Builder::spawn_unchecked_::{{closure}}::h53c3a1894dce8407
[INFO] [stdout]                                at /rustc/6067b36314ab5eb2eb47cecc464545ba58e1ad24/library/std/src/thread/mod.rs:557:30
[INFO] [stdout]   41:     0x5a9c278dd3ba - core::ops::function::FnOnce::call_once{{vtable.shim}}::h048ce291ad4f62bf
[INFO] [stdout]                                at /rustc/6067b36314ab5eb2eb47cecc464545ba58e1ad24/library/core/src/ops/function.rs:250:5
[INFO] [stdout]   42:     0x5a9c27997e0b - <alloc::boxed::Box<F,A> as core::ops::function::FnOnce<Args>>::call_once::ha52bedf99a3b4981
[INFO] [stdout]                                at /rustc/6067b36314ab5eb2eb47cecc464545ba58e1ad24/library/alloc/src/boxed.rs:2013:9
[INFO] [stdout]   43:     0x5a9c27997e0b - <alloc::boxed::Box<F,A> as core::ops::function::FnOnce<Args>>::call_once::h567748934d80ccf8
[INFO] [stdout]                                at /rustc/6067b36314ab5eb2eb47cecc464545ba58e1ad24/library/alloc/src/boxed.rs:2013:9
[INFO] [stdout]   44:     0x5a9c27997e0b - std::sys::pal::unix::thread::Thread::new::thread_start::h2d970728ae887adc
[INFO] [stdout]                                at /rustc/6067b36314ab5eb2eb47cecc464545ba58e1ad24/library/std/src/sys/pal/unix/thread.rs:106:17
[INFO] [stdout]   45:     0x7be4d73e1ac3 - <unknown>
[INFO] [stdout]   46:     0x7be4d7472a04 - clone
[INFO] [stdout]   47:                0x0 - <unknown>
[INFO] [stdout] 
[INFO] [stdout] 
[INFO] [stdout] failures:
[INFO] [stdout]     tests::test1
[INFO] [stdout] 
[INFO] [stdout] test result: FAILED. 0 passed; 1 failed; 0 ignored; 0 measured; 0 filtered out; finished in 0.03s
[INFO] [stdout] 
[INFO] [stderr] error: test failed, to rerun pass `--bin git-starter-rust`
[INFO] running `Command { std: "docker" "inspect" "8e8934b6c1dd655128e02dce107b538d6373a73a7f7730a6c2859549fc935ab0", kill_on_drop: false }`
[INFO] running `Command { std: "docker" "rm" "-f" "8e8934b6c1dd655128e02dce107b538d6373a73a7f7730a6c2859549fc935ab0", kill_on_drop: false }`
[INFO] [stdout] 8e8934b6c1dd655128e02dce107b538d6373a73a7f7730a6c2859549fc935ab0
