[INFO] cloning repository https://github.com/byrnedo/skate
[INFO] running `Command { std: "git" "-c" "credential.helper=" "-c" "credential.helper=/workspace/cargo-home/bin/git-credential-null" "clone" "--bare" "https://github.com/byrnedo/skate" "/workspace/cache/git-repos/https%3A%2F%2Fgithub.com%2Fbyrnedo%2Fskate", kill_on_drop: false }`
[INFO] [stderr] Cloning into bare repository '/workspace/cache/git-repos/https%3A%2F%2Fgithub.com%2Fbyrnedo%2Fskate'...
[INFO] running `Command { std: "git" "rev-parse" "HEAD", kill_on_drop: false }`
[INFO] [stdout] 9fc5560ff7fc4b40a19a02b3af1aacf7bf1253c0
[INFO] testing byrnedo/skate against nightly-2025-01-18+rustflags=-Zrandomize-layout for randomize-layout-2
[INFO] running `Command { std: "git" "clone" "/workspace/cache/git-repos/https%3A%2F%2Fgithub.com%2Fbyrnedo%2Fskate" "/workspace/builds/worker-5-tc2/source", kill_on_drop: false }`
[INFO] [stderr] Cloning into '/workspace/builds/worker-5-tc2/source'...
[INFO] [stderr] done.
[INFO] validating manifest of git repo https://github.com/byrnedo/skate on toolchain nightly-2025-01-18
[INFO] running `Command { std: CARGO_HOME="/workspace/cargo-home" RUSTUP_HOME="/workspace/rustup-home" "/workspace/cargo-home/bin/cargo" "+nightly-2025-01-18" "metadata" "--manifest-path" "Cargo.toml" "--no-deps", kill_on_drop: false }`
[INFO] started tweaking git repo https://github.com/byrnedo/skate
[INFO] finished tweaking git repo https://github.com/byrnedo/skate
[INFO] tweaked toml for git repo https://github.com/byrnedo/skate written to /workspace/builds/worker-5-tc2/source/Cargo.toml
[INFO] crate git repo https://github.com/byrnedo/skate already has a lockfile, it will not be regenerated
[INFO] running `Command { std: CARGO_HOME="/workspace/cargo-home" RUSTUP_HOME="/workspace/rustup-home" "/workspace/cargo-home/bin/cargo" "+nightly-2025-01-18" "fetch" "--manifest-path" "Cargo.toml", kill_on_drop: false }`
[INFO] running `Command { std: "docker" "create" "-v" "/var/lib/crater-agent-workspace/builds/worker-5-tc2/target:/opt/rustwide/target:rw,Z" "-v" "/var/lib/crater-agent-workspace/builds/worker-5-tc2/source:/opt/rustwide/workdir:ro,Z" "-v" "/var/lib/crater-agent-workspace/cargo-home:/opt/rustwide/cargo-home:ro,Z" "-v" "/var/lib/crater-agent-workspace/rustup-home:/opt/rustwide/rustup-home:ro,Z" "-e" "SOURCE_DIR=/opt/rustwide/workdir" "-e" "CARGO_TARGET_DIR=/opt/rustwide/target" "-e" "CARGO_HOME=/opt/rustwide/cargo-home" "-e" "RUSTUP_HOME=/opt/rustwide/rustup-home" "-w" "/opt/rustwide/workdir" "-m" "1610612736" "--user" "0:0" "--network" "none" "ghcr.io/rust-lang/crates-build-env/linux@sha256:819108c5571ea2e421544af4d832f968d213c87fbe3707a016657f43d2f853bc" "/opt/rustwide/cargo-home/bin/cargo" "+nightly-2025-01-18" "metadata" "--no-deps" "--format-version=1", kill_on_drop: false }`
[INFO] [stdout] 67c547fc4c7da2e3e3fae5afd78669129937347dd773ac2b8e54f2ead262a0ed
[INFO] running `Command { std: "docker" "start" "-a" "67c547fc4c7da2e3e3fae5afd78669129937347dd773ac2b8e54f2ead262a0ed", kill_on_drop: false }`
[INFO] running `Command { std: "docker" "inspect" "67c547fc4c7da2e3e3fae5afd78669129937347dd773ac2b8e54f2ead262a0ed", kill_on_drop: false }`
[INFO] running `Command { std: "docker" "rm" "-f" "67c547fc4c7da2e3e3fae5afd78669129937347dd773ac2b8e54f2ead262a0ed", kill_on_drop: false }`
[INFO] [stdout] 67c547fc4c7da2e3e3fae5afd78669129937347dd773ac2b8e54f2ead262a0ed
[INFO] running `Command { std: "docker" "create" "-v" "/var/lib/crater-agent-workspace/builds/worker-5-tc2/target:/opt/rustwide/target:rw,Z" "-v" "/var/lib/crater-agent-workspace/builds/worker-5-tc2/source:/opt/rustwide/workdir:ro,Z" "-v" "/var/lib/crater-agent-workspace/cargo-home:/opt/rustwide/cargo-home:ro,Z" "-v" "/var/lib/crater-agent-workspace/rustup-home:/opt/rustwide/rustup-home:ro,Z" "-e" "SOURCE_DIR=/opt/rustwide/workdir" "-e" "CARGO_TARGET_DIR=/opt/rustwide/target" "-e" "CARGO_INCREMENTAL=0" "-e" "RUST_BACKTRACE=full" "-e" "RUSTFLAGS=--cap-lints=forbid -Zrandomize-layout" "-e" "RUSTDOCFLAGS=--cap-lints=forbid" "-e" "CARGO_HOME=/opt/rustwide/cargo-home" "-e" "RUSTUP_HOME=/opt/rustwide/rustup-home" "-w" "/opt/rustwide/workdir" "-m" "1610612736" "--user" "0:0" "--network" "none" "ghcr.io/rust-lang/crates-build-env/linux@sha256:819108c5571ea2e421544af4d832f968d213c87fbe3707a016657f43d2f853bc" "/opt/rustwide/cargo-home/bin/cargo" "+nightly-2025-01-18" "build" "--frozen" "--message-format=json", kill_on_drop: false }`
[INFO] [stdout] 1445026f8c73c3ee3cdb8a0dbe59c709d2bf63ae3996701290041f002f1e5850
[INFO] running `Command { std: "docker" "start" "-a" "1445026f8c73c3ee3cdb8a0dbe59c709d2bf63ae3996701290041f002f1e5850", kill_on_drop: false }`
[INFO] [stderr]    Compiling libc v0.2.155
[INFO] [stderr]    Compiling proc-macro2 v1.0.92
[INFO] [stderr]    Compiling unicode-ident v1.0.12
[INFO] [stderr]    Compiling cfg-if v1.0.0
[INFO] [stderr]    Compiling version_check v0.9.5
[INFO] [stderr]    Compiling zeroize v1.8.1
[INFO] [stderr]    Compiling typenum v1.17.0
[INFO] [stderr]    Compiling subtle v2.6.1
[INFO] [stderr]    Compiling autocfg v1.3.0
[INFO] [stderr]    Compiling const-oid v0.9.6
[INFO] [stderr]    Compiling cpufeatures v0.2.13
[INFO] [stderr]    Compiling once_cell v1.19.0
[INFO] [stderr]    Compiling serde v1.0.216
[INFO] [stderr]    Compiling pkg-config v0.3.30
[INFO] [stderr]    Compiling memchr v2.7.4
[INFO] [stderr]    Compiling vcpkg v0.2.15
[INFO] [stderr]    Compiling smallvec v1.13.2
[INFO] [stderr]    Compiling base64ct v1.6.0
[INFO] [stderr]    Compiling itoa v1.0.11
[INFO] [stderr]    Compiling pin-project-lite v0.2.14
[INFO] [stderr]    Compiling parking_lot_core v0.9.10
[INFO] [stderr]    Compiling libm v0.2.11
[INFO] [stderr]    Compiling generic-array v0.14.7
[INFO] [stderr]    Compiling bytes v1.7.1
[INFO] [stderr]    Compiling futures-core v0.3.31
[INFO] [stderr]    Compiling scopeguard v1.2.0
[INFO] [stderr]    Compiling byteorder v1.5.0
[INFO] [stderr]    Compiling fnv v1.0.7
[INFO] [stderr]    Compiling futures-sink v0.3.31
[INFO] [stderr]    Compiling log v0.4.22
[INFO] [stderr]    Compiling tinyvec_macros v0.1.1
[INFO] [stderr]    Compiling futures-io v0.3.31
[INFO] [stderr]    Compiling futures-channel v0.3.31
[INFO] [stderr]    Compiling thiserror v1.0.69
[INFO] [stderr]    Compiling futures-task v0.3.31
[INFO] [stderr]    Compiling pem-rfc7468 v0.7.0
[INFO] [stderr]    Compiling lock_api v0.4.12
[INFO] [stderr]    Compiling num-traits v0.2.19
[INFO] [stderr]    Compiling slab v0.4.9
[INFO] [stderr]    Compiling stable_deref_trait v1.2.0
[INFO] [stderr]    Compiling pin-utils v0.1.0
[INFO] [stderr]    Compiling tinyvec v1.8.0
[INFO] [stderr]    Compiling percent-encoding v2.3.1
[INFO] [stderr]    Compiling der v0.7.9
[INFO] [stderr]    Compiling base16ct v0.2.0
[INFO] [stderr]    Compiling semver v1.0.23
[INFO] [stderr]    Compiling form_urlencoded v1.2.1
[INFO] [stderr]    Compiling unicode-bidi v0.3.15
[INFO] [stderr]    Compiling iana-time-zone v0.1.60
[INFO] [stderr]    Compiling quote v1.0.36
[INFO] [stderr]    Compiling foreign-types-shared v0.1.1
[INFO] [stderr]    Compiling opaque-debug v0.3.1
[INFO] [stderr]    Compiling openssl v0.10.68
[INFO] [stderr]    Compiling crunchy v0.2.2
[INFO] [stderr]    Compiling const_fn v0.4.10
[INFO] [stderr]    Compiling foreign-types v0.3.2
[INFO] [stderr]    Compiling writeable v0.5.5
[INFO] [stderr]    Compiling tiny-keccak v2.0.2
[INFO] [stderr]    Compiling powerfmt v0.2.0
[INFO] [stderr]    Compiling syn v2.0.91
[INFO] [stderr]    Compiling rustc_version v0.4.0
[INFO] [stderr]    Compiling litemap v0.7.4
[INFO] [stderr]    Compiling spin v0.9.8
[INFO] [stderr]    Compiling deranged v0.3.11
[INFO] [stderr]    Compiling http v1.2.0
[INFO] [stderr]    Compiling equivalent v1.0.1
[INFO] [stderr]    Compiling getrandom v0.2.15
[INFO] [stderr]    Compiling jobserver v0.1.32
[INFO] [stderr]    Compiling socket2 v0.5.7
[INFO] [stderr]    Compiling signal-hook-registry v1.4.2
[INFO] [stderr]    Compiling cc v1.1.10
[INFO] [stderr]    Compiling rand_core v0.6.4
[INFO] [stderr]    Compiling parking_lot v0.12.3
[INFO] [stderr]    Compiling mio v1.0.2
[INFO] [stderr]    Compiling curve25519-dalek v4.1.3
[INFO] [stderr]    Compiling lazy_static v1.5.0
[INFO] [stderr]    Compiling unicode-normalization v0.1.23
[INFO] [stderr]    Compiling num_threads v0.1.7
[INFO] [stderr]    Compiling ff v0.13.0
[INFO] [stderr]    Compiling crossbeam-utils v0.8.20
[INFO] [stderr]    Compiling group v0.13.0
[INFO] [stderr]    Compiling time-core v0.1.2
[INFO] [stderr]    Compiling ryu v1.0.18
[INFO] [stderr]    Compiling num-integer v0.1.46
[INFO] [stderr]    Compiling num-bigint-dig v0.8.4
[INFO] [stderr]    Compiling strsim v0.11.1
[INFO] [stderr]    Compiling hashbrown v0.14.5
[INFO] [stderr]    Compiling num-conv v0.1.0
[INFO] [stderr]    Compiling tz-rs v0.6.14
[INFO] [stderr]    Compiling idna v0.5.0
[INFO] [stderr]    Compiling tracing-core v0.1.32
[INFO] [stderr]    Compiling unicode-xid v0.2.6
[INFO] [stderr]    Compiling serde_json v1.0.134
[INFO] [stderr]    Compiling num-iter v0.1.45
[INFO] [stderr]    Compiling icu_locid_transform_data v1.5.0
[INFO] [stderr]    Compiling spki v0.7.3
[INFO] [stderr]    Compiling indexmap v2.3.0
[INFO] [stderr]    Compiling httparse v1.9.4
[INFO] [stderr]    Compiling const_format_proc_macros v0.2.34
[INFO] [stderr]    Compiling proc-macro-error-attr v1.0.4
[INFO] [stderr]    Compiling openssl-src v300.3.1+3.3.1
[INFO] [stderr]    Compiling url v2.5.2
[INFO] [stderr]    Compiling crypto-common v0.1.6
[INFO] [stderr]    Compiling block-buffer v0.10.4
[INFO] [stderr]    Compiling block-padding v0.3.3
[INFO] [stderr]    Compiling universal-hash v0.5.1
[INFO] [stderr]    Compiling crypto-bigint v0.5.5
[INFO] [stderr]    Compiling digest v0.10.7
[INFO] [stderr]    Compiling inout v0.1.3
[INFO] [stderr]    Compiling polyval v0.6.2
[INFO] [stderr]    Compiling aead v0.5.2
[INFO] [stderr]    Compiling cipher v0.4.4
[INFO] [stderr]    Compiling poly1305 v0.8.0
[INFO] [stderr]    Compiling hmac v0.12.1
[INFO] [stderr]    Compiling sha2 v0.10.8
[INFO] [stderr]    Compiling signature v2.2.0
[INFO] [stderr]    Compiling ghash v0.5.1
[INFO] [stderr]    Compiling pbkdf2 v0.12.2
[INFO] [stderr]    Compiling hkdf v0.12.4
[INFO] [stderr]    Compiling rfc6979 v0.4.0
[INFO] [stderr]    Compiling ssh-encoding v0.2.0
[INFO] [stderr]    Compiling tracing v0.1.40
[INFO] [stderr]    Compiling tzdb_data v0.1.3
[INFO] [stderr]    Compiling const-random-macro v0.1.16
[INFO] [stderr]    Compiling http-body v1.0.1
[INFO] [stderr]    Compiling ahash v0.8.11
[INFO] [stderr]    Compiling ident_case v1.0.1
[INFO] [stderr]    Compiling try-lock v0.2.5
[INFO] [stderr]    Compiling icu_properties_data v1.5.0
[INFO] [stderr]    Compiling atomic-waker v1.1.2
[INFO] [stderr]    Compiling native-tls v0.2.12
[INFO] [stderr]    Compiling syn v1.0.109
[INFO] [stderr]    Compiling aes v0.8.4
[INFO] [stderr]    Compiling cbc v0.1.2
[INFO] [stderr]    Compiling salsa20 v0.10.2
[INFO] [stderr]    Compiling ctr v0.9.2
[INFO] [stderr]    Compiling chacha20 v0.9.1
[INFO] [stderr]    Compiling blowfish v0.9.1
[INFO] [stderr]    Compiling scrypt v0.11.0
[INFO] [stderr]    Compiling ucd-trie v0.1.6
[INFO] [stderr]    Compiling openssl-sys v0.9.104
[INFO] [stderr]    Compiling libz-sys v1.1.20
[INFO] [stderr]    Compiling libgit2-sys v0.17.0+1.8.1
[INFO] [stderr]    Compiling const-random v0.1.18
[INFO] [stderr]    Compiling bcrypt-pbkdf v0.10.0
[INFO] [stderr]    Compiling want v0.3.1
[INFO] [stderr]    Compiling const_format v0.2.34
[INFO] [stderr]    Compiling crossbeam-epoch v0.9.18
[INFO] [stderr]    Compiling password-hash v0.4.2
[INFO] [stderr]    Compiling proc-macro-error v1.0.4
[INFO] [stderr]    Compiling tower-service v0.3.3
[INFO] [stderr]    Compiling adler v1.0.2
[INFO] [stderr]    Compiling is_debug v1.0.2
[INFO] [stderr]    Compiling bitflags v2.6.0
[INFO] [stderr]    Compiling utf16_iter v1.0.5
[INFO] [stderr]    Compiling rayon-core v1.12.1
[INFO] [stderr]    Compiling utf8_iter v1.0.4
[INFO] [stderr]    Compiling utf8parse v0.2.2
[INFO] [stderr]    Compiling rustix v0.38.34
[INFO] [stderr]    Compiling icu_normalizer_data v1.5.0
[INFO] [stderr]    Compiling openssl-probe v0.1.5
[INFO] [stderr]    Compiling write16 v1.0.0
[INFO] [stderr]    Compiling pkcs5 v0.7.1
[INFO] [stderr]    Compiling aes-gcm v0.10.3
[INFO] [stderr]    Compiling anstyle-parse v0.2.5
[INFO] [stderr]    Compiling crossbeam-deque v0.8.5
[INFO] [stderr]    Compiling miniz_oxide v0.7.4
[INFO] [stderr]    Compiling ssh-cipher v0.2.0
[INFO] [stderr]    Compiling sha1 v0.10.6
[INFO] [stderr]    Compiling pbkdf2 v0.11.0
[INFO] [stderr]    Compiling time v0.3.36
[INFO] [stderr]    Compiling russh-cryptovec v0.7.3
[INFO] [stderr]    Compiling num_cpus v1.16.0
[INFO] [stderr]    Compiling pkcs8 v0.10.2
[INFO] [stderr]    Compiling proc-macro-error-attr2 v2.0.0
[INFO] [stderr]    Compiling aho-corasick v1.1.3
[INFO] [stderr]    Compiling crc32fast v1.4.2
[INFO] [stderr]    Compiling k8s-openapi v0.23.0
[INFO] [stderr]    Compiling md5 v0.7.0
[INFO] [stderr]    Compiling sec1 v0.7.3
[INFO] [stderr]    Compiling pkcs1 v0.7.5
[INFO] [stderr]    Compiling ed25519 v2.2.3
[INFO] [stderr]    Compiling colorchoice v1.0.2
[INFO] [stderr]    Compiling anstyle-query v1.1.1
[INFO] [stderr]    Compiling data-encoding v2.6.0
[INFO] [stderr]    Compiling anstyle v1.0.8
[INFO] [stderr]    Compiling is_terminal_polyfill v1.70.1
[INFO] [stderr]    Compiling elliptic-curve v0.13.8
[INFO] [stderr]    Compiling synstructure v0.13.1
[INFO] [stderr]    Compiling darling_core v0.20.10
[INFO] [stderr]    Compiling linux-raw-sys v0.4.14
[INFO] [stderr]    Compiling seize v0.3.3
[INFO] [stderr]    Compiling regex-syntax v0.8.5
[INFO] [stderr]    Compiling either v1.13.0
[INFO] [stderr]    Compiling heck v0.5.0
[INFO] [stderr]    Compiling ecdsa v0.16.9
[INFO] [stderr]    Compiling primeorder v0.13.6
[INFO] [stderr]    Compiling rustversion v1.0.17
[INFO] [stderr]    Compiling tzdb v0.6.1
[INFO] [stderr]    Compiling p521 v0.13.3
[INFO] [stderr]    Compiling p256 v0.13.2
[INFO] [stderr]    Compiling p384 v0.13.0
[INFO] [stderr]    Compiling option-ext v0.2.0
[INFO] [stderr]    Compiling home v0.5.9
[INFO] [stderr]    Compiling dirs-sys v0.4.1
[INFO] [stderr]    Compiling anstream v0.6.15
[INFO] [stderr]    Compiling proc-macro-error2 v2.0.1
[INFO] [stderr]    Compiling flate2 v1.0.31
[INFO] [stderr]    Compiling des v0.8.1
[INFO] [stderr]    Compiling ordered-float v2.10.1
[INFO] [stderr]    Compiling sync_wrapper v1.0.2
[INFO] [stderr]    Compiling rustls-pki-types v1.10.1
[INFO] [stderr]    Compiling tower-layer v0.3.3
[INFO] [stderr]    Compiling anyhow v1.0.95
[INFO] [stderr]    Compiling regex-automata v0.4.9
[INFO] [stderr]    Compiling base64 v0.22.1
[INFO] [stderr]    Compiling unicode-width v0.2.0
[INFO] [stderr]    Compiling num-modular v0.6.1
[INFO] [stderr]    Compiling unicode-width v0.1.11
[INFO] [stderr]    Compiling heck v0.4.1
[INFO] [stderr]    Compiling clap_lex v0.7.4
[INFO] [stderr]    Compiling hex-literal v0.4.1
[INFO] [stderr]    Compiling bytecount v0.6.8
[INFO] [stderr]    Compiling fastrand v2.1.0
[INFO] [stderr]    Compiling minimal-lexical v0.2.1
[INFO] [stderr]    Compiling papergrid v0.12.0
[INFO] [stderr]    Compiling clap_builder v4.5.23
[INFO] [stderr]    Compiling console v0.15.10
[INFO] [stderr]    Compiling rustls-pemfile v2.2.0
[INFO] [stderr]    Compiling serde_derive v1.0.216
[INFO] [stderr]    Compiling zerocopy-derive v0.7.35
[INFO] [stderr]    Compiling tokio-macros v2.4.0
[INFO] [stderr]    Compiling zerofrom-derive v0.1.5
[INFO] [stderr]    Compiling yoke-derive v0.7.5
[INFO] [stderr]    Compiling futures-macro v0.3.31
[INFO] [stderr]    Compiling zerovec-derive v0.10.3
[INFO] [stderr]    Compiling thiserror-impl v1.0.69
[INFO] [stderr]    Compiling tokio v1.42.0
[INFO] [stderr]    Compiling displaydoc v0.2.5
[INFO] [stderr]    Compiling zerocopy v0.7.35
[INFO] [stderr]    Compiling futures-util v0.3.31
[INFO] [stderr]    Compiling openssl-macros v0.1.1
[INFO] [stderr]    Compiling icu_provider_macros v1.5.0
[INFO] [stderr]    Compiling curve25519-dalek-derive v0.1.1
[INFO] [stderr]    Compiling async-trait v0.1.83
[INFO] [stderr]    Compiling zerofrom v0.1.5
[INFO] [stderr]    Compiling ppv-lite86 v0.2.20
[INFO] [stderr]    Compiling yoke v0.7.5
[INFO] [stderr]    Compiling darling_macro v0.20.10
[INFO] [stderr]    Compiling zerovec v0.10.4
[INFO] [stderr]    Compiling darling v0.20.10
[INFO] [stderr]    Compiling flurry v0.5.1
[INFO] [stderr]    Compiling rand_chacha v0.3.1
[INFO] [stderr]    Compiling validator_derive v0.19.0
[INFO] [stderr]    Compiling pest v2.7.11
[INFO] [stderr]    Compiling regex v1.11.1
[INFO] [stderr]    Compiling rand v0.8.5
[INFO] [stderr]    Compiling tabled_derive v0.8.0
[INFO] [stderr]    Compiling nom v7.1.3
[INFO] [stderr]    Compiling num-order v1.2.0
[INFO] [stderr]    Compiling clap_derive v4.5.18
[INFO] [stderr]    Compiling tinystr v0.7.6
[INFO] [stderr]    Compiling icu_collections v1.5.0
[INFO] [stderr]    Compiling icu_locid v1.5.0
[INFO] [stderr]    Compiling pest_meta v2.7.11
[INFO] [stderr]    Compiling num-bigint v0.4.6
[INFO] [stderr]    Compiling ed25519-dalek v2.1.1
[INFO] [stderr]    Compiling rayon v1.10.0
[INFO] [stderr]    Compiling dirs v5.0.1
[INFO] [stderr]    Compiling futures-executor v0.3.31
[INFO] [stderr]    Compiling http-body-util v0.1.2
[INFO] [stderr]    Compiling icu_provider v1.5.0
[INFO] [stderr]    Compiling rsa v0.9.7
[INFO] [stderr]    Compiling futures v0.3.31
[INFO] [stderr]    Compiling pest_generator v2.7.11
[INFO] [stderr]    Compiling ssh-key v0.6.7
[INFO] [stderr]    Compiling hostname v0.4.0
[INFO] [stderr]    Compiling encoding_rs v0.8.35
[INFO] [stderr]    Compiling ipnet v2.9.0
[INFO] [stderr]    Compiling icu_locid_transform v1.5.0
[INFO] [stderr]    Compiling shell-words v1.1.0
[INFO] [stderr]    Compiling unsafe-libyaml v0.2.11
[INFO] [stderr]    Compiling mime v0.3.17
[INFO] [stderr]    Compiling strum_macros v0.26.4
[INFO] [stderr]    Compiling clap v4.5.23
[INFO] [stderr]    Compiling syslog v7.0.0
[INFO] [stderr]    Compiling shellexpand v3.1.0
[INFO] [stderr]    Compiling tabled v0.16.0
[INFO] [stderr]    Compiling itertools v0.13.0
[INFO] [stderr]    Compiling icu_properties v1.5.1
[INFO] [stderr]    Compiling tokio-util v0.7.11
[INFO] [stderr]    Compiling tokio-stream v0.1.15
[INFO] [stderr]    Compiling pest_derive v2.7.11
[INFO] [stderr]    Compiling tower v0.5.2
[INFO] [stderr]    Compiling colored v2.1.0
[INFO] [stderr]    Compiling fs2 v0.4.3
[INFO] [stderr]    Compiling deunicode v1.6.0
[INFO] [stderr]    Compiling strum v0.26.3
[INFO] [stderr]    Compiling h2 v0.4.7
[INFO] [stderr]    Compiling chrono v0.4.38
[INFO] [stderr]    Compiling serde_urlencoded v0.7.1
[INFO] [stderr]    Compiling serde-value v0.7.0
[INFO] [stderr]    Compiling sysinfo v0.30.13
[INFO] [stderr]    Compiling serde_yaml v0.9.34+deprecated
[INFO] [stderr]    Compiling icu_normalizer v1.5.0
[INFO] [stderr]    Compiling idna_adapter v1.2.0
[INFO] [stderr]    Compiling idna v1.0.3
[INFO] [stderr]    Compiling russh-sftp v2.0.3
[INFO] [stderr]    Compiling cron v0.12.1
[INFO] [stderr]    Compiling tempfile v3.12.0
[INFO] [stderr]    Compiling validator v0.19.0
[INFO] [stderr]    Compiling dialoguer v0.11.0
[INFO] [stderr]    Compiling handlebars v6.2.0
[INFO] [stderr]    Compiling hyper v1.5.2
[INFO] [stderr]    Compiling hyper-util v0.1.10
[INFO] [stderr]    Compiling git2 v0.19.0
[INFO] [stderr]    Compiling shadow-rs v0.35.2
[INFO] [stderr]    Compiling skate v0.1.0 (/opt/rustwide/workdir)
[INFO] [stderr]    Compiling russh-keys v0.45.0
[INFO] [stderr]    Compiling tokio-native-tls v0.3.1
[INFO] [stderr]    Compiling hyper-tls v0.6.0
[INFO] [stderr]    Compiling reqwest v0.12.10
[INFO] [stderr]    Compiling russh v0.45.0
[INFO] [stderr]    Compiling async-ssh2-tokio v0.8.12
[INFO] [stdout] warning: use of deprecated type alias `std::panic::PanicInfo`: use `PanicHookInfo` instead
[INFO] [stdout]   --> src/skatelet/skatelet.rs:14:17
[INFO] [stdout]    |
[INFO] [stdout] 14 | use std::panic::PanicInfo;
[INFO] [stdout]    |                 ^^^^^^^^^
[INFO] [stdout]    |
[INFO] [stdout]    = note: `#[warn(deprecated)]` on by default
[INFO] [stdout] 
[INFO] [stdout] 
[INFO] [stdout] warning: use of deprecated type alias `std::panic::PanicInfo`: use `PanicHookInfo` instead
[INFO] [stdout]   --> src/skatelet/skatelet.rs:47:25
[INFO] [stdout]    |
[INFO] [stdout] 47 | pub fn log_panic(info: &PanicInfo) {
[INFO] [stdout]    |                         ^^^^^^^^^
[INFO] [stdout] 
[INFO] [stdout] 
[INFO] [stdout] warning: a method with this name may be added to the standard library in the future
[INFO] [stdout]    --> src/util.rs:228:15
[INFO] [stdout]     |
[INFO] [stdout] 228 |     lock_file.unlock()?;
[INFO] [stdout]     |               ^^^^^^
[INFO] [stdout]     |
[INFO] [stdout]     = warning: once this associated item is added to the standard library, the ambiguity may cause an error or change in behavior!
[INFO] [stdout]     = note: for more information, see issue #48919 <https://github.com/rust-lang/rust/issues/48919>
[INFO] [stdout]     = help: call with fully qualified syntax `unlock(...)` to keep using the current method
[INFO] [stdout]     = note: `#[warn(unstable_name_collisions)]` on by default
[INFO] [stdout] help: add `#![feature(file_lock)]` to the crate attributes to enable `std::fs::File::unlock`
[INFO] [stdout]    --> src/lib.rs:1:1
[INFO] [stdout]     |
[INFO] [stdout] 1   + #![feature(file_lock)]
[INFO] [stdout]     |
[INFO] [stdout] 
[INFO] [stdout] 
[INFO] [stderr]     Finished `dev` profile [unoptimized + debuginfo] target(s) in 3m 56s
[INFO] running `Command { std: "docker" "inspect" "1445026f8c73c3ee3cdb8a0dbe59c709d2bf63ae3996701290041f002f1e5850", kill_on_drop: false }`
[INFO] running `Command { std: "docker" "rm" "-f" "1445026f8c73c3ee3cdb8a0dbe59c709d2bf63ae3996701290041f002f1e5850", kill_on_drop: false }`
[INFO] [stdout] 1445026f8c73c3ee3cdb8a0dbe59c709d2bf63ae3996701290041f002f1e5850
[INFO] running `Command { std: "docker" "create" "-v" "/var/lib/crater-agent-workspace/builds/worker-5-tc2/target:/opt/rustwide/target:rw,Z" "-v" "/var/lib/crater-agent-workspace/builds/worker-5-tc2/source:/opt/rustwide/workdir:ro,Z" "-v" "/var/lib/crater-agent-workspace/cargo-home:/opt/rustwide/cargo-home:ro,Z" "-v" "/var/lib/crater-agent-workspace/rustup-home:/opt/rustwide/rustup-home:ro,Z" "-e" "SOURCE_DIR=/opt/rustwide/workdir" "-e" "CARGO_TARGET_DIR=/opt/rustwide/target" "-e" "CARGO_INCREMENTAL=0" "-e" "RUST_BACKTRACE=full" "-e" "RUSTFLAGS=--cap-lints=forbid -Zrandomize-layout" "-e" "RUSTDOCFLAGS=--cap-lints=forbid" "-e" "CARGO_HOME=/opt/rustwide/cargo-home" "-e" "RUSTUP_HOME=/opt/rustwide/rustup-home" "-w" "/opt/rustwide/workdir" "-m" "1610612736" "--user" "0:0" "--network" "none" "ghcr.io/rust-lang/crates-build-env/linux@sha256:819108c5571ea2e421544af4d832f968d213c87fbe3707a016657f43d2f853bc" "/opt/rustwide/cargo-home/bin/cargo" "+nightly-2025-01-18" "test" "--frozen" "--no-run" "--message-format=json", kill_on_drop: false }`
[INFO] [stdout] 5790a23fbc580b6784b0d65df91071a407cbb783750aed2c41f3b4b70cdcc64b
[INFO] running `Command { std: "docker" "start" "-a" "5790a23fbc580b6784b0d65df91071a407cbb783750aed2c41f3b4b70cdcc64b", kill_on_drop: false }`
[INFO] [stdout] warning: use of deprecated type alias `std::panic::PanicInfo`: use `PanicHookInfo` instead
[INFO] [stdout]   --> src/skatelet/skatelet.rs:14:17
[INFO] [stdout]    |
[INFO] [stdout] 14 | use std::panic::PanicInfo;
[INFO] [stdout]    |                 ^^^^^^^^^
[INFO] [stdout]    |
[INFO] [stdout]    = note: `#[warn(deprecated)]` on by default
[INFO] [stdout] 
[INFO] [stdout] 
[INFO] [stdout] warning: use of deprecated type alias `std::panic::PanicInfo`: use `PanicHookInfo` instead
[INFO] [stdout]   --> src/skatelet/skatelet.rs:47:25
[INFO] [stdout]    |
[INFO] [stdout] 47 | pub fn log_panic(info: &PanicInfo) {
[INFO] [stdout]    |                         ^^^^^^^^^
[INFO] [stdout] 
[INFO] [stdout] 
[INFO] [stdout] warning: a method with this name may be added to the standard library in the future
[INFO] [stdout]    --> src/util.rs:228:15
[INFO] [stdout]     |
[INFO] [stdout] 228 |     lock_file.unlock()?;
[INFO] [stdout]     |               ^^^^^^
[INFO] [stdout]     |
[INFO] [stdout]     = warning: once this associated item is added to the standard library, the ambiguity may cause an error or change in behavior!
[INFO] [stdout]     = note: for more information, see issue #48919 <https://github.com/rust-lang/rust/issues/48919>
[INFO] [stdout]     = help: call with fully qualified syntax `unlock(...)` to keep using the current method
[INFO] [stdout]     = note: `#[warn(unstable_name_collisions)]` on by default
[INFO] [stdout] help: add `#![feature(file_lock)]` to the crate attributes to enable `std::fs::File::unlock`
[INFO] [stdout]    --> src/lib.rs:1:1
[INFO] [stdout]     |
[INFO] [stdout] 1   + #![feature(file_lock)]
[INFO] [stdout]     |
[INFO] [stdout] 
[INFO] [stdout] 
[INFO] [stderr]    Compiling skate v0.1.0 (/opt/rustwide/workdir)
[INFO] [stdout] warning: unused imports: `panic`, `process`, and `time`
[INFO] [stdout]  --> tests/e2e_test.rs:1:16
[INFO] [stdout]   |
[INFO] [stdout] 1 | use std::{env, panic, process, time};
[INFO] [stdout]   |                ^^^^^  ^^^^^^^  ^^^^
[INFO] [stdout]   |
[INFO] [stdout]   = note: `#[warn(unused_imports)]` on by default
[INFO] [stdout] 
[INFO] [stdout] 
[INFO] [stdout] warning: unused imports: `error` and `info`
[INFO] [stdout]   --> tests/e2e_test.rs:13:11
[INFO] [stdout]    |
[INFO] [stdout] 13 | use log::{error, info};
[INFO] [stdout]    |           ^^^^^  ^^^^
[INFO] [stdout] 
[INFO] [stdout] 
[INFO] [stdout] warning: use of deprecated type alias `std::panic::PanicInfo`: use `PanicHookInfo` instead
[INFO] [stdout]   --> src/skatelet/skatelet.rs:14:17
[INFO] [stdout]    |
[INFO] [stdout] 14 | use std::panic::PanicInfo;
[INFO] [stdout]    |                 ^^^^^^^^^
[INFO] [stdout]    |
[INFO] [stdout]    = note: `#[warn(deprecated)]` on by default
[INFO] [stdout] 
[INFO] [stdout] 
[INFO] [stdout] warning: use of deprecated type alias `std::panic::PanicInfo`: use `PanicHookInfo` instead
[INFO] [stdout]   --> src/skatelet/skatelet.rs:47:25
[INFO] [stdout]    |
[INFO] [stdout] 47 | pub fn log_panic(info: &PanicInfo) {
[INFO] [stdout]    |                         ^^^^^^^^^
[INFO] [stdout] 
[INFO] [stdout] 
[INFO] [stdout] warning: a method with this name may be added to the standard library in the future
[INFO] [stdout]    --> src/util.rs:228:15
[INFO] [stdout]     |
[INFO] [stdout] 228 |     lock_file.unlock()?;
[INFO] [stdout]     |               ^^^^^^
[INFO] [stdout]     |
[INFO] [stdout]     = warning: once this associated item is added to the standard library, the ambiguity may cause an error or change in behavior!
[INFO] [stdout]     = note: for more information, see issue #48919 <https://github.com/rust-lang/rust/issues/48919>
[INFO] [stdout]     = help: call with fully qualified syntax `unlock(...)` to keep using the current method
[INFO] [stdout]     = note: `#[warn(unstable_name_collisions)]` on by default
[INFO] [stdout] help: add `#![feature(file_lock)]` to the crate attributes to enable `std::fs::File::unlock`
[INFO] [stdout]    --> src/lib.rs:1:1
[INFO] [stdout]     |
[INFO] [stdout] 1   + #![feature(file_lock)]
[INFO] [stdout]     |
[INFO] [stdout] 
[INFO] [stdout] 
[INFO] [stderr]     Finished `test` profile [unoptimized + debuginfo] target(s) in 19.52s
[INFO] running `Command { std: "docker" "inspect" "5790a23fbc580b6784b0d65df91071a407cbb783750aed2c41f3b4b70cdcc64b", kill_on_drop: false }`
[INFO] running `Command { std: "docker" "rm" "-f" "5790a23fbc580b6784b0d65df91071a407cbb783750aed2c41f3b4b70cdcc64b", kill_on_drop: false }`
[INFO] [stdout] 5790a23fbc580b6784b0d65df91071a407cbb783750aed2c41f3b4b70cdcc64b
[INFO] running `Command { std: "docker" "create" "-v" "/var/lib/crater-agent-workspace/builds/worker-5-tc2/target:/opt/rustwide/target:rw,Z" "-v" "/var/lib/crater-agent-workspace/builds/worker-5-tc2/source:/opt/rustwide/workdir:ro,Z" "-v" "/var/lib/crater-agent-workspace/cargo-home:/opt/rustwide/cargo-home:ro,Z" "-v" "/var/lib/crater-agent-workspace/rustup-home:/opt/rustwide/rustup-home:ro,Z" "-e" "SOURCE_DIR=/opt/rustwide/workdir" "-e" "CARGO_TARGET_DIR=/opt/rustwide/target" "-e" "CARGO_INCREMENTAL=0" "-e" "RUST_BACKTRACE=full" "-e" "RUSTFLAGS=--cap-lints=forbid -Zrandomize-layout" "-e" "RUSTDOCFLAGS=--cap-lints=forbid" "-e" "CARGO_HOME=/opt/rustwide/cargo-home" "-e" "RUSTUP_HOME=/opt/rustwide/rustup-home" "-w" "/opt/rustwide/workdir" "-m" "1610612736" "--user" "0:0" "--network" "none" "ghcr.io/rust-lang/crates-build-env/linux@sha256:819108c5571ea2e421544af4d832f968d213c87fbe3707a016657f43d2f853bc" "/opt/rustwide/cargo-home/bin/cargo" "+nightly-2025-01-18" "test" "--frozen", kill_on_drop: false }`
[INFO] [stdout] 4f9f13b5c172d6a53104d681f5308ca039915aae89656d53e73f058e60eb389f
[INFO] running `Command { std: "docker" "start" "-a" "4f9f13b5c172d6a53104d681f5308ca039915aae89656d53e73f058e60eb389f", kill_on_drop: false }`
[INFO] [stderr] warning: use of deprecated type alias `std::panic::PanicInfo`: use `PanicHookInfo` instead
[INFO] [stderr]   --> src/skatelet/skatelet.rs:14:17
[INFO] [stderr]    |
[INFO] [stderr] 14 | use std::panic::PanicInfo;
[INFO] [stderr]    |                 ^^^^^^^^^
[INFO] [stderr]    |
[INFO] [stderr]    = note: `#[warn(deprecated)]` on by default
[INFO] [stderr] 
[INFO] [stderr] warning: use of deprecated type alias `std::panic::PanicInfo`: use `PanicHookInfo` instead
[INFO] [stderr]   --> src/skatelet/skatelet.rs:47:25
[INFO] [stderr]    |
[INFO] [stderr] 47 | pub fn log_panic(info: &PanicInfo) {
[INFO] [stderr]    |                         ^^^^^^^^^
[INFO] [stderr] 
[INFO] [stderr] warning: a method with this name may be added to the standard library in the future
[INFO] [stderr]    --> src/util.rs:228:15
[INFO] [stderr]     |
[INFO] [stderr] 228 |     lock_file.unlock()?;
[INFO] [stderr]     |               ^^^^^^
[INFO] [stderr]     |
[INFO] [stderr]     = warning: once this associated item is added to the standard library, the ambiguity may cause an error or change in behavior!
[INFO] [stderr]     = note: for more information, see issue #48919 <https://github.com/rust-lang/rust/issues/48919>
[INFO] [stderr]     = help: call with fully qualified syntax `unlock(...)` to keep using the current method
[INFO] [stderr]     = note: `#[warn(unstable_name_collisions)]` on by default
[INFO] [stderr] help: add `#![feature(file_lock)]` to the crate attributes to enable `std::fs::File::unlock`
[INFO] [stderr]    --> src/lib.rs:1:1
[INFO] [stderr]     |
[INFO] [stderr] 1   + #![feature(file_lock)]
[INFO] [stderr]     |
[INFO] [stderr] 
[INFO] [stderr] warning: `skate` (lib) generated 3 warnings
[INFO] [stderr] warning: `skate` (lib test) generated 3 warnings (3 duplicates)
[INFO] [stderr] warning: unused imports: `panic`, `process`, and `time`
[INFO] [stderr]  --> tests/e2e_test.rs:1:16
[INFO] [stderr]   |
[INFO] [stderr] 1 | use std::{env, panic, process, time};
[INFO] [stderr]   |                ^^^^^  ^^^^^^^  ^^^^
[INFO] [stderr]   |
[INFO] [stderr]   = note: `#[warn(unused_imports)]` on by default
[INFO] [stderr] 
[INFO] [stderr] warning: unused imports: `error` and `info`
[INFO] [stderr]   --> tests/e2e_test.rs:13:11
[INFO] [stderr]    |
[INFO] [stderr] 13 | use log::{error, info};
[INFO] [stderr]    |           ^^^^^  ^^^^
[INFO] [stderr] 
[INFO] [stderr] warning: `skate` (test "e2e_test") generated 2 warnings (run `cargo fix --test "e2e_test"` to apply 2 suggestions)
[INFO] [stderr]     Finished `test` profile [unoptimized + debuginfo] target(s) in 0.41s
[INFO] [stderr]      Running unittests src/lib.rs (/opt/rustwide/target/debug/deps/skate-1e02006b83771eea)
[INFO] [stdout] 
[INFO] [stdout] running 8 tests
[INFO] [stdout] test cron::tests::test_cron_to_systemd ... ok
[INFO] [stdout] test scheduler::tests::test_plan_deployment_rolling_update ... ok
[INFO] [stdout] test resource::tests::test_resource_type_from_str ... ok
[INFO] [stdout] test util::tests::test_age ... ok
[INFO] [stdout] test scheduler::tests::test_plan_deployment_recreate ... ok
[INFO] [stdout] test scheduler::tests::test_plan_deployment_clean_slate_recreate ... ok
[INFO] [stdout] test skate::tests::test_runs ... ok
[INFO] [stdout] test github::tests::test_get_release ... FAILED
[INFO] [stdout] 
[INFO] [stdout] failures:
[INFO] [stdout] 
[INFO] [stdout] ---- github::tests::test_get_release stdout ----
[INFO] [stdout] 
[INFO] [stdout] thread 'github::tests::test_get_release' panicked at src/github.rs:123:9:
[INFO] [stdout] Some(reqwest::Error { kind: Request, url: "https://api.github.com/repos/skateco/skate/releases/latest", source: hyper_util::client::legacy::Error(Connect, ConnectError("dns error", Custom { kind: Uncategorized, error: "failed to lookup address information: Temporary failure in name resolution" })) })
[INFO] [stdout] stack backtrace:
[INFO] [stdout]    0:     0x578e4ad8168a - std::backtrace_rs::backtrace::libunwind::trace::hb059275cfc8d6126
[INFO] [stdout]                                at /rustc/6067b36314ab5eb2eb47cecc464545ba58e1ad24/library/std/src/../../backtrace/src/backtrace/libunwind.rs:116:5
[INFO] [stdout]    1:     0x578e4ad8168a - std::backtrace_rs::backtrace::trace_unsynchronized::h2da071e4327ce3ee
[INFO] [stdout]                                at /rustc/6067b36314ab5eb2eb47cecc464545ba58e1ad24/library/std/src/../../backtrace/src/backtrace/mod.rs:66:5
[INFO] [stdout]    2:     0x578e4ad8168a - std::sys::backtrace::_print_fmt::h842a1474e6f8d23f
[INFO] [stdout]                                at /rustc/6067b36314ab5eb2eb47cecc464545ba58e1ad24/library/std/src/sys/backtrace.rs:66:9
[INFO] [stdout]    3:     0x578e4ad8168a - <std::sys::backtrace::BacktraceLock::print::DisplayBacktrace as core::fmt::Display>::fmt::h71a62eb3b9696b12
[INFO] [stdout]                                at /rustc/6067b36314ab5eb2eb47cecc464545ba58e1ad24/library/std/src/sys/backtrace.rs:39:26
[INFO] [stdout]    4:     0x578e4adaf9c3 - core::fmt::rt::Argument::fmt::hdb6b616786b41dc1
[INFO] [stdout]                                at /rustc/6067b36314ab5eb2eb47cecc464545ba58e1ad24/library/core/src/fmt/rt.rs:177:76
[INFO] [stdout]    5:     0x578e4adaf9c3 - core::fmt::write::h2cc1698af7e2d686
[INFO] [stdout]                                at /rustc/6067b36314ab5eb2eb47cecc464545ba58e1ad24/library/core/src/fmt/mod.rs:1440:21
[INFO] [stdout]    6:     0x578e4ad7d023 - std::io::Write::write_fmt::hab1b4cd059a79022
[INFO] [stdout]                                at /rustc/6067b36314ab5eb2eb47cecc464545ba58e1ad24/library/std/src/io/mod.rs:1887:15
[INFO] [stdout]    7:     0x578e4ad814d2 - std::sys::backtrace::BacktraceLock::print::h147fe35b4ea13b08
[INFO] [stdout]                                at /rustc/6067b36314ab5eb2eb47cecc464545ba58e1ad24/library/std/src/sys/backtrace.rs:42:9
[INFO] [stdout]    8:     0x578e4ad82aaf - std::panicking::default_hook::{{closure}}::hbd44223dbdc0d208
[INFO] [stdout]                                at /rustc/6067b36314ab5eb2eb47cecc464545ba58e1ad24/library/std/src/panicking.rs:298:22
[INFO] [stdout]    9:     0x578e4ad828c8 - std::panicking::default_hook::h20f81eb0576efcec
[INFO] [stdout]                                at /rustc/6067b36314ab5eb2eb47cecc464545ba58e1ad24/library/std/src/panicking.rs:322:9
[INFO] [stdout]   10:     0x578e4a424503 - <alloc::boxed::Box<F,A> as core::ops::function::Fn<Args>>::call::hdb53814c496a4d34
[INFO] [stdout]                                at /rustc/6067b36314ab5eb2eb47cecc464545ba58e1ad24/library/alloc/src/boxed.rs:2027:9
[INFO] [stdout]   11:     0x578e4a424503 - test::test_main::{{closure}}::hc0a4963c59427c24
[INFO] [stdout]                                at /rustc/6067b36314ab5eb2eb47cecc464545ba58e1ad24/library/test/src/lib.rs:134:21
[INFO] [stdout]   12:     0x578e4ad835a3 - <alloc::boxed::Box<F,A> as core::ops::function::Fn<Args>>::call::h591b2225413a77e9
[INFO] [stdout]                                at /rustc/6067b36314ab5eb2eb47cecc464545ba58e1ad24/library/alloc/src/boxed.rs:2027:9
[INFO] [stdout]   13:     0x578e4ad835a3 - std::panicking::rust_panic_with_hook::h625eea43051b2edc
[INFO] [stdout]                                at /rustc/6067b36314ab5eb2eb47cecc464545ba58e1ad24/library/std/src/panicking.rs:839:13
[INFO] [stdout]   14:     0x578e4ad8325a - std::panicking::begin_panic_handler::{{closure}}::h4f9159cfbc3f6bd3
[INFO] [stdout]                                at /rustc/6067b36314ab5eb2eb47cecc464545ba58e1ad24/library/std/src/panicking.rs:704:13
[INFO] [stdout]   15:     0x578e4ad81b89 - std::sys::backtrace::__rust_end_short_backtrace::h0390abce48353151
[INFO] [stdout]                                at /rustc/6067b36314ab5eb2eb47cecc464545ba58e1ad24/library/std/src/sys/backtrace.rs:168:18
[INFO] [stdout]   16:     0x578e4ad82eed - rust_begin_unwind
[INFO] [stdout]                                at /rustc/6067b36314ab5eb2eb47cecc464545ba58e1ad24/library/std/src/panicking.rs:695:5
[INFO] [stdout]   17:     0x578e4adacf60 - core::panicking::panic_fmt::h9e7c637e9e5f29c9
[INFO] [stdout]                                at /rustc/6067b36314ab5eb2eb47cecc464545ba58e1ad24/library/core/src/panicking.rs:75:14
[INFO] [stdout]   18:     0x578e49f4fc5e - skate::github::tests::test_get_release::{{closure}}::h037e14cc743618ca
[INFO] [stdout]                                at /opt/rustwide/workdir/src/github.rs:123:9
[INFO] [stdout]   19:     0x578e49d12f82 - <core::pin::Pin<P> as core::future::future::Future>::poll::h652ff53ca640ba09
[INFO] [stdout]                                at /rustc/6067b36314ab5eb2eb47cecc464545ba58e1ad24/library/core/src/future/future.rs:124:9
[INFO] [stdout]   20:     0x578e49d12fbd - <core::pin::Pin<P> as core::future::future::Future>::poll::h88e5b35a84ac11ab
[INFO] [stdout]                                at /rustc/6067b36314ab5eb2eb47cecc464545ba58e1ad24/library/core/src/future/future.rs:124:9
[INFO] [stdout]   21:     0x578e49efe17f - tokio::runtime::scheduler::current_thread::CoreGuard::block_on::{{closure}}::{{closure}}::{{closure}}::he70f65b5b7086dd1
[INFO] [stdout]                                at /opt/rustwide/cargo-home/registry/src/index.crates.io-1949cf8c6b5b557f/tokio-1.42.0/src/runtime/scheduler/current_thread/mod.rs:729:57
[INFO] [stdout]   22:     0x578e49efdec5 - tokio::runtime::coop::with_budget::h90815c56f3674c5e
[INFO] [stdout]                                at /opt/rustwide/cargo-home/registry/src/index.crates.io-1949cf8c6b5b557f/tokio-1.42.0/src/runtime/coop.rs:107:5
[INFO] [stdout]   23:     0x578e49efdec5 - tokio::runtime::coop::budget::h077e3ce1ec00bbcb
[INFO] [stdout]                                at /opt/rustwide/cargo-home/registry/src/index.crates.io-1949cf8c6b5b557f/tokio-1.42.0/src/runtime/coop.rs:73:5
[INFO] [stdout]   24:     0x578e49efdec5 - tokio::runtime::scheduler::current_thread::CoreGuard::block_on::{{closure}}::{{closure}}::h1cacae115e059328
[INFO] [stdout]                                at /opt/rustwide/cargo-home/registry/src/index.crates.io-1949cf8c6b5b557f/tokio-1.42.0/src/runtime/scheduler/current_thread/mod.rs:729:25
[INFO] [stdout]   25:     0x578e49efbd2c - tokio::runtime::scheduler::current_thread::Context::enter::h8861d6339d68b57a
[INFO] [stdout]                                at /opt/rustwide/cargo-home/registry/src/index.crates.io-1949cf8c6b5b557f/tokio-1.42.0/src/runtime/scheduler/current_thread/mod.rs:428:19
[INFO] [stdout]   26:     0x578e49efd74b - tokio::runtime::scheduler::current_thread::CoreGuard::block_on::{{closure}}::h522778c1918ea3d8
[INFO] [stdout]                                at /opt/rustwide/cargo-home/registry/src/index.crates.io-1949cf8c6b5b557f/tokio-1.42.0/src/runtime/scheduler/current_thread/mod.rs:728:36
[INFO] [stdout]   27:     0x578e49efcba4 - tokio::runtime::scheduler::current_thread::CoreGuard::enter::{{closure}}::h6e187deaa46e29f2
[INFO] [stdout]                                at /opt/rustwide/cargo-home/registry/src/index.crates.io-1949cf8c6b5b557f/tokio-1.42.0/src/runtime/scheduler/current_thread/mod.rs:807:68
[INFO] [stdout]   28:     0x578e49fd396b - tokio::runtime::context::scoped::Scoped<T>::set::h5c3731120c6ae7f7
[INFO] [stdout]                                at /opt/rustwide/cargo-home/registry/src/index.crates.io-1949cf8c6b5b557f/tokio-1.42.0/src/runtime/context/scoped.rs:40:9
[INFO] [stdout]   29:     0x578e49e6fda9 - tokio::runtime::context::set_scheduler::{{closure}}::h03cb87e76690b920
[INFO] [stdout]                                at /opt/rustwide/cargo-home/registry/src/index.crates.io-1949cf8c6b5b557f/tokio-1.42.0/src/runtime/context.rs:180:26
[INFO] [stdout]   30:     0x578e49dd28a2 - std::thread::local::LocalKey<T>::try_with::h5b49ccee6cbd7f6e
[INFO] [stdout]                                at /rustc/6067b36314ab5eb2eb47cecc464545ba58e1ad24/library/std/src/thread/local.rs:308:12
[INFO] [stdout]   31:     0x578e49dd1b5a - std::thread::local::LocalKey<T>::with::h4bc78d15f6ba641f
[INFO] [stdout]                                at /rustc/6067b36314ab5eb2eb47cecc464545ba58e1ad24/library/std/src/thread/local.rs:272:9
[INFO] [stdout]   32:     0x578e49e6fd1d - tokio::runtime::context::set_scheduler::hab4e99a29a94de7e
[INFO] [stdout]                                at /opt/rustwide/cargo-home/registry/src/index.crates.io-1949cf8c6b5b557f/tokio-1.42.0/src/runtime/context.rs:180:9
[INFO] [stdout]   33:     0x578e49efc95c - tokio::runtime::scheduler::current_thread::CoreGuard::enter::ha3751c130d7c2c25
[INFO] [stdout]                                at /opt/rustwide/cargo-home/registry/src/index.crates.io-1949cf8c6b5b557f/tokio-1.42.0/src/runtime/scheduler/current_thread/mod.rs:807:27
[INFO] [stdout]   34:     0x578e49efcbe3 - tokio::runtime::scheduler::current_thread::CoreGuard::block_on::h6a37558fd447e1f1
[INFO] [stdout]                                at /opt/rustwide/cargo-home/registry/src/index.crates.io-1949cf8c6b5b557f/tokio-1.42.0/src/runtime/scheduler/current_thread/mod.rs:716:19
[INFO] [stdout]   35:     0x578e49efa2fa - tokio::runtime::scheduler::current_thread::CurrentThread::block_on::{{closure}}::hc47357d6091f0317
[INFO] [stdout]                                at /opt/rustwide/cargo-home/registry/src/index.crates.io-1949cf8c6b5b557f/tokio-1.42.0/src/runtime/scheduler/current_thread/mod.rs:196:28
[INFO] [stdout]   36:     0x578e4a15b016 - tokio::runtime::context::runtime::enter_runtime::hf9ae652a22144256
[INFO] [stdout]                                at /opt/rustwide/cargo-home/registry/src/index.crates.io-1949cf8c6b5b557f/tokio-1.42.0/src/runtime/context/runtime.rs:65:16
[INFO] [stdout]   37:     0x578e49ef9c21 - tokio::runtime::scheduler::current_thread::CurrentThread::block_on::hd0eafba3ed4ff367
[INFO] [stdout]                                at /opt/rustwide/cargo-home/registry/src/index.crates.io-1949cf8c6b5b557f/tokio-1.42.0/src/runtime/scheduler/current_thread/mod.rs:184:9
[INFO] [stdout]   38:     0x578e4a15b8a3 - tokio::runtime::runtime::Runtime::block_on_inner::h4caf59bc8de733b7
[INFO] [stdout]                                at /opt/rustwide/cargo-home/registry/src/index.crates.io-1949cf8c6b5b557f/tokio-1.42.0/src/runtime/runtime.rs:368:47
[INFO] [stdout]   39:     0x578e4a15bba7 - tokio::runtime::runtime::Runtime::block_on::h2756ba27e8e6fad5
[INFO] [stdout]                                at /opt/rustwide/cargo-home/registry/src/index.crates.io-1949cf8c6b5b557f/tokio-1.42.0/src/runtime/runtime.rs:342:13
[INFO] [stdout]   40:     0x578e49f4f551 - skate::github::tests::test_get_release::hc7aebf9c388b98c2
[INFO] [stdout]                                at /opt/rustwide/workdir/src/github.rs:129:9
[INFO] [stdout]   41:     0x578e49f4f3f7 - skate::github::tests::test_get_release::{{closure}}::h168276ecc9adf1c1
[INFO] [stdout]                                at /opt/rustwide/workdir/src/github.rs:115:32
[INFO] [stdout]   42:     0x578e4a0e23b6 - core::ops::function::FnOnce::call_once::h32f167bc464a273d
[INFO] [stdout]                                at /rustc/6067b36314ab5eb2eb47cecc464545ba58e1ad24/library/core/src/ops/function.rs:250:5
[INFO] [stdout]   43:     0x578e4a429c5b - core::ops::function::FnOnce::call_once::he27718dfdd183f43
[INFO] [stdout]                                at /rustc/6067b36314ab5eb2eb47cecc464545ba58e1ad24/library/core/src/ops/function.rs:250:5
[INFO] [stdout]   44:     0x578e4a429c5b - test::__rust_begin_short_backtrace::h4e84902998457a5d
[INFO] [stdout]                                at /rustc/6067b36314ab5eb2eb47cecc464545ba58e1ad24/library/test/src/lib.rs:632:18
[INFO] [stdout]   45:     0x578e4a428b93 - test::run_test_in_process::{{closure}}::h7176fd18fc1feca0
[INFO] [stdout]                                at /rustc/6067b36314ab5eb2eb47cecc464545ba58e1ad24/library/test/src/lib.rs:655:60
[INFO] [stdout]   46:     0x578e4a428b93 - <core::panic::unwind_safe::AssertUnwindSafe<F> as core::ops::function::FnOnce<()>>::call_once::hf79cff2a624d8cf7
[INFO] [stdout]                                at /rustc/6067b36314ab5eb2eb47cecc464545ba58e1ad24/library/core/src/panic/unwind_safe.rs:272:9
[INFO] [stdout]   47:     0x578e4a428b93 - std::panicking::try::do_call::h3da0561d9ab99c25
[INFO] [stdout]                                at /rustc/6067b36314ab5eb2eb47cecc464545ba58e1ad24/library/std/src/panicking.rs:587:40
[INFO] [stdout]   48:     0x578e4a428b93 - std::panicking::try::h41c9fa508bc61df6
[INFO] [stdout]                                at /rustc/6067b36314ab5eb2eb47cecc464545ba58e1ad24/library/std/src/panicking.rs:550:19
[INFO] [stdout]   49:     0x578e4a428b93 - std::panic::catch_unwind::h6b3ff07bb5afad93
[INFO] [stdout]                                at /rustc/6067b36314ab5eb2eb47cecc464545ba58e1ad24/library/std/src/panic.rs:358:14
[INFO] [stdout]   50:     0x578e4a428b93 - test::run_test_in_process::hc7253dd11b39b9f4
[INFO] [stdout]                                at /rustc/6067b36314ab5eb2eb47cecc464545ba58e1ad24/library/test/src/lib.rs:655:27
[INFO] [stdout]   51:     0x578e4a428b93 - test::run_test::{{closure}}::hfb2007f8649c30bb
[INFO] [stdout]                                at /rustc/6067b36314ab5eb2eb47cecc464545ba58e1ad24/library/test/src/lib.rs:576:43
[INFO] [stdout]   52:     0x578e4a3ebc75 - test::run_test::{{closure}}::h56a17aa7a282a9f4
[INFO] [stdout]                                at /rustc/6067b36314ab5eb2eb47cecc464545ba58e1ad24/library/test/src/lib.rs:606:41
[INFO] [stdout]   53:     0x578e4a3ebc75 - std::sys::backtrace::__rust_begin_short_backtrace::hd2d2d2fb8e8c6aac
[INFO] [stdout]                                at /rustc/6067b36314ab5eb2eb47cecc464545ba58e1ad24/library/std/src/sys/backtrace.rs:152:18
[INFO] [stdout]   54:     0x578e4a3ef55a - std::thread::Builder::spawn_unchecked_::{{closure}}::{{closure}}::h4faa3f9db6133423
[INFO] [stdout]                                at /rustc/6067b36314ab5eb2eb47cecc464545ba58e1ad24/library/std/src/thread/mod.rs:559:17
[INFO] [stdout]   55:     0x578e4a3ef55a - <core::panic::unwind_safe::AssertUnwindSafe<F> as core::ops::function::FnOnce<()>>::call_once::hf2e855a36a4ea846
[INFO] [stdout]                                at /rustc/6067b36314ab5eb2eb47cecc464545ba58e1ad24/library/core/src/panic/unwind_safe.rs:272:9
[INFO] [stdout]   56:     0x578e4a3ef55a - std::panicking::try::do_call::h2f73af3616c35465
[INFO] [stdout]                                at /rustc/6067b36314ab5eb2eb47cecc464545ba58e1ad24/library/std/src/panicking.rs:587:40
[INFO] [stdout]   57:     0x578e4a3ef55a - std::panicking::try::hd1660ce9efadef5a
[INFO] [stdout]                                at /rustc/6067b36314ab5eb2eb47cecc464545ba58e1ad24/library/std/src/panicking.rs:550:19
[INFO] [stdout]   58:     0x578e4a3ef55a - std::panic::catch_unwind::h5ee8d7823b8ca744
[INFO] [stdout]                                at /rustc/6067b36314ab5eb2eb47cecc464545ba58e1ad24/library/std/src/panic.rs:358:14
[INFO] [stdout]   59:     0x578e4a3ef55a - std::thread::Builder::spawn_unchecked_::{{closure}}::h53c3a1894dce8407
[INFO] [stdout]                                at /rustc/6067b36314ab5eb2eb47cecc464545ba58e1ad24/library/std/src/thread/mod.rs:557:30
[INFO] [stdout]   60:     0x578e4a3ef55a - core::ops::function::FnOnce::call_once{{vtable.shim}}::h048ce291ad4f62bf
[INFO] [stdout]                                at /rustc/6067b36314ab5eb2eb47cecc464545ba58e1ad24/library/core/src/ops/function.rs:250:5
[INFO] [stdout]   61:     0x578e4ad87d4b - <alloc::boxed::Box<F,A> as core::ops::function::FnOnce<Args>>::call_once::ha52bedf99a3b4981
[INFO] [stdout]                                at /rustc/6067b36314ab5eb2eb47cecc464545ba58e1ad24/library/alloc/src/boxed.rs:2013:9
[INFO] [stdout]   62:     0x578e4ad87d4b - <alloc::boxed::Box<F,A> as core::ops::function::FnOnce<Args>>::call_once::h567748934d80ccf8
[INFO] [stdout]                                at /rustc/6067b36314ab5eb2eb47cecc464545ba58e1ad24/library/alloc/src/boxed.rs:2013:9
[INFO] [stdout]   63:     0x578e4ad87d4b - std::sys::pal::unix::thread::Thread::new::thread_start::h2d970728ae887adc
[INFO] [stdout]                                at /rustc/6067b36314ab5eb2eb47cecc464545ba58e1ad24/library/std/src/sys/pal/unix/thread.rs:106:17
[INFO] [stdout]   64:     0x7db09d681ac3 - <unknown>
[INFO] [stdout]   65:     0x7db09d712a04 - clone
[INFO] [stdout]   66:                0x0 - <unknown>
[INFO] [stdout] 
[INFO] [stdout] 
[INFO] [stdout] failures:
[INFO] [stdout]     github::tests::test_get_release
[INFO] [stdout] 
[INFO] [stdout] test result: FAILED. 7 passed; 1 failed; 0 ignored; 0 measured; 0 filtered out; finished in 0.30s
[INFO] [stdout] 
[INFO] [stderr] error: test failed, to rerun pass `--lib`
[INFO] running `Command { std: "docker" "inspect" "4f9f13b5c172d6a53104d681f5308ca039915aae89656d53e73f058e60eb389f", kill_on_drop: false }`
[INFO] running `Command { std: "docker" "rm" "-f" "4f9f13b5c172d6a53104d681f5308ca039915aae89656d53e73f058e60eb389f", kill_on_drop: false }`
[INFO] [stdout] 4f9f13b5c172d6a53104d681f5308ca039915aae89656d53e73f058e60eb389f
