[INFO] cloning repository https://github.com/bumblepie/advent-of-code-2024
[INFO] running `Command { std: "git" "-c" "credential.helper=" "-c" "credential.helper=/workspace/cargo-home/bin/git-credential-null" "clone" "--bare" "https://github.com/bumblepie/advent-of-code-2024" "/workspace/cache/git-repos/https%3A%2F%2Fgithub.com%2Fbumblepie%2Fadvent-of-code-2024", kill_on_drop: false }`
[INFO] [stderr] Cloning into bare repository '/workspace/cache/git-repos/https%3A%2F%2Fgithub.com%2Fbumblepie%2Fadvent-of-code-2024'...
[INFO] running `Command { std: "git" "rev-parse" "HEAD", kill_on_drop: false }`
[INFO] [stdout] ccf57dc3906f04850e5d5c47de48854d55ad26f6
[INFO] testing bumblepie/advent-of-code-2024 against nightly-2025-01-18 for randomize-layout-2
[INFO] running `Command { std: "git" "clone" "/workspace/cache/git-repos/https%3A%2F%2Fgithub.com%2Fbumblepie%2Fadvent-of-code-2024" "/workspace/builds/worker-4-tc1/source", kill_on_drop: false }`
[INFO] [stderr] Cloning into '/workspace/builds/worker-4-tc1/source'...
[INFO] [stderr] done.
[INFO] validating manifest of git repo https://github.com/bumblepie/advent-of-code-2024 on toolchain nightly-2025-01-18
[INFO] running `Command { std: CARGO_HOME="/workspace/cargo-home" RUSTUP_HOME="/workspace/rustup-home" "/workspace/cargo-home/bin/cargo" "+nightly-2025-01-18" "metadata" "--manifest-path" "Cargo.toml" "--no-deps", kill_on_drop: false }`
[INFO] started tweaking git repo https://github.com/bumblepie/advent-of-code-2024
[INFO] finished tweaking git repo https://github.com/bumblepie/advent-of-code-2024
[INFO] tweaked toml for git repo https://github.com/bumblepie/advent-of-code-2024 written to /workspace/builds/worker-4-tc1/source/Cargo.toml
[INFO] crate git repo https://github.com/bumblepie/advent-of-code-2024 already has a lockfile, it will not be regenerated
[INFO] running `Command { std: CARGO_HOME="/workspace/cargo-home" RUSTUP_HOME="/workspace/rustup-home" "/workspace/cargo-home/bin/cargo" "+nightly-2025-01-18" "fetch" "--manifest-path" "Cargo.toml", kill_on_drop: false }`
[INFO] running `Command { std: "docker" "create" "-v" "/var/lib/crater-agent-workspace/builds/worker-4-tc1/target:/opt/rustwide/target:rw,Z" "-v" "/var/lib/crater-agent-workspace/builds/worker-4-tc1/source:/opt/rustwide/workdir:ro,Z" "-v" "/var/lib/crater-agent-workspace/cargo-home:/opt/rustwide/cargo-home:ro,Z" "-v" "/var/lib/crater-agent-workspace/rustup-home:/opt/rustwide/rustup-home:ro,Z" "-e" "SOURCE_DIR=/opt/rustwide/workdir" "-e" "CARGO_TARGET_DIR=/opt/rustwide/target" "-e" "CARGO_HOME=/opt/rustwide/cargo-home" "-e" "RUSTUP_HOME=/opt/rustwide/rustup-home" "-w" "/opt/rustwide/workdir" "-m" "1610612736" "--user" "0:0" "--network" "none" "ghcr.io/rust-lang/crates-build-env/linux@sha256:819108c5571ea2e421544af4d832f968d213c87fbe3707a016657f43d2f853bc" "/opt/rustwide/cargo-home/bin/cargo" "+nightly-2025-01-18" "metadata" "--no-deps" "--format-version=1", kill_on_drop: false }`
[INFO] [stdout] 9f2fd9ef6ffbb250065b4718f0f896d787a28fba2e9e8da986b5584050e61102
[INFO] running `Command { std: "docker" "start" "-a" "9f2fd9ef6ffbb250065b4718f0f896d787a28fba2e9e8da986b5584050e61102", kill_on_drop: false }`
[INFO] running `Command { std: "docker" "inspect" "9f2fd9ef6ffbb250065b4718f0f896d787a28fba2e9e8da986b5584050e61102", kill_on_drop: false }`
[INFO] running `Command { std: "docker" "rm" "-f" "9f2fd9ef6ffbb250065b4718f0f896d787a28fba2e9e8da986b5584050e61102", kill_on_drop: false }`
[INFO] [stdout] 9f2fd9ef6ffbb250065b4718f0f896d787a28fba2e9e8da986b5584050e61102
[INFO] running `Command { std: "docker" "create" "-v" "/var/lib/crater-agent-workspace/builds/worker-4-tc1/target:/opt/rustwide/target:rw,Z" "-v" "/var/lib/crater-agent-workspace/builds/worker-4-tc1/source:/opt/rustwide/workdir:ro,Z" "-v" "/var/lib/crater-agent-workspace/cargo-home:/opt/rustwide/cargo-home:ro,Z" "-v" "/var/lib/crater-agent-workspace/rustup-home:/opt/rustwide/rustup-home:ro,Z" "-e" "SOURCE_DIR=/opt/rustwide/workdir" "-e" "CARGO_TARGET_DIR=/opt/rustwide/target" "-e" "CARGO_INCREMENTAL=0" "-e" "RUST_BACKTRACE=full" "-e" "RUSTFLAGS=--cap-lints=forbid" "-e" "RUSTDOCFLAGS=--cap-lints=forbid" "-e" "CARGO_HOME=/opt/rustwide/cargo-home" "-e" "RUSTUP_HOME=/opt/rustwide/rustup-home" "-w" "/opt/rustwide/workdir" "-m" "1610612736" "--user" "0:0" "--network" "none" "ghcr.io/rust-lang/crates-build-env/linux@sha256:819108c5571ea2e421544af4d832f968d213c87fbe3707a016657f43d2f853bc" "/opt/rustwide/cargo-home/bin/cargo" "+nightly-2025-01-18" "build" "--frozen" "--message-format=json", kill_on_drop: false }`
[INFO] [stdout] dd4ae24cb8bcbbd7f2a37265aee8c9180ddf41586f8bd0d6955d803f0277c04b
[INFO] running `Command { std: "docker" "start" "-a" "dd4ae24cb8bcbbd7f2a37265aee8c9180ddf41586f8bd0d6955d803f0277c04b", kill_on_drop: false }`
[INFO] [stderr]    Compiling autocfg v1.4.0
[INFO] [stderr]    Compiling proc-macro2 v1.0.92
[INFO] [stderr]    Compiling unicode-ident v1.0.14
[INFO] [stderr]    Compiling semver v1.0.23
[INFO] [stderr]    Compiling libc v0.2.168
[INFO] [stderr]    Compiling memchr v2.7.4
[INFO] [stderr]    Compiling cfg-if v1.0.0
[INFO] [stderr]    Compiling regex-syntax v0.8.5
[INFO] [stderr]    Compiling version_check v0.9.5
[INFO] [stderr]    Compiling equivalent v1.0.1
[INFO] [stderr]    Compiling futures-sink v0.3.31
[INFO] [stderr]    Compiling futures-core v0.3.31
[INFO] [stderr]    Compiling hashbrown v0.15.2
[INFO] [stderr]    Compiling once_cell v1.20.2
[INFO] [stderr]    Compiling futures-task v0.3.31
[INFO] [stderr]    Compiling pin-project-lite v0.2.15
[INFO] [stderr]    Compiling futures-io v0.3.31
[INFO] [stderr]    Compiling utf8parse v0.2.2
[INFO] [stderr]    Compiling pin-utils v0.1.0
[INFO] [stderr]    Compiling toml_datetime v0.6.8
[INFO] [stderr]    Compiling futures-channel v0.3.31
[INFO] [stderr]    Compiling winnow v0.6.20
[INFO] [stderr]    Compiling syn v1.0.109
[INFO] [stderr]    Compiling anstyle-parse v0.2.6
[INFO] [stderr]    Compiling anstyle-query v1.1.2
[INFO] [stderr]    Compiling colorchoice v1.0.3
[INFO] [stderr]    Compiling is_terminal_polyfill v1.70.1
[INFO] [stderr]    Compiling anstyle v1.0.10
[INFO] [stderr]    Compiling relative-path v1.9.3
[INFO] [stderr]    Compiling clap_lex v0.7.3
[INFO] [stderr]    Compiling ahash v0.7.8
[INFO] [stderr]    Compiling glob v0.3.1
[INFO] [stderr]    Compiling indexmap v2.7.0
[INFO] [stderr]    Compiling aho-corasick v1.1.3
[INFO] [stderr]    Compiling anstream v0.6.18
[INFO] [stderr]    Compiling heck v0.5.0
[INFO] [stderr]    Compiling strsim v0.11.1
[INFO] [stderr]    Compiling lazy_static v1.5.0
[INFO] [stderr]    Compiling num-traits v0.2.19
[INFO] [stderr]    Compiling slab v0.4.9
[INFO] [stderr]    Compiling quote v1.0.37
[INFO] [stderr]    Compiling rustc_version v0.4.1
[INFO] [stderr]    Compiling getrandom v0.2.15
[INFO] [stderr]    Compiling either v1.13.0
[INFO] [stderr]    Compiling futures-timer v3.0.3
[INFO] [stderr]    Compiling clap_builder v4.5.21
[INFO] [stderr]    Compiling itertools v0.13.0
[INFO] [stderr]    Compiling syn v2.0.90
[INFO] [stderr]    Compiling rstest_macros v0.23.0
[INFO] [stderr]    Compiling hashbrown v0.12.3
[INFO] [stderr]    Compiling num-integer v0.1.46
[INFO] [stderr]    Compiling num-complex v0.4.6
[INFO] [stderr]    Compiling num-bigint v0.4.6
[INFO] [stderr]    Compiling num-iter v0.1.45
[INFO] [stderr]    Compiling lru v0.7.8
[INFO] [stderr]    Compiling regex-automata v0.4.9
[INFO] [stderr]    Compiling toml_edit v0.22.22
[INFO] [stderr]    Compiling num-rational v0.4.2
[INFO] [stderr]    Compiling num v0.4.3
[INFO] [stderr]    Compiling proc-macro-crate v3.2.0
[INFO] [stderr]    Compiling regex v1.11.1
[INFO] [stderr]    Compiling memoize-inner v0.4.3
[INFO] [stderr]    Compiling memoize v0.4.2
[INFO] [stderr]    Compiling futures-macro v0.3.31
[INFO] [stderr]    Compiling clap_derive v4.5.18
[INFO] [stderr]    Compiling futures-util v0.3.31
[INFO] [stderr]    Compiling clap v4.5.21
[INFO] [stderr]    Compiling futures-executor v0.3.31
[INFO] [stderr]    Compiling futures v0.3.31
[INFO] [stderr]    Compiling rstest v0.23.0
[INFO] [stderr]    Compiling AdventOfCode2024 v0.1.0 (/opt/rustwide/workdir)
[INFO] [stderr]     Finished `dev` profile [unoptimized + debuginfo] target(s) in 28.44s
[INFO] running `Command { std: "docker" "inspect" "dd4ae24cb8bcbbd7f2a37265aee8c9180ddf41586f8bd0d6955d803f0277c04b", kill_on_drop: false }`
[INFO] running `Command { std: "docker" "rm" "-f" "dd4ae24cb8bcbbd7f2a37265aee8c9180ddf41586f8bd0d6955d803f0277c04b", kill_on_drop: false }`
[INFO] [stdout] dd4ae24cb8bcbbd7f2a37265aee8c9180ddf41586f8bd0d6955d803f0277c04b
[INFO] running `Command { std: "docker" "create" "-v" "/var/lib/crater-agent-workspace/builds/worker-4-tc1/target:/opt/rustwide/target:rw,Z" "-v" "/var/lib/crater-agent-workspace/builds/worker-4-tc1/source:/opt/rustwide/workdir:ro,Z" "-v" "/var/lib/crater-agent-workspace/cargo-home:/opt/rustwide/cargo-home:ro,Z" "-v" "/var/lib/crater-agent-workspace/rustup-home:/opt/rustwide/rustup-home:ro,Z" "-e" "SOURCE_DIR=/opt/rustwide/workdir" "-e" "CARGO_TARGET_DIR=/opt/rustwide/target" "-e" "CARGO_INCREMENTAL=0" "-e" "RUST_BACKTRACE=full" "-e" "RUSTFLAGS=--cap-lints=forbid" "-e" "RUSTDOCFLAGS=--cap-lints=forbid" "-e" "CARGO_HOME=/opt/rustwide/cargo-home" "-e" "RUSTUP_HOME=/opt/rustwide/rustup-home" "-w" "/opt/rustwide/workdir" "-m" "1610612736" "--user" "0:0" "--network" "none" "ghcr.io/rust-lang/crates-build-env/linux@sha256:819108c5571ea2e421544af4d832f968d213c87fbe3707a016657f43d2f853bc" "/opt/rustwide/cargo-home/bin/cargo" "+nightly-2025-01-18" "test" "--frozen" "--no-run" "--message-format=json", kill_on_drop: false }`
[INFO] [stdout] 2ea83ad4d6016da233c92984d1a0c83d0333bf9deaf8913e8090283f699169fe
[INFO] running `Command { std: "docker" "start" "-a" "2ea83ad4d6016da233c92984d1a0c83d0333bf9deaf8913e8090283f699169fe", kill_on_drop: false }`
[INFO] [stderr]    Compiling AdventOfCode2024 v0.1.0 (/opt/rustwide/workdir)
[INFO] [stderr]     Finished `test` profile [unoptimized + debuginfo] target(s) in 2.50s
[INFO] running `Command { std: "docker" "inspect" "2ea83ad4d6016da233c92984d1a0c83d0333bf9deaf8913e8090283f699169fe", kill_on_drop: false }`
[INFO] running `Command { std: "docker" "rm" "-f" "2ea83ad4d6016da233c92984d1a0c83d0333bf9deaf8913e8090283f699169fe", kill_on_drop: false }`
[INFO] [stdout] 2ea83ad4d6016da233c92984d1a0c83d0333bf9deaf8913e8090283f699169fe
[INFO] running `Command { std: "docker" "create" "-v" "/var/lib/crater-agent-workspace/builds/worker-4-tc1/target:/opt/rustwide/target:rw,Z" "-v" "/var/lib/crater-agent-workspace/builds/worker-4-tc1/source:/opt/rustwide/workdir:ro,Z" "-v" "/var/lib/crater-agent-workspace/cargo-home:/opt/rustwide/cargo-home:ro,Z" "-v" "/var/lib/crater-agent-workspace/rustup-home:/opt/rustwide/rustup-home:ro,Z" "-e" "SOURCE_DIR=/opt/rustwide/workdir" "-e" "CARGO_TARGET_DIR=/opt/rustwide/target" "-e" "CARGO_INCREMENTAL=0" "-e" "RUST_BACKTRACE=full" "-e" "RUSTFLAGS=--cap-lints=forbid" "-e" "RUSTDOCFLAGS=--cap-lints=forbid" "-e" "CARGO_HOME=/opt/rustwide/cargo-home" "-e" "RUSTUP_HOME=/opt/rustwide/rustup-home" "-w" "/opt/rustwide/workdir" "-m" "1610612736" "--user" "0:0" "--network" "none" "ghcr.io/rust-lang/crates-build-env/linux@sha256:819108c5571ea2e421544af4d832f968d213c87fbe3707a016657f43d2f853bc" "/opt/rustwide/cargo-home/bin/cargo" "+nightly-2025-01-18" "test" "--frozen", kill_on_drop: false }`
[INFO] [stdout] 0f7adc45a8fa08aa34652c660f169394fea2ae74c3b688d55aea3a09c1b6e84d
[INFO] running `Command { std: "docker" "start" "-a" "0f7adc45a8fa08aa34652c660f169394fea2ae74c3b688d55aea3a09c1b6e84d", kill_on_drop: false }`
[INFO] [stderr]     Finished `test` profile [unoptimized + debuginfo] target(s) in 0.09s
[INFO] [stderr]      Running unittests src/main.rs (/opt/rustwide/target/debug/deps/AdventOfCode2024-af10e78d56fed848)
[INFO] [stdout] 
[INFO] [stdout] running 86 tests
[INFO] [stdout] test day_10::tests::test_example_v2 ... ok
[INFO] [stdout] test day_11::tests::test_blink_longer_example ... ok
[INFO] [stdout] test day_12::tests::test_calculate_regions_example_1 ... ok
[INFO] [stdout] test day_10::tests::test_example ... ok
[INFO] [stdout] test day_12::tests::test_calculate_regions_example_2 ... ok
[INFO] [stdout] test day_11::tests::test_blink_short_example ... ok
[INFO] [stdout] test day_12::tests::test_calculate_regions_example_3 ... ok
[INFO] [stdout] test day_13::tests::test_part_machine_solve_example_1 ... ok
[INFO] [stdout] test day_13::tests::test_part_machine_solve_example_1_part_2 ... ok
[INFO] [stdout] test day_13::tests::test_part_machine_solve_example_2_part_2 ... ok
[INFO] [stdout] test day_13::tests::test_part_machine_solve_example_3 ... ok
[INFO] [stdout] test day_13::tests::test_part_machine_solve_example_3_part_2 ... ok
[INFO] [stdout] test day_13::tests::test_part_machine_solve_example_4 ... ok
[INFO] [stdout] test day_13::tests::test_part_machine_solve_example_4_part_2 ... ok
[INFO] [stdout] test day_1::tests::test_similarity_score::case_1 ... ok
[INFO] [stdout] test day_13::tests::test_part_machine_solve_example_2 ... ok
[INFO] [stdout] test day_1::tests::test_sum_diffs::case_1 ... ok
[INFO] [stdout] test day_2::tests::test_is_safe::case_1 ... ok
[INFO] [stdout] test day_2::tests::test_is_safe::case_2 ... ok
[INFO] [stdout] test day_2::tests::test_is_safe::case_3 ... ok
[INFO] [stdout] test day_2::tests::test_is_safe::case_4 ... ok
[INFO] [stdout] test day_2::tests::test_is_safe::case_5 ... ok
[INFO] [stdout] test day_2::tests::test_is_safe::case_6 ... ok
[INFO] [stdout] test day_1::tests::test_parsing::case_1 ... ok
[INFO] [stdout] test day_2::tests::test_is_safe_with_problem_dampener::case_1 ... ok
[INFO] [stdout] test day_2::tests::test_is_safe_with_problem_dampener::case_2 ... ok
[INFO] [stdout] test day_2::tests::test_is_safe_with_problem_dampener::case_3 ... ok
[INFO] [stdout] test day_2::tests::test_is_safe_with_problem_dampener::case_6 ... ok
[INFO] [stdout] test day_2::tests::test_is_safe_with_problem_dampener::case_5 ... ok
[INFO] [stdout] test day_2::tests::test_parse_file ... ok
[INFO] [stdout] test day_5::tests::test_is_correctly_ordered::case_3 ... ok
[INFO] [stdout] test day_4::tests::test_part_1_example ... ok
[INFO] [stdout] test day_4::tests::test_part_2_example ... ok
[INFO] [stdout] test day_5::tests::test_is_correctly_ordered::case_1 ... ok
[INFO] [stdout] test day_5::tests::test_reordering::case_1 ... ok
[INFO] [stdout] test day_2::tests::test_is_safe_with_problem_dampener::case_4 ... ok
[INFO] [stdout] test day_6::tests::test_parse_file ... ok
[INFO] [stdout] test day_5::tests::test_is_correctly_ordered::case_4 ... ok
[INFO] [stdout] test day_5::tests::test_is_correctly_ordered::case_6 ... ok
[INFO] [stdout] test day_6::tests::test_part_1 ... ok
[INFO] [stdout] test day_5::tests::test_reordering::case_3 ... ok
[INFO] [stdout] test day_5::tests::parse_file_is_ok ... ok
[INFO] [stdout] test day_5::tests::test_is_correctly_ordered::case_2 ... ok
[INFO] [stdout] test day_5::tests::test_is_correctly_ordered::case_5 ... ok
[INFO] [stdout] test day_5::tests::test_reordering::case_2 ... ok
[INFO] [stdout] test day_7::tests::test_evaluate_concatenate::case_2 ... ok
[INFO] [stdout] test day_7::tests::test_find_solution::case_1 ... ok
[INFO] [stdout] test day_7::tests::test_find_solution::case_3 ... ok
[INFO] [stdout] test day_7::tests::test_find_solution::case_4 ... ok
[INFO] [stdout] test day_7::tests::test_find_solution::case_5 ... ok
[INFO] [stdout] test day_7::tests::test_find_solution::case_7 ... ok
[INFO] [stdout] test day_7::tests::test_find_solution::case_6 ... ok
[INFO] [stdout] test day_7::tests::test_parse_line::case_3 ... ok
[INFO] [stdout] test day_7::tests::test_find_solution::case_8 ... ok
[INFO] [stdout] test day_7::tests::test_parse_line::case_2 ... ok
[INFO] [stdout] test day_7::tests::test_evaluate_concatenate::case_1 ... ok
[INFO] [stdout] test day_7::tests::test_evaluate_concatenate::case_4 ... ok
[INFO] [stdout] test day_7::tests::test_evaluate_concatenate::case_3 ... ok
[INFO] [stdout] test day_7::tests::test_parse_line::case_4 ... ok
[INFO] [stdout] test day_7::tests::test_find_solution::case_9 ... ok
[INFO] [stdout] test day_7::tests::test_find_solution::case_2 ... ok
[INFO] [stdout] test day_3::tests::test_parse_instructions_part_2 ... ok
[INFO] [stdout] test day_7::tests::test_parse_line::case_1 ... ok
[INFO] [stdout] test day_13::tests::test_parse_machine ... ok
[INFO] [stdout] test day_7::tests::test_parse_line::case_6 ... ok
[INFO] [stdout] test day_7::tests::test_parse_line::case_8 ... ok
[INFO] [stdout] test day_7::tests::test_parse_line::case_7 ... ok
[INFO] [stdout] test day_8::tests::test_equation::case_2 ... ok
[INFO] [stdout] test day_8::tests::test_equation::case_1 ... ok
[INFO] [stdout] test day_8::tests::test_equation::case_3 ... ok
[INFO] [stdout] test day_8::tests::test_equation::case_5 ... ok
[INFO] [stdout] test day_7::tests::test_parse_line::case_9 ... ok
[INFO] [stdout] test day_8::tests::test_find_antinodes ... ok
[INFO] [stdout] test day_8::tests::test_parse_file ... ok
[INFO] [stdout] test day_8::tests::test_find_antinodes_part_2 ... ok
[INFO] [stdout] test day_9::tests::test_compact ... ok
[INFO] [stdout] test day_9::tests::test_checksum ... ok
[INFO] [stdout] test day_9::tests::test_checksum_v2 ... ok
[INFO] [stdout] test day_8::tests::test_equation::case_4 ... ok
[INFO] [stdout] test day_8::tests::test_equation::case_6 ... ok
[INFO] [stdout] test day_7::tests::test_parse_line::case_5 ... ok
[INFO] [stdout] test day_9::tests::test_compact_v2 ... ok
[INFO] [stdout] test day_9::tests::test_parse_file ... ok
[INFO] [stdout] test day_3::tests::test_parse_instructions ... ok
[INFO] [stdout] test day_4::tests::test_part_1 ... ok
[INFO] [stdout] test day_6::tests::test_part_2 ... FAILED
[INFO] [stdout] 
[INFO] [stderr] error: test failed, to rerun pass `--bin AdventOfCode2024`
[INFO] [stdout] failures:
[INFO] [stdout] 
[INFO] [stdout] ---- day_6::tests::test_part_2 stdout ----
[INFO] [stdout] 
[INFO] [stdout] thread 'day_6::tests::test_part_2' panicked at src/day_6.rs:228:9:
[INFO] [stdout] assertion `left == right` failed
[INFO] [stdout]   left: 1482
[INFO] [stdout]  right: 6
[INFO] [stdout] stack backtrace:
[INFO] [stdout]    0:     0x62243171ba4a - std::backtrace_rs::backtrace::libunwind::trace::hb059275cfc8d6126
[INFO] [stdout]                                at /rustc/6067b36314ab5eb2eb47cecc464545ba58e1ad24/library/std/src/../../backtrace/src/backtrace/libunwind.rs:116:5
[INFO] [stdout]    1:     0x62243171ba4a - std::backtrace_rs::backtrace::trace_unsynchronized::h2da071e4327ce3ee
[INFO] [stdout]                                at /rustc/6067b36314ab5eb2eb47cecc464545ba58e1ad24/library/std/src/../../backtrace/src/backtrace/mod.rs:66:5
[INFO] [stdout]    2:     0x62243171ba4a - std::sys::backtrace::_print_fmt::h842a1474e6f8d23f
[INFO] [stdout]                                at /rustc/6067b36314ab5eb2eb47cecc464545ba58e1ad24/library/std/src/sys/backtrace.rs:66:9
[INFO] [stdout]    3:     0x62243171ba4a - <std::sys::backtrace::BacktraceLock::print::DisplayBacktrace as core::fmt::Display>::fmt::h71a62eb3b9696b12
[INFO] [stdout]                                at /rustc/6067b36314ab5eb2eb47cecc464545ba58e1ad24/library/std/src/sys/backtrace.rs:39:26
[INFO] [stdout]    4:     0x622431744173 - core::fmt::rt::Argument::fmt::hdb6b616786b41dc1
[INFO] [stdout]                                at /rustc/6067b36314ab5eb2eb47cecc464545ba58e1ad24/library/core/src/fmt/rt.rs:177:76
[INFO] [stdout]    5:     0x622431744173 - core::fmt::write::h2cc1698af7e2d686
[INFO] [stdout]                                at /rustc/6067b36314ab5eb2eb47cecc464545ba58e1ad24/library/core/src/fmt/mod.rs:1440:21
[INFO] [stdout]    6:     0x6224317185a3 - std::io::Write::write_fmt::hab1b4cd059a79022
[INFO] [stdout]                                at /rustc/6067b36314ab5eb2eb47cecc464545ba58e1ad24/library/std/src/io/mod.rs:1887:15
[INFO] [stdout]    7:     0x62243171b892 - std::sys::backtrace::BacktraceLock::print::h147fe35b4ea13b08
[INFO] [stdout]                                at /rustc/6067b36314ab5eb2eb47cecc464545ba58e1ad24/library/std/src/sys/backtrace.rs:42:9
[INFO] [stdout]    8:     0x62243171ce6f - std::panicking::default_hook::{{closure}}::hbd44223dbdc0d208
[INFO] [stdout]                                at /rustc/6067b36314ab5eb2eb47cecc464545ba58e1ad24/library/std/src/panicking.rs:298:22
[INFO] [stdout]    9:     0x62243171cc88 - std::panicking::default_hook::h20f81eb0576efcec
[INFO] [stdout]                                at /rustc/6067b36314ab5eb2eb47cecc464545ba58e1ad24/library/std/src/panicking.rs:322:9
[INFO] [stdout]   10:     0x62243145cdc3 - <alloc::boxed::Box<F,A> as core::ops::function::Fn<Args>>::call::hdb53814c496a4d34
[INFO] [stdout]                                at /rustc/6067b36314ab5eb2eb47cecc464545ba58e1ad24/library/alloc/src/boxed.rs:2027:9
[INFO] [stdout]   11:     0x62243145cdc3 - test::test_main::{{closure}}::hc0a4963c59427c24
[INFO] [stdout]                                at /rustc/6067b36314ab5eb2eb47cecc464545ba58e1ad24/library/test/src/lib.rs:134:21
[INFO] [stdout]   12:     0x62243171d963 - <alloc::boxed::Box<F,A> as core::ops::function::Fn<Args>>::call::h591b2225413a77e9
[INFO] [stdout]                                at /rustc/6067b36314ab5eb2eb47cecc464545ba58e1ad24/library/alloc/src/boxed.rs:2027:9
[INFO] [stdout]   13:     0x62243171d963 - std::panicking::rust_panic_with_hook::h625eea43051b2edc
[INFO] [stdout]                                at /rustc/6067b36314ab5eb2eb47cecc464545ba58e1ad24/library/std/src/panicking.rs:839:13
[INFO] [stdout]   14:     0x62243171d61a - std::panicking::begin_panic_handler::{{closure}}::h4f9159cfbc3f6bd3
[INFO] [stdout]                                at /rustc/6067b36314ab5eb2eb47cecc464545ba58e1ad24/library/std/src/panicking.rs:704:13
[INFO] [stdout]   15:     0x62243171bf49 - std::sys::backtrace::__rust_end_short_backtrace::h0390abce48353151
[INFO] [stdout]                                at /rustc/6067b36314ab5eb2eb47cecc464545ba58e1ad24/library/std/src/sys/backtrace.rs:168:18
[INFO] [stdout]   16:     0x62243171d2ad - rust_begin_unwind
[INFO] [stdout]                                at /rustc/6067b36314ab5eb2eb47cecc464545ba58e1ad24/library/std/src/panicking.rs:695:5
[INFO] [stdout]   17:     0x622431742450 - core::panicking::panic_fmt::h9e7c637e9e5f29c9
[INFO] [stdout]                                at /rustc/6067b36314ab5eb2eb47cecc464545ba58e1ad24/library/core/src/panicking.rs:75:14
[INFO] [stdout]   18:     0x622431742842 - core::panicking::assert_failed_inner::h538bec7c1374cd9c
[INFO] [stdout]   19:     0x6224317426f9 - core::panicking::assert_failed::h7fe8c93d80615b71
[INFO] [stdout]                                at /rustc/6067b36314ab5eb2eb47cecc464545ba58e1ad24/library/core/src/panicking.rs:364:5
[INFO] [stdout]   20:     0x6224313da28f - AdventOfCode2024::day_6::tests::test_part_2::h6f6d5b4ab614ec2e
[INFO] [stdout]                                at /opt/rustwide/workdir/src/day_6.rs:228:9
[INFO] [stdout]   21:     0x6224313da117 - AdventOfCode2024::day_6::tests::test_part_2::{{closure}}::hd0795b0b44bab20e
[INFO] [stdout]                                at /opt/rustwide/workdir/src/day_6.rs:225:21
[INFO] [stdout]   22:     0x622431405286 - core::ops::function::FnOnce::call_once::hb419ee982efe5bb1
[INFO] [stdout]                                at /rustc/6067b36314ab5eb2eb47cecc464545ba58e1ad24/library/core/src/ops/function.rs:250:5
[INFO] [stdout]   23:     0x62243146251b - core::ops::function::FnOnce::call_once::he27718dfdd183f43
[INFO] [stdout]                                at /rustc/6067b36314ab5eb2eb47cecc464545ba58e1ad24/library/core/src/ops/function.rs:250:5
[INFO] [stdout]   24:     0x62243146251b - test::__rust_begin_short_backtrace::h4e84902998457a5d
[INFO] [stdout]                                at /rustc/6067b36314ab5eb2eb47cecc464545ba58e1ad24/library/test/src/lib.rs:632:18
[INFO] [stdout]   25:     0x622431461453 - test::run_test_in_process::{{closure}}::h7176fd18fc1feca0
[INFO] [stdout]                                at /rustc/6067b36314ab5eb2eb47cecc464545ba58e1ad24/library/test/src/lib.rs:655:60
[INFO] [stdout]   26:     0x622431461453 - <core::panic::unwind_safe::AssertUnwindSafe<F> as core::ops::function::FnOnce<()>>::call_once::hf79cff2a624d8cf7
[INFO] [stdout]                                at /rustc/6067b36314ab5eb2eb47cecc464545ba58e1ad24/library/core/src/panic/unwind_safe.rs:272:9
[INFO] [stdout]   27:     0x622431461453 - std::panicking::try::do_call::h3da0561d9ab99c25
[INFO] [stdout]                                at /rustc/6067b36314ab5eb2eb47cecc464545ba58e1ad24/library/std/src/panicking.rs:587:40
[INFO] [stdout]   28:     0x622431461453 - std::panicking::try::h41c9fa508bc61df6
[INFO] [stdout]                                at /rustc/6067b36314ab5eb2eb47cecc464545ba58e1ad24/library/std/src/panicking.rs:550:19
[INFO] [stdout]   29:     0x622431461453 - std::panic::catch_unwind::h6b3ff07bb5afad93
[INFO] [stdout]                                at /rustc/6067b36314ab5eb2eb47cecc464545ba58e1ad24/library/std/src/panic.rs:358:14
[INFO] [stdout]   30:     0x622431461453 - test::run_test_in_process::hc7253dd11b39b9f4
[INFO] [stdout]                                at /rustc/6067b36314ab5eb2eb47cecc464545ba58e1ad24/library/test/src/lib.rs:655:27
[INFO] [stdout]   31:     0x622431461453 - test::run_test::{{closure}}::hfb2007f8649c30bb
[INFO] [stdout]                                at /rustc/6067b36314ab5eb2eb47cecc464545ba58e1ad24/library/test/src/lib.rs:576:43
[INFO] [stdout]   32:     0x622431424535 - test::run_test::{{closure}}::h56a17aa7a282a9f4
[INFO] [stdout]                                at /rustc/6067b36314ab5eb2eb47cecc464545ba58e1ad24/library/test/src/lib.rs:606:41
[INFO] [stdout]   33:     0x622431424535 - std::sys::backtrace::__rust_begin_short_backtrace::hd2d2d2fb8e8c6aac
[INFO] [stdout]                                at /rustc/6067b36314ab5eb2eb47cecc464545ba58e1ad24/library/std/src/sys/backtrace.rs:152:18
[INFO] [stdout]   34:     0x622431427e1a - std::thread::Builder::spawn_unchecked_::{{closure}}::{{closure}}::h4faa3f9db6133423
[INFO] [stdout]                                at /rustc/6067b36314ab5eb2eb47cecc464545ba58e1ad24/library/std/src/thread/mod.rs:559:17
[INFO] [stdout]   35:     0x622431427e1a - <core::panic::unwind_safe::AssertUnwindSafe<F> as core::ops::function::FnOnce<()>>::call_once::hf2e855a36a4ea846
[INFO] [stdout]                                at /rustc/6067b36314ab5eb2eb47cecc464545ba58e1ad24/library/core/src/panic/unwind_safe.rs:272:9
[INFO] [stdout]   36:     0x622431427e1a - std::panicking::try::do_call::h2f73af3616c35465
[INFO] [stdout]                                at /rustc/6067b36314ab5eb2eb47cecc464545ba58e1ad24/library/std/src/panicking.rs:587:40
[INFO] [stdout]   37:     0x622431427e1a - std::panicking::try::hd1660ce9efadef5a
[INFO] [stdout]                                at /rustc/6067b36314ab5eb2eb47cecc464545ba58e1ad24/library/std/src/panicking.rs:550:19
[INFO] [stdout]   38:     0x622431427e1a - std::panic::catch_unwind::h5ee8d7823b8ca744
[INFO] [stdout]                                at /rustc/6067b36314ab5eb2eb47cecc464545ba58e1ad24/library/std/src/panic.rs:358:14
[INFO] [stdout]   39:     0x622431427e1a - std::thread::Builder::spawn_unchecked_::{{closure}}::h53c3a1894dce8407
[INFO] [stdout]                                at /rustc/6067b36314ab5eb2eb47cecc464545ba58e1ad24/library/std/src/thread/mod.rs:557:30
[INFO] [stdout]   40:     0x622431427e1a - core::ops::function::FnOnce::call_once{{vtable.shim}}::h048ce291ad4f62bf
[INFO] [stdout]                                at /rustc/6067b36314ab5eb2eb47cecc464545ba58e1ad24/library/core/src/ops/function.rs:250:5
[INFO] [stdout]   41:     0x6224317218ab - <alloc::boxed::Box<F,A> as core::ops::function::FnOnce<Args>>::call_once::ha52bedf99a3b4981
[INFO] [stdout]                                at /rustc/6067b36314ab5eb2eb47cecc464545ba58e1ad24/library/alloc/src/boxed.rs:2013:9
[INFO] [stdout]   42:     0x6224317218ab - <alloc::boxed::Box<F,A> as core::ops::function::FnOnce<Args>>::call_once::h567748934d80ccf8
[INFO] [stdout]                                at /rustc/6067b36314ab5eb2eb47cecc464545ba58e1ad24/library/alloc/src/boxed.rs:2013:9
[INFO] [stdout]   43:     0x6224317218ab - std::sys::pal::unix::thread::Thread::new::thread_start::h2d970728ae887adc
[INFO] [stdout]                                at /rustc/6067b36314ab5eb2eb47cecc464545ba58e1ad24/library/std/src/sys/pal/unix/thread.rs:106:17
[INFO] [stdout]   44:     0x759442be7ac3 - <unknown>
[INFO] [stdout]   45:     0x759442c78a04 - clone
[INFO] [stdout]   46:                0x0 - <unknown>
[INFO] [stdout] 
[INFO] [stdout] 
[INFO] [stdout] failures:
[INFO] [stdout]     day_6::tests::test_part_2
[INFO] [stdout] 
[INFO] [stdout] test result: FAILED. 85 passed; 1 failed; 0 ignored; 0 measured; 0 filtered out; finished in 48.24s
[INFO] [stdout] 
[INFO] running `Command { std: "docker" "inspect" "0f7adc45a8fa08aa34652c660f169394fea2ae74c3b688d55aea3a09c1b6e84d", kill_on_drop: false }`
[INFO] running `Command { std: "docker" "rm" "-f" "0f7adc45a8fa08aa34652c660f169394fea2ae74c3b688d55aea3a09c1b6e84d", kill_on_drop: false }`
[INFO] [stdout] 0f7adc45a8fa08aa34652c660f169394fea2ae74c3b688d55aea3a09c1b6e84d
