[INFO] cloning repository https://github.com/bocajnotnef/dnd_cli
[INFO] running `Command { std: "git" "-c" "credential.helper=" "-c" "credential.helper=/workspace/cargo-home/bin/git-credential-null" "clone" "--bare" "https://github.com/bocajnotnef/dnd_cli" "/workspace/cache/git-repos/https%3A%2F%2Fgithub.com%2Fbocajnotnef%2Fdnd_cli", kill_on_drop: false }`
[INFO] [stderr] Cloning into bare repository '/workspace/cache/git-repos/https%3A%2F%2Fgithub.com%2Fbocajnotnef%2Fdnd_cli'...
[INFO] running `Command { std: "git" "rev-parse" "HEAD", kill_on_drop: false }`
[INFO] [stdout] 9255862f94b0f7b05d5cd8ef20c0cf7022a1da4a
[INFO] testing bocajnotnef/dnd_cli against nightly-2025-01-18 for randomize-layout-2
[INFO] running `Command { std: "git" "clone" "/workspace/cache/git-repos/https%3A%2F%2Fgithub.com%2Fbocajnotnef%2Fdnd_cli" "/workspace/builds/worker-2-tc1/source", kill_on_drop: false }`
[INFO] [stderr] Cloning into '/workspace/builds/worker-2-tc1/source'...
[INFO] [stderr] done.
[INFO] validating manifest of git repo https://github.com/bocajnotnef/dnd_cli on toolchain nightly-2025-01-18
[INFO] running `Command { std: CARGO_HOME="/workspace/cargo-home" RUSTUP_HOME="/workspace/rustup-home" "/workspace/cargo-home/bin/cargo" "+nightly-2025-01-18" "metadata" "--manifest-path" "Cargo.toml" "--no-deps", kill_on_drop: false }`
[INFO] started tweaking git repo https://github.com/bocajnotnef/dnd_cli
[INFO] finished tweaking git repo https://github.com/bocajnotnef/dnd_cli
[INFO] tweaked toml for git repo https://github.com/bocajnotnef/dnd_cli written to /workspace/builds/worker-2-tc1/source/Cargo.toml
[INFO] crate git repo https://github.com/bocajnotnef/dnd_cli already has a lockfile, it will not be regenerated
[INFO] running `Command { std: CARGO_HOME="/workspace/cargo-home" RUSTUP_HOME="/workspace/rustup-home" "/workspace/cargo-home/bin/cargo" "+nightly-2025-01-18" "fetch" "--manifest-path" "Cargo.toml", kill_on_drop: false }`
[INFO] [stderr]  Downloading crates ...
[INFO] [stderr]   Downloaded predicates-core v1.0.1
[INFO] [stderr]   Downloaded mockall_derive v0.9.0
[INFO] [stderr]   Downloaded predicates-tree v1.0.1
[INFO] [stderr]   Downloaded predicates v1.0.6
[INFO] [stderr]   Downloaded mockall v0.9.0
[INFO] running `Command { std: "docker" "create" "-v" "/var/lib/crater-agent-workspace/builds/worker-2-tc1/target:/opt/rustwide/target:rw,Z" "-v" "/var/lib/crater-agent-workspace/builds/worker-2-tc1/source:/opt/rustwide/workdir:ro,Z" "-v" "/var/lib/crater-agent-workspace/cargo-home:/opt/rustwide/cargo-home:ro,Z" "-v" "/var/lib/crater-agent-workspace/rustup-home:/opt/rustwide/rustup-home:ro,Z" "-e" "SOURCE_DIR=/opt/rustwide/workdir" "-e" "CARGO_TARGET_DIR=/opt/rustwide/target" "-e" "CARGO_HOME=/opt/rustwide/cargo-home" "-e" "RUSTUP_HOME=/opt/rustwide/rustup-home" "-w" "/opt/rustwide/workdir" "-m" "1610612736" "--user" "0:0" "--network" "none" "ghcr.io/rust-lang/crates-build-env/linux@sha256:819108c5571ea2e421544af4d832f968d213c87fbe3707a016657f43d2f853bc" "/opt/rustwide/cargo-home/bin/cargo" "+nightly-2025-01-18" "metadata" "--no-deps" "--format-version=1", kill_on_drop: false }`
[INFO] [stdout] 7b8369e913a77c7c75c7712931b753d1c1fc335ffa282682549a616e69bed746
[INFO] running `Command { std: "docker" "start" "-a" "7b8369e913a77c7c75c7712931b753d1c1fc335ffa282682549a616e69bed746", kill_on_drop: false }`
[INFO] running `Command { std: "docker" "inspect" "7b8369e913a77c7c75c7712931b753d1c1fc335ffa282682549a616e69bed746", kill_on_drop: false }`
[INFO] running `Command { std: "docker" "rm" "-f" "7b8369e913a77c7c75c7712931b753d1c1fc335ffa282682549a616e69bed746", kill_on_drop: false }`
[INFO] [stdout] 7b8369e913a77c7c75c7712931b753d1c1fc335ffa282682549a616e69bed746
[INFO] running `Command { std: "docker" "create" "-v" "/var/lib/crater-agent-workspace/builds/worker-2-tc1/target:/opt/rustwide/target:rw,Z" "-v" "/var/lib/crater-agent-workspace/builds/worker-2-tc1/source:/opt/rustwide/workdir:ro,Z" "-v" "/var/lib/crater-agent-workspace/cargo-home:/opt/rustwide/cargo-home:ro,Z" "-v" "/var/lib/crater-agent-workspace/rustup-home:/opt/rustwide/rustup-home:ro,Z" "-e" "SOURCE_DIR=/opt/rustwide/workdir" "-e" "CARGO_TARGET_DIR=/opt/rustwide/target" "-e" "CARGO_INCREMENTAL=0" "-e" "RUST_BACKTRACE=full" "-e" "RUSTFLAGS=--cap-lints=forbid" "-e" "RUSTDOCFLAGS=--cap-lints=forbid" "-e" "CARGO_HOME=/opt/rustwide/cargo-home" "-e" "RUSTUP_HOME=/opt/rustwide/rustup-home" "-w" "/opt/rustwide/workdir" "-m" "1610612736" "--user" "0:0" "--network" "none" "ghcr.io/rust-lang/crates-build-env/linux@sha256:819108c5571ea2e421544af4d832f968d213c87fbe3707a016657f43d2f853bc" "/opt/rustwide/cargo-home/bin/cargo" "+nightly-2025-01-18" "build" "--frozen" "--message-format=json", kill_on_drop: false }`
[INFO] [stdout] 7a93839799244422ab03c8854e1f2732fe4e6bf15fc48bab9afb07842ff7232f
[INFO] running `Command { std: "docker" "start" "-a" "7a93839799244422ab03c8854e1f2732fe4e6bf15fc48bab9afb07842ff7232f", kill_on_drop: false }`
[INFO] [stderr]    Compiling autocfg v0.1.7
[INFO] [stderr]    Compiling rand_core v0.4.2
[INFO] [stderr]    Compiling autocfg v1.0.1
[INFO] [stderr]    Compiling memchr v2.3.4
[INFO] [stderr]    Compiling proc-macro2 v1.0.24
[INFO] [stderr]    Compiling unicode-xid v0.2.1
[INFO] [stderr]    Compiling once_cell v1.5.2
[INFO] [stderr]    Compiling syn v1.0.60
[INFO] [stderr]    Compiling libc v0.2.81
[INFO] [stderr]    Compiling thread_local v1.1.2
[INFO] [stderr]    Compiling rand_core v0.3.1
[INFO] [stderr]    Compiling predicates-core v1.0.1
[INFO] [stderr]    Compiling regex-syntax v0.6.22
[INFO] [stderr]    Compiling rand_chacha v0.1.1
[INFO] [stderr]    Compiling rand_pcg v0.1.2
[INFO] [stderr]    Compiling num-traits v0.2.14
[INFO] [stderr]    Compiling rand v0.6.5
[INFO] [stderr]    Compiling normalize-line-endings v0.3.0
[INFO] [stderr]    Compiling difference v2.0.0
[INFO] [stderr]    Compiling treeline v0.1.0
[INFO] [stderr]    Compiling aho-corasick v0.7.15
[INFO] [stderr]    Compiling predicates-tree v1.0.1
[INFO] [stderr]    Compiling rand_isaac v0.1.1
[INFO] [stderr]    Compiling quote v1.0.8
[INFO] [stderr]    Compiling rand_os v0.1.3
[INFO] [stderr]    Compiling rand_xorshift v0.1.1
[INFO] [stderr]    Compiling rand_hc v0.1.0
[INFO] [stderr]    Compiling rand_jitter v0.1.4
[INFO] [stderr]    Compiling downcast v0.10.0
[INFO] [stderr]    Compiling lazy_static v1.4.0
[INFO] [stderr]    Compiling fragile v1.0.0
[INFO] [stderr]    Compiling float-cmp v0.8.0
[INFO] [stderr]    Compiling regex v1.4.3
[INFO] [stderr]    Compiling predicates v1.0.6
[INFO] [stderr]    Compiling mockall_derive v0.9.0
[INFO] [stderr]    Compiling mockall v0.9.0
[INFO] [stderr]    Compiling dnd_cli v0.1.0 (/opt/rustwide/workdir)
[INFO] [stdout] warning: unused imports: `Write`, `stdin`, and `stdout`
[INFO] [stdout]  --> src/main.rs:1:15
[INFO] [stdout]   |
[INFO] [stdout] 1 | use std::io::{Write, stdin, stdout};
[INFO] [stdout]   |               ^^^^^  ^^^^^  ^^^^^^
[INFO] [stdout]   |
[INFO] [stdout]   = note: `#[warn(unused_imports)]` on by default
[INFO] [stdout] 
[INFO] [stdout] 
[INFO] [stdout] warning: unused imports: `Write`, `stdin`, and `stdout`
[INFO] [stdout]  --> src/dice_game_core.rs:2:15
[INFO] [stdout]   |
[INFO] [stdout] 2 | use std::io::{stdin, stdout, Write};
[INFO] [stdout]   |               ^^^^^  ^^^^^^  ^^^^^
[INFO] [stdout] 
[INFO] [stdout] 
[INFO] [stdout] warning: unused imports: `automock` and `mock`
[INFO] [stdout]  --> src/dice_game_core.rs:4:15
[INFO] [stdout]   |
[INFO] [stdout] 4 | use mockall::{automock, mock, predicate::*};
[INFO] [stdout]   |               ^^^^^^^^  ^^^^
[INFO] [stdout] 
[INFO] [stdout] 
[INFO] [stderr]     Finished `dev` profile [unoptimized + debuginfo] target(s) in 26.77s
[INFO] running `Command { std: "docker" "inspect" "7a93839799244422ab03c8854e1f2732fe4e6bf15fc48bab9afb07842ff7232f", kill_on_drop: false }`
[INFO] running `Command { std: "docker" "rm" "-f" "7a93839799244422ab03c8854e1f2732fe4e6bf15fc48bab9afb07842ff7232f", kill_on_drop: false }`
[INFO] [stdout] 7a93839799244422ab03c8854e1f2732fe4e6bf15fc48bab9afb07842ff7232f
[INFO] running `Command { std: "docker" "create" "-v" "/var/lib/crater-agent-workspace/builds/worker-2-tc1/target:/opt/rustwide/target:rw,Z" "-v" "/var/lib/crater-agent-workspace/builds/worker-2-tc1/source:/opt/rustwide/workdir:ro,Z" "-v" "/var/lib/crater-agent-workspace/cargo-home:/opt/rustwide/cargo-home:ro,Z" "-v" "/var/lib/crater-agent-workspace/rustup-home:/opt/rustwide/rustup-home:ro,Z" "-e" "SOURCE_DIR=/opt/rustwide/workdir" "-e" "CARGO_TARGET_DIR=/opt/rustwide/target" "-e" "CARGO_INCREMENTAL=0" "-e" "RUST_BACKTRACE=full" "-e" "RUSTFLAGS=--cap-lints=forbid" "-e" "RUSTDOCFLAGS=--cap-lints=forbid" "-e" "CARGO_HOME=/opt/rustwide/cargo-home" "-e" "RUSTUP_HOME=/opt/rustwide/rustup-home" "-w" "/opt/rustwide/workdir" "-m" "1610612736" "--user" "0:0" "--network" "none" "ghcr.io/rust-lang/crates-build-env/linux@sha256:819108c5571ea2e421544af4d832f968d213c87fbe3707a016657f43d2f853bc" "/opt/rustwide/cargo-home/bin/cargo" "+nightly-2025-01-18" "test" "--frozen" "--no-run" "--message-format=json", kill_on_drop: false }`
[INFO] [stdout] 0776f1be508d11a3d8e34aceb3ed5a028d50bef42df70240154fc28bb81b335a
[INFO] running `Command { std: "docker" "start" "-a" "0776f1be508d11a3d8e34aceb3ed5a028d50bef42df70240154fc28bb81b335a", kill_on_drop: false }`
[INFO] [stderr]    Compiling dnd_cli v0.1.0 (/opt/rustwide/workdir)
[INFO] [stdout] warning: unused imports: `Write`, `stdin`, and `stdout`
[INFO] [stdout]  --> src/main.rs:1:15
[INFO] [stdout]   |
[INFO] [stdout] 1 | use std::io::{Write, stdin, stdout};
[INFO] [stdout]   |               ^^^^^  ^^^^^  ^^^^^^
[INFO] [stdout]   |
[INFO] [stdout]   = note: `#[warn(unused_imports)]` on by default
[INFO] [stdout] 
[INFO] [stdout] 
[INFO] [stdout] warning: unused imports: `stdin` and `stdout`
[INFO] [stdout]  --> src/dice_game_core.rs:2:15
[INFO] [stdout]   |
[INFO] [stdout] 2 | use std::io::{stdin, stdout, Write};
[INFO] [stdout]   |               ^^^^^  ^^^^^^
[INFO] [stdout] 
[INFO] [stdout] 
[INFO] [stdout] warning: unused import: `mock`
[INFO] [stdout]  --> src/dice_game_core.rs:4:25
[INFO] [stdout]   |
[INFO] [stdout] 4 | use mockall::{automock, mock, predicate::*};
[INFO] [stdout]   |                         ^^^^
[INFO] [stdout] 
[INFO] [stdout] 
[INFO] [stdout] warning: unused import: `std::cell::RefCell`
[INFO] [stdout]    --> src/dice_game_core.rs:180:9
[INFO] [stdout]     |
[INFO] [stdout] 180 |     use std::cell::RefCell;
[INFO] [stdout]     |         ^^^^^^^^^^^^^^^^^^
[INFO] [stdout] 
[INFO] [stdout] 
[INFO] [stdout] warning: unused import: `Write`
[INFO] [stdout]  --> src/dice_game_core.rs:2:30
[INFO] [stdout]   |
[INFO] [stdout] 2 | use std::io::{stdin, stdout, Write};
[INFO] [stdout]   |                              ^^^^^
[INFO] [stdout] 
[INFO] [stdout] 
[INFO] [stdout] warning: function `test_when_all_AI_fold_expect_the_player_will_win` should have a snake case name
[INFO] [stdout]    --> src/dice_game_core.rs:184:8
[INFO] [stdout]     |
[INFO] [stdout] 184 |     fn test_when_all_AI_fold_expect_the_player_will_win() {
[INFO] [stdout]     |        ^^^^^^^^^^^^^^^^^^^^^^^^^^^^^^^^^^^^^^^^^^^^^^^^ help: convert the identifier to snake case: `test_when_all_ai_fold_expect_the_player_will_win`
[INFO] [stdout]     |
[INFO] [stdout]     = note: `#[warn(non_snake_case)]` on by default
[INFO] [stdout] 
[INFO] [stdout] 
[INFO] [stderr]     Finished `test` profile [unoptimized + debuginfo] target(s) in 1.48s
[INFO] running `Command { std: "docker" "inspect" "0776f1be508d11a3d8e34aceb3ed5a028d50bef42df70240154fc28bb81b335a", kill_on_drop: false }`
[INFO] running `Command { std: "docker" "rm" "-f" "0776f1be508d11a3d8e34aceb3ed5a028d50bef42df70240154fc28bb81b335a", kill_on_drop: false }`
[INFO] [stdout] 0776f1be508d11a3d8e34aceb3ed5a028d50bef42df70240154fc28bb81b335a
[INFO] running `Command { std: "docker" "create" "-v" "/var/lib/crater-agent-workspace/builds/worker-2-tc1/target:/opt/rustwide/target:rw,Z" "-v" "/var/lib/crater-agent-workspace/builds/worker-2-tc1/source:/opt/rustwide/workdir:ro,Z" "-v" "/var/lib/crater-agent-workspace/cargo-home:/opt/rustwide/cargo-home:ro,Z" "-v" "/var/lib/crater-agent-workspace/rustup-home:/opt/rustwide/rustup-home:ro,Z" "-e" "SOURCE_DIR=/opt/rustwide/workdir" "-e" "CARGO_TARGET_DIR=/opt/rustwide/target" "-e" "CARGO_INCREMENTAL=0" "-e" "RUST_BACKTRACE=full" "-e" "RUSTFLAGS=--cap-lints=forbid" "-e" "RUSTDOCFLAGS=--cap-lints=forbid" "-e" "CARGO_HOME=/opt/rustwide/cargo-home" "-e" "RUSTUP_HOME=/opt/rustwide/rustup-home" "-w" "/opt/rustwide/workdir" "-m" "1610612736" "--user" "0:0" "--network" "none" "ghcr.io/rust-lang/crates-build-env/linux@sha256:819108c5571ea2e421544af4d832f968d213c87fbe3707a016657f43d2f853bc" "/opt/rustwide/cargo-home/bin/cargo" "+nightly-2025-01-18" "test" "--frozen", kill_on_drop: false }`
[INFO] [stdout] 1b3c9c277b96696c548dae138e8b3eb0b5904eb2df05633e6b75101f289038e3
[INFO] running `Command { std: "docker" "start" "-a" "1b3c9c277b96696c548dae138e8b3eb0b5904eb2df05633e6b75101f289038e3", kill_on_drop: false }`
[INFO] [stderr] warning: unused imports: `Write`, `stdin`, and `stdout`
[INFO] [stderr]  --> src/main.rs:1:15
[INFO] [stderr]   |
[INFO] [stderr] 1 | use std::io::{Write, stdin, stdout};
[INFO] [stderr]   |               ^^^^^  ^^^^^  ^^^^^^
[INFO] [stderr]   |
[INFO] [stderr]   = note: `#[warn(unused_imports)]` on by default
[INFO] [stderr] 
[INFO] [stderr] warning: unused imports: `stdin` and `stdout`
[INFO] [stderr]  --> src/dice_game_core.rs:2:15
[INFO] [stderr]   |
[INFO] [stderr] 2 | use std::io::{stdin, stdout, Write};
[INFO] [stderr]   |               ^^^^^  ^^^^^^
[INFO] [stderr] 
[INFO] [stderr] warning: unused import: `mock`
[INFO] [stderr]  --> src/dice_game_core.rs:4:25
[INFO] [stderr]   |
[INFO] [stderr] 4 | use mockall::{automock, mock, predicate::*};
[INFO] [stderr]   |                         ^^^^
[INFO] [stderr] 
[INFO] [stderr] warning: unused import: `std::cell::RefCell`
[INFO] [stderr]    --> src/dice_game_core.rs:180:9
[INFO] [stderr]     |
[INFO] [stderr] 180 |     use std::cell::RefCell;
[INFO] [stderr]     |         ^^^^^^^^^^^^^^^^^^
[INFO] [stderr] 
[INFO] [stderr] warning: unused import: `Write`
[INFO] [stderr]  --> src/dice_game_core.rs:2:30
[INFO] [stderr]   |
[INFO] [stderr] 2 | use std::io::{stdin, stdout, Write};
[INFO] [stderr]   |                              ^^^^^
[INFO] [stderr] 
[INFO] [stderr] warning: function `test_when_all_AI_fold_expect_the_player_will_win` should have a snake case name
[INFO] [stderr]    --> src/dice_game_core.rs:184:8
[INFO] [stderr]     |
[INFO] [stderr] 184 |     fn test_when_all_AI_fold_expect_the_player_will_win() {
[INFO] [stderr]     |        ^^^^^^^^^^^^^^^^^^^^^^^^^^^^^^^^^^^^^^^^^^^^^^^^ help: convert the identifier to snake case: `test_when_all_ai_fold_expect_the_player_will_win`
[INFO] [stderr]     |
[INFO] [stderr]     = note: `#[warn(non_snake_case)]` on by default
[INFO] [stderr] 
[INFO] [stderr] warning: `dnd_cli` (bin "dnd_cli" test) generated 6 warnings (run `cargo fix --bin "dnd_cli" --tests` to apply 4 suggestions)
[INFO] [stderr]     Finished `test` profile [unoptimized + debuginfo] target(s) in 0.09s
[INFO] [stderr]      Running unittests src/main.rs (/opt/rustwide/target/debug/deps/dnd_cli-cca2c0deb4bd9429)
[INFO] [stdout] 
[INFO] [stdout] running 1 test
[INFO] [stdout] test dice_game_core::tests::test_when_all_AI_fold_expect_the_player_will_win ... FAILED
[INFO] [stdout] 
[INFO] [stdout] failures:
[INFO] [stdout] 
[INFO] [stdout] ---- dice_game_core::tests::test_when_all_AI_fold_expect_the_player_will_win stdout ----
[INFO] [stdout] 
[INFO] [stdout] thread 'dice_game_core::tests::test_when_all_AI_fold_expect_the_player_will_win' panicked at src/dice_game_core.rs:21:18:
[INFO] [stdout] MockPlayer::get_hands: No matching expectation found
[INFO] [stdout] stack backtrace:
[INFO] [stdout]    0:     0x62ca2835ec9a - std::backtrace_rs::backtrace::libunwind::trace::hb059275cfc8d6126
[INFO] [stdout]                                at /rustc/6067b36314ab5eb2eb47cecc464545ba58e1ad24/library/std/src/../../backtrace/src/backtrace/libunwind.rs:116:5
[INFO] [stdout]    1:     0x62ca2835ec9a - std::backtrace_rs::backtrace::trace_unsynchronized::h2da071e4327ce3ee
[INFO] [stdout]                                at /rustc/6067b36314ab5eb2eb47cecc464545ba58e1ad24/library/std/src/../../backtrace/src/backtrace/mod.rs:66:5
[INFO] [stdout]    2:     0x62ca2835ec9a - std::sys::backtrace::_print_fmt::h842a1474e6f8d23f
[INFO] [stdout]                                at /rustc/6067b36314ab5eb2eb47cecc464545ba58e1ad24/library/std/src/sys/backtrace.rs:66:9
[INFO] [stdout]    3:     0x62ca2835ec9a - <std::sys::backtrace::BacktraceLock::print::DisplayBacktrace as core::fmt::Display>::fmt::h71a62eb3b9696b12
[INFO] [stdout]                                at /rustc/6067b36314ab5eb2eb47cecc464545ba58e1ad24/library/std/src/sys/backtrace.rs:39:26
[INFO] [stdout]    4:     0x62ca283863d3 - core::fmt::rt::Argument::fmt::hdb6b616786b41dc1
[INFO] [stdout]                                at /rustc/6067b36314ab5eb2eb47cecc464545ba58e1ad24/library/core/src/fmt/rt.rs:177:76
[INFO] [stdout]    5:     0x62ca283863d3 - core::fmt::write::h2cc1698af7e2d686
[INFO] [stdout]                                at /rustc/6067b36314ab5eb2eb47cecc464545ba58e1ad24/library/core/src/fmt/mod.rs:1440:21
[INFO] [stdout]    6:     0x62ca2835b7f3 - std::io::Write::write_fmt::hab1b4cd059a79022
[INFO] [stdout]                                at /rustc/6067b36314ab5eb2eb47cecc464545ba58e1ad24/library/std/src/io/mod.rs:1887:15
[INFO] [stdout]    7:     0x62ca2835eae2 - std::sys::backtrace::BacktraceLock::print::h147fe35b4ea13b08
[INFO] [stdout]                                at /rustc/6067b36314ab5eb2eb47cecc464545ba58e1ad24/library/std/src/sys/backtrace.rs:42:9
[INFO] [stdout]    8:     0x62ca283600bf - std::panicking::default_hook::{{closure}}::hbd44223dbdc0d208
[INFO] [stdout]                                at /rustc/6067b36314ab5eb2eb47cecc464545ba58e1ad24/library/std/src/panicking.rs:298:22
[INFO] [stdout]    9:     0x62ca2835fed8 - std::panicking::default_hook::h20f81eb0576efcec
[INFO] [stdout]                                at /rustc/6067b36314ab5eb2eb47cecc464545ba58e1ad24/library/std/src/panicking.rs:322:9
[INFO] [stdout]   10:     0x62ca28322e33 - <alloc::boxed::Box<F,A> as core::ops::function::Fn<Args>>::call::hdb53814c496a4d34
[INFO] [stdout]                                at /rustc/6067b36314ab5eb2eb47cecc464545ba58e1ad24/library/alloc/src/boxed.rs:2027:9
[INFO] [stdout]   11:     0x62ca28322e33 - test::test_main::{{closure}}::hc0a4963c59427c24
[INFO] [stdout]                                at /rustc/6067b36314ab5eb2eb47cecc464545ba58e1ad24/library/test/src/lib.rs:134:21
[INFO] [stdout]   12:     0x62ca28360bb3 - <alloc::boxed::Box<F,A> as core::ops::function::Fn<Args>>::call::h591b2225413a77e9
[INFO] [stdout]                                at /rustc/6067b36314ab5eb2eb47cecc464545ba58e1ad24/library/alloc/src/boxed.rs:2027:9
[INFO] [stdout]   13:     0x62ca28360bb3 - std::panicking::rust_panic_with_hook::h625eea43051b2edc
[INFO] [stdout]                                at /rustc/6067b36314ab5eb2eb47cecc464545ba58e1ad24/library/std/src/panicking.rs:839:13
[INFO] [stdout]   14:     0x62ca2836086a - std::panicking::begin_panic_handler::{{closure}}::h4f9159cfbc3f6bd3
[INFO] [stdout]                                at /rustc/6067b36314ab5eb2eb47cecc464545ba58e1ad24/library/std/src/panicking.rs:704:13
[INFO] [stdout]   15:     0x62ca2835f199 - std::sys::backtrace::__rust_end_short_backtrace::h0390abce48353151
[INFO] [stdout]                                at /rustc/6067b36314ab5eb2eb47cecc464545ba58e1ad24/library/std/src/sys/backtrace.rs:168:18
[INFO] [stdout]   16:     0x62ca283604fd - rust_begin_unwind
[INFO] [stdout]                                at /rustc/6067b36314ab5eb2eb47cecc464545ba58e1ad24/library/std/src/panicking.rs:695:5
[INFO] [stdout]   17:     0x62ca28384db0 - core::panicking::panic_fmt::h9e7c637e9e5f29c9
[INFO] [stdout]                                at /rustc/6067b36314ab5eb2eb47cecc464545ba58e1ad24/library/core/src/panicking.rs:75:14
[INFO] [stdout]   18:     0x62ca28384d8b - core::panicking::panic_display::hd8e666a41baebd7d
[INFO] [stdout]                                at /rustc/6067b36314ab5eb2eb47cecc464545ba58e1ad24/library/core/src/panicking.rs:261:5
[INFO] [stdout]   19:     0x62ca28384d8b - core::option::expect_failed::he3b89fed4e21ec1e
[INFO] [stdout]                                at /rustc/6067b36314ab5eb2eb47cecc464545ba58e1ad24/library/core/src/option.rs:2024:5
[INFO] [stdout]   20:     0x62ca282e1b3e - core::option::Option<T>::expect::hb623602fbfb9cb47
[INFO] [stdout]                                at /rustc/6067b36314ab5eb2eb47cecc464545ba58e1ad24/library/core/src/option.rs:933:21
[INFO] [stdout]   21:     0x62ca282ddba2 - <dnd_cli::dice_game_core::MockPlayer as dnd_cli::dice_game_core::Player>::get_hands::h930a654b4c8424e1
[INFO] [stdout]                                at /opt/rustwide/workdir/src/dice_game_core.rs:21:18
[INFO] [stdout]   22:     0x62ca282d9c60 - dnd_cli::dice_game_core::DiceGame::run::h49c0e44fcb30993e
[INFO] [stdout]                                at /opt/rustwide/workdir/src/dice_game_core.rs:149:25
[INFO] [stdout]   23:     0x62ca282e408a - dnd_cli::dice_game_core::tests::test_when_all_AI_fold_expect_the_player_will_win::h955ae95ff3766738
[INFO] [stdout]                                at /opt/rustwide/workdir/src/dice_game_core.rs:206:9
[INFO] [stdout]   24:     0x62ca282e38d7 - dnd_cli::dice_game_core::tests::test_when_all_AI_fold_expect_the_player_will_win::{{closure}}::h46c77315215a10b5
[INFO] [stdout]                                at /opt/rustwide/workdir/src/dice_game_core.rs:184:58
[INFO] [stdout]   25:     0x62ca282deb96 - core::ops::function::FnOnce::call_once::hd0167d51c0b56cda
[INFO] [stdout]                                at /rustc/6067b36314ab5eb2eb47cecc464545ba58e1ad24/library/core/src/ops/function.rs:250:5
[INFO] [stdout]   26:     0x62ca2832858b - core::ops::function::FnOnce::call_once::he27718dfdd183f43
[INFO] [stdout]                                at /rustc/6067b36314ab5eb2eb47cecc464545ba58e1ad24/library/core/src/ops/function.rs:250:5
[INFO] [stdout]   27:     0x62ca2832858b - test::__rust_begin_short_backtrace::h4e84902998457a5d
[INFO] [stdout]                                at /rustc/6067b36314ab5eb2eb47cecc464545ba58e1ad24/library/test/src/lib.rs:632:18
[INFO] [stdout]   28:     0x62ca283274c3 - test::run_test_in_process::{{closure}}::h7176fd18fc1feca0
[INFO] [stdout]                                at /rustc/6067b36314ab5eb2eb47cecc464545ba58e1ad24/library/test/src/lib.rs:655:60
[INFO] [stdout]   29:     0x62ca283274c3 - <core::panic::unwind_safe::AssertUnwindSafe<F> as core::ops::function::FnOnce<()>>::call_once::hf79cff2a624d8cf7
[INFO] [stdout]                                at /rustc/6067b36314ab5eb2eb47cecc464545ba58e1ad24/library/core/src/panic/unwind_safe.rs:272:9
[INFO] [stdout]   30:     0x62ca283274c3 - std::panicking::try::do_call::h3da0561d9ab99c25
[INFO] [stdout]                                at /rustc/6067b36314ab5eb2eb47cecc464545ba58e1ad24/library/std/src/panicking.rs:587:40
[INFO] [stdout]   31:     0x62ca283274c3 - std::panicking::try::h41c9fa508bc61df6
[INFO] [stdout]                                at /rustc/6067b36314ab5eb2eb47cecc464545ba58e1ad24/library/std/src/panicking.rs:550:19
[INFO] [stdout]   32:     0x62ca283274c3 - std::panic::catch_unwind::h6b3ff07bb5afad93
[INFO] [stdout]                                at /rustc/6067b36314ab5eb2eb47cecc464545ba58e1ad24/library/std/src/panic.rs:358:14
[INFO] [stdout]   33:     0x62ca283274c3 - test::run_test_in_process::hc7253dd11b39b9f4
[INFO] [stdout]                                at /rustc/6067b36314ab5eb2eb47cecc464545ba58e1ad24/library/test/src/lib.rs:655:27
[INFO] [stdout]   34:     0x62ca283274c3 - test::run_test::{{closure}}::hfb2007f8649c30bb
[INFO] [stdout]                                at /rustc/6067b36314ab5eb2eb47cecc464545ba58e1ad24/library/test/src/lib.rs:576:43
[INFO] [stdout]   35:     0x62ca282ea5a5 - test::run_test::{{closure}}::h56a17aa7a282a9f4
[INFO] [stdout]                                at /rustc/6067b36314ab5eb2eb47cecc464545ba58e1ad24/library/test/src/lib.rs:606:41
[INFO] [stdout]   36:     0x62ca282ea5a5 - std::sys::backtrace::__rust_begin_short_backtrace::hd2d2d2fb8e8c6aac
[INFO] [stdout]                                at /rustc/6067b36314ab5eb2eb47cecc464545ba58e1ad24/library/std/src/sys/backtrace.rs:152:18
[INFO] [stdout]   37:     0x62ca282ede8a - std::thread::Builder::spawn_unchecked_::{{closure}}::{{closure}}::h4faa3f9db6133423
[INFO] [stdout]                                at /rustc/6067b36314ab5eb2eb47cecc464545ba58e1ad24/library/std/src/thread/mod.rs:559:17
[INFO] [stdout]   38:     0x62ca282ede8a - <core::panic::unwind_safe::AssertUnwindSafe<F> as core::ops::function::FnOnce<()>>::call_once::hf2e855a36a4ea846
[INFO] [stdout]                                at /rustc/6067b36314ab5eb2eb47cecc464545ba58e1ad24/library/core/src/panic/unwind_safe.rs:272:9
[INFO] [stdout]   39:     0x62ca282ede8a - std::panicking::try::do_call::h2f73af3616c35465
[INFO] [stdout]                                at /rustc/6067b36314ab5eb2eb47cecc464545ba58e1ad24/library/std/src/panicking.rs:587:40
[INFO] [stdout]   40:     0x62ca282ede8a - std::panicking::try::hd1660ce9efadef5a
[INFO] [stdout]                                at /rustc/6067b36314ab5eb2eb47cecc464545ba58e1ad24/library/std/src/panicking.rs:550:19
[INFO] [stdout]   41:     0x62ca282ede8a - std::panic::catch_unwind::h5ee8d7823b8ca744
[INFO] [stdout]                                at /rustc/6067b36314ab5eb2eb47cecc464545ba58e1ad24/library/std/src/panic.rs:358:14
[INFO] [stdout]   42:     0x62ca282ede8a - std::thread::Builder::spawn_unchecked_::{{closure}}::h53c3a1894dce8407
[INFO] [stdout]                                at /rustc/6067b36314ab5eb2eb47cecc464545ba58e1ad24/library/std/src/thread/mod.rs:557:30
[INFO] [stdout]   43:     0x62ca282ede8a - core::ops::function::FnOnce::call_once{{vtable.shim}}::h048ce291ad4f62bf
[INFO] [stdout]                                at /rustc/6067b36314ab5eb2eb47cecc464545ba58e1ad24/library/core/src/ops/function.rs:250:5
[INFO] [stdout]   44:     0x62ca28364aeb - <alloc::boxed::Box<F,A> as core::ops::function::FnOnce<Args>>::call_once::ha52bedf99a3b4981
[INFO] [stdout]                                at /rustc/6067b36314ab5eb2eb47cecc464545ba58e1ad24/library/alloc/src/boxed.rs:2013:9
[INFO] [stdout]   45:     0x62ca28364aeb - <alloc::boxed::Box<F,A> as core::ops::function::FnOnce<Args>>::call_once::h567748934d80ccf8
[INFO] [stdout]                                at /rustc/6067b36314ab5eb2eb47cecc464545ba58e1ad24/library/alloc/src/boxed.rs:2013:9
[INFO] [stdout]   46:     0x62ca28364aeb - std::sys::pal::unix::thread::Thread::new::thread_start::h2d970728ae887adc
[INFO] [stdout]                                at /rustc/6067b36314ab5eb2eb47cecc464545ba58e1ad24/library/std/src/sys/pal/unix/thread.rs:106:17
[INFO] [stdout]   47:     0x73f0745a9ac3 - <unknown>
[INFO] [stdout]   48:     0x73f07463aa04 - clone
[INFO] [stdout]   49:                0x0 - <unknown>
[INFO] [stdout] 
[INFO] [stdout] 
[INFO] [stdout] failures:
[INFO] [stdout]     dice_game_core::tests::test_when_all_AI_fold_expect_the_player_will_win
[INFO] [stdout] 
[INFO] [stdout] test result: FAILED. 0 passed; 1 failed; 0 ignored; 0 measured; 0 filtered out; finished in 0.08s
[INFO] [stdout] 
[INFO] [stderr] error: test failed, to rerun pass `--bin dnd_cli`
[INFO] running `Command { std: "docker" "inspect" "1b3c9c277b96696c548dae138e8b3eb0b5904eb2df05633e6b75101f289038e3", kill_on_drop: false }`
[INFO] running `Command { std: "docker" "rm" "-f" "1b3c9c277b96696c548dae138e8b3eb0b5904eb2df05633e6b75101f289038e3", kill_on_drop: false }`
[INFO] [stdout] 1b3c9c277b96696c548dae138e8b3eb0b5904eb2df05633e6b75101f289038e3
