[INFO] cloning repository https://github.com/bmuddha/ringal
[INFO] running `Command { std: "git" "-c" "credential.helper=" "-c" "credential.helper=/workspace/cargo-home/bin/git-credential-null" "clone" "--bare" "https://github.com/bmuddha/ringal" "/workspace/cache/git-repos/https%3A%2F%2Fgithub.com%2Fbmuddha%2Fringal", kill_on_drop: false }`
[INFO] [stderr] Cloning into bare repository '/workspace/cache/git-repos/https%3A%2F%2Fgithub.com%2Fbmuddha%2Fringal'...
[INFO] running `Command { std: "git" "rev-parse" "HEAD", kill_on_drop: false }`
[INFO] [stdout] 42897f2afa63411892d4f02a2a5ef8f0ab17439d
[INFO] testing bmuddha/ringal against nightly-2025-01-18 for randomize-layout-2
[INFO] running `Command { std: "git" "clone" "/workspace/cache/git-repos/https%3A%2F%2Fgithub.com%2Fbmuddha%2Fringal" "/workspace/builds/worker-3-tc1/source", kill_on_drop: false }`
[INFO] [stderr] Cloning into '/workspace/builds/worker-3-tc1/source'...
[INFO] [stderr] done.
[INFO] validating manifest of git repo https://github.com/bmuddha/ringal on toolchain nightly-2025-01-18
[INFO] running `Command { std: CARGO_HOME="/workspace/cargo-home" RUSTUP_HOME="/workspace/rustup-home" "/workspace/cargo-home/bin/cargo" "+nightly-2025-01-18" "metadata" "--manifest-path" "Cargo.toml" "--no-deps", kill_on_drop: false }`
[INFO] started tweaking git repo https://github.com/bmuddha/ringal
[INFO] finished tweaking git repo https://github.com/bmuddha/ringal
[INFO] tweaked toml for git repo https://github.com/bmuddha/ringal written to /workspace/builds/worker-3-tc1/source/Cargo.toml
[INFO] running `Command { std: CARGO_HOME="/workspace/cargo-home" RUSTUP_HOME="/workspace/rustup-home" "/workspace/cargo-home/bin/cargo" "+nightly-2025-01-18" "generate-lockfile" "--manifest-path" "Cargo.toml", kill_on_drop: false }`
[INFO] running `Command { std: CARGO_HOME="/workspace/cargo-home" RUSTUP_HOME="/workspace/rustup-home" "/workspace/cargo-home/bin/cargo" "+nightly-2025-01-18" "fetch" "--manifest-path" "Cargo.toml", kill_on_drop: false }`
[INFO] running `Command { std: "docker" "create" "-v" "/var/lib/crater-agent-workspace/builds/worker-3-tc1/target:/opt/rustwide/target:rw,Z" "-v" "/var/lib/crater-agent-workspace/builds/worker-3-tc1/source:/opt/rustwide/workdir:ro,Z" "-v" "/var/lib/crater-agent-workspace/cargo-home:/opt/rustwide/cargo-home:ro,Z" "-v" "/var/lib/crater-agent-workspace/rustup-home:/opt/rustwide/rustup-home:ro,Z" "-e" "SOURCE_DIR=/opt/rustwide/workdir" "-e" "CARGO_TARGET_DIR=/opt/rustwide/target" "-e" "CARGO_HOME=/opt/rustwide/cargo-home" "-e" "RUSTUP_HOME=/opt/rustwide/rustup-home" "-w" "/opt/rustwide/workdir" "-m" "1610612736" "--user" "0:0" "--network" "none" "ghcr.io/rust-lang/crates-build-env/linux@sha256:819108c5571ea2e421544af4d832f968d213c87fbe3707a016657f43d2f853bc" "/opt/rustwide/cargo-home/bin/cargo" "+nightly-2025-01-18" "metadata" "--no-deps" "--format-version=1", kill_on_drop: false }`
[INFO] [stdout] 74973f3653ffa7b75d2908f4df9782cd847ca75c176f6334179f0600ec4f049c
[INFO] running `Command { std: "docker" "start" "-a" "74973f3653ffa7b75d2908f4df9782cd847ca75c176f6334179f0600ec4f049c", kill_on_drop: false }`
[INFO] running `Command { std: "docker" "inspect" "74973f3653ffa7b75d2908f4df9782cd847ca75c176f6334179f0600ec4f049c", kill_on_drop: false }`
[INFO] running `Command { std: "docker" "rm" "-f" "74973f3653ffa7b75d2908f4df9782cd847ca75c176f6334179f0600ec4f049c", kill_on_drop: false }`
[INFO] [stdout] 74973f3653ffa7b75d2908f4df9782cd847ca75c176f6334179f0600ec4f049c
[INFO] running `Command { std: "docker" "create" "-v" "/var/lib/crater-agent-workspace/builds/worker-3-tc1/target:/opt/rustwide/target:rw,Z" "-v" "/var/lib/crater-agent-workspace/builds/worker-3-tc1/source:/opt/rustwide/workdir:ro,Z" "-v" "/var/lib/crater-agent-workspace/cargo-home:/opt/rustwide/cargo-home:ro,Z" "-v" "/var/lib/crater-agent-workspace/rustup-home:/opt/rustwide/rustup-home:ro,Z" "-e" "SOURCE_DIR=/opt/rustwide/workdir" "-e" "CARGO_TARGET_DIR=/opt/rustwide/target" "-e" "CARGO_INCREMENTAL=0" "-e" "RUST_BACKTRACE=full" "-e" "RUSTFLAGS=--cap-lints=forbid" "-e" "RUSTDOCFLAGS=--cap-lints=forbid" "-e" "CARGO_HOME=/opt/rustwide/cargo-home" "-e" "RUSTUP_HOME=/opt/rustwide/rustup-home" "-w" "/opt/rustwide/workdir" "-m" "1610612736" "--user" "0:0" "--network" "none" "ghcr.io/rust-lang/crates-build-env/linux@sha256:819108c5571ea2e421544af4d832f968d213c87fbe3707a016657f43d2f853bc" "/opt/rustwide/cargo-home/bin/cargo" "+nightly-2025-01-18" "build" "--frozen" "--message-format=json", kill_on_drop: false }`
[INFO] [stdout] 137d552e1880762d0a5dd96caca4df7836de7f4e6984ecd978dbf41be61be1bb
[INFO] running `Command { std: "docker" "start" "-a" "137d552e1880762d0a5dd96caca4df7836de7f4e6984ecd978dbf41be61be1bb", kill_on_drop: false }`
[INFO] [stderr]    Compiling ringal v0.4.0 (/opt/rustwide/workdir)
[INFO] [stderr]     Finished `dev` profile [unoptimized + debuginfo] target(s) in 0.13s
[INFO] running `Command { std: "docker" "inspect" "137d552e1880762d0a5dd96caca4df7836de7f4e6984ecd978dbf41be61be1bb", kill_on_drop: false }`
[INFO] running `Command { std: "docker" "rm" "-f" "137d552e1880762d0a5dd96caca4df7836de7f4e6984ecd978dbf41be61be1bb", kill_on_drop: false }`
[INFO] [stdout] 137d552e1880762d0a5dd96caca4df7836de7f4e6984ecd978dbf41be61be1bb
[INFO] running `Command { std: "docker" "create" "-v" "/var/lib/crater-agent-workspace/builds/worker-3-tc1/target:/opt/rustwide/target:rw,Z" "-v" "/var/lib/crater-agent-workspace/builds/worker-3-tc1/source:/opt/rustwide/workdir:ro,Z" "-v" "/var/lib/crater-agent-workspace/cargo-home:/opt/rustwide/cargo-home:ro,Z" "-v" "/var/lib/crater-agent-workspace/rustup-home:/opt/rustwide/rustup-home:ro,Z" "-e" "SOURCE_DIR=/opt/rustwide/workdir" "-e" "CARGO_TARGET_DIR=/opt/rustwide/target" "-e" "CARGO_INCREMENTAL=0" "-e" "RUST_BACKTRACE=full" "-e" "RUSTFLAGS=--cap-lints=forbid" "-e" "RUSTDOCFLAGS=--cap-lints=forbid" "-e" "CARGO_HOME=/opt/rustwide/cargo-home" "-e" "RUSTUP_HOME=/opt/rustwide/rustup-home" "-w" "/opt/rustwide/workdir" "-m" "1610612736" "--user" "0:0" "--network" "none" "ghcr.io/rust-lang/crates-build-env/linux@sha256:819108c5571ea2e421544af4d832f968d213c87fbe3707a016657f43d2f853bc" "/opt/rustwide/cargo-home/bin/cargo" "+nightly-2025-01-18" "test" "--frozen" "--no-run" "--message-format=json", kill_on_drop: false }`
[INFO] [stdout] 4db8c1f624c5c6a2ed7d0cce544bba66540b9ac3d0c66bf61e58289c22283a47
[INFO] running `Command { std: "docker" "start" "-a" "4db8c1f624c5c6a2ed7d0cce544bba66540b9ac3d0c66bf61e58289c22283a47", kill_on_drop: false }`
[INFO] [stderr]    Compiling ringal v0.4.0 (/opt/rustwide/workdir)
[INFO] [stderr]     Finished `test` profile [unoptimized + debuginfo] target(s) in 0.87s
[INFO] running `Command { std: "docker" "inspect" "4db8c1f624c5c6a2ed7d0cce544bba66540b9ac3d0c66bf61e58289c22283a47", kill_on_drop: false }`
[INFO] running `Command { std: "docker" "rm" "-f" "4db8c1f624c5c6a2ed7d0cce544bba66540b9ac3d0c66bf61e58289c22283a47", kill_on_drop: false }`
[INFO] [stdout] 4db8c1f624c5c6a2ed7d0cce544bba66540b9ac3d0c66bf61e58289c22283a47
[INFO] running `Command { std: "docker" "create" "-v" "/var/lib/crater-agent-workspace/builds/worker-3-tc1/target:/opt/rustwide/target:rw,Z" "-v" "/var/lib/crater-agent-workspace/builds/worker-3-tc1/source:/opt/rustwide/workdir:ro,Z" "-v" "/var/lib/crater-agent-workspace/cargo-home:/opt/rustwide/cargo-home:ro,Z" "-v" "/var/lib/crater-agent-workspace/rustup-home:/opt/rustwide/rustup-home:ro,Z" "-e" "SOURCE_DIR=/opt/rustwide/workdir" "-e" "CARGO_TARGET_DIR=/opt/rustwide/target" "-e" "CARGO_INCREMENTAL=0" "-e" "RUST_BACKTRACE=full" "-e" "RUSTFLAGS=--cap-lints=forbid" "-e" "RUSTDOCFLAGS=--cap-lints=forbid" "-e" "CARGO_HOME=/opt/rustwide/cargo-home" "-e" "RUSTUP_HOME=/opt/rustwide/rustup-home" "-w" "/opt/rustwide/workdir" "-m" "1610612736" "--user" "0:0" "--network" "none" "ghcr.io/rust-lang/crates-build-env/linux@sha256:819108c5571ea2e421544af4d832f968d213c87fbe3707a016657f43d2f853bc" "/opt/rustwide/cargo-home/bin/cargo" "+nightly-2025-01-18" "test" "--frozen", kill_on_drop: false }`
[INFO] [stdout] 10c274d829dadd66cbafad81803d1762a307802cb53ca1169ffe9a3b85baf107
[INFO] running `Command { std: "docker" "start" "-a" "10c274d829dadd66cbafad81803d1762a307802cb53ca1169ffe9a3b85baf107", kill_on_drop: false }`
[INFO] [stderr]     Finished `test` profile [unoptimized + debuginfo] target(s) in 0.01s
[INFO] [stderr]      Running unittests src/lib.rs (/opt/rustwide/target/debug/deps/ringal-869c74d5917ba9bd)
[INFO] [stdout] 
[INFO] [stdout] running 16 tests
[INFO] [stdout] test tests::test_alloc ... ok
[INFO] [stdout] test tests::test_ext_buf_multi_alloc ... ok
[INFO] [stdout] test tests::test_fixed_buf_alloc ... ok
[INFO] [stdout] test tests::test_fixed_buf_multi_alloc ... ok
[INFO] [stdout] test tests::test_generic_buf_double_word_align ... ok
[INFO] [stdout] test tests::test_ext_buf_alloc ... ok
[INFO] [stdout] test tests::test_generic_buf_eighth_word_align ... ok
[INFO] [stdout] test tests::test_generic_buf_quarter_word_align ... ok
[INFO] [stdout] test tests::test_continuous_alloc ... ok
[INFO] [stdout] test tests::test_init ... ok
[INFO] [stdout] test tests::test_multi_alloc ... ok
[INFO] [stdout] test tests::test_generic_buf_word ... ok
[INFO] [stdout] test tests::test_generic_buf_half_word_align ... ok
[INFO] [stdout] test tests::test_ext_buf_continuous_alloc ... ok
[INFO] [stdout] test tests::test_fixed_buf_continuous_alloc ... ok
[INFO] [stdout] test tests::test_fixed_buf_continuous_alloc_multi_thread ... ok
[INFO] [stdout] 
[INFO] [stdout] test result: ok. 16 passed; 0 failed; 0 ignored; 0 measured; 0 filtered out; finished in 0.34s
[INFO] [stdout] 
[INFO] [stderr]    Doc-tests ringal
[INFO] [stdout] 
[INFO] [stdout] running 5 tests
[INFO] [stdout] test src/lib.rs - (line 106) ... FAILED
[INFO] [stdout] test src/lib.rs - (line 44) ... ok
[INFO] [stdout] test src/lib.rs - (line 57) ... ok
[INFO] [stdout] test src/lib.rs - (line 89) ... ok
[INFO] [stdout] test src/lib.rs - (line 68) ... ok
[INFO] [stdout] 
[INFO] [stdout] failures:
[INFO] [stdout] 
[INFO] [stdout] ---- src/lib.rs - (line 106) stdout ----
[INFO] [stdout] error[E0432]: unresolved import `ringal::ringal`
[INFO] [stdout]    --> src/lib.rs:108:5
[INFO] [stdout]     |
[INFO] [stdout] 5   | use ringal::ringal;
[INFO] [stdout]     |     ^^^^^^^^^^^^^^ no `ringal` in the root
[INFO] [stdout]     |
[INFO] [stdout] note: found an item that was configured out
[INFO] [stdout]    --> /opt/rustwide/workdir/src/lib.rs:311:14
[INFO] [stdout]     |
[INFO] [stdout] 311 | macro_rules! ringal {
[INFO] [stdout]     |              ^^^^^^
[INFO] [stdout] note: the item is gated here
[INFO] [stdout]    --> /opt/rustwide/workdir/src/lib.rs:309:1
[INFO] [stdout]     |
[INFO] [stdout] 309 | #[cfg(any(feature = "tls", test))]
[INFO] [stdout]     | ^^^^^^^^^^^^^^^^^^^^^^^^^^^^^^^^^^
[INFO] [stdout] help: a similar name exists in the module
[INFO] [stdout]     |
[INFO] [stdout] 5   | use ringal::RingAl;
[INFO] [stdout]     |             ~~~~~~
[INFO] [stdout] help: consider importing this crate instead
[INFO] [stdout]     |
[INFO] [stdout] 5   | use crate::ringal;
[INFO] [stdout]     |     ~~~~~~~~~~~~~
[INFO] [stdout] 
[INFO] [stdout] error: aborting due to 1 previous error
[INFO] [stdout] 
[INFO] [stdout] For more information about this error, try `rustc --explain E0432`.
[INFO] [stdout] Couldn't compile the test.
[INFO] [stdout] 
[INFO] [stdout] failures:
[INFO] [stdout]     src/lib.rs - (line 106)
[INFO] [stdout] 
[INFO] [stdout] test result: FAILED. 4 passed; 1 failed; 0 ignored; 0 measured; 0 filtered out; finished in 0.64s
[INFO] [stdout] 
[INFO] [stderr] error: doctest failed, to rerun pass `--doc`
[INFO] running `Command { std: "docker" "inspect" "10c274d829dadd66cbafad81803d1762a307802cb53ca1169ffe9a3b85baf107", kill_on_drop: false }`
[INFO] running `Command { std: "docker" "rm" "-f" "10c274d829dadd66cbafad81803d1762a307802cb53ca1169ffe9a3b85baf107", kill_on_drop: false }`
[INFO] [stdout] 10c274d829dadd66cbafad81803d1762a307802cb53ca1169ffe9a3b85baf107
