[INFO] cloning repository https://github.com/bm-w/advent20-rs
[INFO] running `Command { std: "git" "-c" "credential.helper=" "-c" "credential.helper=/workspace/cargo-home/bin/git-credential-null" "clone" "--bare" "https://github.com/bm-w/advent20-rs" "/workspace/cache/git-repos/https%3A%2F%2Fgithub.com%2Fbm-w%2Fadvent20-rs", kill_on_drop: false }`
[INFO] [stderr] Cloning into bare repository '/workspace/cache/git-repos/https%3A%2F%2Fgithub.com%2Fbm-w%2Fadvent20-rs'...
[INFO] running `Command { std: "git" "rev-parse" "HEAD", kill_on_drop: false }`
[INFO] [stdout] c7080e0daf313deb1daf6ac4de5ac74f0ee3ce3f
[INFO] testing bm-w/advent20-rs against nightly-2025-01-18+rustflags=-Zrandomize-layout for randomize-layout-2
[INFO] running `Command { std: "git" "clone" "/workspace/cache/git-repos/https%3A%2F%2Fgithub.com%2Fbm-w%2Fadvent20-rs" "/workspace/builds/worker-6-tc2/source", kill_on_drop: false }`
[INFO] [stderr] Cloning into '/workspace/builds/worker-6-tc2/source'...
[INFO] [stderr] done.
[INFO] validating manifest of git repo https://github.com/bm-w/advent20-rs on toolchain nightly-2025-01-18
[INFO] running `Command { std: CARGO_HOME="/workspace/cargo-home" RUSTUP_HOME="/workspace/rustup-home" "/workspace/cargo-home/bin/cargo" "+nightly-2025-01-18" "metadata" "--manifest-path" "Cargo.toml" "--no-deps", kill_on_drop: false }`
[INFO] started tweaking git repo https://github.com/bm-w/advent20-rs
[INFO] finished tweaking git repo https://github.com/bm-w/advent20-rs
[INFO] tweaked toml for git repo https://github.com/bm-w/advent20-rs written to /workspace/builds/worker-6-tc2/source/Cargo.toml
[INFO] crate git repo https://github.com/bm-w/advent20-rs already has a lockfile, it will not be regenerated
[INFO] running `Command { std: CARGO_HOME="/workspace/cargo-home" RUSTUP_HOME="/workspace/rustup-home" "/workspace/cargo-home/bin/cargo" "+nightly-2025-01-18" "fetch" "--manifest-path" "Cargo.toml", kill_on_drop: false }`
[INFO] running `Command { std: "docker" "create" "-v" "/var/lib/crater-agent-workspace/builds/worker-6-tc2/target:/opt/rustwide/target:rw,Z" "-v" "/var/lib/crater-agent-workspace/builds/worker-6-tc2/source:/opt/rustwide/workdir:ro,Z" "-v" "/var/lib/crater-agent-workspace/cargo-home:/opt/rustwide/cargo-home:ro,Z" "-v" "/var/lib/crater-agent-workspace/rustup-home:/opt/rustwide/rustup-home:ro,Z" "-e" "SOURCE_DIR=/opt/rustwide/workdir" "-e" "CARGO_TARGET_DIR=/opt/rustwide/target" "-e" "CARGO_HOME=/opt/rustwide/cargo-home" "-e" "RUSTUP_HOME=/opt/rustwide/rustup-home" "-w" "/opt/rustwide/workdir" "-m" "1610612736" "--user" "0:0" "--network" "none" "ghcr.io/rust-lang/crates-build-env/linux@sha256:819108c5571ea2e421544af4d832f968d213c87fbe3707a016657f43d2f853bc" "/opt/rustwide/cargo-home/bin/cargo" "+nightly-2025-01-18" "metadata" "--no-deps" "--format-version=1", kill_on_drop: false }`
[INFO] [stdout] ca7eddf8a2adf3282c8172eb606c96518f8f078e3ae54f38b5aac2ac8021fa62
[INFO] running `Command { std: "docker" "start" "-a" "ca7eddf8a2adf3282c8172eb606c96518f8f078e3ae54f38b5aac2ac8021fa62", kill_on_drop: false }`
[INFO] running `Command { std: "docker" "inspect" "ca7eddf8a2adf3282c8172eb606c96518f8f078e3ae54f38b5aac2ac8021fa62", kill_on_drop: false }`
[INFO] running `Command { std: "docker" "rm" "-f" "ca7eddf8a2adf3282c8172eb606c96518f8f078e3ae54f38b5aac2ac8021fa62", kill_on_drop: false }`
[INFO] [stdout] ca7eddf8a2adf3282c8172eb606c96518f8f078e3ae54f38b5aac2ac8021fa62
[INFO] running `Command { std: "docker" "create" "-v" "/var/lib/crater-agent-workspace/builds/worker-6-tc2/target:/opt/rustwide/target:rw,Z" "-v" "/var/lib/crater-agent-workspace/builds/worker-6-tc2/source:/opt/rustwide/workdir:ro,Z" "-v" "/var/lib/crater-agent-workspace/cargo-home:/opt/rustwide/cargo-home:ro,Z" "-v" "/var/lib/crater-agent-workspace/rustup-home:/opt/rustwide/rustup-home:ro,Z" "-e" "SOURCE_DIR=/opt/rustwide/workdir" "-e" "CARGO_TARGET_DIR=/opt/rustwide/target" "-e" "CARGO_INCREMENTAL=0" "-e" "RUST_BACKTRACE=full" "-e" "RUSTFLAGS=--cap-lints=forbid -Zrandomize-layout" "-e" "RUSTDOCFLAGS=--cap-lints=forbid" "-e" "CARGO_HOME=/opt/rustwide/cargo-home" "-e" "RUSTUP_HOME=/opt/rustwide/rustup-home" "-w" "/opt/rustwide/workdir" "-m" "1610612736" "--user" "0:0" "--network" "none" "ghcr.io/rust-lang/crates-build-env/linux@sha256:819108c5571ea2e421544af4d832f968d213c87fbe3707a016657f43d2f853bc" "/opt/rustwide/cargo-home/bin/cargo" "+nightly-2025-01-18" "build" "--frozen" "--message-format=json", kill_on_drop: false }`
[INFO] [stdout] 6327f7f785083f901cb6e65988bd6c310e76843a4727ae371fe7e4275938a14d
[INFO] running `Command { std: "docker" "start" "-a" "6327f7f785083f901cb6e65988bd6c310e76843a4727ae371fe7e4275938a14d", kill_on_drop: false }`
[INFO] [stderr]    Compiling either v1.6.1
[INFO] [stderr]    Compiling paste v1.0.7
[INFO] [stderr]    Compiling lazy_static v1.4.0
[INFO] [stderr]    Compiling itertools v0.10.3
[INFO] [stderr]    Compiling advent20 v0.0.0 (/opt/rustwide/workdir)
[INFO] [stdout] warning: elided lifetime has a name
[INFO] [stdout]   --> src/day16.rs:21:86
[INFO] [stdout]    |
[INFO] [stdout] 21 |     fn invalid_ticket_numbers<'a>(&'a self, ticket: &'a Ticket) -> impl Iterator<Item = &u32> + 'a {
[INFO] [stdout]    |                               -- lifetime `'a` declared here                            ^ this elided lifetime gets resolved as `'a`
[INFO] [stdout]    |
[INFO] [stdout]    = note: `#[warn(elided_named_lifetimes)]` on by default
[INFO] [stdout] 
[INFO] [stdout] 
[INFO] [stdout] warning: field `0` is never read
[INFO] [stdout]    --> src/day04.rs:106:38
[INFO] [stdout]     |
[INFO] [stdout] 106 |     pub(super) struct InvalidFieldError(String);
[INFO] [stdout]     |                       ----------------- ^^^^^^
[INFO] [stdout]     |                       |
[INFO] [stdout]     |                       field in this struct
[INFO] [stdout]     |
[INFO] [stdout]     = help: consider removing this field
[INFO] [stdout]     = note: `InvalidFieldError` has a derived impl for the trait `Debug`, but this is intentionally ignored during dead code analysis
[INFO] [stdout]     = note: `#[warn(dead_code)]` on by default
[INFO] [stdout] 
[INFO] [stdout] 
[INFO] [stdout] warning: field `0` is never read
[INFO] [stdout]   --> src/day05.rs:88:36
[INFO] [stdout]    |
[INFO] [stdout] 88 |     pub(super) struct InvalidRowError(char);
[INFO] [stdout]    |                       --------------- ^^^^
[INFO] [stdout]    |                       |
[INFO] [stdout]    |                       field in this struct
[INFO] [stdout]    |
[INFO] [stdout]    = help: consider removing this field
[INFO] [stdout]    = note: `InvalidRowError` has a derived impl for the trait `Debug`, but this is intentionally ignored during dead code analysis
[INFO] [stdout] 
[INFO] [stdout] 
[INFO] [stdout] warning: field `0` is never read
[INFO] [stdout]    --> src/day05.rs:102:39
[INFO] [stdout]     |
[INFO] [stdout] 102 |     pub(super) struct InvalidColumnError(char);
[INFO] [stdout]     |                       ------------------ ^^^^
[INFO] [stdout]     |                       |
[INFO] [stdout]     |                       field in this struct
[INFO] [stdout]     |
[INFO] [stdout]     = help: consider removing this field
[INFO] [stdout]     = note: `InvalidColumnError` has a derived impl for the trait `Debug`, but this is intentionally ignored during dead code analysis
[INFO] [stdout] 
[INFO] [stdout] 
[INFO] [stdout] warning: field `0` is never read
[INFO] [stdout]   --> src/day07.rs:75:21
[INFO] [stdout]    |
[INFO] [stdout] 75 |         InvalidColorWords(usize),
[INFO] [stdout]    |         ----------------- ^^^^^
[INFO] [stdout]    |         |
[INFO] [stdout]    |         field in this variant
[INFO] [stdout]    |
[INFO] [stdout]    = note: `BagError` has a derived impl for the trait `Debug`, but this is intentionally ignored during dead code analysis
[INFO] [stdout] help: consider changing the field to be of unit type to suppress this warning while preserving the field numbering, or remove the field
[INFO] [stdout]    |
[INFO] [stdout] 75 |         InvalidColorWords(()),
[INFO] [stdout]    |                           ~~
[INFO] [stdout] 
[INFO] [stdout] 
[INFO] [stdout] warning: field `0` is never read
[INFO] [stdout]   --> src/day08.rs:81:35
[INFO] [stdout]    |
[INFO] [stdout] 81 |     pub(super) struct InvalidOpError(String);
[INFO] [stdout]    |                       -------------- ^^^^^^
[INFO] [stdout]    |                       |
[INFO] [stdout]    |                       field in this struct
[INFO] [stdout]    |
[INFO] [stdout]    = help: consider removing this field
[INFO] [stdout]    = note: `InvalidOpError` has a derived impl for the trait `Debug`, but this is intentionally ignored during dead code analysis
[INFO] [stdout] 
[INFO] [stdout] 
[INFO] [stdout] warning: field `0` is never read
[INFO] [stdout]    --> src/day13.rs:107:36
[INFO] [stdout]     |
[INFO] [stdout] 107 |     pub(super) struct InvalidBusError(ParseIntError);
[INFO] [stdout]     |                       --------------- ^^^^^^^^^^^^^
[INFO] [stdout]     |                       |
[INFO] [stdout]     |                       field in this struct
[INFO] [stdout]     |
[INFO] [stdout]     = help: consider removing this field
[INFO] [stdout]     = note: `InvalidBusError` has a derived impl for the trait `Debug`, but this is intentionally ignored during dead code analysis
[INFO] [stdout] 
[INFO] [stdout] 
[INFO] [stdout] warning: field `0` is never read
[INFO] [stdout]    --> src/day24.rs:115:8
[INFO] [stdout]     |
[INFO] [stdout] 115 |         Char(char),
[INFO] [stdout]     |         ---- ^^^^
[INFO] [stdout]     |         |
[INFO] [stdout]     |         field in this variant
[INFO] [stdout]     |
[INFO] [stdout]     = note: `DirError` has a derived impl for the trait `Debug`, but this is intentionally ignored during dead code analysis
[INFO] [stdout] help: consider changing the field to be of unit type to suppress this warning while preserving the field numbering, or remove the field
[INFO] [stdout]     |
[INFO] [stdout] 115 |         Char(()),
[INFO] [stdout]     |              ~~
[INFO] [stdout] 
[INFO] [stdout] 
[INFO] [stdout] warning: field `0` is never read
[INFO] [stdout]    --> src/day24.rs:116:8
[INFO] [stdout]     |
[INFO] [stdout] 116 |         Next(Option<char>)
[INFO] [stdout]     |         ---- ^^^^^^^^^^^^
[INFO] [stdout]     |         |
[INFO] [stdout]     |         field in this variant
[INFO] [stdout]     |
[INFO] [stdout]     = note: `DirError` has a derived impl for the trait `Debug`, but this is intentionally ignored during dead code analysis
[INFO] [stdout] help: consider changing the field to be of unit type to suppress this warning while preserving the field numbering, or remove the field
[INFO] [stdout]     |
[INFO] [stdout] 116 |         Next(())
[INFO] [stdout]     |              ~~
[INFO] [stdout] 
[INFO] [stdout] 
[INFO] [stderr]     Finished `dev` profile [unoptimized + debuginfo] target(s) in 4.38s
[INFO] running `Command { std: "docker" "inspect" "6327f7f785083f901cb6e65988bd6c310e76843a4727ae371fe7e4275938a14d", kill_on_drop: false }`
[INFO] running `Command { std: "docker" "rm" "-f" "6327f7f785083f901cb6e65988bd6c310e76843a4727ae371fe7e4275938a14d", kill_on_drop: false }`
[INFO] [stdout] 6327f7f785083f901cb6e65988bd6c310e76843a4727ae371fe7e4275938a14d
[INFO] running `Command { std: "docker" "create" "-v" "/var/lib/crater-agent-workspace/builds/worker-6-tc2/target:/opt/rustwide/target:rw,Z" "-v" "/var/lib/crater-agent-workspace/builds/worker-6-tc2/source:/opt/rustwide/workdir:ro,Z" "-v" "/var/lib/crater-agent-workspace/cargo-home:/opt/rustwide/cargo-home:ro,Z" "-v" "/var/lib/crater-agent-workspace/rustup-home:/opt/rustwide/rustup-home:ro,Z" "-e" "SOURCE_DIR=/opt/rustwide/workdir" "-e" "CARGO_TARGET_DIR=/opt/rustwide/target" "-e" "CARGO_INCREMENTAL=0" "-e" "RUST_BACKTRACE=full" "-e" "RUSTFLAGS=--cap-lints=forbid -Zrandomize-layout" "-e" "RUSTDOCFLAGS=--cap-lints=forbid" "-e" "CARGO_HOME=/opt/rustwide/cargo-home" "-e" "RUSTUP_HOME=/opt/rustwide/rustup-home" "-w" "/opt/rustwide/workdir" "-m" "1610612736" "--user" "0:0" "--network" "none" "ghcr.io/rust-lang/crates-build-env/linux@sha256:819108c5571ea2e421544af4d832f968d213c87fbe3707a016657f43d2f853bc" "/opt/rustwide/cargo-home/bin/cargo" "+nightly-2025-01-18" "test" "--frozen" "--no-run" "--message-format=json", kill_on_drop: false }`
[INFO] [stdout] 0b3d4a920d6e80344c674c8f14ea06e4ee84e1fc34189f03d2fc76baef688709
[INFO] running `Command { std: "docker" "start" "-a" "0b3d4a920d6e80344c674c8f14ea06e4ee84e1fc34189f03d2fc76baef688709", kill_on_drop: false }`
[INFO] [stderr]    Compiling autocfg v1.1.0
[INFO] [stderr]    Compiling unindent v0.1.8
[INFO] [stderr]    Compiling indoc v1.0.4
[INFO] [stderr]    Compiling num-traits v0.2.14
[INFO] [stderr]    Compiling num-integer v0.1.44
[INFO] [stderr]    Compiling num-bigint v0.4.3
[INFO] [stderr]    Compiling num-rational v0.4.0
[INFO] [stderr]    Compiling num-iter v0.1.42
[INFO] [stderr]    Compiling num-complex v0.4.0
[INFO] [stderr]    Compiling num v0.4.0
[INFO] [stderr]    Compiling advent20 v0.0.0 (/opt/rustwide/workdir)
[INFO] [stdout] warning: elided lifetime has a name
[INFO] [stdout]   --> src/day16.rs:21:86
[INFO] [stdout]    |
[INFO] [stdout] 21 |     fn invalid_ticket_numbers<'a>(&'a self, ticket: &'a Ticket) -> impl Iterator<Item = &u32> + 'a {
[INFO] [stdout]    |                               -- lifetime `'a` declared here                            ^ this elided lifetime gets resolved as `'a`
[INFO] [stdout]    |
[INFO] [stdout]    = note: `#[warn(elided_named_lifetimes)]` on by default
[INFO] [stdout] 
[INFO] [stdout] 
[INFO] [stdout] warning: field `0` is never read
[INFO] [stdout]    --> src/day04.rs:106:38
[INFO] [stdout]     |
[INFO] [stdout] 106 |     pub(super) struct InvalidFieldError(String);
[INFO] [stdout]     |                       ----------------- ^^^^^^
[INFO] [stdout]     |                       |
[INFO] [stdout]     |                       field in this struct
[INFO] [stdout]     |
[INFO] [stdout]     = help: consider removing this field
[INFO] [stdout]     = note: `InvalidFieldError` has a derived impl for the trait `Debug`, but this is intentionally ignored during dead code analysis
[INFO] [stdout]     = note: `#[warn(dead_code)]` on by default
[INFO] [stdout] 
[INFO] [stdout] 
[INFO] [stdout] warning: field `0` is never read
[INFO] [stdout]   --> src/day05.rs:88:36
[INFO] [stdout]    |
[INFO] [stdout] 88 |     pub(super) struct InvalidRowError(char);
[INFO] [stdout]    |                       --------------- ^^^^
[INFO] [stdout]    |                       |
[INFO] [stdout]    |                       field in this struct
[INFO] [stdout]    |
[INFO] [stdout]    = help: consider removing this field
[INFO] [stdout]    = note: `InvalidRowError` has a derived impl for the trait `Debug`, but this is intentionally ignored during dead code analysis
[INFO] [stdout] 
[INFO] [stdout] 
[INFO] [stdout] warning: field `0` is never read
[INFO] [stdout]    --> src/day05.rs:102:39
[INFO] [stdout]     |
[INFO] [stdout] 102 |     pub(super) struct InvalidColumnError(char);
[INFO] [stdout]     |                       ------------------ ^^^^
[INFO] [stdout]     |                       |
[INFO] [stdout]     |                       field in this struct
[INFO] [stdout]     |
[INFO] [stdout]     = help: consider removing this field
[INFO] [stdout]     = note: `InvalidColumnError` has a derived impl for the trait `Debug`, but this is intentionally ignored during dead code analysis
[INFO] [stdout] 
[INFO] [stdout] 
[INFO] [stdout] warning: field `0` is never read
[INFO] [stdout]    --> src/day13.rs:107:36
[INFO] [stdout]     |
[INFO] [stdout] 107 |     pub(super) struct InvalidBusError(ParseIntError);
[INFO] [stdout]     |                       --------------- ^^^^^^^^^^^^^
[INFO] [stdout]     |                       |
[INFO] [stdout]     |                       field in this struct
[INFO] [stdout]     |
[INFO] [stdout]     = help: consider removing this field
[INFO] [stdout]     = note: `InvalidBusError` has a derived impl for the trait `Debug`, but this is intentionally ignored during dead code analysis
[INFO] [stdout] 
[INFO] [stdout] 
[INFO] [stdout] warning: field `0` is never read
[INFO] [stdout]    --> src/day24.rs:115:8
[INFO] [stdout]     |
[INFO] [stdout] 115 |         Char(char),
[INFO] [stdout]     |         ---- ^^^^
[INFO] [stdout]     |         |
[INFO] [stdout]     |         field in this variant
[INFO] [stdout]     |
[INFO] [stdout]     = note: `DirError` has a derived impl for the trait `Debug`, but this is intentionally ignored during dead code analysis
[INFO] [stdout] help: consider changing the field to be of unit type to suppress this warning while preserving the field numbering, or remove the field
[INFO] [stdout]     |
[INFO] [stdout] 115 |         Char(()),
[INFO] [stdout]     |              ~~
[INFO] [stdout] 
[INFO] [stdout] 
[INFO] [stdout] warning: field `0` is never read
[INFO] [stdout]    --> src/day24.rs:116:8
[INFO] [stdout]     |
[INFO] [stdout] 116 |         Next(Option<char>)
[INFO] [stdout]     |         ---- ^^^^^^^^^^^^
[INFO] [stdout]     |         |
[INFO] [stdout]     |         field in this variant
[INFO] [stdout]     |
[INFO] [stdout]     = note: `DirError` has a derived impl for the trait `Debug`, but this is intentionally ignored during dead code analysis
[INFO] [stdout] help: consider changing the field to be of unit type to suppress this warning while preserving the field numbering, or remove the field
[INFO] [stdout]     |
[INFO] [stdout] 116 |         Next(())
[INFO] [stdout]     |              ~~
[INFO] [stdout] 
[INFO] [stdout] 
[INFO] [stderr]     Finished `test` profile [unoptimized + debuginfo] target(s) in 8.83s
[INFO] running `Command { std: "docker" "inspect" "0b3d4a920d6e80344c674c8f14ea06e4ee84e1fc34189f03d2fc76baef688709", kill_on_drop: false }`
[INFO] running `Command { std: "docker" "rm" "-f" "0b3d4a920d6e80344c674c8f14ea06e4ee84e1fc34189f03d2fc76baef688709", kill_on_drop: false }`
[INFO] [stdout] 0b3d4a920d6e80344c674c8f14ea06e4ee84e1fc34189f03d2fc76baef688709
[INFO] running `Command { std: "docker" "create" "-v" "/var/lib/crater-agent-workspace/builds/worker-6-tc2/target:/opt/rustwide/target:rw,Z" "-v" "/var/lib/crater-agent-workspace/builds/worker-6-tc2/source:/opt/rustwide/workdir:ro,Z" "-v" "/var/lib/crater-agent-workspace/cargo-home:/opt/rustwide/cargo-home:ro,Z" "-v" "/var/lib/crater-agent-workspace/rustup-home:/opt/rustwide/rustup-home:ro,Z" "-e" "SOURCE_DIR=/opt/rustwide/workdir" "-e" "CARGO_TARGET_DIR=/opt/rustwide/target" "-e" "CARGO_INCREMENTAL=0" "-e" "RUST_BACKTRACE=full" "-e" "RUSTFLAGS=--cap-lints=forbid -Zrandomize-layout" "-e" "RUSTDOCFLAGS=--cap-lints=forbid" "-e" "CARGO_HOME=/opt/rustwide/cargo-home" "-e" "RUSTUP_HOME=/opt/rustwide/rustup-home" "-w" "/opt/rustwide/workdir" "-m" "1610612736" "--user" "0:0" "--network" "none" "ghcr.io/rust-lang/crates-build-env/linux@sha256:819108c5571ea2e421544af4d832f968d213c87fbe3707a016657f43d2f853bc" "/opt/rustwide/cargo-home/bin/cargo" "+nightly-2025-01-18" "test" "--frozen", kill_on_drop: false }`
[INFO] [stdout] 8e7d7545c177a924db440f5337cdc693dc74bd31683d06e7d31d0b321ff7a096
[INFO] running `Command { std: "docker" "start" "-a" "8e7d7545c177a924db440f5337cdc693dc74bd31683d06e7d31d0b321ff7a096", kill_on_drop: false }`
[INFO] [stderr] warning: elided lifetime has a name
[INFO] [stderr]   --> src/day16.rs:21:86
[INFO] [stderr]    |
[INFO] [stderr] 21 |     fn invalid_ticket_numbers<'a>(&'a self, ticket: &'a Ticket) -> impl Iterator<Item = &u32> + 'a {
[INFO] [stderr]    |                               -- lifetime `'a` declared here                            ^ this elided lifetime gets resolved as `'a`
[INFO] [stderr]    |
[INFO] [stderr]    = note: `#[warn(elided_named_lifetimes)]` on by default
[INFO] [stderr] 
[INFO] [stderr] warning: field `0` is never read
[INFO] [stderr]    --> src/day04.rs:106:38
[INFO] [stderr]     |
[INFO] [stderr] 106 |     pub(super) struct InvalidFieldError(String);
[INFO] [stderr]     |                       ----------------- ^^^^^^
[INFO] [stderr]     |                       |
[INFO] [stderr]     |                       field in this struct
[INFO] [stderr]     |
[INFO] [stderr]     = help: consider removing this field
[INFO] [stderr]     = note: `InvalidFieldError` has a derived impl for the trait `Debug`, but this is intentionally ignored during dead code analysis
[INFO] [stderr]     = note: `#[warn(dead_code)]` on by default
[INFO] [stderr] 
[INFO] [stderr] warning: field `0` is never read
[INFO] [stderr]   --> src/day05.rs:88:36
[INFO] [stderr]    |
[INFO] [stderr] 88 |     pub(super) struct InvalidRowError(char);
[INFO] [stderr]    |                       --------------- ^^^^
[INFO] [stderr]    |                       |
[INFO] [stderr]    |                       field in this struct
[INFO] [stderr]    |
[INFO] [stderr]    = help: consider removing this field
[INFO] [stderr]    = note: `InvalidRowError` has a derived impl for the trait `Debug`, but this is intentionally ignored during dead code analysis
[INFO] [stderr] 
[INFO] [stderr] warning: field `0` is never read
[INFO] [stderr]    --> src/day05.rs:102:39
[INFO] [stderr]     |
[INFO] [stderr] 102 |     pub(super) struct InvalidColumnError(char);
[INFO] [stderr]     |                       ------------------ ^^^^
[INFO] [stderr]     |                       |
[INFO] [stderr]     |                       field in this struct
[INFO] [stderr]     |
[INFO] [stderr]     = help: consider removing this field
[INFO] [stderr]     = note: `InvalidColumnError` has a derived impl for the trait `Debug`, but this is intentionally ignored during dead code analysis
[INFO] [stderr] 
[INFO] [stderr] warning: field `0` is never read
[INFO] [stderr]    --> src/day13.rs:107:36
[INFO] [stderr]     |
[INFO] [stderr] 107 |     pub(super) struct InvalidBusError(ParseIntError);
[INFO] [stderr]     |                       --------------- ^^^^^^^^^^^^^
[INFO] [stderr]     |                       |
[INFO] [stderr]     |                       field in this struct
[INFO] [stderr]     |
[INFO] [stderr]     = help: consider removing this field
[INFO] [stderr]     = note: `InvalidBusError` has a derived impl for the trait `Debug`, but this is intentionally ignored during dead code analysis
[INFO] [stderr] 
[INFO] [stderr] warning: field `0` is never read
[INFO] [stderr]    --> src/day24.rs:115:8
[INFO] [stderr]     |
[INFO] [stderr] 115 |         Char(char),
[INFO] [stderr]     |         ---- ^^^^
[INFO] [stderr]     |         |
[INFO] [stderr]     |         field in this variant
[INFO] [stderr]     |
[INFO] [stderr]     = note: `DirError` has a derived impl for the trait `Debug`, but this is intentionally ignored during dead code analysis
[INFO] [stderr] help: consider changing the field to be of unit type to suppress this warning while preserving the field numbering, or remove the field
[INFO] [stderr]     |
[INFO] [stderr] 115 |         Char(()),
[INFO] [stderr]     |              ~~
[INFO] [stderr] 
[INFO] [stderr] warning: field `0` is never read
[INFO] [stderr]    --> src/day24.rs:116:8
[INFO] [stderr]     |
[INFO] [stderr] 116 |         Next(Option<char>)
[INFO] [stderr]     |         ---- ^^^^^^^^^^^^
[INFO] [stderr]     |         |
[INFO] [stderr]     |         field in this variant
[INFO] [stderr]     |
[INFO] [stderr]     = note: `DirError` has a derived impl for the trait `Debug`, but this is intentionally ignored during dead code analysis
[INFO] [stderr] help: consider changing the field to be of unit type to suppress this warning while preserving the field numbering, or remove the field
[INFO] [stderr]     |
[INFO] [stderr] 116 |         Next(())
[INFO] [stderr]     |              ~~
[INFO] [stderr] 
[INFO] [stderr] warning: `advent20` (bin "advent20" test) generated 7 warnings
[INFO] [stderr]     Finished `test` profile [unoptimized + debuginfo] target(s) in 0.03s
[INFO] [stderr]      Running unittests src/main.rs (/opt/rustwide/target/debug/deps/advent20-ef366e09739c823c)
[INFO] [stdout] 
[INFO] [stdout] running 67 tests
[INFO] [stdout] test day02::tests ... ok
[INFO] [stdout] test day03::parsing::test ... ok
[INFO] [stdout] test day05::parsing::column ... ok
[INFO] [stdout] test day05::parsing::row ... ok
[INFO] [stdout] test day05::parsing::seat ... ok
[INFO] [stdout] test day06::parsing::group ... ok
[INFO] [stdout] test day06::parsing::groups ... ok
[INFO] [stdout] test day06::parsing::person ... ok
[INFO] [stdout] test day04::parsing::test ... ok
[INFO] [stdout] test day07::parsing::rule ... ok
[INFO] [stdout] test day07::parsing::bag ... ok
[INFO] [stdout] test day07::parsing::rules ... ok
[INFO] [stdout] test day08::parsing::instr ... ok
[INFO] [stdout] test day10::parsing::tests ... ok
[INFO] [stdout] test day12::parsing::tests ... ok
[INFO] [stdout] test day08::parsing::op ... ok
[INFO] [stdout] test day11::parsing::test ... ok
[INFO] [stdout] test day12::tests ... ok
[INFO] [stdout] test day13::parsing::context ... ok
[INFO] [stdout] test day03::tests ... ok
[INFO] [stdout] test day13::parsing::bus ... ok
[INFO] [stdout] test day08::parsing::instrs ... ok
[INFO] [stdout] test day09::parsing::tests ... ok
[INFO] [stdout] test day05::tests ... ok
[INFO] [stdout] test day10::tests ... ok
[INFO] [stdout] test day13::tests ... ok
[INFO] [stdout] test day14::parsing::instr ... ok
[INFO] [stdout] test day16::parsing::range ... ok
[INFO] [stdout] test day14::parsing::instrs ... ok
[INFO] [stdout] test day17::parsing::input ... ok
[INFO] [stdout] test day16::parsing::ticket ... ok
[INFO] [stdout] test day18::parsing::expr ... ok
[INFO] [stdout] test day14::parsing::mask ... ok
[INFO] [stdout] test day04::tests ... ok
[INFO] [stdout] test day16::parsing::input ... ok
[INFO] [stdout] test day17::parsing::grid ... ok
[INFO] [stdout] test day09::tests ... ok
[INFO] [stdout] test day16::parsing::rule ... ok
[INFO] [stdout] test day18::parsing::inputs ... ok
[INFO] [stdout] test day19::parsing::input ... ok
[INFO] [stdout] test day20::parsing::test_input ... ok
[INFO] [stdout] test day19::matching::simplified ... ok
[INFO] [stdout] test day20::assembly::edges ... ok
[INFO] [stdout] test day01::tests ... ok
[INFO] [stdout] test day20::scanning::index ... ok
[INFO] [stdout] test day20::scratch ... ok
[INFO] [stdout] test day21::parsing::input ... ok
[INFO] [stdout] test day20::transform::transform_mul ... ok
[INFO] [stdout] test day22::parsing::input ... ok
[INFO] [stdout] test day18::tests ... ok
[INFO] [stdout] test day08::tests ... ok
[INFO] [stdout] test day24::parsing::input ... ok
[INFO] [stdout] test day16::tests ... ok
[INFO] [stdout] test day07::tests ... ok
[INFO] [stdout] test day21::tests ... ok
[INFO] [stdout] test day20::transform::transform_inv ... FAILED
[INFO] [stdout] test day19::tests ... ok
[INFO] [stdout] test day06::tests ... ok
[INFO] [stdout] test day20::tests ... ok
[INFO] [stdout] test day14::tests ... ok
[INFO] [stdout] test day17::tests ... ok
[INFO] [stdout] test day11::tests ... ok
[INFO] [stdout] test day25::tests ... ok
[INFO] [stdout] test day24::tests ... ok
[INFO] [stdout] test day23::tests ... ok
[INFO] [stdout] test day22::tests ... ok
[INFO] [stdout] test day15::tests ... ok
[INFO] [stdout] 
[INFO] [stdout] failures:
[INFO] [stdout] 
[INFO] [stdout] ---- day20::transform::transform_inv stdout ----
[INFO] [stdout] 
[INFO] [stdout] thread 'day20::transform::transform_inv' panicked at src/day20.rs:113:9:
[INFO] [stdout] assertion `left == right` failed
[INFO] [stdout]   left: Transform { rotation: Some(Left), flipped_hor: true }
[INFO] [stdout]  right: Transform { rotation: Some(Right), flipped_hor: true }
[INFO] [stdout] stack backtrace:
[INFO] [stdout]    0:     0x633234889cea - std::backtrace_rs::backtrace::libunwind::trace::hb059275cfc8d6126
[INFO] [stdout]                                at /rustc/6067b36314ab5eb2eb47cecc464545ba58e1ad24/library/std/src/../../backtrace/src/backtrace/libunwind.rs:116:5
[INFO] [stdout]    1:     0x633234889cea - std::backtrace_rs::backtrace::trace_unsynchronized::h2da071e4327ce3ee
[INFO] [stdout]                                at /rustc/6067b36314ab5eb2eb47cecc464545ba58e1ad24/library/std/src/../../backtrace/src/backtrace/mod.rs:66:5
[INFO] [stdout]    2:     0x633234889cea - std::sys::backtrace::_print_fmt::h842a1474e6f8d23f
[INFO] [stdout]                                at /rustc/6067b36314ab5eb2eb47cecc464545ba58e1ad24/library/std/src/sys/backtrace.rs:66:9
[INFO] [stdout]    3:     0x633234889cea - <std::sys::backtrace::BacktraceLock::print::DisplayBacktrace as core::fmt::Display>::fmt::h71a62eb3b9696b12
[INFO] [stdout]                                at /rustc/6067b36314ab5eb2eb47cecc464545ba58e1ad24/library/std/src/sys/backtrace.rs:39:26
[INFO] [stdout]    4:     0x6332348b1503 - core::fmt::rt::Argument::fmt::hdb6b616786b41dc1
[INFO] [stdout]                                at /rustc/6067b36314ab5eb2eb47cecc464545ba58e1ad24/library/core/src/fmt/rt.rs:177:76
[INFO] [stdout]    5:     0x6332348b1503 - core::fmt::write::h2cc1698af7e2d686
[INFO] [stdout]                                at /rustc/6067b36314ab5eb2eb47cecc464545ba58e1ad24/library/core/src/fmt/mod.rs:1440:21
[INFO] [stdout]    6:     0x633234886843 - std::io::Write::write_fmt::hab1b4cd059a79022
[INFO] [stdout]                                at /rustc/6067b36314ab5eb2eb47cecc464545ba58e1ad24/library/std/src/io/mod.rs:1887:15
[INFO] [stdout]    7:     0x633234889b32 - std::sys::backtrace::BacktraceLock::print::h147fe35b4ea13b08
[INFO] [stdout]                                at /rustc/6067b36314ab5eb2eb47cecc464545ba58e1ad24/library/std/src/sys/backtrace.rs:42:9
[INFO] [stdout]    8:     0x63323488b10f - std::panicking::default_hook::{{closure}}::hbd44223dbdc0d208
[INFO] [stdout]                                at /rustc/6067b36314ab5eb2eb47cecc464545ba58e1ad24/library/std/src/panicking.rs:298:22
[INFO] [stdout]    9:     0x63323488af28 - std::panicking::default_hook::h20f81eb0576efcec
[INFO] [stdout]                                at /rustc/6067b36314ab5eb2eb47cecc464545ba58e1ad24/library/std/src/panicking.rs:322:9
[INFO] [stdout]   10:     0x633234853c73 - <alloc::boxed::Box<F,A> as core::ops::function::Fn<Args>>::call::hdb53814c496a4d34
[INFO] [stdout]                                at /rustc/6067b36314ab5eb2eb47cecc464545ba58e1ad24/library/alloc/src/boxed.rs:2027:9
[INFO] [stdout]   11:     0x633234853c73 - test::test_main::{{closure}}::hc0a4963c59427c24
[INFO] [stdout]                                at /rustc/6067b36314ab5eb2eb47cecc464545ba58e1ad24/library/test/src/lib.rs:134:21
[INFO] [stdout]   12:     0x63323488bc03 - <alloc::boxed::Box<F,A> as core::ops::function::Fn<Args>>::call::h591b2225413a77e9
[INFO] [stdout]                                at /rustc/6067b36314ab5eb2eb47cecc464545ba58e1ad24/library/alloc/src/boxed.rs:2027:9
[INFO] [stdout]   13:     0x63323488bc03 - std::panicking::rust_panic_with_hook::h625eea43051b2edc
[INFO] [stdout]                                at /rustc/6067b36314ab5eb2eb47cecc464545ba58e1ad24/library/std/src/panicking.rs:839:13
[INFO] [stdout]   14:     0x63323488b8ba - std::panicking::begin_panic_handler::{{closure}}::h4f9159cfbc3f6bd3
[INFO] [stdout]                                at /rustc/6067b36314ab5eb2eb47cecc464545ba58e1ad24/library/std/src/panicking.rs:704:13
[INFO] [stdout]   15:     0x63323488a1e9 - std::sys::backtrace::__rust_end_short_backtrace::h0390abce48353151
[INFO] [stdout]                                at /rustc/6067b36314ab5eb2eb47cecc464545ba58e1ad24/library/std/src/sys/backtrace.rs:168:18
[INFO] [stdout]   16:     0x63323488b54d - rust_begin_unwind
[INFO] [stdout]                                at /rustc/6067b36314ab5eb2eb47cecc464545ba58e1ad24/library/std/src/panicking.rs:695:5
[INFO] [stdout]   17:     0x6332348afe80 - core::panicking::panic_fmt::h9e7c637e9e5f29c9
[INFO] [stdout]                                at /rustc/6067b36314ab5eb2eb47cecc464545ba58e1ad24/library/core/src/panicking.rs:75:14
[INFO] [stdout]   18:     0x6332348b02d3 - core::panicking::assert_failed_inner::h538bec7c1374cd9c
[INFO] [stdout]   19:     0x63323480ac2e - core::panicking::assert_failed::hcecb195dcf215f9e
[INFO] [stdout]                                at /rustc/6067b36314ab5eb2eb47cecc464545ba58e1ad24/library/core/src/panicking.rs:364:5
[INFO] [stdout]   20:     0x6332347b748f - advent20::day20::transform::transform_inv::hf2a696464d636768
[INFO] [stdout]                                at /opt/rustwide/workdir/src/day20.rs:113:3
[INFO] [stdout]   21:     0x6332347b73f7 - advent20::day20::transform::transform_inv::{{closure}}::h56e94c9557a0ef6d
[INFO] [stdout]                                at /opt/rustwide/workdir/src/day20.rs:111:20
[INFO] [stdout]   22:     0x63323476b1c6 - core::ops::function::FnOnce::call_once::h9273ef90a4f8c617
[INFO] [stdout]                                at /rustc/6067b36314ab5eb2eb47cecc464545ba58e1ad24/library/core/src/ops/function.rs:250:5
[INFO] [stdout]   23:     0x6332348593cb - core::ops::function::FnOnce::call_once::he27718dfdd183f43
[INFO] [stdout]                                at /rustc/6067b36314ab5eb2eb47cecc464545ba58e1ad24/library/core/src/ops/function.rs:250:5
[INFO] [stdout]   24:     0x6332348593cb - test::__rust_begin_short_backtrace::h4e84902998457a5d
[INFO] [stdout]                                at /rustc/6067b36314ab5eb2eb47cecc464545ba58e1ad24/library/test/src/lib.rs:632:18
[INFO] [stdout]   25:     0x633234858303 - test::run_test_in_process::{{closure}}::h7176fd18fc1feca0
[INFO] [stdout]                                at /rustc/6067b36314ab5eb2eb47cecc464545ba58e1ad24/library/test/src/lib.rs:655:60
[INFO] [stdout]   26:     0x633234858303 - <core::panic::unwind_safe::AssertUnwindSafe<F> as core::ops::function::FnOnce<()>>::call_once::hf79cff2a624d8cf7
[INFO] [stdout]                                at /rustc/6067b36314ab5eb2eb47cecc464545ba58e1ad24/library/core/src/panic/unwind_safe.rs:272:9
[INFO] [stdout]   27:     0x633234858303 - std::panicking::try::do_call::h3da0561d9ab99c25
[INFO] [stdout]                                at /rustc/6067b36314ab5eb2eb47cecc464545ba58e1ad24/library/std/src/panicking.rs:587:40
[INFO] [stdout]   28:     0x633234858303 - std::panicking::try::h41c9fa508bc61df6
[INFO] [stdout]                                at /rustc/6067b36314ab5eb2eb47cecc464545ba58e1ad24/library/std/src/panicking.rs:550:19
[INFO] [stdout]   29:     0x633234858303 - std::panic::catch_unwind::h6b3ff07bb5afad93
[INFO] [stdout]                                at /rustc/6067b36314ab5eb2eb47cecc464545ba58e1ad24/library/std/src/panic.rs:358:14
[INFO] [stdout]   30:     0x633234858303 - test::run_test_in_process::hc7253dd11b39b9f4
[INFO] [stdout]                                at /rustc/6067b36314ab5eb2eb47cecc464545ba58e1ad24/library/test/src/lib.rs:655:27
[INFO] [stdout]   31:     0x633234858303 - test::run_test::{{closure}}::hfb2007f8649c30bb
[INFO] [stdout]                                at /rustc/6067b36314ab5eb2eb47cecc464545ba58e1ad24/library/test/src/lib.rs:576:43
[INFO] [stdout]   32:     0x63323481b3e5 - test::run_test::{{closure}}::h56a17aa7a282a9f4
[INFO] [stdout]                                at /rustc/6067b36314ab5eb2eb47cecc464545ba58e1ad24/library/test/src/lib.rs:606:41
[INFO] [stdout]   33:     0x63323481b3e5 - std::sys::backtrace::__rust_begin_short_backtrace::hd2d2d2fb8e8c6aac
[INFO] [stdout]                                at /rustc/6067b36314ab5eb2eb47cecc464545ba58e1ad24/library/std/src/sys/backtrace.rs:152:18
[INFO] [stdout]   34:     0x63323481ecca - std::thread::Builder::spawn_unchecked_::{{closure}}::{{closure}}::h4faa3f9db6133423
[INFO] [stdout]                                at /rustc/6067b36314ab5eb2eb47cecc464545ba58e1ad24/library/std/src/thread/mod.rs:559:17
[INFO] [stdout]   35:     0x63323481ecca - <core::panic::unwind_safe::AssertUnwindSafe<F> as core::ops::function::FnOnce<()>>::call_once::hf2e855a36a4ea846
[INFO] [stdout]                                at /rustc/6067b36314ab5eb2eb47cecc464545ba58e1ad24/library/core/src/panic/unwind_safe.rs:272:9
[INFO] [stdout]   36:     0x63323481ecca - std::panicking::try::do_call::h2f73af3616c35465
[INFO] [stdout]                                at /rustc/6067b36314ab5eb2eb47cecc464545ba58e1ad24/library/std/src/panicking.rs:587:40
[INFO] [stdout]   37:     0x63323481ecca - std::panicking::try::hd1660ce9efadef5a
[INFO] [stdout]                                at /rustc/6067b36314ab5eb2eb47cecc464545ba58e1ad24/library/std/src/panicking.rs:550:19
[INFO] [stdout]   38:     0x63323481ecca - std::panic::catch_unwind::h5ee8d7823b8ca744
[INFO] [stdout]                                at /rustc/6067b36314ab5eb2eb47cecc464545ba58e1ad24/library/std/src/panic.rs:358:14
[INFO] [stdout]   39:     0x63323481ecca - std::thread::Builder::spawn_unchecked_::{{closure}}::h53c3a1894dce8407
[INFO] [stdout]                                at /rustc/6067b36314ab5eb2eb47cecc464545ba58e1ad24/library/std/src/thread/mod.rs:557:30
[INFO] [stdout]   40:     0x63323481ecca - core::ops::function::FnOnce::call_once{{vtable.shim}}::h048ce291ad4f62bf
[INFO] [stdout]                                at /rustc/6067b36314ab5eb2eb47cecc464545ba58e1ad24/library/core/src/ops/function.rs:250:5
[INFO] [stdout]   41:     0x63323488fb3b - <alloc::boxed::Box<F,A> as core::ops::function::FnOnce<Args>>::call_once::ha52bedf99a3b4981
[INFO] [stdout]                                at /rustc/6067b36314ab5eb2eb47cecc464545ba58e1ad24/library/alloc/src/boxed.rs:2013:9
[INFO] [stdout]   42:     0x63323488fb3b - <alloc::boxed::Box<F,A> as core::ops::function::FnOnce<Args>>::call_once::h567748934d80ccf8
[INFO] [stdout]                                at /rustc/6067b36314ab5eb2eb47cecc464545ba58e1ad24/library/alloc/src/boxed.rs:2013:9
[INFO] [stdout]   43:     0x63323488fb3b - std::sys::pal::unix::thread::Thread::new::thread_start::h2d970728ae887adc
[INFO] [stdout]                                at /rustc/6067b36314ab5eb2eb47cecc464545ba58e1ad24/library/std/src/sys/pal/unix/thread.rs:106:17
[INFO] [stdout]   44:     0x739c0df79ac3 - <unknown>
[INFO] [stdout]   45:     0x739c0e00aa04 - clone
[INFO] [stdout]   46:                0x0 - <unknown>
[INFO] [stdout] 
[INFO] [stdout] 
[INFO] [stdout] failures:
[INFO] [stdout]     day20::transform::transform_inv
[INFO] [stdout] 
[INFO] [stdout] test result: FAILED. 66 passed; 1 failed; 0 ignored; 0 measured; 0 filtered out; finished in 27.53s
[INFO] [stdout] 
[INFO] [stderr] error: test failed, to rerun pass `--bin advent20`
[INFO] running `Command { std: "docker" "inspect" "8e7d7545c177a924db440f5337cdc693dc74bd31683d06e7d31d0b321ff7a096", kill_on_drop: false }`
[INFO] running `Command { std: "docker" "rm" "-f" "8e7d7545c177a924db440f5337cdc693dc74bd31683d06e7d31d0b321ff7a096", kill_on_drop: false }`
[INFO] [stdout] 8e7d7545c177a924db440f5337cdc693dc74bd31683d06e7d31d0b321ff7a096
