[INFO] cloning repository https://github.com/bluurryy/bump-scope
[INFO] running `Command { std: "git" "-c" "credential.helper=" "-c" "credential.helper=/workspace/cargo-home/bin/git-credential-null" "clone" "--bare" "https://github.com/bluurryy/bump-scope" "/workspace/cache/git-repos/https%3A%2F%2Fgithub.com%2Fbluurryy%2Fbump-scope", kill_on_drop: false }`
[INFO] [stderr] Cloning into bare repository '/workspace/cache/git-repos/https%3A%2F%2Fgithub.com%2Fbluurryy%2Fbump-scope'...
[INFO] running `Command { std: "git" "rev-parse" "HEAD", kill_on_drop: false }`
[INFO] [stdout] f300dc17884dad95693bd8218ab974f685148f46
[INFO] testing bluurryy/bump-scope against nightly-2025-01-18+rustflags=-Zrandomize-layout for randomize-layout-2
[INFO] running `Command { std: "git" "clone" "/workspace/cache/git-repos/https%3A%2F%2Fgithub.com%2Fbluurryy%2Fbump-scope" "/workspace/builds/worker-1-tc2/source", kill_on_drop: false }`
[INFO] [stderr] Cloning into '/workspace/builds/worker-1-tc2/source'...
[INFO] [stderr] done.
[INFO] validating manifest of git repo https://github.com/bluurryy/bump-scope on toolchain nightly-2025-01-18
[INFO] running `Command { std: CARGO_HOME="/workspace/cargo-home" RUSTUP_HOME="/workspace/rustup-home" "/workspace/cargo-home/bin/cargo" "+nightly-2025-01-18" "metadata" "--manifest-path" "Cargo.toml" "--no-deps", kill_on_drop: false }`
[INFO] started tweaking git repo https://github.com/bluurryy/bump-scope
[INFO] finished tweaking git repo https://github.com/bluurryy/bump-scope
[INFO] tweaked toml for git repo https://github.com/bluurryy/bump-scope written to /workspace/builds/worker-1-tc2/source/Cargo.toml
[INFO] crate git repo https://github.com/bluurryy/bump-scope already has a lockfile, it will not be regenerated
[INFO] running `Command { std: CARGO_HOME="/workspace/cargo-home" RUSTUP_HOME="/workspace/rustup-home" "/workspace/cargo-home/bin/cargo" "+nightly-2025-01-18" "fetch" "--manifest-path" "Cargo.toml", kill_on_drop: false }`
[INFO] [stderr]     Blocking waiting for file lock on package cache
[INFO] running `Command { std: "docker" "create" "-v" "/var/lib/crater-agent-workspace/builds/worker-1-tc2/target:/opt/rustwide/target:rw,Z" "-v" "/var/lib/crater-agent-workspace/builds/worker-1-tc2/source:/opt/rustwide/workdir:ro,Z" "-v" "/var/lib/crater-agent-workspace/cargo-home:/opt/rustwide/cargo-home:ro,Z" "-v" "/var/lib/crater-agent-workspace/rustup-home:/opt/rustwide/rustup-home:ro,Z" "-e" "SOURCE_DIR=/opt/rustwide/workdir" "-e" "CARGO_TARGET_DIR=/opt/rustwide/target" "-e" "CARGO_HOME=/opt/rustwide/cargo-home" "-e" "RUSTUP_HOME=/opt/rustwide/rustup-home" "-w" "/opt/rustwide/workdir" "-m" "1610612736" "--user" "0:0" "--network" "none" "ghcr.io/rust-lang/crates-build-env/linux@sha256:819108c5571ea2e421544af4d832f968d213c87fbe3707a016657f43d2f853bc" "/opt/rustwide/cargo-home/bin/cargo" "+nightly-2025-01-18" "metadata" "--no-deps" "--format-version=1", kill_on_drop: false }`
[INFO] [stdout] 63f3eee5895639fbdc658c7e1f0918ea64f11ff1375d617a7cdb5fda57877024
[INFO] running `Command { std: "docker" "start" "-a" "63f3eee5895639fbdc658c7e1f0918ea64f11ff1375d617a7cdb5fda57877024", kill_on_drop: false }`
[INFO] running `Command { std: "docker" "inspect" "63f3eee5895639fbdc658c7e1f0918ea64f11ff1375d617a7cdb5fda57877024", kill_on_drop: false }`
[INFO] running `Command { std: "docker" "rm" "-f" "63f3eee5895639fbdc658c7e1f0918ea64f11ff1375d617a7cdb5fda57877024", kill_on_drop: false }`
[INFO] [stdout] 63f3eee5895639fbdc658c7e1f0918ea64f11ff1375d617a7cdb5fda57877024
[INFO] running `Command { std: "docker" "create" "-v" "/var/lib/crater-agent-workspace/builds/worker-1-tc2/target:/opt/rustwide/target:rw,Z" "-v" "/var/lib/crater-agent-workspace/builds/worker-1-tc2/source:/opt/rustwide/workdir:ro,Z" "-v" "/var/lib/crater-agent-workspace/cargo-home:/opt/rustwide/cargo-home:ro,Z" "-v" "/var/lib/crater-agent-workspace/rustup-home:/opt/rustwide/rustup-home:ro,Z" "-e" "SOURCE_DIR=/opt/rustwide/workdir" "-e" "CARGO_TARGET_DIR=/opt/rustwide/target" "-e" "CARGO_INCREMENTAL=0" "-e" "RUST_BACKTRACE=full" "-e" "RUSTFLAGS=--cap-lints=forbid -Zrandomize-layout" "-e" "RUSTDOCFLAGS=--cap-lints=forbid" "-e" "CARGO_HOME=/opt/rustwide/cargo-home" "-e" "RUSTUP_HOME=/opt/rustwide/rustup-home" "-w" "/opt/rustwide/workdir" "-m" "1610612736" "--user" "0:0" "--network" "none" "ghcr.io/rust-lang/crates-build-env/linux@sha256:819108c5571ea2e421544af4d832f968d213c87fbe3707a016657f43d2f853bc" "/opt/rustwide/cargo-home/bin/cargo" "+nightly-2025-01-18" "build" "--frozen" "--message-format=json", kill_on_drop: false }`
[INFO] [stdout] b0b559d84e3fba7fc31659527b431eab9052b4c8a4d32e7b387a5dcbdce50722
[INFO] running `Command { std: "docker" "start" "-a" "b0b559d84e3fba7fc31659527b431eab9052b4c8a4d32e7b387a5dcbdce50722", kill_on_drop: false }`
[INFO] [stderr]    Compiling rustversion v1.0.19
[INFO] [stderr]    Compiling allocator-api2 v0.2.21
[INFO] [stderr]    Compiling sptr v0.3.2
[INFO] [stderr]    Compiling bump-scope v0.16.0 (/opt/rustwide/workdir)
[INFO] [stderr]     Finished `dev` profile [unoptimized + debuginfo] target(s) in 3.33s
[INFO] running `Command { std: "docker" "inspect" "b0b559d84e3fba7fc31659527b431eab9052b4c8a4d32e7b387a5dcbdce50722", kill_on_drop: false }`
[INFO] running `Command { std: "docker" "rm" "-f" "b0b559d84e3fba7fc31659527b431eab9052b4c8a4d32e7b387a5dcbdce50722", kill_on_drop: false }`
[INFO] [stdout] b0b559d84e3fba7fc31659527b431eab9052b4c8a4d32e7b387a5dcbdce50722
[INFO] running `Command { std: "docker" "create" "-v" "/var/lib/crater-agent-workspace/builds/worker-1-tc2/target:/opt/rustwide/target:rw,Z" "-v" "/var/lib/crater-agent-workspace/builds/worker-1-tc2/source:/opt/rustwide/workdir:ro,Z" "-v" "/var/lib/crater-agent-workspace/cargo-home:/opt/rustwide/cargo-home:ro,Z" "-v" "/var/lib/crater-agent-workspace/rustup-home:/opt/rustwide/rustup-home:ro,Z" "-e" "SOURCE_DIR=/opt/rustwide/workdir" "-e" "CARGO_TARGET_DIR=/opt/rustwide/target" "-e" "CARGO_INCREMENTAL=0" "-e" "RUST_BACKTRACE=full" "-e" "RUSTFLAGS=--cap-lints=forbid -Zrandomize-layout" "-e" "RUSTDOCFLAGS=--cap-lints=forbid" "-e" "CARGO_HOME=/opt/rustwide/cargo-home" "-e" "RUSTUP_HOME=/opt/rustwide/rustup-home" "-w" "/opt/rustwide/workdir" "-m" "1610612736" "--user" "0:0" "--network" "none" "ghcr.io/rust-lang/crates-build-env/linux@sha256:819108c5571ea2e421544af4d832f968d213c87fbe3707a016657f43d2f853bc" "/opt/rustwide/cargo-home/bin/cargo" "+nightly-2025-01-18" "test" "--frozen" "--no-run" "--message-format=json", kill_on_drop: false }`
[INFO] [stdout] 38884ed6d00c798205ba43801b044ccd8c17790a1f84c903b7ffc8550d7def2b
[INFO] running `Command { std: "docker" "start" "-a" "38884ed6d00c798205ba43801b044ccd8c17790a1f84c903b7ffc8550d7def2b", kill_on_drop: false }`
[INFO] [stderr]    Compiling proc-macro2 v1.0.92
[INFO] [stderr]    Compiling unicode-ident v1.0.12
[INFO] [stderr]    Compiling serde v1.0.217
[INFO] [stderr]    Compiling crossbeam-utils v0.8.19
[INFO] [stderr]    Compiling equivalent v1.0.1
[INFO] [stderr]    Compiling autocfg v1.2.0
[INFO] [stderr]    Compiling serde_json v1.0.115
[INFO] [stderr]    Compiling rayon-core v1.12.1
[INFO] [stderr]    Compiling itoa v1.0.11
[INFO] [stderr]    Compiling ryu v1.0.17
[INFO] [stderr]    Compiling hashbrown v0.14.3
[INFO] [stderr]    Compiling libc v0.2.153
[INFO] [stderr]    Compiling either v1.10.0
[INFO] [stderr]    Compiling plotters-backend v0.3.5
[INFO] [stderr]    Compiling regex-syntax v0.8.3
[INFO] [stderr]    Compiling half v2.4.0
[INFO] [stderr]    Compiling anstyle v1.0.6
[INFO] [stderr]    Compiling ciborium-io v0.2.2
[INFO] [stderr]    Compiling winnow v0.6.5
[INFO] [stderr]    Compiling clap_lex v0.7.0
[INFO] [stderr]    Compiling once_cell v1.19.0
[INFO] [stderr]    Compiling ciborium-ll v0.2.2
[INFO] [stderr]    Compiling cast v0.3.0
[INFO] [stderr]    Compiling same-file v1.0.6
[INFO] [stderr]    Compiling trybuild v1.0.90
[INFO] [stderr]    Compiling walkdir v2.5.0
[INFO] [stderr]    Compiling itertools v0.10.5
[INFO] [stderr]    Compiling termcolor v1.4.1
[INFO] [stderr]    Compiling clap_builder v4.5.2
[INFO] [stderr]    Compiling plotters-svg v0.3.5
[INFO] [stderr]    Compiling oorandom v11.1.3
[INFO] [stderr]    Compiling dissimilar v1.0.7
[INFO] [stderr]    Compiling glob v0.3.1
[INFO] [stderr]    Compiling foldhash v0.1.3
[INFO] [stderr]    Compiling num-traits v0.2.18
[INFO] [stderr]    Compiling anes v0.1.6
[INFO] [stderr]    Compiling litrs v0.4.1
[INFO] [stderr]    Compiling hashbrown v0.15.2
[INFO] [stderr]    Compiling quote v1.0.35
[INFO] [stderr]    Compiling expect-test v1.4.1
[INFO] [stderr]    Compiling bumpalo v3.16.0
[INFO] [stderr]    Compiling syn v2.0.94
[INFO] [stderr]    Compiling crossbeam-epoch v0.9.18
[INFO] [stderr]    Compiling indexmap v2.2.6
[INFO] [stderr]    Compiling crossbeam-deque v0.8.5
[INFO] [stderr]    Compiling is-terminal v0.4.12
[INFO] [stderr]    Compiling document-features v0.2.8
[INFO] [stderr]    Compiling criterion-plot v0.5.0
[INFO] [stderr]    Compiling regex-automata v0.4.6
[INFO] [stderr]    Compiling rayon v1.10.0
[INFO] [stderr]    Compiling plotters v0.3.5
[INFO] [stderr]    Compiling clap v4.5.4
[INFO] [stderr]    Compiling serde_derive v1.0.217
[INFO] [stderr]    Compiling regex v1.10.4
[INFO] [stderr]    Compiling toml_datetime v0.6.5
[INFO] [stderr]    Compiling serde_spanned v0.6.5
[INFO] [stderr]    Compiling ciborium v0.2.2
[INFO] [stderr]    Compiling toml_edit v0.22.9
[INFO] [stderr]    Compiling tinytemplate v1.2.1
[INFO] [stderr]    Compiling criterion v0.5.1
[INFO] [stderr]    Compiling toml v0.8.12
[INFO] [stderr]    Compiling bump-scope v0.16.0 (/opt/rustwide/workdir)
[INFO] [stderr]     Finished `test` profile [unoptimized + debuginfo] target(s) in 50.71s
[INFO] running `Command { std: "docker" "inspect" "38884ed6d00c798205ba43801b044ccd8c17790a1f84c903b7ffc8550d7def2b", kill_on_drop: false }`
[INFO] running `Command { std: "docker" "rm" "-f" "38884ed6d00c798205ba43801b044ccd8c17790a1f84c903b7ffc8550d7def2b", kill_on_drop: false }`
[INFO] [stdout] 38884ed6d00c798205ba43801b044ccd8c17790a1f84c903b7ffc8550d7def2b
[INFO] running `Command { std: "docker" "create" "-v" "/var/lib/crater-agent-workspace/builds/worker-1-tc2/target:/opt/rustwide/target:rw,Z" "-v" "/var/lib/crater-agent-workspace/builds/worker-1-tc2/source:/opt/rustwide/workdir:ro,Z" "-v" "/var/lib/crater-agent-workspace/cargo-home:/opt/rustwide/cargo-home:ro,Z" "-v" "/var/lib/crater-agent-workspace/rustup-home:/opt/rustwide/rustup-home:ro,Z" "-e" "SOURCE_DIR=/opt/rustwide/workdir" "-e" "CARGO_TARGET_DIR=/opt/rustwide/target" "-e" "CARGO_INCREMENTAL=0" "-e" "RUST_BACKTRACE=full" "-e" "RUSTFLAGS=--cap-lints=forbid -Zrandomize-layout" "-e" "RUSTDOCFLAGS=--cap-lints=forbid" "-e" "CARGO_HOME=/opt/rustwide/cargo-home" "-e" "RUSTUP_HOME=/opt/rustwide/rustup-home" "-w" "/opt/rustwide/workdir" "-m" "1610612736" "--user" "0:0" "--network" "none" "ghcr.io/rust-lang/crates-build-env/linux@sha256:819108c5571ea2e421544af4d832f968d213c87fbe3707a016657f43d2f853bc" "/opt/rustwide/cargo-home/bin/cargo" "+nightly-2025-01-18" "test" "--frozen", kill_on_drop: false }`
[INFO] [stdout] e247d976f2b8accffc7bf8227c6d984ba69accbd8ba00fe04f99a54c264122b6
[INFO] running `Command { std: "docker" "start" "-a" "e247d976f2b8accffc7bf8227c6d984ba69accbd8ba00fe04f99a54c264122b6", kill_on_drop: false }`
[INFO] [stderr]     Finished `test` profile [unoptimized + debuginfo] target(s) in 0.11s
[INFO] [stderr]      Running unittests src/lib.rs (/opt/rustwide/target/debug/deps/bump_scope-18c52b198f6dd8d2)
[INFO] [stdout] 
[INFO] [stdout] running 735 tests
[INFO] [stdout] test insert_feature_docs ... ignored, this is not a real test, it's just to insert documentation
[INFO] [stdout] test destructure::tests::example ... ok
[INFO] [stdout] test owned_slice::drain::tests::owned_slice_zst ... ok
[INFO] [stdout] test tests::alloc_cstr::down::empty ... ok
[INFO] [stdout] test tests::alloc_cstr::down::from_str ... ok
[INFO] [stdout] test owned_slice::drain::tests::owned_slice ... ok
[INFO] [stdout] test tests::alloc_cstr::down::interior_null_fmt ... ok
[INFO] [stdout] test tests::alloc_cstr::down::simple ... ok
[INFO] [stdout] test tests::alloc_cstr::up::empty ... ok
[INFO] [stdout] test tests::alloc_cstr::up::from_str ... ok
[INFO] [stdout] test tests::alloc_cstr::up::fmt ... ok
[INFO] [stdout] test tests::alloc_cstr::up::interior_null_fmt ... ok
[INFO] [stdout] test tests::alloc_cstr::up::interior_null_from_str ... ok
[INFO] [stdout] test tests::alloc_cstr::up::simple ... ok
[INFO] [stdout] test tests::alloc_cstr::up::interior_null_fmt_mut ... ok
[INFO] [stdout] test tests::alloc_cstr::down::fmt ... ok
[INFO] [stdout] test tests::alloc_cstr::down::interior_null_fmt_mut ... ok
[INFO] [stdout] test tests::alloc_fmt::up::nothing_extra_mut ... ok
[INFO] [stdout] test tests::alloc_fmt::down::three_mut ... ok
[INFO] [stdout] test tests::alloc_fmt::up::three ... ok
[INFO] [stdout] test tests::alloc_cstr::down::interior_null_from_str ... ok
[INFO] [stdout] test tests::alloc_fmt::down::nothing_extra_mut ... ok
[INFO] [stdout] test tests::alloc_fmt::up::three_mut ... ok
[INFO] [stdout] test tests::alloc_fmt::down::nothing_extra ... ok
[INFO] [stdout] test tests::alloc_fmt::up::nothing_extra ... ok
[INFO] [stdout] test tests::alloc_fmt::down::three ... ok
[INFO] [stdout] test tests::alloc_fmt::up::nothing ... ok
[INFO] [stdout] test tests::alloc_iter2 ... ok
[INFO] [stdout] test tests::alloc_iter::up::empty ... ok
[INFO] [stdout] test tests::alloc_iter::down::three ... ok
[INFO] [stdout] test tests::alloc_iter::down::three_mut ... ok
[INFO] [stdout] test tests::alloc_iter::down::three_mut_rev ... ok
[INFO] [stdout] test tests::alloc_iter::down::empty ... ok
[INFO] [stdout] test tests::alloc_iter::up::three ... ok
[INFO] [stdout] test tests::alloc_iter::down::zst ... ok
[INFO] [stdout] test tests::alloc_iter::up::zst ... ok
[INFO] [stdout] test tests::alloc_slice::down::zst ... ok
[INFO] [stdout] test tests::alloc_slice::up::empty ... ok
[INFO] [stdout] test tests::alloc_iter::up::three_mut_rev ... ok
[INFO] [stdout] test tests::alloc_slice::up::zst ... ok
[INFO] [stdout] test tests::alloc_slice::down::empty ... ok
[INFO] [stdout] test tests::alloc_try_with::down::alloc_in_closure_err ... ok
[INFO] [stdout] test tests::alloc_try_with::down::alloc_in_closure_ok ... ok
[INFO] [stdout] test tests::alloc_try_with::down::basic_ok ... ok
[INFO] [stdout] test tests::alloc_try_with::down::basic_ok_mut ... ok
[INFO] [stdout] test tests::alloc_try_with::up::alloc_in_closure_err ... ok
[INFO] [stdout] test tests::alloc_iter::up::three_mut ... ok
[INFO] [stdout] test tests::alloc_try_with::down::basic_err_mut ... ok
[INFO] [stdout] test tests::alloc_try_with::down::basic_err ... ok
[INFO] [stdout] test tests::alloc_try_with::up::alloc_in_closure_ok ... ok
[INFO] [stdout] test tests::alloc_try_with::up::basic_ok_mut ... ok
[INFO] [stdout] test tests::allocator_api::down::grow ... ok
[INFO] [stdout] test tests::alloc_try_with::up::basic_err ... ok
[INFO] [stdout] test tests::alloc_try_with::up::basic_ok ... ok
[INFO] [stdout] test tests::alloc_try_with::wat ... ok
[INFO] [stdout] test tests::allocator_api::up::grow ... ok
[INFO] [stdout] test tests::allocator_api::down::grow_last_in_place ... ok
[INFO] [stdout] test tests::alloc_try_with::up::basic_err_mut ... ok
[INFO] [stdout] test tests::append::append_mut_vec ... ok
[INFO] [stdout] test tests::append::append_fixed_vec ... ok
[INFO] [stdout] test tests::append::append_mut_vec_rev ... ok
[INFO] [stdout] test tests::allocator_api::up::grow_last_out_of_place ... ok
[INFO] [stdout] test tests::allocator_api::up::grow_last_in_place ... ok
[INFO] [stdout] test tests::bump_allocator::smoke_test ... ok
[INFO] [stdout] test tests::append::append_vec ... ok
[INFO] [stdout] test tests::bump_string::down::into_str_without_shrink ... ok
[INFO] [stdout] test tests::bump_string::down::shrinks ... ok
[INFO] [stdout] test tests::bump_string::down::deallocates ... ok
[INFO] [stdout] test tests::bump_string::up::deallocates ... ok
[INFO] [stdout] test tests::bump_string::down::into_str ... ok
[INFO] [stdout] test tests::bump_string::up::into_str ... ok
[INFO] [stdout] test tests::bump_string::up::into_str_without_shrink ... ok
[INFO] [stdout] test tests::bump_vec::down::deallocates ... ok
[INFO] [stdout] test tests::bump_vec::down::into_slice_without_shrink ... ok
[INFO] [stdout] test tests::bump_vec::down::into_slice ... ok
[INFO] [stdout] test tests::alloc_fmt::down::nothing ... ok
[INFO] [stdout] test tests::bump_vec::buf_reserve ... ok
[INFO] [stdout] test tests::bump_string::up::shrinks ... ok
[INFO] [stdout] test tests::allocator_api::down::grow_last_out_of_place ... ok
[INFO] [stdout] test tests::alloc_fmt::down::format_trait_panic - should panic ... ok
[INFO] [stdout] test tests::alloc_fmt::down::format_trait_panic_mut - should panic ... ok
[INFO] [stdout] test tests::alloc_fmt::up::format_trait_panic - should panic ... ok
[INFO] [stdout] test tests::alloc_fmt::down::trait_panic_mut - should panic ... ok
[INFO] [stdout] test tests::alloc_fmt::up::trait_panic - should panic ... ok
[INFO] [stdout] test tests::alloc_fmt::up::format_trait_panic_mut - should panic ... ok
[INFO] [stdout] test tests::bump_vec::down::shrinks ... ok
[INFO] [stdout] test tests::bump_vec::up::into_slice ... ok
[INFO] [stdout] test tests::bump_vec::up::into_slice_without_shrink ... ok
[INFO] [stdout] test tests::bump_vec::up::deallocates ... ok
[INFO] [stdout] test tests::alloc_fmt::up::trait_panic_mut - should panic ... ok
[INFO] [stdout] test tests::alloc_slice::up::overflow - should panic ... ok
[INFO] [stdout] test tests::alloc_fmt::down::trait_panic - should panic ... ok
[INFO] [stdout] test tests::alloc_slice::down::overflow - should panic ... ok
[INFO] [stdout] test tests::bump_vec::down::map_bigger_layout ... ok
[INFO] [stdout] test tests::bump_vec::down::map_from_zst ... ok
[INFO] [stdout] test tests::bump_vec::down::map_in_place_smaller_layout ... ok
[INFO] [stdout] test tests::bump_vec::up::map_smaller_layout ... ok
[INFO] [stdout] test tests::bump_vec::up::map_bigger_layout ... ok
[INFO] [stdout] test tests::bump_vec::up::shrinks ... ok
[INFO] [stdout] test tests::bump_vec_doc::down::capacity ... ok
[INFO] [stdout] test tests::bump_vec_doc::down::extend_from_within_copy ... ok
[INFO] [stdout] test tests::bump_vec_doc::down::from_array ... ok
[INFO] [stdout] test tests::bump_vec_doc::down::from_elem ... ok
[INFO] [stdout] test tests::bump_vec_doc::down::insert ... ok
[INFO] [stdout] test tests::bump_vec_doc::down::new ... ok
[INFO] [stdout] test tests::bump_vec_doc::down::remove ... ok
[INFO] [stdout] test tests::bump_vec_doc::down::resize ... ok
[INFO] [stdout] test tests::bump_vec_doc::down::resize_with ... ok
[INFO] [stdout] test tests::bump_vec_doc::down::swap_remove ... ok
[INFO] [stdout] test tests::bump_vec_doc::down::truncate ... ok
[INFO] [stdout] test tests::bump_vec_doc::up::capacity ... ok
[INFO] [stdout] test tests::bump_vec_doc::up::extend_from_within_copy ... ok
[INFO] [stdout] test tests::bump_vec_doc::up::from_array ... ok
[INFO] [stdout] test tests::bump_vec::up::map_from_zst_to_zst ... ok
[INFO] [stdout] test tests::bump_vec_doc::up::from_elem ... ok
[INFO] [stdout] test tests::bump_vec_doc::up::insert ... ok
[INFO] [stdout] test tests::bump_vec_doc::up::remove ... ok
[INFO] [stdout] test tests::bump_vec::up::map_in_place_from_zst_to_zst ... ok
[INFO] [stdout] test tests::bump_vec_doc::up::new ... ok
[INFO] [stdout] test tests::bump_vec_doc::up::resize ... ok
[INFO] [stdout] test tests::bump_vec::up::map_in_place_same_layout ... ok
[INFO] [stdout] test tests::bump_vec_doc::up::resize_with ... ok
[INFO] [stdout] test tests::bump_vec_doc::up::swap_remove ... ok
[INFO] [stdout] test tests::bump_vec_doc::up::truncate ... ok
[INFO] [stdout] test tests::chunk_size::aligned_allocator_issue_32 ... ok
[INFO] [stdout] test tests::down::alloc_iter ... ok
[INFO] [stdout] test tests::down::as_aligned ... ok
[INFO] [stdout] test tests::down::assert_send ... ok
[INFO] [stdout] test tests::down::aligned ... ok
[INFO] [stdout] test tests::down::bump_vec_shrink_cant ... ok
[INFO] [stdout] test tests::down::call_zst_creation_closures ... ok
[INFO] [stdout] test tests::down::deallocate_in_ltr ... ok
[INFO] [stdout] test tests::down::deallocate_in_rtl ... ok
[INFO] [stdout] test tests::down::default_chunk_size ... ok
[INFO] [stdout] test tests::down::macro_syntax ... ok
[INFO] [stdout] test tests::down::min_chunk_size ... ok
[INFO] [stdout] test tests::down::mut_bump_vec ... ok
[INFO] [stdout] test tests::down::mut_bump_vec_drop ... ok
[INFO] [stdout] test tests::down::mut_bump_vec_extend ... ok
[INFO] [stdout] test tests::down::mut_bump_vec_insert ... ok
[INFO] [stdout] test tests::bump_vec::up::map_same_layout ... ok
[INFO] [stdout] test tests::down::mut_bump_vec_push_pop ... ok
[INFO] [stdout] test tests::bump_vec::down::map_in_place_same_layout ... ok
[INFO] [stdout] test tests::down::alloc_zst ... ok
[INFO] [stdout] test tests::bump_vec::down::map_in_place_from_zst_to_zst ... ok
[INFO] [stdout] test tests::bump_vec::down::map_in_place_to_zst ... ok
[INFO] [stdout] test tests::down::mut_bump_vec_remove ... ok
[INFO] [stdout] test tests::down::mut_bump_vec_swap_remove ... ok
[INFO] [stdout] test tests::down::mut_bump_vec_write ... ok
[INFO] [stdout] test tests::down::realign ... ok
[INFO] [stdout] test tests::bump_vec::up::map_to_zst ... ok
[INFO] [stdout] test tests::down::reserve ... ok
[INFO] [stdout] test tests::bump_vec::down::map_smaller_layout ... ok
[INFO] [stdout] test tests::bump_vec::down::map_to_zst ... ok
[INFO] [stdout] test tests::bump_vec::up::map_from_zst ... ok
[INFO] [stdout] test tests::bump_vec::down::map_from_zst_to_zst ... ok
[INFO] [stdout] test tests::bump_vec::up::map_in_place_to_zst ... ok
[INFO] [stdout] test tests::bump_vec::down::map_same_layout ... ok
[INFO] [stdout] test tests::bump_vec::up::map_in_place_smaller_layout ... ok
[INFO] [stdout] test tests::down::bump_vec_shrink_can ... ok
[INFO] [stdout] test tests::down::reset_first_chunk ... ok
[INFO] [stdout] test tests::down::reset_last_chunk ... ok
[INFO] [stdout] test tests::down::reset_middle_chunk ... ok
[INFO] [stdout] test tests::down::reset_single_chunk ... ok
[INFO] [stdout] test tests::down::scope_by_closures ... ok
[INFO] [stdout] test tests::down::scope_by_guards ... ok
[INFO] [stdout] test tests::fixed_bump_vec::down::map_in_place_same_layout ... ok
[INFO] [stdout] test tests::from_std::bump_string::insert ... ok
[INFO] [stdout] test tests::from_std::bump_string::remove ... ok
[INFO] [stdout] test tests::from_std::bump_string::insert_bad2 - should panic ... ok
[INFO] [stdout] test tests::from_std::bump_string::test_add_assign ... ok
[INFO] [stdout] test tests::from_std::bump_string::test_drain ... ok
[INFO] [stdout] test tests::from_std::bump_string::remove_bad - should panic ... ok
[INFO] [stdout] test tests::fixed_bump_vec::down::map_in_place_smaller_layout ... ok
[INFO] [stdout] test tests::fixed_bump_vec::up::map_in_place_from_zst_to_zst ... ok
[INFO] [stdout] test tests::from_std::bump_string::test_extend_ref ... ok
[INFO] [stdout] test tests::from_std::bump_string::test_drain_start_overflow - should panic ... ok
[INFO] [stdout] test tests::from_std::bump_string::test_from_char ... ok
[INFO] [stdout] test tests::from_std::bump_string::test_from_iterator ... ok
[INFO] [stdout] test tests::from_std::bump_string::insert_bad1 - should panic ... ok
[INFO] [stdout] test tests::from_std::bump_string::test_from_utf16 ... ok
[INFO] [stdout] test tests::from_std::bump_string::test_from_utf8 ... ok
[INFO] [stdout] test tests::from_std::bump_string::test_from_utf16_lossy ... ok
[INFO] [stdout] test tests::from_std::bump_string::test_from_utf8_lossy ... ok
[INFO] [stdout] test tests::from_std::bump_string::test_pop ... ok
[INFO] [stdout] test tests::from_std::bump_string::test_push ... ok
[INFO] [stdout] test tests::fixed_bump_vec::down::map_in_place_from_zst_to_zst ... ok
[INFO] [stdout] test tests::from_std::bump_string::test_reserve ... ok
[INFO] [stdout] test tests::from_std::bump_string::test_into_boxed_str ... ok
[INFO] [stdout] test tests::from_std::bump_string::test_slicing ... ok
[INFO] [stdout] test tests::from_std::bump_string::test_simple_types ... ok
[INFO] [stdout] test tests::from_std::bump_string::test_split_off_ascii ... ok
[INFO] [stdout] test tests::from_std::bump_string::test_split_off_empty ... ok
[INFO] [stdout] test tests::from_std::bump_string::test_split_off_unicode ... ok
[INFO] [stdout] test tests::from_std::bump_string::test_str_add ... ok
[INFO] [stdout] test tests::fixed_bump_vec::up::map_in_place_to_zst ... ok
[INFO] [stdout] test tests::fixed_bump_vec::up::map_in_place_same_layout ... ok
[INFO] [stdout] test tests::fixed_bump_vec::up::map_in_place_smaller_layout ... ok
[INFO] [stdout] test tests::from_std::bump_string::test_drain_end_overflow - should panic ... ok
[INFO] [stdout] test tests::from_std::bump_string::test_push_bytes ... ok
[INFO] [stdout] test tests::from_std::bump_string::test_push_str ... ok
[INFO] [stdout] test tests::fixed_bump_vec::down::map_in_place_to_zst ... ok
[INFO] [stdout] test tests::from_std::bump_string::test_split_off_mid_char - should panic ... ok
[INFO] [stdout] test tests::from_std::bump_string::test_str_clear ... ok
[INFO] [stdout] test tests::from_std::bump_string::test_str_concat ... ok
[INFO] [stdout] test tests::from_std::bump_string::test_split_off_past_end - should panic ... ok
[INFO] [stdout] test tests::from_std::bump_string::test_str_truncate ... ok
[INFO] [stdout] test tests::from_std::bump_string::test_str_truncate_invalid_len ... ok
[INFO] [stdout] test tests::from_std::bump_string::test_utf16_invalid ... ok
[INFO] [stdout] test tests::from_std::bump_string::test_retain ... ok
[INFO] [stdout] test tests::from_std::bump_string::test_vectors ... ok
[INFO] [stdout] test tests::from_std::bump_vec::extract_if_complex ... ok
[INFO] [stdout] test tests::from_std::bump_string::test_str_truncate_split_codepoint - should panic ... ok
[INFO] [stdout] test tests::from_std::bump_vec::extract_if_empty ... ok
[INFO] [stdout] test tests::from_std::bump_vec::extract_if_false ... ok
[INFO] [stdout] test tests::from_std::bump_vec::extract_if_unconsumed ... ok
[INFO] [stdout] test tests::from_std::bump_vec::extract_if_zst ... ok
[INFO] [stdout] test tests::from_std::bump_vec::extract_if_unconsumed_panic ... ok
[INFO] [stdout] test tests::from_std::bump_vec::from_into_inner ... ok
[INFO] [stdout] test tests::from_std::bump_vec::partialeq_vec_full ... ok
[INFO] [stdout] test tests::from_std::bump_vec::test_append ... ok
[INFO] [stdout] test tests::from_std::bump_vec::test_cmp ... ok
[INFO] [stdout] test tests::from_std::bump_vec::test_drain_inclusive_range ... ok
[INFO] [stdout] test tests::from_std::bump_vec::test_drain_items ... ok
[INFO] [stdout] test tests::from_std::bump_vec::test_debug_fmt ... ok
[INFO] [stdout] test tests::from_std::bump_vec::test_drain_end_overflow - should panic ... ok
[INFO] [stdout] test tests::from_std::bump_vec::extract_if_consumed_panic ... ok
[INFO] [stdout] test tests::from_std::bump_vec::test_dedup ... ok
[INFO] [stdout] test tests::from_std::bump_vec::partialeq_vec_and_prim ... ok
[INFO] [stdout] test tests::from_std::bump_vec::test_dedup_unique ... ok
[INFO] [stdout] test tests::from_std::bump_vec::test_double_drop ... ok
[INFO] [stdout] test tests::from_std::bump_vec::test_dedup_by_key ... ok
[INFO] [stdout] test tests::from_std::bump_vec::test_drain_inclusive_out_of_bounds - should panic ... ok
[INFO] [stdout] test tests::from_std::bump_vec::test_drain_items_reverse ... ok
[INFO] [stdout] test tests::from_std::bump_vec::extract_if_true ... ok
[INFO] [stdout] test tests::from_std::bump_vec::test_drain_items_zero_sized ... ok
[INFO] [stdout] test tests::from_std::bump_vec::test_drain_index_overflow - should panic ... ok
[INFO] [stdout] test tests::from_std::bump_vec::test_drain_keep_rest ... ok
[INFO] [stdout] test tests::from_std::bump_vec::test_dedup_by ... ok
[INFO] [stdout] test tests::from_std::bump_vec::test_drain_empty_vec ... ok
[INFO] [stdout] test tests::from_std::bump_vec::test_drain_keep_rest_all ... ok
[INFO] [stdout] test tests::from_std::bump_vec::test_drain_max_vec_size ... ok
[INFO] [stdout] test tests::from_std::bump_vec::test_drain_leak ... ok
[INFO] [stdout] test tests::from_std::bump_vec::test_drain_out_of_bounds - should panic ... ok
[INFO] [stdout] test tests::from_std::bump_vec::test_drain_keep_rest_none ... ok
[INFO] [stdout] test tests::from_std::bump_vec::test_drain_range ... ok
[INFO] [stdout] test tests::from_std::bump_vec::test_extend_from_within_spec ... ok
[INFO] [stdout] test tests::from_std::bump_vec::test_drop_allocator ... ok
[INFO] [stdout] test tests::from_std::bump_vec::test_extend_from_slice ... ok
[INFO] [stdout] test tests::from_std::bump_vec::test_extend_from_within ... ok
[INFO] [stdout] test tests::from_std::bump_vec::test_extend_from_within_clone ... ok
[INFO] [stdout] test tests::from_std::bump_vec::test_extend_from_within_complete_rande ... ok
[INFO] [stdout] test tests::from_std::bump_vec::test_drain_start_overflow - should panic ... ok
[INFO] [stdout] test tests::from_std::bump_vec::test_extend ... ok
[INFO] [stdout] test tests::from_std::bump_vec::test_extend_from_within_empty_rande ... ok
[INFO] [stdout] test tests::from_std::bump_vec::test_extend_from_within_empty_vec ... ok
[INFO] [stdout] test tests::from_std::bump_vec::overaligned_allocations ... ok
[INFO] [stdout] test tests::from_std::bump_vec::test_extend_from_within_zst ... ok
[INFO] [stdout] test tests::from_std::bump_vec::test_extend_ref ... ok
[INFO] [stdout] test tests::from_std::bump_vec::test_index ... ok
[INFO] [stdout] test tests::from_std::bump_vec::test_indexing ... ok
[INFO] [stdout] test tests::from_std::bump_vec::test_into_boxed_slice ... ok
[INFO] [stdout] test tests::from_std::bump_vec::test_extend_from_within_panicking_clone ... ok
[INFO] [stdout] test tests::from_std::bump_vec::test_extend_from_within_out_of_rande - should panic ... ok
[INFO] [stdout] test tests::from_std::bump_vec::test_index_out_of_bounds - should panic ... ok
[INFO] [stdout] test tests::from_std::bump_vec::test_into_iter_as_mut_slice ... ok
[INFO] [stdout] test tests::from_std::bump_vec::test_into_iter_as_slice ... ok
[INFO] [stdout] test tests::from_std::bump_vec::test_into_flattened_size_overflow - should panic ... ok
[INFO] [stdout] test tests::from_std::bump_vec::test_into_iter_next_chunk ... ok
[INFO] [stdout] test tests::from_std::bump_vec::test_into_iter_zst ... ok
[INFO] [stdout] test tests::from_std::bump_vec::test_move_items ... ok
[INFO] [stdout] test tests::from_std::bump_vec::test_move_items_reverse ... ok
[INFO] [stdout] test tests::from_std::bump_vec::test_into_iter_leak ... ok
[INFO] [stdout] test tests::from_std::bump_vec::test_move_items_zero_sized ... ok
[INFO] [stdout] test tests::from_std::bump_vec::test_into_iter_count ... ok
[INFO] [stdout] test tests::from_std::bump_vec::test_into_iter_clone ... ok
[INFO] [stdout] test tests::from_std::bump_vec::test_partition ... ok
[INFO] [stdout] test tests::from_std::bump_vec::test_reserve ... ok
[INFO] [stdout] test tests::from_std::bump_vec::test_reserve_exact ... ok
[INFO] [stdout] test tests::from_std::bump_vec::test_into_iter_debug ... ok
[INFO] [stdout] test tests::from_std::bump_vec::test_retain_drop_panic ... ok
[INFO] [stdout] test tests::from_std::bump_vec::test_retain_maybeuninits ... ok
[INFO] [stdout] test tests::from_std::bump_vec::test_slice_out_of_bounds_2 - should panic ... ok
[INFO] [stdout] test tests::from_std::bump_vec::test_retain_predicate_order ... ok
[INFO] [stdout] test tests::from_std::bump_vec::test_slice_from_mut ... ok
[INFO] [stdout] test tests::from_std::bump_vec::test_slice_from_ref ... ok
[INFO] [stdout] test tests::from_std::bump_vec::test_into_iter_advance_by ... ok
[INFO] [stdout] test tests::from_std::bump_vec::test_push ... ok
[INFO] [stdout] test tests::from_std::bump_vec::test_retain_pred_panic_no_hole ... ok
[INFO] [stdout] test tests::from_std::bump_vec::test_slice_out_of_bounds_3 - should panic ... ok
[INFO] [stdout] test tests::from_std::bump_vec::test_slice_out_of_bounds_4 - should panic ... ok
[INFO] [stdout] test tests::from_std::bump_vec::test_retain_pred_panic_with_hole ... ok
[INFO] [stdout] test tests::from_std::bump_vec::test_slice_to_mut ... ok
[INFO] [stdout] test tests::from_std::bump_vec::test_small_vec_struct ... ok
[INFO] [stdout] test tests::from_std::bump_vec::test_slice_out_of_bounds_1 - should panic ... ok
[INFO] [stdout] test tests::from_std::bump_vec::test_splice ... ok
[INFO] [stdout] test tests::from_std::bump_vec::test_retain ... ok
[INFO] [stdout] test tests::from_std::bump_vec::test_slice_out_of_bounds_5 - should panic ... ok
[INFO] [stdout] test tests::from_std::bump_vec::test_splice_inclusive_range ... ok
[INFO] [stdout] test tests::from_std::bump_vec::test_splice_inclusive_out_of_bounds - should panic ... ok
[INFO] [stdout] test tests::from_std::bump_vec::test_splice_unbounded ... ok
[INFO] [stdout] test tests::from_std::bump_vec::test_split_at_mut ... ok
[INFO] [stdout] test tests::from_std::bump_vec::test_vec_dedup_by ... ok
[INFO] [stdout] test tests::from_std::bump_vec::test_vec_dedup_empty ... ok
[INFO] [stdout] test tests::from_std::bump_vec::test_vec_dedup_multiple_ident ... ok
[INFO] [stdout] test tests::from_std::bump_vec::test_swap_remove_empty - should panic ... ok
[INFO] [stdout] test tests::from_std::bump_vec::test_vec_dedup_one ... ok
[INFO] [stdout] test tests::from_std::bump_vec::test_vec_dedup_partialeq ... ok
[INFO] [stdout] test tests::from_std::bump_vec::test_zst_capacity ... ok
[INFO] [stdout] test tests::from_std::bump_vec::zero_sized_values ... ok
[INFO] [stdout] test tests::from_std::bump_vec::test_vec_dedup ... ok
[INFO] [stdout] test tests::from_std::bump_vec::test_vec_dedup_panicking ... ok
[INFO] [stdout] test tests::from_std::bump_vec::test_vec_swap ... ok
[INFO] [stdout] test tests::from_std::bump_vec::test_splice_items_zero_sized ... ok
[INFO] [stdout] test tests::from_std::bump_vec::test_vec_macro_repeat ... ok
[INFO] [stdout] test tests::from_std::mut_bump_vec::extract_if_empty ... ok
[INFO] [stdout] test tests::from_std::mut_bump_vec::extract_if_false ... ok
[INFO] [stdout] test tests::from_std::mut_bump_vec::extract_if_true ... ok
[INFO] [stdout] test tests::from_std::mut_bump_vec::extract_if_zst ... ok
[INFO] [stdout] test tests::from_std::mut_bump_vec::extract_if_complex ... ok
[INFO] [stdout] test tests::from_std::bump_vec::test_vec_truncate_drop ... ok
[INFO] [stdout] test tests::from_std::bump_vec::test_splice_forget ... ok
[INFO] [stdout] test tests::from_std::mut_bump_vec::overaligned_allocations ... ok
[INFO] [stdout] test tests::from_std::bump_vec::test_zero_sized_capacity ... ok
[INFO] [stdout] test tests::from_std::mut_bump_vec::partialeq_vec_and_prim ... ok
[INFO] [stdout] test tests::from_std::bump_vec::test_splice_out_of_bounds - should panic ... ok
[INFO] [stdout] test tests::from_std::bump_vec::test_stable_pointers ... ok
[INFO] [stdout] test tests::from_std::bump_vec::test_zero_sized_vec_push ... ok
[INFO] [stdout] test tests::from_std::bump_vec::test_vec_truncate_fail - should panic ... ok
[INFO] [stdout] test tests::from_std::mut_bump_vec::extract_if_unconsumed ... ok
[INFO] [stdout] test tests::from_std::mut_bump_vec::partialeq_vec_full ... ok
[INFO] [stdout] test tests::from_std::mut_bump_vec::test_append ... ok
[INFO] [stdout] test tests::from_std::mut_bump_vec::test_cmp ... ok
[INFO] [stdout] test tests::from_std::mut_bump_vec::test_debug_fmt ... ok
[INFO] [stdout] test tests::from_std::mut_bump_vec::test_dedup ... ok
[INFO] [stdout] test tests::from_std::mut_bump_vec::test_dedup_by ... ok
[INFO] [stdout] test tests::from_std::mut_bump_vec::test_dedup_by_key ... ok
[INFO] [stdout] test tests::from_std::mut_bump_vec::from_into_inner ... ok
[INFO] [stdout] test tests::from_std::mut_bump_vec::test_double_drop ... ok
[INFO] [stdout] test tests::from_std::mut_bump_vec::test_drain_inclusive_range ... ok
[INFO] [stdout] test tests::from_std::mut_bump_vec::test_drain_items_zero_sized ... ok
[INFO] [stdout] test tests::from_std::mut_bump_vec::test_drain_items ... ok
[INFO] [stdout] test tests::from_std::mut_bump_vec::test_drain_keep_rest ... ok
[INFO] [stdout] test tests::from_std::mut_bump_vec::test_drain_keep_rest_none ... ok
[INFO] [stdout] test tests::from_std::mut_bump_vec::test_drain_range ... ok
[INFO] [stdout] test tests::from_std::mut_bump_vec::test_dedup_unique ... ok
[INFO] [stdout] test tests::from_std::mut_bump_vec::test_drop_allocator ... ok
[INFO] [stdout] test tests::from_std::mut_bump_vec::test_drain_max_vec_size ... ok
[INFO] [stdout] test tests::from_std::mut_bump_vec::test_extend_from_slice ... ok
[INFO] [stdout] test tests::from_std::mut_bump_vec::test_extend_from_within_clone ... ok
[INFO] [stdout] test tests::from_std::mut_bump_vec::test_drain_items_reverse ... ok
[INFO] [stdout] test tests::from_std::mut_bump_vec::test_extend_from_within ... ok
[INFO] [stdout] test tests::from_std::mut_bump_vec::test_drain_empty_vec ... ok
[INFO] [stdout] test tests::from_std::mut_bump_vec::test_extend ... ok
[INFO] [stdout] test tests::from_std::mut_bump_vec::test_extend_from_within_complete_rande ... ok
[INFO] [stdout] test tests::from_std::mut_bump_vec::test_drain_keep_rest_all ... ok
[INFO] [stdout] test tests::from_std::mut_bump_vec::test_extend_from_within_empty_rande ... ok
[INFO] [stdout] test tests::from_std::mut_bump_vec::test_extend_from_within_empty_vec ... ok
[INFO] [stdout] test tests::from_std::mut_bump_vec::test_extend_from_within_spec ... ok
[INFO] [stdout] test tests::from_std::mut_bump_vec::test_extend_from_within_zst ... ok
[INFO] [stdout] test tests::from_std::mut_bump_vec::test_extend_ref ... ok
[INFO] [stdout] test tests::from_std::mut_bump_vec::test_index ... ok
[INFO] [stdout] test tests::from_std::mut_bump_vec::test_indexing ... ok
[INFO] [stdout] test tests::from_std::mut_bump_vec::test_into_boxed_slice ... ok
[INFO] [stdout] test tests::from_std::mut_bump_vec::test_into_iter_advance_by ... ok
[INFO] [stdout] test tests::from_std::mut_bump_vec::test_into_iter_as_slice ... ok
[INFO] [stdout] test tests::from_std::mut_bump_vec::test_into_iter_as_mut_slice ... ok
[INFO] [stdout] test tests::from_std::mut_bump_vec::test_into_iter_clone ... ok
[INFO] [stdout] test tests::from_std::mut_bump_vec::test_into_iter_debug ... ok
[INFO] [stdout] test tests::from_std::mut_bump_vec::test_into_iter_next_chunk ... ok
[INFO] [stdout] test tests::from_std::mut_bump_vec::test_into_iter_count ... ok
[INFO] [stdout] test tests::from_std::mut_bump_vec::test_move_items ... ok
[INFO] [stdout] test tests::from_std::mut_bump_vec::test_into_iter_zst ... ok
[INFO] [stdout] test tests::from_std::mut_bump_vec::test_move_items_reverse ... ok
[INFO] [stdout] test tests::from_std::mut_bump_vec::test_move_items_zero_sized ... ok
[INFO] [stdout] test tests::from_std::mut_bump_vec::test_push ... ok
[INFO] [stdout] test tests::from_std::mut_bump_vec::test_reserve ... ok
[INFO] [stdout] test tests::from_std::mut_bump_vec::test_reserve_exact ... ok
[INFO] [stdout] test tests::from_std::mut_bump_vec::test_retain ... ok
[INFO] [stdout] test tests::from_std::mut_bump_vec::test_partition ... ok
[INFO] [stdout] test tests::from_std::mut_bump_vec::test_retain_maybeuninits ... ok
[INFO] [stdout] test tests::from_std::mut_bump_vec::test_retain_predicate_order ... ok
[INFO] [stdout] test tests::from_std::mut_bump_vec::test_slice_from_mut ... ok
[INFO] [stdout] test tests::from_std::mut_bump_vec::test_slice_from_ref ... ok
[INFO] [stdout] test tests::from_std::mut_bump_vec::test_drain_end_overflow - should panic ... ok
[INFO] [stdout] test tests::from_std::mut_bump_vec::test_drain_inclusive_out_of_bounds - should panic ... ok
[INFO] [stdout] test tests::from_std::mut_bump_vec::test_drain_leak ... ok
[INFO] [stdout] test tests::from_std::mut_bump_vec::test_drain_out_of_bounds - should panic ... ok
[INFO] [stdout] test tests::from_std::mut_bump_vec::test_drain_start_overflow - should panic ... ok
[INFO] [stdout] test tests::from_std::mut_bump_vec::test_drain_index_overflow - should panic ... ok
[INFO] [stdout] test tests::from_std::mut_bump_vec::test_extend_from_within_out_of_rande - should panic ... ok
[INFO] [stdout] test tests::from_std::mut_bump_vec::test_slice_out_of_bounds_1 - should panic ... ok
[INFO] [stdout] test tests::from_std::mut_bump_vec::test_slice_out_of_bounds_2 - should panic ... ok
[INFO] [stdout] test tests::from_std::mut_bump_vec::test_small_vec_struct ... ok
[INFO] [stdout] test tests::from_std::mut_bump_vec::test_slice_out_of_bounds_3 - should panic ... ok
[INFO] [stdout] test tests::from_std::mut_bump_vec::test_split_at_mut ... ok
[INFO] [stdout] test tests::from_std::mut_bump_vec::test_slice_to_mut ... ok
[INFO] [stdout] test tests::from_std::mut_bump_vec::test_vec_dedup_empty ... ok
[INFO] [stdout] test tests::from_std::mut_bump_vec::test_stable_pointers ... ok
[INFO] [stdout] test tests::from_std::mut_bump_vec::test_index_out_of_bounds - should panic ... ok
[INFO] [stdout] test tests::from_std::mut_bump_vec::test_vec_dedup_by ... ok
[INFO] [stdout] test tests::from_std::mut_bump_vec::test_vec_dedup_multiple_ident ... ok
[INFO] [stdout] test tests::from_std::mut_bump_vec::test_into_flattened_size_overflow - should panic ... ok
[INFO] [stdout] test tests::from_std::mut_bump_vec::test_into_iter_leak ... ok
[INFO] [stdout] test tests::from_std::mut_bump_vec::test_vec_dedup_one ... ok
[INFO] [stdout] test tests::from_std::mut_bump_vec::test_vec_dedup_partialeq ... ok
[INFO] [stdout] test tests::from_std::mut_bump_vec::test_vec_swap ... ok
[INFO] [stdout] test tests::from_std::mut_bump_vec::test_retain_drop_panic ... ok
[INFO] [stdout] test tests::from_std::mut_bump_vec::test_vec_macro_repeat ... ok
[INFO] [stdout] test tests::from_std::mut_bump_vec::test_vec_dedup ... ok
[INFO] [stdout] test tests::from_std::mut_bump_vec::test_vec_truncate_drop ... ok
[INFO] [stdout] test tests::from_std::mut_bump_vec::test_retain_pred_panic_no_hole ... ok
[INFO] [stdout] test tests::from_std::mut_bump_vec::test_retain_pred_panic_with_hole ... ok
[INFO] [stdout] test tests::from_std::mut_bump_vec::test_extend_from_within_panicking_clone ... ok
[INFO] [stdout] test tests::from_std::mut_bump_vec::test_zero_sized_capacity ... ok
[INFO] [stdout] test tests::from_std::mut_bump_vec::test_zst_capacity ... ok
[INFO] [stdout] test tests::from_std::mut_bump_vec::test_zero_sized_vec_push ... ok
[INFO] [stdout] test tests::from_std::mut_bump_vec::test_slice_out_of_bounds_4 - should panic ... ok
[INFO] [stdout] test tests::from_std::mut_bump_vec::test_slice_out_of_bounds_5 - should panic ... ok
[INFO] [stdout] test tests::from_std::mut_bump_vec::test_swap_remove_empty - should panic ... ok
[INFO] [stdout] test tests::from_std::mut_bump_vec::zero_sized_values ... ok
[INFO] [stdout] test tests::from_std::mut_bump_vec_rev::from_into_inner ... ok
[INFO] [stdout] test tests::from_std::mut_bump_vec_rev::test_append ... ok
[INFO] [stdout] test tests::from_std::mut_bump_vec_rev::test_debug_fmt ... ok
[INFO] [stdout] test tests::from_std::mut_bump_vec::test_vec_truncate_fail - should panic ... ok
[INFO] [stdout] test tests::from_std::mut_bump_vec::test_vec_dedup_panicking ... ok
[INFO] [stdout] test tests::from_std::mut_bump_vec_rev::test_drop_allocator ... ok
[INFO] [stdout] test tests::from_std::mut_bump_vec_rev::partialeq_vec_and_prim ... ok
[INFO] [stdout] test tests::from_std::mut_bump_vec_rev::test_double_drop ... ok
[INFO] [stdout] test tests::from_std::mut_bump_vec_rev::overaligned_allocations ... ok
[INFO] [stdout] test tests::from_std::mut_bump_vec_rev::partialeq_vec_full ... ok
[INFO] [stdout] test tests::from_std::mut_bump_vec_rev::test_extend ... ok
[INFO] [stdout] test tests::from_std::mut_bump_vec_rev::test_cmp ... ok
[INFO] [stdout] test tests::from_std::mut_bump_vec_rev::test_extend_from_slice ... ok
[INFO] [stdout] test tests::from_std::mut_bump_vec_rev::test_extend_from_within ... ok
[INFO] [stdout] test tests::from_std::mut_bump_vec_rev::test_extend_from_within_clone ... ok
[INFO] [stdout] test tests::from_std::mut_bump_vec_rev::test_extend_from_within_complete_rande ... ok
[INFO] [stdout] test tests::from_std::mut_bump_vec_rev::test_extend_from_within_empty_rande ... ok
[INFO] [stdout] test tests::from_std::mut_bump_vec_rev::test_extend_from_within_empty_vec ... ok
[INFO] [stdout] test tests::from_std::mut_bump_vec_rev::test_extend_from_within_spec ... ok
[INFO] [stdout] test tests::from_std::mut_bump_vec_rev::test_extend_from_within_zst ... ok
[INFO] [stdout] test tests::from_std::mut_bump_vec_rev::test_extend_ref ... ok
[INFO] [stdout] test tests::from_std::mut_bump_vec_rev::test_indexing ... ok
[INFO] [stdout] test tests::from_std::mut_bump_vec_rev::test_into_boxed_slice ... ok
[INFO] [stdout] test tests::from_std::mut_bump_vec_rev::test_into_iter_advance_by ... ok
[INFO] [stdout] test tests::from_std::mut_bump_vec_rev::test_into_iter_as_mut_slice ... ok
[INFO] [stdout] test tests::from_std::mut_bump_vec_rev::test_into_iter_as_slice ... ok
[INFO] [stdout] test tests::from_std::mut_bump_vec_rev::test_into_iter_clone ... ok
[INFO] [stdout] test tests::from_std::mut_bump_vec_rev::test_into_iter_count ... ok
[INFO] [stdout] test tests::from_std::mut_bump_vec_rev::test_into_iter_debug ... ok
[INFO] [stdout] test tests::from_std::mut_bump_vec_rev::test_into_iter_next_chunk ... ok
[INFO] [stdout] test tests::from_std::mut_bump_vec_rev::test_into_iter_zst ... ok
[INFO] [stdout] test tests::from_std::mut_bump_vec_rev::test_move_items ... ok
[INFO] [stdout] test tests::from_std::mut_bump_vec_rev::test_move_items_reverse ... ok
[INFO] [stdout] test tests::from_std::mut_bump_vec_rev::test_move_items_zero_sized ... ok
[INFO] [stdout] test tests::from_std::mut_bump_vec_rev::test_partition ... ok
[INFO] [stdout] test tests::from_std::mut_bump_vec_rev::test_reserve ... ok
[INFO] [stdout] test tests::from_std::mut_bump_vec_rev::test_slice_from_mut ... ok
[INFO] [stdout] test tests::from_std::mut_bump_vec_rev::test_slice_from_ref ... ok
[INFO] [stdout] test tests::from_std::mut_bump_vec_rev::test_slice_to_mut ... ok
[INFO] [stdout] test tests::from_std::mut_bump_vec_rev::test_small_vec_struct ... ok
[INFO] [stdout] test tests::from_std::mut_bump_vec_rev::test_split_at_mut ... ok
[INFO] [stdout] test tests::from_std::mut_bump_vec_rev::test_vec_macro_repeat ... ok
[INFO] [stdout] test tests::from_std::mut_bump_vec_rev::test_vec_swap ... ok
[INFO] [stdout] test tests::from_std::mut_bump_vec_rev::test_vec_truncate_drop ... ok
[INFO] [stdout] test tests::from_std::mut_bump_vec_rev::test_zero_sized_capacity ... ok
[INFO] [stdout] test tests::from_std::mut_bump_vec_rev::test_zst_capacity ... ok
[INFO] [stdout] test tests::from_std::mut_bump_vec_rev::test_push ... ok
[INFO] [stdout] test tests::from_std::mut_bump_vec_rev::zero_sized_values ... ok
[INFO] [stdout] test tests::from_std::mut_bump_vec_rev::test_zero_sized_vec_push ... ok
[INFO] [stdout] test tests::from_std::rc_bump_vec::extract_if_complex ... ok
[INFO] [stdout] test tests::from_std::mut_bump_vec_rev::test_index ... ok
[INFO] [stdout] test tests::from_std::rc_bump_vec::extract_if_empty ... ok
[INFO] [stdout] test tests::from_std::rc_bump_vec::extract_if_false ... ok
[INFO] [stdout] test tests::from_std::rc_bump_vec::extract_if_true ... ok
[INFO] [stdout] test tests::from_std::rc_bump_vec::extract_if_unconsumed ... ok
[INFO] [stdout] test tests::from_std::rc_bump_vec::from_into_inner ... ok
[INFO] [stdout] test tests::from_std::rc_bump_vec::extract_if_unconsumed_panic ... ok
[INFO] [stdout] test tests::from_std::rc_bump_vec::extract_if_zst ... ok
[INFO] [stdout] test tests::from_std::rc_bump_vec::partialeq_vec_and_prim ... ok
[INFO] [stdout] test tests::from_std::rc_bump_vec::test_append ... ok
[INFO] [stdout] test tests::from_std::rc_bump_vec::partialeq_vec_full ... ok
[INFO] [stdout] test tests::from_std::rc_bump_vec::test_cmp ... ok
[INFO] [stdout] test tests::from_std::rc_bump_vec::test_debug_fmt ... ok
[INFO] [stdout] test tests::from_std::rc_bump_vec::test_dedup ... ok
[INFO] [stdout] test tests::from_std::mut_bump_vec_rev::test_extend_from_within_out_of_rande - should panic ... ok
[INFO] [stdout] test tests::from_std::mut_bump_vec_rev::test_into_flattened_size_overflow - should panic ... ok
[INFO] [stdout] test tests::from_std::rc_bump_vec::test_dedup_by ... ok
[INFO] [stdout] test tests::from_std::mut_bump_vec_rev::test_into_iter_leak ... ok
[INFO] [stdout] test tests::from_std::rc_bump_vec::test_dedup_by_key ... ok
[INFO] [stdout] test tests::from_std::rc_bump_vec::test_dedup_unique ... ok
[INFO] [stdout] test tests::from_std::rc_bump_vec::test_double_drop ... ok
[INFO] [stdout] test tests::from_std::rc_bump_vec::test_drain_inclusive_range ... ok
[INFO] [stdout] test tests::from_std::rc_bump_vec::test_drain_items ... ok
[INFO] [stdout] test tests::from_std::rc_bump_vec::overaligned_allocations ... ok
[INFO] [stdout] test tests::from_std::rc_bump_vec::test_drain_items_zero_sized ... ok
[INFO] [stdout] test tests::from_std::rc_bump_vec::test_drain_keep_rest ... ok
[INFO] [stdout] test tests::from_std::rc_bump_vec::test_drain_keep_rest_all ... ok
[INFO] [stdout] test tests::from_std::rc_bump_vec::test_drain_empty_vec ... ok
[INFO] [stdout] test tests::from_std::rc_bump_vec::test_drain_keep_rest_none ... ok
[INFO] [stdout] test tests::from_std::rc_bump_vec::test_drain_max_vec_size ... ok
[INFO] [stdout] test tests::from_std::rc_bump_vec::test_drain_items_reverse ... ok
[INFO] [stdout] test tests::from_std::rc_bump_vec::test_drain_range ... ok
[INFO] [stdout] test tests::from_std::rc_bump_vec::test_drain_end_overflow - should panic ... ok
[INFO] [stdout] test tests::from_std::mut_bump_vec_rev::test_index_out_of_bounds - should panic ... ok
[INFO] [stdout] test tests::from_std::mut_bump_vec_rev::test_slice_out_of_bounds_5 - should panic ... ok
[INFO] [stdout] test tests::from_std::mut_bump_vec_rev::test_slice_out_of_bounds_4 - should panic ... ok
[INFO] [stdout] test tests::from_std::mut_bump_vec_rev::test_slice_out_of_bounds_1 - should panic ... ok
[INFO] [stdout] test tests::from_std::mut_bump_vec_rev::test_slice_out_of_bounds_2 - should panic ... ok
[INFO] [stdout] test tests::from_std::rc_bump_vec::test_extend ... ok
[INFO] [stdout] test tests::from_std::rc_bump_vec::test_extend_from_slice ... ok
[INFO] [stdout] test tests::from_std::rc_bump_vec::test_extend_from_within_clone ... ok
[INFO] [stdout] test tests::from_std::rc_bump_vec::test_extend_from_within_complete_rande ... ok
[INFO] [stdout] test tests::from_std::mut_bump_vec_rev::test_swap_remove_empty - should panic ... ok
[INFO] [stdout] test tests::from_std::rc_bump_vec::test_extend_from_within ... ok
[INFO] [stdout] test tests::from_std::mut_bump_vec_rev::test_vec_truncate_fail - should panic ... ok
[INFO] [stdout] test tests::from_std::mut_bump_vec_rev::test_slice_out_of_bounds_3 - should panic ... ok
[INFO] [stdout] test tests::from_std::rc_bump_vec::test_drop_allocator ... ok
[INFO] [stdout] test tests::from_std::rc_bump_vec::test_drain_index_overflow - should panic ... ok
[INFO] [stdout] test tests::from_std::rc_bump_vec::extract_if_consumed_panic ... ok
[INFO] [stdout] test tests::from_std::rc_bump_vec::test_drain_inclusive_out_of_bounds - should panic ... ok
[INFO] [stdout] test tests::from_std::rc_bump_vec::test_drain_leak ... ok
[INFO] [stdout] test tests::from_std::mut_bump_vec_rev::test_extend_from_within_panicking_clone ... ok
[INFO] [stdout] test tests::from_std::rc_bump_vec::test_drain_out_of_bounds - should panic ... ok
[INFO] [stdout] test tests::from_std::rc_bump_vec::test_drain_start_overflow - should panic ... ok
[INFO] [stdout] test tests::from_std::rc_bump_vec::test_extend_from_within_empty_rande ... ok
[INFO] [stdout] test tests::from_std::rc_bump_vec::test_extend_from_within_empty_vec ... ok
[INFO] [stdout] test tests::from_std::rc_bump_vec::test_extend_from_within_zst ... ok
[INFO] [stdout] test tests::from_std::rc_bump_vec::test_extend_from_within_out_of_rande - should panic ... ok
[INFO] [stdout] test tests::from_std::rc_bump_vec::test_extend_from_within_spec ... ok
[INFO] [stdout] test tests::from_std::rc_bump_vec::test_extend_ref ... ok
[INFO] [stdout] test tests::from_std::rc_bump_vec::test_extend_from_within_panicking_clone ... ok
[INFO] [stdout] test tests::from_std::rc_bump_vec::test_into_boxed_slice ... ok
[INFO] [stdout] test tests::from_std::rc_bump_vec::test_indexing ... ok
[INFO] [stdout] test tests::from_std::rc_bump_vec::test_into_iter_advance_by ... ok
[INFO] [stdout] test tests::from_std::rc_bump_vec::test_into_iter_as_mut_slice ... ok
[INFO] [stdout] test tests::from_std::rc_bump_vec::test_into_iter_as_slice ... ok
[INFO] [stdout] test tests::from_std::rc_bump_vec::test_into_iter_count ... ok
[INFO] [stdout] test tests::from_std::rc_bump_vec::test_into_iter_debug ... ok
[INFO] [stdout] test tests::from_std::rc_bump_vec::test_index ... ok
[INFO] [stdout] test tests::from_std::rc_bump_vec::test_into_iter_clone ... ok
[INFO] [stdout] test tests::from_std::rc_bump_vec::test_into_iter_next_chunk ... ok
[INFO] [stdout] test tests::from_std::rc_bump_vec::test_index_out_of_bounds - should panic ... ok
[INFO] [stdout] test tests::from_std::rc_bump_vec::test_into_iter_leak ... ok
[INFO] [stdout] test tests::from_std::rc_bump_vec::test_into_flattened_size_overflow - should panic ... ok
[INFO] [stdout] test tests::from_std::rc_bump_vec::test_into_iter_zst ... ok
[INFO] [stdout] test tests::from_std::rc_bump_vec::test_move_items ... ok
[INFO] [stdout] test tests::from_std::rc_bump_vec::test_move_items_reverse ... ok
[INFO] [stdout] test tests::from_std::rc_bump_vec::test_move_items_zero_sized ... ok
[INFO] [stdout] test tests::from_std::rc_bump_vec::test_partition ... ok
[INFO] [stdout] test tests::from_std::rc_bump_vec::test_reserve_exact ... ok
[INFO] [stdout] test tests::from_std::rc_bump_vec::test_reserve ... ok
[INFO] [stdout] test tests::from_std::rc_bump_vec::test_retain_maybeuninits ... ok
[INFO] [stdout] test tests::from_std::rc_bump_vec::test_retain_predicate_order ... ok
[INFO] [stdout] test tests::from_std::rc_bump_vec::test_slice_from_mut ... ok
[INFO] [stdout] test tests::from_std::rc_bump_vec::test_slice_from_ref ... ok
[INFO] [stdout] test tests::from_std::rc_bump_vec::test_retain_drop_panic ... ok
[INFO] [stdout] test tests::from_std::rc_bump_vec::test_slice_out_of_bounds_2 - should panic ... ok
[INFO] [stdout] test tests::from_std::rc_bump_vec::test_splice_forget ... ok
[INFO] [stdout] test tests::from_std::rc_bump_vec::test_splice ... ok
[INFO] [stdout] test tests::from_std::rc_bump_vec::test_retain ... ok
[INFO] [stdout] test tests::from_std::rc_bump_vec::test_retain_pred_panic_with_hole ... ok
[INFO] [stdout] test tests::from_std::rc_bump_vec::test_slice_to_mut ... ok
[INFO] [stdout] test tests::from_std::rc_bump_vec::test_small_vec_struct ... ok
[INFO] [stdout] test tests::from_std::rc_bump_vec::test_slice_out_of_bounds_4 - should panic ... ok
[INFO] [stdout] test tests::from_std::rc_bump_vec::test_splice_inclusive_range ... ok
[INFO] [stdout] test tests::from_std::rc_bump_vec::test_slice_out_of_bounds_1 - should panic ... ok
[INFO] [stdout] test tests::from_std::rc_bump_vec::test_retain_pred_panic_no_hole ... ok
[INFO] [stdout] test tests::from_std::rc_bump_vec::test_splice_inclusive_out_of_bounds - should panic ... ok
[INFO] [stdout] test tests::from_std::rc_bump_vec::test_slice_out_of_bounds_5 - should panic ... ok
[INFO] [stdout] test tests::from_std::rc_bump_vec::test_slice_out_of_bounds_3 - should panic ... ok
[INFO] [stdout] test tests::from_std::rc_bump_vec::test_push ... ok
[INFO] [stdout] test tests::from_std::rc_bump_vec::test_stable_pointers ... ok
[INFO] [stdout] test tests::from_std::rc_bump_vec::test_vec_dedup_by ... ok
[INFO] [stdout] test tests::from_std::rc_bump_vec::test_splice_items_zero_sized ... ok
[INFO] [stdout] test tests::from_std::rc_bump_vec::test_vec_dedup_empty ... ok
[INFO] [stdout] test tests::from_std::rc_bump_vec::test_vec_dedup_multiple_ident ... ok
[INFO] [stdout] test tests::from_std::rc_bump_vec::test_vec_dedup ... ok
[INFO] [stdout] test tests::from_std::rc_bump_vec::test_vec_macro_repeat ... ok
[INFO] [stdout] test tests::from_std::rc_bump_vec::test_vec_truncate_drop ... ok
[INFO] [stdout] test tests::from_std::rc_bump_vec::test_vec_swap ... ok
[INFO] [stdout] test tests::from_std::rc_bump_vec::test_zero_sized_vec_push ... ok
[INFO] [stdout] test tests::from_std::rc_bump_vec::test_zero_sized_capacity ... ok
[INFO] [stdout] test tests::from_std::rc_bump_vec::test_vec_dedup_panicking ... ok
[INFO] [stdout] test tests::from_std::rc_bump_vec::test_vec_dedup_partialeq ... ok
[INFO] [stdout] test tests::from_std::rc_bump_vec::zero_sized_values ... ok
[INFO] [stdout] test tests::from_std::rc_bump_vec::test_zst_capacity ... ok
[INFO] [stdout] test tests::from_std::rc_bump_vec::test_vec_truncate_fail - should panic ... ok
[INFO] [stdout] test tests::grow_vec::grow_vec ... ok
[INFO] [stdout] test tests::grow_vec::grow_mut_vec_rev ... ok
[INFO] [stdout] test tests::io_write::io_write_vec ... ok
[INFO] [stdout] test tests::mut_bump_vec_doc::down::insert ... ok
[INFO] [stdout] test tests::mut_bump_vec_doc::down::new ... ok
[INFO] [stdout] test tests::mut_bump_vec_doc::down::resize_with ... ok
[INFO] [stdout] test tests::grow_vec::grow_mut_vec ... ok
[INFO] [stdout] test tests::io_write::io_write_mut_vec ... ok
[INFO] [stdout] test tests::mut_bump_vec_doc::down::from_elem ... ok
[INFO] [stdout] test tests::io_write::io_write_fixed_vec ... ok
[INFO] [stdout] test tests::mut_bump_vec_doc::down::truncate ... ok
[INFO] [stdout] test tests::mut_bump_vec_doc::up::capacity ... ok
[INFO] [stdout] test tests::mut_bump_vec_doc::down::resize ... ok
[INFO] [stdout] test tests::mut_bump_vec_doc::up::extend_from_within_copy ... ok
[INFO] [stdout] test tests::mut_bump_vec_doc::up::from_array ... ok
[INFO] [stdout] test tests::mut_bump_vec_doc::up::from_elem ... ok
[INFO] [stdout] test tests::mut_bump_vec_doc::up::insert ... ok
[INFO] [stdout] test tests::mut_bump_vec_doc::up::new ... ok
[INFO] [stdout] test tests::mut_bump_vec_doc::up::remove ... ok
[INFO] [stdout] test tests::mut_bump_vec_doc::up::resize ... ok
[INFO] [stdout] test tests::min_non_zero_cap ... ok
[INFO] [stdout] test tests::mut_bump_vec_doc::down::capacity ... ok
[INFO] [stdout] test tests::mut_bump_vec_doc::down::extend_from_within_copy ... ok
[INFO] [stdout] test tests::from_std::rc_bump_vec::test_splice_out_of_bounds - should panic ... ok
[INFO] [stdout] test tests::from_std::rc_bump_vec::test_splice_unbounded ... ok
[INFO] [stdout] test tests::from_std::rc_bump_vec::test_split_at_mut ... ok
[INFO] [stdout] test tests::from_std::rc_bump_vec::test_swap_remove_empty - should panic ... ok
[INFO] [stdout] test tests::from_std::rc_bump_vec::test_vec_dedup_one ... ok
[INFO] [stdout] test tests::mut_bump_vec_doc::up::resize_with ... ok
[INFO] [stdout] test tests::mut_bump_vec_doc::up::swap_remove ... ok
[INFO] [stdout] test tests::mut_bump_vec_doc::up::truncate ... ok
[INFO] [stdout] test tests::mut_bump_vec_rev_doc::down::capacity ... ok
[INFO] [stdout] test tests::mut_bump_vec_rev_doc::down::extend_from_within_copy ... ok
[INFO] [stdout] test tests::mut_bump_vec_doc::down::from_array ... ok
[INFO] [stdout] test tests::mut_bump_vec_rev_doc::down::from_array ... ok
[INFO] [stdout] test tests::mut_bump_vec_rev_doc::down::from_elem ... ok
[INFO] [stdout] test tests::mut_bump_vec_rev_doc::down::insert ... ok
[INFO] [stdout] test tests::mut_bump_vec_rev_doc::down::new ... ok
[INFO] [stdout] test tests::mut_bump_vec_rev_doc::down::remove ... ok
[INFO] [stdout] test tests::mut_bump_vec_rev_doc::down::resize ... ok
[INFO] [stdout] test tests::mut_bump_vec_rev_doc::down::resize_with ... ok
[INFO] [stdout] test tests::mut_bump_vec_rev_doc::down::swap_remove ... ok
[INFO] [stdout] test tests::mut_bump_vec_doc::down::remove ... ok
[INFO] [stdout] test tests::mut_bump_vec_rev_doc::down::truncate ... ok
[INFO] [stdout] test tests::mut_bump_vec_doc::down::swap_remove ... ok
[INFO] [stdout] test tests::mut_bump_vec_rev_doc::up::extend_from_within_copy ... ok
[INFO] [stdout] test tests::mut_bump_vec_rev_doc::up::from_array ... ok
[INFO] [stdout] test tests::mut_bump_vec_rev_doc::up::insert ... ok
[INFO] [stdout] test tests::mut_bump_vec_rev_doc::up::new ... ok
[INFO] [stdout] test tests::mut_bump_vec_rev_doc::up::remove ... ok
[INFO] [stdout] test tests::mut_bump_vec_rev_doc::up::resize ... ok
[INFO] [stdout] test tests::mut_bump_vec_rev_doc::up::swap_remove ... ok
[INFO] [stdout] test tests::mut_bump_vec_rev_doc::up::truncate ... ok
[INFO] [stdout] test tests::mut_collections_do_not_waste_space::down::vec_rev ... ok
[INFO] [stdout] test tests::mut_collections_do_not_waste_space::up::vec ... ok
[INFO] [stdout] test tests::mut_collections_do_not_waste_space::up::vec_rev ... ok
[INFO] [stdout] test tests::mut_collections_do_not_waste_space::down::vec ... ok
[INFO] [stdout] test tests::panic_safety::init_clone::zst ... ok
[INFO] [stdout] test tests::panic_safety::mut_bump_vec_extend_from_slice::zst ... ok
[INFO] [stdout] test tests::panic_safety::init_clone::non_zst ... ok
[INFO] [stdout] test tests::panic_safety::init_fill_with::non_zst ... ok
[INFO] [stdout] test tests::mut_bump_vec_rev_doc::up::from_elem ... ok
[INFO] [stdout] test tests::mut_bump_vec_rev_doc::up::resize_with ... ok
[INFO] [stdout] test tests::panic_safety::into_iter::non_zst ... ok
[INFO] [stdout] test tests::panic_safety::init_fill_with::zst ... ok
[INFO] [stdout] test tests::mut_bump_vec_rev_doc::up::capacity ... ok
[INFO] [stdout] test tests::panic_safety::bump_vec_extend_from_slice::non_zst ... ok
[INFO] [stdout] test tests::panic_safety::init_fill::zst ... ok
[INFO] [stdout] test tests::panic_safety::mut_bump_vec_from_elem_in::zst ... ok
[INFO] [stdout] test tests::panic_safety::init_fill::non_zst ... ok
[INFO] [stdout] test tests::pool::down::scope ... ok
[INFO] [stdout] test tests::panic_safety::mut_bump_vec_from_elem_in::non_zst ... ok
[INFO] [stdout] test tests::split_off::boxed_slice_split_off_zst ... ok
[INFO] [stdout] test tests::split_off::boxed_slice_split_off ... ok
[INFO] [stdout] test tests::pool::up::scope ... ok
[INFO] [stdout] test tests::split_off::boxed_str_split_off ... ok
[INFO] [stdout] test tests::split_off::string_alternative_using_drain ... ok
[INFO] [stdout] test tests::split_off::string_split_off ... ok
[INFO] [stdout] test tests::split_off::boxed_str_split_off_panic_front - should panic ... ok
[INFO] [stdout] test tests::split_off::boxed_str_split_off_panic_back - should panic ... ok
[INFO] [stdout] test tests::split_off::boxed_str_split_off_panic_middle_end - should panic ... ok
[INFO] [stdout] test tests::split_off::string_compare_to_std ... ok
[INFO] [stdout] test tests::split_off::vec_alternative_using_drain ... ok
[INFO] [stdout] test tests::split_off::vec_split_off_zst ... ok
[INFO] [stdout] test tests::unaligned_collection::down::bump_vec ... ok
[INFO] [stdout] test tests::unaligned_collection::down::mut_bump_vec ... ok
[INFO] [stdout] test tests::unaligned_collection::down::mut_bump_vec_rev ... ok
[INFO] [stdout] test tests::split_off::vec_split_off ... ok
[INFO] [stdout] test tests::unaligned_collection::up::bump_vec ... ok
[INFO] [stdout] test tests::split_off::vec_compare_to_std ... ok
[INFO] [stdout] test tests::unaligned_collection::up::mut_bump_vec_rev ... ok
[INFO] [stdout] test tests::unaligned_collection::up::mut_bump_vec ... ok
[INFO] [stdout] test tests::split_off::string_split_off_panic_back - should panic ... ok
[INFO] [stdout] test tests::panic_safety::into_iter::zst ... ok
[INFO] [stdout] test tests::panic_safety::mut_bump_vec_rev_extend_from_slice::non_zst ... ok
[INFO] [stdout] test tests::panic_safety::bump_vec_extend_from_slice::zst ... ok
[INFO] [stdout] test tests::panic_safety::mut_bump_vec_rev_extend_from_slice::zst ... ok
[INFO] [stdout] test tests::split_off::boxed_str_split_off_panic_middle_start - should panic ... ok
[INFO] [stdout] test tests::panic_safety::mut_bump_vec_extend_from_slice::non_zst ... ok
[INFO] [stdout] test tests::split_off::string_split_off_panic_middle_start - should panic ... ok
[INFO] [stdout] test tests::unallocated::allocated ... ok
[INFO] [stdout] test tests::unallocated::allocated_by_usage ... ok
[INFO] [stdout] test tests::split_off::string_split_off_panic_front - should panic ... ok
[INFO] [stdout] test tests::up::alloc_iter ... ok
[INFO] [stdout] test tests::unallocated::guaranteed_allocated ... ok
[INFO] [stdout] test tests::split_off::string_split_off_panic_middle_end - should panic ... ok
[INFO] [stdout] test tests::unallocated::unallocated ... ok
[INFO] [stdout] test tests::unallocated::allocated_reserve_bytes ... ok
[INFO] [stdout] test tests::pool::up::rayon ... ok
[INFO] [stdout] test tests::up::aligned ... ok
[INFO] [stdout] test tests::unallocated::unallocated_reserve_bytes ... ok
[INFO] [stdout] test tests::up::as_aligned ... ok
[INFO] [stdout] test tests::up::alloc_zst ... ok
[INFO] [stdout] test tests::up::assert_send ... ok
[INFO] [stdout] test tests::pool::down::rayon ... ok
[INFO] [stdout] test tests::up::bump_vec_shrink_can ... ok
[INFO] [stdout] test tests::up::bump_vec_shrink_cant ... ok
[INFO] [stdout] test tests::up::mut_bump_vec_write ... ok
[INFO] [stdout] test tests::up::call_zst_creation_closures ... ok
[INFO] [stdout] test tests::up::deallocate_in_rtl ... ok
[INFO] [stdout] test tests::up::default_chunk_size ... ok
[INFO] [stdout] test tests::up::macro_syntax ... ok
[INFO] [stdout] test tests::up::min_chunk_size ... ok
[INFO] [stdout] test tests::up::mut_bump_vec ... ok
[INFO] [stdout] test tests::up::mut_bump_vec_drop ... ok
[INFO] [stdout] test tests::up::mut_bump_vec_extend ... ok
[INFO] [stdout] test tests::up::mut_bump_vec_insert ... ok
[INFO] [stdout] test tests::up::mut_bump_vec_push_pop ... ok
[INFO] [stdout] test tests::up::mut_bump_vec_remove ... ok
[INFO] [stdout] test tests::up::mut_bump_vec_swap_remove ... ok
[INFO] [stdout] test tests::up::deallocate_in_ltr ... ok
[INFO] [stdout] test tests::up::reset_first_chunk ... ok
[INFO] [stdout] test tests::up::reset_last_chunk ... ok
[INFO] [stdout] test tests::up::realign ... ok
[INFO] [stdout] test tests::up::reset_single_chunk ... ok
[INFO] [stdout] test tests::up::scope_by_closures ... ok
[INFO] [stdout] test tests::vec::down::shrink ... ok
[INFO] [stdout] test tests::vec::down::shrinknt ... ok
[INFO] [stdout] test tests::up::scope_by_guards ... ok
[INFO] [stdout] test tests::vec::up::shrink ... ok
[INFO] [stdout] test tests::vec::up::shrinknt ... ok
[INFO] [stdout] test tests::up::reserve ... ok
[INFO] [stdout] test tests::vec_of_strings ... ok
[INFO] [stdout] test tests::vec::down::grow ... ok
[INFO] [stdout] test tests::up::reset_middle_chunk ... ok
[INFO] [stdout] test tests::zero_capacity ... ok
[INFO] [stdout] test tests::vec::up::grow ... ok
[INFO] [stdout] 
[INFO] [stdout] test result: ok. 734 passed; 0 failed; 1 ignored; 0 measured; 0 filtered out; finished in 0.43s
[INFO] [stdout] 
[INFO] [stderr]      Running tests/compile_fail.rs (/opt/rustwide/target/debug/deps/compile_fail-3874249d791fe341)
[INFO] [stdout] 
[INFO] [stdout] running 1 test
[INFO] [stderr]    Compiling proc-macro2 v1.0.92
[INFO] [stderr]    Compiling unicode-ident v1.0.12
[INFO] [stderr]    Compiling crossbeam-utils v0.8.19
[INFO] [stderr]    Compiling serde v1.0.217
[INFO] [stderr]    Compiling autocfg v1.2.0
[INFO] [stderr]     Checking cfg-if v1.0.0
[INFO] [stderr]    Compiling rayon-core v1.12.1
[INFO] [stderr]    Compiling serde_json v1.0.115
[INFO] [stderr]     Checking either v1.10.0
[INFO] [stderr]    Compiling libc v0.2.153
[INFO] [stderr]     Checking anstyle v1.0.6
[INFO] [stderr]     Checking plotters-backend v0.3.5
[INFO] [stderr]     Checking ryu v1.0.17
[INFO] [stderr]    Compiling rustversion v1.0.19
[INFO] [stderr]     Checking ciborium-io v0.2.2
[INFO] [stderr]     Checking itoa v1.0.11
[INFO] [stderr]     Checking half v2.4.0
[INFO] [stderr]     Checking clap_lex v0.7.0
[INFO] [stderr]     Checking regex-syntax v0.8.3
[INFO] [stderr]     Checking cast v0.3.0
[INFO] [stderr]     Checking once_cell v1.19.0
[INFO] [stderr]     Checking allocator-api2 v0.2.21
[INFO] [stderr]     Checking same-file v1.0.6
[INFO] [stderr]     Checking plotters-svg v0.3.5
[INFO] [stderr]     Checking itertools v0.10.5
[INFO] [stderr]     Checking clap_builder v4.5.2
[INFO] [stderr]     Checking oorandom v11.1.3
[INFO] [stderr]     Checking sptr v0.3.2
[INFO] [stderr]     Checking walkdir v2.5.0
[INFO] [stderr]     Checking dissimilar v1.0.7
[INFO] [stderr]    Compiling litrs v0.4.1
[INFO] [stderr]     Checking foldhash v0.1.3
[INFO] [stderr]     Checking ciborium-ll v0.2.2
[INFO] [stderr]     Checking anes v0.1.6
[INFO] [stderr]     Checking equivalent v1.0.1
[INFO] [stderr]     Checking bumpalo v3.16.0
[INFO] [stderr]     Checking expect-test v1.4.1
[INFO] [stderr]     Checking hashbrown v0.15.2
[INFO] [stderr]    Compiling num-traits v0.2.18
[INFO] [stderr]     Checking crossbeam-epoch v0.9.18
[INFO] [stderr]     Checking regex-automata v0.4.6
[INFO] [stderr]     Checking crossbeam-deque v0.8.5
[INFO] [stderr]    Compiling document-features v0.2.8
[INFO] [stderr]    Compiling quote v1.0.35
[INFO] [stderr]     Checking bump-scope v0.16.0 (/opt/rustwide/workdir)
[INFO] [stderr]    Compiling syn v2.0.94
[INFO] [stderr]     Checking is-terminal v0.4.12
[INFO] [stderr]     Checking clap v4.5.4
[INFO] [stderr]     Checking rayon v1.10.0
[INFO] [stderr]     Checking criterion-plot v0.5.0
[INFO] [stderr]     Checking regex v1.10.4
[INFO] [stderr]     Checking plotters v0.3.5
[INFO] [stderr]    Compiling serde_derive v1.0.217
[INFO] [stderr]     Checking ciborium v0.2.2
[INFO] [stderr]     Checking tinytemplate v1.2.1
[INFO] [stderr]     Checking criterion v0.5.1
[INFO] [stderr]     Checking bump-scope-tests v0.0.0 (/opt/rustwide/target/tests/trybuild/bump-scope)
[INFO] [stderr]     Finished `dev` profile [unoptimized + debuginfo] target(s) in 19.15s
[INFO] [stderr] 
[INFO] [stderr] 
[INFO] [stderr] test tests/compile_fail/escape_closure.rs ... ok
[INFO] [stderr] test tests/compile_fail/escape_closure_scope.rs ... ok
[INFO] [stderr] test tests/compile_fail/escape_guard.rs ... ok
[INFO] [stderr] test tests/compile_fail/escape_guard_scope.rs ... ok
[INFO] [stderr] test tests/compile_fail/multiple_scopes.rs ... ok
[INFO] [stderr] test tests/compile_fail/unsize_to_different_lifetime.rs ... ok
[INFO] [stderr] 
[INFO] [stderr] 
[INFO] [stdout] test mustnt_compile ... ok
[INFO] [stdout] 
[INFO] [stdout] test result: ok. 1 passed; 0 failed; 0 ignored; 0 measured; 0 filtered out; finished in 19.75s
[INFO] [stdout] 
[INFO] [stderr]      Running tests/limit_memory_usage.rs (/opt/rustwide/target/debug/deps/limit_memory_usage-3cdcb1e857ca3799)
[INFO] [stdout] 
[INFO] [stdout] running 1 test
[INFO] [stdout] test main ... ok
[INFO] [stdout] 
[INFO] [stdout] test result: ok. 1 passed; 0 failed; 0 ignored; 0 measured; 0 filtered out; finished in 0.00s
[INFO] [stdout] 
[INFO] [stderr]      Running tests/static_memory.rs (/opt/rustwide/target/debug/deps/static_memory-60858d2a4c5f0269)
[INFO] [stdout] 
[INFO] [stdout] running 1 test
[INFO] [stdout] test main ... ok
[INFO] [stdout] 
[INFO] [stdout] test result: ok. 1 passed; 0 failed; 0 ignored; 0 measured; 0 filtered out; finished in 0.00s
[INFO] [stdout] 
[INFO] [stderr]      Running tests/thread_local.rs (/opt/rustwide/target/debug/deps/thread_local-8923d7b974cba4ae)
[INFO] [stdout] 
[INFO] [stdout] running 1 test
[INFO] [stderr]    Doc-tests bump_scope
[INFO] [stdout] test main ... ok
[INFO] [stdout] 
[INFO] [stdout] test result: ok. 1 passed; 0 failed; 0 ignored; 0 measured; 0 filtered out; finished in 0.00s
[INFO] [stdout] 
[INFO] [stdout] 
[INFO] [stdout] running 554 tests
[INFO] [stdout] test src/bump.rs - bump::Bump (line 306) - compile fail ... ok
[INFO] [stdout] test src/bump.rs - bump::Bump (line 240) - compile ... ok
[INFO] [stdout] test src/bump.rs - bump::Bump<A,MIN_ALIGN,UP,GUARANTEED_ALLOCATED>::guaranteed_allocated (line 891) - compile fail ... ok
[INFO] [stdout] test src/bump.rs - bump::Bump<A,MIN_ALIGN,UP,GUARANTEED_ALLOCATED>::guaranteed_allocated_mut (line 995) - compile fail ... ok
[INFO] [stdout] test src/bump.rs - bump::Bump<A,MIN_ALIGN,UP,GUARANTEED_ALLOCATED>::try_guaranteed_allocated (line 927) - compile fail ... ok
[INFO] [stdout] test src/bump.rs - bump::Bump<A,MIN_ALIGN,UP,GUARANTEED_ALLOCATED>::try_guaranteed_allocated_mut (line 1030) - compile fail ... ok
[INFO] [stdout] test src/bump.rs - bump::Bump (line 317) ... ok
[INFO] [stdout] test src/bump.rs - bump::Bump<A,MIN_ALIGN,UP,GUARANTEED_ALLOCATED>::new_in (line 652) ... ok
[INFO] [stdout] test src/bump.rs - bump::Bump<A,MIN_ALIGN,UP,GUARANTEED_ALLOCATED>::guaranteed_allocated_mut (line 1006) ... ok
[INFO] [stdout] test src/bump.rs - bump::Bump<A,MIN_ALIGN,UP,GUARANTEED_ALLOCATED>::try_new (line 302) ... ok
[INFO] [stdout] test src/bump.rs - bump::Bump<A,MIN_ALIGN,UP,GUARANTEED_ALLOCATED>::try_new_in (line 652) ... ok
[INFO] [stdout] test src/bump.rs - bump::Bump<A,MIN_ALIGN,UP,GUARANTEED_ALLOCATED>::new (line 302) ... ok
[INFO] [stdout] test src/bump.rs - bump::Bump (line 230) ... ok
[INFO] [stdout] test src/bump.rs - bump::Bump<A,MIN_ALIGN,UP,GUARANTEED_ALLOCATED>::try_guaranteed_allocated (line 938) ... ok
[INFO] [stdout] test src/bump.rs - bump::Bump<A,MIN_ALIGN,UP,GUARANTEED_ALLOCATED>::into_raw (line 1088) ... ok
[INFO] [stdout] test src/bump.rs - bump::Bump<A,MIN_ALIGN,UP,GUARANTEED_ALLOCATED>::reset (line 777) ... ok
[INFO] [stdout] test src/bump.rs - bump::Bump (line 220) ... ok
[INFO] [stdout] test src/bump.rs - bump::Bump<A,MIN_ALIGN,UP,GUARANTEED_ALLOCATED>::try_with_size (line 311) ... ok
[INFO] [stdout] test src/bump.rs - bump::Bump<A,MIN_ALIGN,UP,GUARANTEED_ALLOCATED>::guaranteed_allocated (line 902) ... ok
[INFO] [stdout] test src/bump.rs - bump::Bump<A,MIN_ALIGN,UP,GUARANTEED_ALLOCATED>::try_guaranteed_allocated_mut (line 1041) ... ok
[INFO] [stdout] test src/bump.rs - bump::Bump<A,MIN_ALIGN,UP,GUARANTEED_ALLOCATED>::with_size (line 311) ... ok
[INFO] [stdout] test src/bump.rs - bump::Bump<A,MIN_ALIGN,UP,GUARANTEED_ALLOCATED>::try_with_capacity_in (line 652) ... ok
[INFO] [stdout] test src/bump.rs - bump::Bump<A,MIN_ALIGN,UP,GUARANTEED_ALLOCATED>::with_capacity_in (line 652) ... ok
[INFO] [stdout] test src/bump_allocator_scope.rs - bump_allocator_scope::BumpAllocatorScope (line 13) ... ok
[INFO] [stdout] test src/bump.rs - bump::Bump<A,MIN_ALIGN,UP,false>::unallocated (line 273) ... ok
[INFO] [stdout] test src/bump.rs - bump::Bump<A,MIN_ALIGN,UP,GUARANTEED_ALLOCATED>::try_with_capacity (line 302) ... ok
[INFO] [stdout] test src/bump.rs - bump::Bump<A,MIN_ALIGN,UP,GUARANTEED_ALLOCATED>::with_size_in (line 661) ... ok
[INFO] [stdout] test src/bump.rs - bump::Bump<A,MIN_ALIGN,UP,GUARANTEED_ALLOCATED>::try_with_size_in (line 661) ... ok
[INFO] [stdout] test src/bump.rs - bump::Bump<A,MIN_ALIGN,UP,GUARANTEED_ALLOCATED>::with_capacity (line 302) ... ok
[INFO] [stdout] test src/bump.rs - bump::Bump<A,MIN_ALIGN,UP>::checkpoint (line 591) ... ok
[INFO] [stdout] test src/bump.rs - bump::Bump<A,MIN_ALIGN,UP>::aligned (line 486) ... ok
[INFO] [stdout] test src/bump.rs - bump::Bump<A,MIN_ALIGN,UP>::aligned (line 522) ... ok
[INFO] [stdout] test src/bump.rs - bump::Bump<A,MIN_ALIGN,UP>::reset_to (line 619) ... ok
[INFO] [stdout] test src/bump_box.rs - bump_box::BumpBox (line 94) ... ok
[INFO] [stdout] test src/bump_box.rs - bump_box::BumpBox<'a,T>::deallocate_in (line 293) ... ok
[INFO] [stdout] test src/bump.rs - bump::Bump<A,MIN_ALIGN,UP>::scope_guard (line 568) ... ok
[INFO] [stdout] test src/bump_box.rs - bump_box::BumpBox<'a,MaybeUninit<T>>::init (line 1029) ... ok
[INFO] [stdout] test src/bump.rs - bump::Bump<A,MIN_ALIGN,UP>::scoped (line 413) ... ok
[INFO] [stdout] test src/bump.rs - bump::Bump<A,MIN_ALIGN,UP>::scoped_aligned (line 434) ... ok
[INFO] [stdout] test src/bump_box.rs - bump_box::BumpBox<'a,T>::leak (line 318) ... ok
[INFO] [stdout] test src/bump_box.rs - bump_box::BumpBox<'a,T>::from_raw (line 391) ... ok
[INFO] [stdout] test src/bump_box.rs - bump_box::BumpBox<'a,T>::from_raw (line 375) ... ok
[INFO] [stdout] test src/bump_box.rs - bump_box::BumpBox<'a,T>::into_inner (line 428) ... ok
[INFO] [stdout] test src/bump_box.rs - bump_box::BumpBox<'a,T>::into_raw (line 348) ... ok
[INFO] [stdout] test src/bump_box.rs - bump_box::BumpBox<'a,[MaybeUninit<T>]>::init_fill_with (line 1111) ... ok
[INFO] [stdout] test src/bump_box.rs - bump_box::BumpBox<'a,T>::into_box (line 270) ... ok
[INFO] [stdout] test src/bump_box.rs - bump_box::BumpBox<'a,[T]>::dedup (line 2189) ... ok
[INFO] [stdout] test src/bump_box.rs - bump_box::BumpBox<'a,[T;N]>::into_unsized (line 2475) ... ok
[INFO] [stdout] test src/bump_box.rs - bump_box::BumpBox<'a,[T]>::map_in_place (line 2408) - compile fail ... ok
[INFO] [stdout] test src/bump_box.rs - bump_box::BumpBox<'a,[MaybeUninit<T>]>::init_fill (line 1071) ... ok
[INFO] [stdout] test src/bump_box.rs - bump_box::BumpBox<'a,[T]>::clear (line 1322) ... ok
[INFO] [stdout] test src/bump_box.rs - bump_box::BumpBox<'a,[MaybeUninit<T>]>::init_fill_iter (line 1138) ... ok
[INFO] [stdout] test src/bump_box.rs - bump_box::BumpBox<'a,[T]>::map_in_place (line 2399) ... ok
[INFO] [stdout] test src/bump_box.rs - bump_box::BumpBox<'a,[T]>::dedup_by_key (line 2213) ... ok
[INFO] [stdout] test src/bump_box.rs - bump_box::BumpBox<'a,[T]>::partition (line 2365) ... ok
[INFO] [stdout] test src/bump_box.rs - bump_box::BumpBox<'a,[T]>::dedup_by (line 2242) ... ok
[INFO] [stdout] test src/bump_box.rs - bump_box::BumpBox<'a,[T]>::map_in_place (line 2389) ... ok
[INFO] [stdout] test src/bump_box.rs - bump_box::BumpBox<'a,[T]>::extract_if (line 2134) ... ok
[INFO] [stdout] test src/bump_box.rs - bump_box::BumpBox<'a,[T]>::extract_if (line 2162) ... ok
[INFO] [stdout] test src/bump_box.rs - bump_box::BumpBox<'a,[T]>::split_at_unchecked (line 1769) ... ok
[INFO] [stdout] test src/bump_box.rs - bump_box::BumpBox<'a,[T]>::merge (line 1902) ... ok
[INFO] [stdout] test src/bump_box.rs - bump_box::BumpBox<'a,[T]>::drain (line 2102) ... ok
[INFO] [stdout] test src/bump_box.rs - bump_box::BumpBox<'a,[T]>::split_first (line 1822) ... ok
[INFO] [stdout] test src/bump_box.rs - bump_box::BumpBox<'a,[T]>::retain (line 1971) ... ok
[INFO] [stdout] test src/bump_box.rs - bump_box::BumpBox<'a,[T]>::split_off (line 1602) ... ok
[INFO] [stdout] test src/bump_box.rs - bump_box::BumpBox<'a,[T]>::split_at (line 1703) ... ok
[INFO] [stdout] test src/bump_box.rs - bump_box::BumpBox<'a,[T]>::remove (line 1495) ... ok
[INFO] [stdout] test src/bump_box.rs - bump_box::BumpBox<'a,[T]>::swap_remove (line 1548) ... ok
[INFO] [stdout] test src/bump_box.rs - bump_box::BumpBox<'a,[T]>::split_last (line 1860) ... ok
[INFO] [stdout] test src/bump_box.rs - bump_box::BumpBox<'a,[T]>::truncate (line 1360) ... ok
[INFO] [stdout] test src/bump_box.rs - bump_box::BumpBox<'a,str>::clear (line 781) ... ok
[INFO] [stdout] test src/bump_box.rs - bump_box::BumpBox<'a,[T]>::truncate (line 1372) ... ok
[INFO] [stdout] test src/bump_box.rs - bump_box::BumpBox<'a,str>::drain (line 980) ... ok
[INFO] [stdout] test src/bump_scope.rs - bump_scope::BumpScope<'a,A,MIN_ALIGN,UP,GUARANTEED_ALLOCATED>::into_aligned (line 710) ... ignored
[INFO] [stdout] test src/bump_box.rs - bump_box::BumpBox<'a,[[T;N]]>::into_flattened (line 2505) ... ok
[INFO] [stdout] test src/bump_box.rs - bump_box::unsize_bump_box (line 203) ... FAILED
[INFO] [stdout] test src/bump_box.rs - bump_box::BumpBox<'a,str>::from_utf8 (line 500) ... ok
[INFO] [stdout] test src/bump_box.rs - bump_box::BumpBox<'a,str>::from_utf8_unchecked (line 532) ... ok
[INFO] [stdout] test src/bump_box.rs - bump_box::BumpBox<'a,[T]>::truncate (line 1384) ... ok
[INFO] [stdout] test src/bump_box.rs - bump_box::BumpBox<'a,str>::pop (line 725) ... ok
[INFO] [stdout] test src/bump_box.rs - bump_box::unsize_bump_box (line 187) ... ok
[INFO] [stdout] test src/bump_box.rs - bump_box::BumpBox<'a,str>::retain (line 894) ... ok
[INFO] [stdout] test src/bump_box.rs - bump_box::BumpBox<'a,str>::from_utf8 (line 487) ... ok
[INFO] [stdout] test src/bump_box.rs - bump_box::BumpBox<'a,str>::truncate (line 760) ... ok
[INFO] [stdout] test src/bump_box.rs - bump_box::BumpBox<'a,str>::retain (line 881) ... ok
[INFO] [stdout] test src/bump_box.rs - bump_box::BumpBox<'a,str>::remove (line 848) ... ok
[INFO] [stdout] test src/bump_scope.rs - bump_scope::BumpScope<'a,A,MIN_ALIGN,UP>::checkpoint (line 297) ... ok
[INFO] [stdout] test src/bump_scope.rs - bump_scope::BumpScope<'a,A,MIN_ALIGN,UP>::scope_guard (line 274) ... ok
[INFO] [stdout] test src/bump_scope.rs - bump_scope::BumpScope<'a,A,MIN_ALIGN,UP>::reset_to (line 325) ... ok
[INFO] [stdout] test src/bump_scope.rs - bump_scope::BumpScope<'a,A,MIN_ALIGN,UP>::aligned (line 224) ... ok
[INFO] [stdout] test src/bump_box.rs - bump_box::BumpBox<'a,str>::split_off (line 623) ... ok
[INFO] [stdout] test src/bump_scope.rs - bump_scope::BumpScope<'a,A,MIN_ALIGN,UP>::scoped (line 111) ... ok
[INFO] [stdout] test src/bump_scope.rs - bump_scope::BumpScope<'a,A,MIN_ALIGN,UP>::aligned (line 188) ... ok
[INFO] [stdout] test src/bump_string.rs - bump_string::BumpString (line 86) ... ok
[INFO] [stdout] test src/bump_string.rs - bump_string::BumpString<A>::drain (line 520) ... ok
[INFO] [stdout] test src/bump_string.rs - bump_string::BumpString<A>::clear (line 388) ... ok
[INFO] [stdout] test src/bump_string.rs - bump_string::BumpString (line 112) ... ok
[INFO] [stdout] test src/bump_string.rs - bump_string::BumpString (line 95) ... ok
[INFO] [stdout] test src/bump_string.rs - bump_string::BumpString<A> (line 1679) ... ok
[INFO] [stdout] test src/bump_scope.rs - bump_scope::BumpScope<'a,A,MIN_ALIGN,UP>::scoped_aligned (line 132) ... ok
[INFO] [stdout] test src/bump_pool.rs - bump_pool::BumpPool (line 91) ... ok
[INFO] [stdout] test src/bump_string.rs - bump_string::BumpString<A>::extend_from_within (line 588) ... ok
[INFO] [stdout] test src/bump_string.rs - bump_string::BumpString<A> (line 1668) ... ok
[INFO] [stdout] test src/bump_string.rs - bump_string::BumpString<A>::from_str_in (line 585) ... ok
[INFO] [stdout] test src/bump_string.rs - bump_string::BumpString<A>::from_utf16_in (line 586) ... ok
[INFO] [stdout] test src/bump_pool.rs - bump_pool::BumpPool (line 115) ... ok
[INFO] [stdout] test src/bump_string.rs - bump_string::BumpString<A>::from_parts (line 1410) ... ok
[INFO] [stdout] test src/bump_string.rs - bump_string::BumpString<A>::extend_zeroed (line 585) ... ok
[INFO] [stdout] test src/bump_string.rs - bump_string::BumpString<A>::from_utf16_lossy_in (line 588) ... ok
[INFO] [stdout] test src/bump_string.rs - bump_string::BumpString<A> (line 1690) ... ok
[INFO] [stdout] test src/bump_string.rs - bump_string::BumpString<A>::from_utf8_unchecked (line 224) ... ok
[INFO] [stdout] test src/bump_string.rs - bump_string::BumpString<A>::from_utf8 (line 177) ... ok
[INFO] [stdout] test src/bump_string.rs - bump_string::BumpString<A>::from_utf8 (line 190) ... ok
[INFO] [stdout] test src/bump_string.rs - bump_string::BumpString<A>::from_utf8_lossy_in (line 604) ... ok
[INFO] [stdout] test src/bump_string.rs - bump_string::BumpString<A>::insert (line 591) ... ok
[INFO] [stdout] test src/bump_string.rs - bump_string::BumpString<A>::pop (line 365) ... ok
[INFO] [stdout] test src/bump_string.rs - bump_string::BumpString<A>::from_utf8_lossy_in (line 617) ... ok
[INFO] [stdout] test src/bump_string.rs - bump_string::BumpString<A>::reserve (line 605) ... ok
[INFO] [stdout] test src/bump_string.rs - bump_string::BumpString<A>::reserve (line 593) ... ok
[INFO] [stdout] test src/bump_string.rs - bump_string::BumpString<A>::into_cstr (line 1356) ... ok
[INFO] [stdout] test src/bump_string.rs - bump_string::BumpString<A>::push_str (line 585) ... ok
[INFO] [stdout] test src/bump_string.rs - bump_string::BumpString<A>::into_bytes (line 274) ... ok
[INFO] [stdout] test src/bump_string.rs - bump_string::BumpString<A>::remove (line 445) ... ok
[INFO] [stdout] test src/bump_string.rs - bump_string::BumpString<A>::into_parts (line 1433) ... ok
[INFO] [stdout] test src/bump_string.rs - bump_string::BumpString<A>::insert_str (line 591) ... ok
[INFO] [stdout] test src/bump_string.rs - bump_string::BumpString<A>::reserve_exact (line 608) ... ok
[INFO] [stdout] test src/bump_string.rs - bump_string::BumpString<A>::reserve_exact (line 596) ... ok
[INFO] [stdout] test src/bump_string.rs - bump_string::BumpString<A>::retain (line 468) ... ok
[INFO] [stdout] test src/bump_string.rs - bump_string::BumpString<A>::push (line 585) ... ok
[INFO] [stdout] test src/bump_string.rs - bump_string::BumpString<A>::try_extend_from_within (line 588) ... ok
[INFO] [stdout] test src/bump_string.rs - bump_string::BumpString<A>::truncate (line 419) ... ok
[INFO] [stdout] test src/bump_string.rs - bump_string::BumpString<A>::split_off (line 299) ... ok
[INFO] [stdout] test src/bump_string.rs - bump_string::BumpString<A>::try_extend_zeroed (line 585) ... ok
[INFO] [stdout] test src/bump_string.rs - bump_string::BumpString<A>::try_from_utf16_lossy_in (line 588) ... ok
[INFO] [stdout] test src/bump_string.rs - bump_string::BumpString<A>::shrink_to_fit (line 1273) ... ok
[INFO] [stdout] test src/bump_string.rs - bump_string::BumpString<A>::retain (line 481) ... ok
[INFO] [stdout] test src/bump_string.rs - bump_string::BumpString<A>::split_off (line 323) ... ok
[INFO] [stdout] test src/bump_string.rs - bump_string::BumpString<A>::try_from_utf8_lossy_in (line 604) ... ok
[INFO] [stdout] test src/bump_string.rs - bump_string::BumpString<A>::try_from_str_in (line 585) ... ok
[INFO] [stdout] test src/bump_string.rs - bump_string::BumpString<A>::try_from_utf8_lossy_in (line 618) ... ok
[INFO] [stdout] test src/bump_string.rs - bump_string::BumpString<A>::try_insert (line 591) ... ok
[INFO] [stdout] test src/bump_string.rs - bump_string::BumpString<A>::try_push (line 585) ... ok
[INFO] [stdout] test src/bump_string.rs - bump_string::BumpString<A>::try_insert_str (line 591) ... ok
[INFO] [stdout] test src/bump_string.rs - bump_string::BumpString<A>::try_reserve (line 593) ... ok
[INFO] [stdout] test src/bump_string.rs - bump_string::BumpString<A>::try_from_utf16_in (line 586) ... ok
[INFO] [stdout] test src/bump_string.rs - bump_string::BumpString<A>::try_reserve_exact (line 596) ... ok
[INFO] [stdout] test src/bump_string.rs - bump_string::BumpString<A>::try_push_str (line 585) ... ok
[INFO] [stdout] test src/bump_vec.rs - bump_vec::BumpVec (line 153) ... ok
[INFO] [stdout] test src/bump_string.rs - bump_string::BumpString<A>::try_reserve_exact (line 609) ... ok
[INFO] [stdout] test src/bump_vec.rs - bump_vec::BumpVec<T,A>::capacity (line 449) ... ok
[INFO] [stdout] test src/bump_vec.rs - bump_vec::BumpVec (line 128) ... ok
[INFO] [stdout] test src/bump_string.rs - bump_string::BumpString<A>::try_reserve (line 606) ... ok
[INFO] [stdout] test src/bump_string.rs - bump_string::BumpString<A>::try_into_cstr (line 1380) ... ok
[INFO] [stdout] test src/bump_string.rs - bump_string::bump_format (line 42) ... ok
[INFO] [stdout] test src/bump_vec.rs - bump_vec::BumpVec<T,A>::clear (line 553) ... ok
[INFO] [stdout] test src/bump_vec.rs - bump_vec::BumpVec<T,A>::dedup (line 2139) ... ok
[INFO] [stdout] test src/bump_vec.rs - bump_vec::BumpVec<T,A>::dedup_by_key (line 2163) ... ok
[INFO] [stdout] test src/bump_vec.rs - bump_vec::BumpVec<T,A>::drain (line 2053) ... ok
[INFO] [stdout] test src/bump_vec.rs - bump_vec::BumpVec<T,A>::dedup_by (line 2192) ... ok
[INFO] [stdout] test src/bump_vec.rs - bump_vec::BumpVec<T,A>::from_iter_exact_in (line 265) ... ok
[INFO] [stdout] test src/bump_vec.rs - bump_vec::BumpVec<T,A>::append (line 772) ... ok
[INFO] [stdout] test src/bump_vec.rs - bump_vec::BumpVec<T,A>::into_parts (line 2363) ... ok
[INFO] [stdout] test src/bump_vec.rs - bump_vec::BumpVec<T,A>::extend_from_within_copy (line 775) ... ok
[INFO] [stdout] test src/bump_vec.rs - bump_vec::BumpVec<T,A>::from_iter_in (line 267) ... ok
[INFO] [stdout] test src/bump_vec.rs - bump_vec::BumpVec<T,A>::extract_if (line 2084) ... ok
[INFO] [stdout] test src/bump_vec.rs - bump_vec::BumpVec<T,A>::insert (line 774) ... ok
[INFO] [stdout] test src/bump_vec.rs - bump_vec::BumpVec<T,A>::from_parts (line 2341) ... ok
[INFO] [stdout] test src/bump_vec.rs - bump_vec::BumpVec<T,A>::extend_from_within_clone (line 776) ... ok
[INFO] [stdout] test src/bump_vec.rs - bump_vec::BumpVec<T,A>::map_in_place (line 1656) - compile fail ... ok
[INFO] [stdout] test src/bump_vec.rs - bump_vec::BumpVec<T,A>::map (line 1451) ... ok
[INFO] [stdout] test src/bump_vec.rs - bump_vec::BumpVec<T,A>::new_in (line 243) ... ok
[INFO] [stdout] test src/bump_vec.rs - bump_vec::BumpVec<T,A>::extract_if (line 2112) ... ok
[INFO] [stdout] test src/bump_vec.rs - bump_vec::BumpVec<T,A>::map (line 1438) ... ok
[INFO] [stdout] test src/bump_vec.rs - bump_vec::BumpVec<T,A>::map_in_place (line 1633) ... ok
[INFO] [stdout] test src/bump_vec.rs - bump_vec::BumpVec<T,A>::remove (line 632) ... ok
[INFO] [stdout] test src/bump_vec.rs - bump_vec::BumpVec<T,A>::push (line 772) ... ok
[INFO] [stdout] test src/bump_vec.rs - bump_vec::BumpVec<T,A>::map_in_place (line 1643) ... ok
[INFO] [stdout] test src/bump_vec.rs - bump_vec::BumpVec<T,A>::map (line 1465) ... ok
[INFO] [stdout] test src/bump_vec.rs - bump_vec::BumpVec<T,A>::reserve (line 778) ... ok
[INFO] [stdout] test src/bump_vec.rs - bump_vec::BumpVec<T,A>::resize_with (line 784) ... ok
[INFO] [stdout] test src/bump_vec.rs - bump_vec::BumpVec<T,A>::swap_remove (line 656) ... ok
[INFO] [stdout] test src/bump_vec.rs - bump_vec::BumpVec<T,A>::split_off (line 507) ... ok
[INFO] [stdout] test src/bump_vec.rs - bump_vec::BumpVec<T,A>::truncate (line 605) ... ok
[INFO] [stdout] test src/bump_vec.rs - bump_vec::BumpVec<T,A>::truncate (line 581) ... ok
[INFO] [stdout] test src/bump_vec.rs - bump_vec::BumpVec<T,A>::shrink_to_fit (line 1937) ... ok
[INFO] [stdout] test src/bump_vec.rs - bump_vec::BumpVec<T,A>::resize (line 785) ... ok
[INFO] [stdout] test src/bump_vec.rs - bump_vec::BumpVec<T,A>::truncate (line 593) ... ok
[INFO] [stdout] test src/bump_vec.rs - bump_vec::BumpVec<T,A>::retain (line 2010) ... ok
[INFO] [stdout] test src/bump_vec.rs - bump_vec::BumpVec<T,A>::reserve_exact (line 785) ... ok
[INFO] [stdout] test src/bump_vec.rs - bump_vec::BumpVec<T,A>::try_extend_from_within_clone (line 776) ... ok
[INFO] [stdout] test src/bump_vec.rs - bump_vec::BumpVec<T,A>::try_append (line 772) ... ok
[INFO] [stdout] test src/bump_vec.rs - bump_vec::BumpVec<T,A>::split_off (line 484) ... ok
[INFO] [stdout] test src/bump_vec.rs - bump_vec::BumpVec<T,A>::try_from_iter_exact_in (line 265) ... ok
[INFO] [stdout] test src/bump_vec.rs - bump_vec::BumpVec<T,A>::try_extend_from_within_copy (line 775) ... ok
[INFO] [stdout] test src/bump_vec.rs - bump_vec::BumpVec<T,A>::spare_capacity_mut (line 2219) ... ok
[INFO] [stdout] test src/bump_vec.rs - bump_vec::BumpVec<T,A>::try_insert (line 774) ... ok
[INFO] [stdout] test src/bump_vec.rs - bump_vec::BumpVec<T,A>::try_map (line 1494) ... ok
[INFO] [stdout] test src/bump_vec.rs - bump_vec::BumpVec<T,A>::try_reserve_exact (line 785) ... ok
[INFO] [stdout] test src/bump_vec.rs - bump_vec::BumpVec<T,A>::splice (line 1729) ... ok
[INFO] [stdout] test src/bump_vec.rs - bump_vec::bump_vec (line 59) ... ok
[INFO] [stdout] test src/bump_vec.rs - bump_vec::BumpVec<T,A>::try_from_iter_in (line 267) ... ok
[INFO] [stdout] test src/bump_vec.rs - bump_vec::BumpVec<T,A>::try_reserve (line 778) ... ok
[INFO] [stdout] test src/bump_vec.rs - bump_vec::BumpVec<T,A>::try_push (line 772) ... ok
[INFO] [stdout] test src/bump_vec.rs - bump_vec::BumpVec<T,A>::try_map (line 1523) ... ok
[INFO] [stdout] test src/bump_vec.rs - bump_vec::bump_vec (line 68) ... ok
[INFO] [stdout] test src/bump_vec.rs - bump_vec::BumpVec<T,A>::try_resize (line 785) ... ok
[INFO] [stdout] test src/bump_vec.rs - bump_vec::BumpVec<[T;N],A>::into_flattened (line 2394) ... ok
[INFO] [stdout] test src/bump_vec.rs - bump_vec::BumpVec<T,A>::try_map (line 1508) ... ok
[INFO] [stdout] test src/bump_vec/drain.rs - bump_vec::drain::Drain<'_,T,A>::keep_rest (line 72) ... ok
[INFO] [stdout] test src/bump_vec.rs - bump_vec::bump_vec (line 79) ... ok
[INFO] [stdout] test src/bump_vec/into_iter.rs - bump_vec::into_iter::IntoIter<T,A>::as_mut_slice (line 71) ... ok
[INFO] [stdout] test src/bump_vec/drain.rs - bump_vec::drain::Drain<'_,T,A>::as_slice (line 47) ... ok
[INFO] [stdout] test src/bump_vec.rs - bump_vec::BumpVec<T,A>::try_resize_with (line 784) ... ok
[INFO] [stdout] test src/fixed_bump_string.rs - fixed_bump_string::FixedBumpString<'_>::extend_zeroed (line 647) ... ok
[INFO] [stdout] test src/fixed_bump_string.rs - fixed_bump_string::FixedBumpString<'_>::extend_from_within (line 650) ... ok
[INFO] [stdout] test src/bump_vec/into_iter.rs - bump_vec::into_iter::IntoIter<T,A>::as_slice (line 51) ... ok
[INFO] [stdout] test src/fixed_bump_string.rs - fixed_bump_string::FixedBumpString (line 21) ... ok
[INFO] [stdout] test src/fixed_bump_string.rs - fixed_bump_string::FixedBumpString<'_>::try_insert_str (line 653) ... ok
[INFO] [stdout] test src/bump_vec/splice.rs - bump_vec::splice::Splice (line 16) ... ok
[INFO] [stdout] test src/fixed_bump_string.rs - fixed_bump_string::FixedBumpString<'_>::insert (line 653) ... ok
[INFO] [stdout] test src/fixed_bump_string.rs - fixed_bump_string::FixedBumpString<'_>::try_insert (line 653) ... ok
[INFO] [stdout] test src/fixed_bump_string.rs - fixed_bump_string::FixedBumpString<'_>::try_extend_from_within (line 650) ... ok
[INFO] [stdout] test src/fixed_bump_string.rs - fixed_bump_string::FixedBumpString<'_>::try_extend_zeroed (line 647) ... ok
[INFO] [stdout] test src/fixed_bump_string.rs - fixed_bump_string::FixedBumpString<'_>::insert_str (line 653) ... ok
[INFO] [stdout] test src/fixed_bump_string.rs - fixed_bump_string::FixedBumpString<'_>::push_str (line 647) ... ok
[INFO] [stdout] test src/fixed_bump_string.rs - fixed_bump_string::FixedBumpString<'_>::try_push (line 647) ... ok
[INFO] [stdout] test src/fixed_bump_string.rs - fixed_bump_string::FixedBumpString<'a>::clear (line 441) ... ok
[INFO] [stdout] test src/fixed_bump_string.rs - fixed_bump_string::FixedBumpString<'_>::push (line 647) ... ok
[INFO] [stdout] test src/fixed_bump_string.rs - fixed_bump_string::FixedBumpString<'a>::from_utf8 (line 117) ... ok
[INFO] [stdout] test src/fixed_bump_string.rs - fixed_bump_string::FixedBumpString<'a>::drain (line 578) ... ok
[INFO] [stdout] test src/fixed_bump_string.rs - fixed_bump_string::FixedBumpString<'a>::from_utf8 (line 103) ... ok
[INFO] [stdout] test src/fixed_bump_string.rs - fixed_bump_string::FixedBumpString<'_>::try_push_str (line 647) ... ok
[INFO] [stdout] test src/fixed_bump_string.rs - fixed_bump_string::FixedBumpString<'a>::from_utf8_unchecked (line 151) ... ok
[INFO] [stdout] test src/fixed_bump_string.rs - fixed_bump_string::FixedBumpString<'a>::remove (line 500) ... ok
[INFO] [stdout] test src/fixed_bump_string.rs - fixed_bump_string::FixedBumpString<'a>::split_off (line 253) ... ok
[INFO] [stdout] test src/fixed_bump_string.rs - fixed_bump_string::FixedBumpString<'a>::split_off (line 278) ... ok
[INFO] [stdout] test src/fixed_bump_string.rs - fixed_bump_string::FixedBumpString<'a>::into_bytes (line 223) ... ok
[INFO] [stdout] test src/fixed_bump_vec.rs - fixed_bump_vec::FixedBumpVec<'a,T>::clear (line 219) ... ok
[INFO] [stdout] test src/fixed_bump_vec.rs - fixed_bump_vec::FixedBumpVec<'a,T>::dedup (line 1453) ... ok
[INFO] [stdout] test src/fixed_bump_vec.rs - fixed_bump_vec::FixedBumpVec<'a,T>::append (line 579) ... ok
[INFO] [stdout] test src/fixed_bump_string.rs - fixed_bump_string::FixedBumpString<'a>::pop (line 417) ... ok
[INFO] [stdout] test src/fixed_bump_string.rs - fixed_bump_string::FixedBumpString<'a>::retain (line 523) ... ok
[INFO] [stdout] test src/fixed_bump_vec.rs - fixed_bump_vec::FixedBumpVec<'a,T>::capacity (line 147) ... ok
[INFO] [stdout] test src/fixed_bump_string.rs - fixed_bump_string::FixedBumpString<'a>::truncate (line 473) ... ok
[INFO] [stdout] test src/fixed_bump_vec.rs - fixed_bump_vec::FixedBumpVec (line 25) ... ok
[INFO] [stdout] test src/fixed_bump_string.rs - fixed_bump_string::FixedBumpString<'a>::retain (line 537) ... ok
[INFO] [stdout] test src/fixed_bump_vec.rs - fixed_bump_vec::FixedBumpVec<'a,T>::dedup_by (line 1508) ... ok
[INFO] [stdout] test src/fixed_bump_vec.rs - fixed_bump_vec::FixedBumpVec<'a,T>::extend_from_within_copy (line 582) ... ok
[INFO] [stdout] test src/fixed_bump_vec.rs - fixed_bump_vec::FixedBumpVec<'a,T>::dedup_by_key (line 1478) ... ok
[INFO] [stdout] test src/fixed_bump_vec.rs - fixed_bump_vec::FixedBumpVec<'a,T>::drain (line 1363) ... ok
[INFO] [stdout] test src/fixed_bump_vec.rs - fixed_bump_vec::FixedBumpVec<'a,T>::insert (line 581) ... ok
[INFO] [stdout] test src/fixed_bump_vec.rs - fixed_bump_vec::FixedBumpVec<'a,T>::map_in_place (line 1210) ... ok
[INFO] [stdout] test src/fixed_bump_vec.rs - fixed_bump_vec::FixedBumpVec<'a,T>::extract_if (line 1396) ... ok
[INFO] [stdout] test src/fixed_bump_vec.rs - fixed_bump_vec::FixedBumpVec<'a,T>::extract_if (line 1425) ... ok
[INFO] [stdout] test src/fixed_bump_vec.rs - fixed_bump_vec::FixedBumpVec<'a,T>::map_in_place (line 1223) - compile fail ... ok
[INFO] [stdout] test src/fixed_bump_vec.rs - fixed_bump_vec::FixedBumpVec<'a,T>::push (line 579) ... ok
[INFO] [stdout] test src/fixed_bump_vec.rs - fixed_bump_vec::FixedBumpVec<'a,T>::remove (line 303) ... ok
[INFO] [stdout] test src/fixed_bump_vec.rs - fixed_bump_vec::FixedBumpVec<'a,T>::map_in_place (line 1200) ... ok
[INFO] [stdout] test src/fixed_bump_vec.rs - fixed_bump_vec::FixedBumpVec<'a,T>::resize (line 592) ... ok
[INFO] [stdout] test src/fixed_bump_vec.rs - fixed_bump_vec::FixedBumpVec<'a,T>::extend_from_within_clone (line 584) ... ok
[INFO] [stdout] test src/fixed_bump_vec.rs - fixed_bump_vec::FixedBumpVec<'a,T>::from_iter_exact_in (line 67) ... ok
[INFO] [stdout] test src/fixed_bump_vec.rs - fixed_bump_vec::FixedBumpVec<'a,T>::truncate (line 248) ... ok
[INFO] [stdout] test src/fixed_bump_vec.rs - fixed_bump_vec::FixedBumpVec<'a,T>::swap_remove (line 401) ... ok
[INFO] [stdout] test src/fixed_bump_vec.rs - fixed_bump_vec::FixedBumpVec<'a,T>::truncate (line 274) ... ok
[INFO] [stdout] test src/fixed_bump_vec.rs - fixed_bump_vec::FixedBumpVec<'a,T>::truncate (line 261) ... ok
[INFO] [stdout] test src/fixed_bump_vec.rs - fixed_bump_vec::FixedBumpVec<'a,T>::split_off (line 426) ... ok
[INFO] [stdout] test src/fixed_bump_vec.rs - fixed_bump_vec::FixedBumpVec<'a,T>::split_off (line 450) ... ok
[INFO] [stdout] test src/fixed_bump_vec.rs - fixed_bump_vec::FixedBumpVec<'a,T>::try_extend_from_within_clone (line 584) ... ok
[INFO] [stdout] test src/fixed_bump_vec.rs - fixed_bump_vec::FixedBumpVec<'a,T>::from_iter_in (line 69) ... ok
[INFO] [stdout] test src/fixed_bump_vec.rs - fixed_bump_vec::FixedBumpVec<'a,T>::resize_with (line 591) ... ok
[INFO] [stdout] test src/fixed_bump_vec.rs - fixed_bump_vec::FixedBumpVec<'a,T>::retain (line 1319) ... ok
[INFO] [stdout] test src/fixed_bump_vec.rs - fixed_bump_vec::FixedBumpVec<'a,T>::try_from_iter_exact_in (line 67) ... ok
[INFO] [stdout] test src/fixed_bump_vec.rs - fixed_bump_vec::FixedBumpVec<'a,T>::try_extend_from_within_copy (line 582) ... ok
[INFO] [stdout] test src/fixed_bump_vec.rs - fixed_bump_vec::FixedBumpVec<'a,T>::try_from_iter_in (line 69) ... ok
[INFO] [stdout] test src/fixed_bump_vec.rs - fixed_bump_vec::FixedBumpVec<'a,T>::try_append (line 579) ... ok
[INFO] [stdout] test src/lib.rs - (line 70) ... ok
[INFO] [stdout] test src/fixed_bump_vec.rs - fixed_bump_vec::FixedBumpVec<'a,[T;N]>::into_flattened (line 1624) ... ok
[INFO] [stdout] test src/fixed_bump_vec.rs - fixed_bump_vec::FixedBumpVec<'a,T>::try_push (line 579) ... ok
[INFO] [stdout] test src/lib.rs - (line 212) ... ok
[INFO] [stdout] test src/fixed_bump_vec.rs - fixed_bump_vec::FixedBumpVec<'a,T>::try_insert (line 581) ... ok
[INFO] [stdout] test src/from_utf16_error.rs - from_utf16_error::FromUtf16Error (line 10) ... ok
[INFO] [stdout] test src/lib.rs - (line 164) ... ok
[INFO] [stdout] test src/lib.rs - (line 116) ... ok
[INFO] [stdout] test src/fixed_bump_vec.rs - fixed_bump_vec::FixedBumpVec<'a,T>::try_resize (line 592) ... ok
[INFO] [stdout] test src/lib.rs - Bump<A,MIN_ALIGN,UP,GUARANTEED_ALLOCATED>::alloc_cstr (line 1832) ... ok
[INFO] [stdout] test src/fixed_bump_vec.rs - fixed_bump_vec::FixedBumpVec<'a,T>::try_resize_with (line 591) ... ok
[INFO] [stdout] test src/lib.rs - Bump<A,MIN_ALIGN,UP,GUARANTEED_ALLOCATED>::alloc (line 1832) ... ok
[INFO] [stdout] test src/lib.rs - Bump<A,MIN_ALIGN,UP,GUARANTEED_ALLOCATED>::alloc_fixed_string (line 1832) ... ok
[INFO] [stdout] test src/lib.rs - Bump<A,MIN_ALIGN,UP,GUARANTEED_ALLOCATED>::alloc_default (line 1833) ... ok
[INFO] [stdout] test src/lib.rs - Bump<A,MIN_ALIGN,UP,GUARANTEED_ALLOCATED>::alloc_fixed_vec (line 1832) ... ok
[INFO] [stdout] test src/lib.rs - Bump<A,MIN_ALIGN,UP,GUARANTEED_ALLOCATED>::alloc_cstr_from_str (line 1834) ... ok
[INFO] [stdout] test src/lib.rs - Bump<A,MIN_ALIGN,UP,GUARANTEED_ALLOCATED>::alloc_cstr_fmt (line 1838) ... ok
[INFO] [stdout] test src/lib.rs - Bump<A,MIN_ALIGN,UP,GUARANTEED_ALLOCATED>::alloc_iter_exact (line 1832) ... ok
[INFO] [stdout] test src/lib.rs - Bump<A,MIN_ALIGN,UP,GUARANTEED_ALLOCATED>::alloc_fmt (line 1836) ... ok
[INFO] [stdout] test src/lib.rs - Bump<A,MIN_ALIGN,UP,GUARANTEED_ALLOCATED>::alloc_iter_mut_rev (line 1841) ... ok
[INFO] [stdout] test src/lib.rs - Bump<A,MIN_ALIGN,UP,GUARANTEED_ALLOCATED>::alloc_iter_mut (line 1836) ... ok
[INFO] [stdout] test src/lib.rs - Bump<A,MIN_ALIGN,UP,GUARANTEED_ALLOCATED>::alloc_slice_copy (line 1832) ... ok
[INFO] [stdout] test src/lib.rs - Bump<A,MIN_ALIGN,UP,GUARANTEED_ALLOCATED>::alloc_cstr_fmt_mut (line 1838) ... ok
[INFO] [stdout] test src/lib.rs - Bump<A,MIN_ALIGN,UP,GUARANTEED_ALLOCATED>::alloc_iter (line 1839) ... ok
[INFO] [stdout] test src/lib.rs - Bump<A,MIN_ALIGN,UP,GUARANTEED_ALLOCATED>::alloc_fmt_mut (line 1836) ... ok
[INFO] [stdout] test src/lib.rs - Bump<A,MIN_ALIGN,UP,GUARANTEED_ALLOCATED>::alloc_slice_fill (line 1832) ... ok
[INFO] [stdout] test src/lib.rs - Bump<A,MIN_ALIGN,UP,GUARANTEED_ALLOCATED>::alloc_str (line 1832) ... ok
[INFO] [stdout] test src/lib.rs - Bump<A,MIN_ALIGN,UP,GUARANTEED_ALLOCATED>::alloc_slice_clone (line 1832) ... ok
[INFO] [stdout] test src/lib.rs - Bump<A,MIN_ALIGN,UP,GUARANTEED_ALLOCATED>::alloc_slice_fill_with (line 1837) ... ok
[INFO] [stdout] test src/lib.rs - Bump<A,MIN_ALIGN,UP,GUARANTEED_ALLOCATED>::alloc_uninit (line 1835) ... ok
[INFO] [stdout] test src/lib.rs - Bump<A,MIN_ALIGN,UP,GUARANTEED_ALLOCATED>::alloc_uninit_slice (line 1840) ... ok
[INFO] [stdout] test src/lib.rs - Bump<A,MIN_ALIGN,UP,GUARANTEED_ALLOCATED>::alloc_uninit (line 1846) ... ok
[INFO] [stdout] test src/lib.rs - Bump<A,MIN_ALIGN,UP,GUARANTEED_ALLOCATED>::alloc_uninit_slice (line 1851) ... ok
[INFO] [stdout] test src/lib.rs - Bump<A,MIN_ALIGN,UP,GUARANTEED_ALLOCATED>::alloc_with (line 1833) ... ok
[INFO] [stdout] test src/lib.rs - Bump<A,MIN_ALIGN,UP,GUARANTEED_ALLOCATED>::alloc_uninit_slice_for (line 1842) ... ok
[INFO] [stdout] test src/lib.rs - Bump<A,MIN_ALIGN,UP,GUARANTEED_ALLOCATED>::try_alloc_cstr (line 1832) ... ok
[INFO] [stdout] test src/lib.rs - Bump<A,MIN_ALIGN,UP,GUARANTEED_ALLOCATED>::try_alloc (line 1832) ... ok
[INFO] [stdout] test src/lib.rs - Bump<A,MIN_ALIGN,UP,GUARANTEED_ALLOCATED>::reserve_bytes (line 1835) ... ok
[INFO] [stdout] test src/lib.rs - Bump<A,MIN_ALIGN,UP,GUARANTEED_ALLOCATED>::try_alloc_cstr_from_str (line 1834) ... ok
[INFO] [stdout] test src/lib.rs - Bump<A,MIN_ALIGN,UP,GUARANTEED_ALLOCATED>::try_alloc_default (line 1833) ... ok
[INFO] [stdout] test src/lib.rs - Bump<A,MIN_ALIGN,UP,GUARANTEED_ALLOCATED>::try_alloc_fixed_string (line 1832) ... ok
[INFO] [stdout] test src/lib.rs - Bump<A,MIN_ALIGN,UP,GUARANTEED_ALLOCATED>::try_alloc_fixed_vec (line 1832) ... ok
[INFO] [stdout] test src/lib.rs - Bump<A,MIN_ALIGN,UP,GUARANTEED_ALLOCATED>::try_alloc_cstr_fmt (line 1838) ... ok
[INFO] [stdout] test src/lib.rs - Bump<A,MIN_ALIGN,UP,GUARANTEED_ALLOCATED>::try_alloc_fmt_mut (line 1836) ... ok
[INFO] [stdout] test src/lib.rs - Bump<A,MIN_ALIGN,UP,GUARANTEED_ALLOCATED>::try_alloc_fmt (line 1836) ... ok
[INFO] [stdout] test src/lib.rs - Bump<A,MIN_ALIGN,UP,GUARANTEED_ALLOCATED>::try_alloc_iter_exact (line 1832) ... ok
[INFO] [stdout] test src/lib.rs - Bump<A,MIN_ALIGN,UP,GUARANTEED_ALLOCATED>::try_alloc_cstr_fmt_mut (line 1838) ... ok
[INFO] [stdout] test src/lib.rs - Bump<A,MIN_ALIGN,UP,GUARANTEED_ALLOCATED>::try_alloc_iter_mut_rev (line 1841) ... ok
[INFO] [stdout] test src/lib.rs - Bump<A,MIN_ALIGN,UP,GUARANTEED_ALLOCATED>::try_alloc_iter (line 1839) ... ok
[INFO] [stdout] test src/lib.rs - Bump<A,MIN_ALIGN,UP,GUARANTEED_ALLOCATED>::try_alloc_iter_mut (line 1836) ... ok
[INFO] [stdout] test src/lib.rs - Bump<A,MIN_ALIGN,UP,GUARANTEED_ALLOCATED>::try_alloc_slice_clone (line 1832) ... ok
[INFO] [stdout] test src/lib.rs - Bump<A,MIN_ALIGN,UP,GUARANTEED_ALLOCATED>::try_alloc_slice_fill_with (line 1837) ... ok
[INFO] [stdout] test src/lib.rs - Bump<A,MIN_ALIGN,UP,GUARANTEED_ALLOCATED>::try_alloc_slice_fill (line 1832) ... ok
[INFO] [stdout] test src/lib.rs - Bump<A,MIN_ALIGN,UP,GUARANTEED_ALLOCATED>::try_alloc_str (line 1832) ... ok
[INFO] [stdout] test src/lib.rs - Bump<A,MIN_ALIGN,UP,GUARANTEED_ALLOCATED>::try_alloc_uninit (line 1835) ... ok
[INFO] [stdout] test src/lib.rs - Bump<A,MIN_ALIGN,UP,GUARANTEED_ALLOCATED>::try_alloc_slice_copy (line 1832) ... ok
[INFO] [stdout] test src/lib.rs - Bump<A,MIN_ALIGN,UP,GUARANTEED_ALLOCATED>::try_alloc_uninit (line 1847) ... ok
[INFO] [stdout] test src/lib.rs - Bump<A,MIN_ALIGN,UP,GUARANTEED_ALLOCATED>::try_reserve_bytes (line 1835) ... ok
[INFO] [stdout] test src/lib.rs - Bump<A,MIN_ALIGN,UP,GUARANTEED_ALLOCATED>::try_alloc_with (line 1833) ... ok
[INFO] [stdout] test src/lib.rs - Bump<A,MIN_ALIGN,UP,GUARANTEED_ALLOCATED>::try_alloc_uninit_slice (line 1840) ... ok
[INFO] [stdout] test src/lib.rs - Bump<A,MIN_ALIGN,UP,GUARANTEED_ALLOCATED>::try_alloc_uninit_slice_for (line 1842) ... ok
[INFO] [stdout] test src/lib.rs - Bump<A,MIN_ALIGN,UP,GUARANTEED_ALLOCATED>::try_alloc_uninit_slice (line 1852) ... ok
[INFO] [stdout] test src/lib.rs - Bump<A,MIN_ALIGN,UP>::alloc_try_with_mut (line 1856) ... ok
[INFO] [stdout] test src/lib.rs - Bump<A,MIN_ALIGN,UP>::alloc_try_with_mut (line 1847) ... ok
[INFO] [stdout] test src/lib.rs - Bump<A,MIN_ALIGN,UP>::alloc_try_with (line 1856) ... ok
[INFO] [stdout] test src/lib.rs - Bump<A,MIN_ALIGN,UP>::alloc_try_with (line 1847) ... ok
[INFO] [stdout] test src/lib.rs - BumpScope<'a,A,MIN_ALIGN,UP,GUARANTEED_ALLOCATED>::alloc (line 1811) ... ok
[INFO] [stdout] test src/lib.rs - Bump<A,MIN_ALIGN,UP>::try_alloc_try_with_mut (line 1847) ... ok
[INFO] [stdout] test src/lib.rs - Bump<A,MIN_ALIGN,UP>::try_alloc_try_with (line 1847) ... ok
[INFO] [stdout] test src/lib.rs - Bump<A,MIN_ALIGN,UP>::try_alloc_try_with (line 1857) ... ok
[INFO] [stdout] test src/lib.rs - Bump<A,MIN_ALIGN,UP>::try_alloc_try_with_mut (line 1857) ... ok
[INFO] [stdout] test src/lib.rs - BumpScope<'a,A,MIN_ALIGN,UP,GUARANTEED_ALLOCATED>::alloc_cstr (line 1811) ... ok
[INFO] [stdout] test src/lib.rs - BumpScope<'a,A,MIN_ALIGN,UP,GUARANTEED_ALLOCATED>::alloc_cstr_fmt (line 1817) ... ok
[INFO] [stdout] test src/lib.rs - BumpScope<'a,A,MIN_ALIGN,UP,GUARANTEED_ALLOCATED>::alloc_default (line 1812) ... ok
[INFO] [stdout] test src/lib.rs - BumpScope<'a,A,MIN_ALIGN,UP,GUARANTEED_ALLOCATED>::alloc_fixed_vec (line 1811) ... ok
[INFO] [stdout] test src/lib.rs - BumpScope<'a,A,MIN_ALIGN,UP,GUARANTEED_ALLOCATED>::alloc_fixed_string (line 1811) ... ok
[INFO] [stdout] test src/lib.rs - BumpScope<'a,A,MIN_ALIGN,UP,GUARANTEED_ALLOCATED>::alloc_cstr_from_str (line 1813) ... ok
[INFO] [stdout] test src/lib.rs - BumpScope<'a,A,MIN_ALIGN,UP,GUARANTEED_ALLOCATED>::alloc_cstr_fmt_mut (line 1817) ... ok
[INFO] [stdout] test src/lib.rs - BumpScope<'a,A,MIN_ALIGN,UP,GUARANTEED_ALLOCATED>::alloc_fmt (line 1815) ... ok
[INFO] [stdout] test src/lib.rs - BumpScope<'a,A,MIN_ALIGN,UP,GUARANTEED_ALLOCATED>::alloc_slice_copy (line 1811) ... ok
[INFO] [stdout] test src/lib.rs - BumpScope<'a,A,MIN_ALIGN,UP,GUARANTEED_ALLOCATED>::alloc_iter (line 1818) ... ok
[INFO] [stdout] test src/lib.rs - BumpScope<'a,A,MIN_ALIGN,UP,GUARANTEED_ALLOCATED>::alloc_uninit (line 1814) ... ok
[INFO] [stdout] test src/lib.rs - BumpScope<'a,A,MIN_ALIGN,UP,GUARANTEED_ALLOCATED>::alloc_fmt_mut (line 1815) ... ok
[INFO] [stdout] test src/lib.rs - BumpScope<'a,A,MIN_ALIGN,UP,GUARANTEED_ALLOCATED>::alloc_iter_mut_rev (line 1820) ... ok
[INFO] [stdout] test src/lib.rs - BumpScope<'a,A,MIN_ALIGN,UP,GUARANTEED_ALLOCATED>::alloc_slice_fill_with (line 1816) ... ok
[INFO] [stdout] test src/lib.rs - BumpScope<'a,A,MIN_ALIGN,UP,GUARANTEED_ALLOCATED>::alloc_slice_clone (line 1811) ... ok
[INFO] [stdout] test src/lib.rs - BumpScope<'a,A,MIN_ALIGN,UP,GUARANTEED_ALLOCATED>::alloc_str (line 1811) ... ok
[INFO] [stdout] test src/lib.rs - BumpScope<'a,A,MIN_ALIGN,UP,GUARANTEED_ALLOCATED>::alloc_iter_mut (line 1815) ... ok
[INFO] [stdout] test src/lib.rs - BumpScope<'a,A,MIN_ALIGN,UP,GUARANTEED_ALLOCATED>::alloc_iter_exact (line 1811) ... ok
[INFO] [stdout] test src/lib.rs - BumpScope<'a,A,MIN_ALIGN,UP,GUARANTEED_ALLOCATED>::alloc_slice_fill (line 1811) ... ok
[INFO] [stdout] test src/lib.rs - BumpScope<'a,A,MIN_ALIGN,UP,GUARANTEED_ALLOCATED>::reserve_bytes (line 1814) ... ok
[INFO] [stdout] test src/lib.rs - BumpScope<'a,A,MIN_ALIGN,UP,GUARANTEED_ALLOCATED>::alloc_uninit_slice (line 1830) ... ok
[INFO] [stdout] test src/lib.rs - BumpScope<'a,A,MIN_ALIGN,UP,GUARANTEED_ALLOCATED>::try_alloc (line 1811) ... ok
[INFO] [stdout] test src/lib.rs - BumpScope<'a,A,MIN_ALIGN,UP,GUARANTEED_ALLOCATED>::try_alloc_cstr (line 1811) ... ok
[INFO] [stdout] test src/lib.rs - BumpScope<'a,A,MIN_ALIGN,UP,GUARANTEED_ALLOCATED>::alloc_with (line 1812) ... ok
[INFO] [stdout] test src/lib.rs - BumpScope<'a,A,MIN_ALIGN,UP,GUARANTEED_ALLOCATED>::alloc_uninit_slice_for (line 1821) ... ok
[INFO] [stdout] test src/lib.rs - BumpScope<'a,A,MIN_ALIGN,UP,GUARANTEED_ALLOCATED>::alloc_uninit_slice (line 1819) ... ok
[INFO] [stdout] test src/lib.rs - BumpScope<'a,A,MIN_ALIGN,UP,GUARANTEED_ALLOCATED>::try_alloc_fixed_vec (line 1811) ... ok
[INFO] [stdout] test src/lib.rs - BumpScope<'a,A,MIN_ALIGN,UP,GUARANTEED_ALLOCATED>::try_alloc_cstr_fmt (line 1817) ... ok
[INFO] [stdout] test src/lib.rs - BumpScope<'a,A,MIN_ALIGN,UP,GUARANTEED_ALLOCATED>::try_alloc_default (line 1812) ... ok
[INFO] [stdout] test src/lib.rs - BumpScope<'a,A,MIN_ALIGN,UP,GUARANTEED_ALLOCATED>::alloc_uninit (line 1825) ... ok
[INFO] [stdout] test src/lib.rs - BumpScope<'a,A,MIN_ALIGN,UP,GUARANTEED_ALLOCATED>::try_alloc_cstr_from_str (line 1813) ... ok
[INFO] [stdout] test src/lib.rs - BumpScope<'a,A,MIN_ALIGN,UP,GUARANTEED_ALLOCATED>::try_alloc_iter_mut (line 1815) ... ok
[INFO] [stdout] test src/lib.rs - BumpScope<'a,A,MIN_ALIGN,UP,GUARANTEED_ALLOCATED>::try_alloc_fmt (line 1815) ... ok
[INFO] [stdout] test src/lib.rs - BumpScope<'a,A,MIN_ALIGN,UP,GUARANTEED_ALLOCATED>::try_alloc_fmt_mut (line 1815) ... ok
[INFO] [stdout] test src/lib.rs - BumpScope<'a,A,MIN_ALIGN,UP,GUARANTEED_ALLOCATED>::try_alloc_slice_clone (line 1811) ... ok
[INFO] [stdout] test src/lib.rs - BumpScope<'a,A,MIN_ALIGN,UP,GUARANTEED_ALLOCATED>::try_alloc_slice_copy (line 1811) ... ok
[INFO] [stdout] test src/lib.rs - BumpScope<'a,A,MIN_ALIGN,UP,GUARANTEED_ALLOCATED>::try_alloc_iter_exact (line 1811) ... ok
[INFO] [stdout] test src/lib.rs - BumpScope<'a,A,MIN_ALIGN,UP,GUARANTEED_ALLOCATED>::try_alloc_iter_mut_rev (line 1820) ... ok
[INFO] [stdout] test src/lib.rs - BumpScope<'a,A,MIN_ALIGN,UP,GUARANTEED_ALLOCATED>::try_alloc_slice_fill (line 1811) ... ok
[INFO] [stdout] test src/lib.rs - BumpScope<'a,A,MIN_ALIGN,UP,GUARANTEED_ALLOCATED>::try_alloc_iter (line 1818) ... ok
[INFO] [stdout] test src/lib.rs - BumpScope<'a,A,MIN_ALIGN,UP,GUARANTEED_ALLOCATED>::try_alloc_str (line 1811) ... ok
[INFO] [stdout] test src/lib.rs - BumpScope<'a,A,MIN_ALIGN,UP,GUARANTEED_ALLOCATED>::try_alloc_uninit (line 1814) ... ok
[INFO] [stdout] test src/lib.rs - BumpScope<'a,A,MIN_ALIGN,UP,GUARANTEED_ALLOCATED>::try_alloc_fixed_string (line 1811) ... ok
[INFO] [stdout] test src/lib.rs - BumpScope<'a,A,MIN_ALIGN,UP,GUARANTEED_ALLOCATED>::try_alloc_cstr_fmt_mut (line 1817) ... ok
[INFO] [stdout] test src/lib.rs - maybe_default_allocator (line 1880) ... ignored
[INFO] [stdout] test src/lib.rs - BumpScope<'a,A,MIN_ALIGN,UP,GUARANTEED_ALLOCATED>::try_alloc_uninit_slice (line 1819) ... ok
[INFO] [stdout] test src/lib.rs - BumpScope<'a,A,MIN_ALIGN,UP,GUARANTEED_ALLOCATED>::try_alloc_slice_fill_with (line 1816) ... ok
[INFO] [stdout] test src/lib.rs - BumpScope<'a,A,MIN_ALIGN,UP,GUARANTEED_ALLOCATED>::try_alloc_uninit_slice (line 1831) ... ok
[INFO] [stdout] test src/lib.rs - BumpScope<'a,A,MIN_ALIGN,UP>::try_alloc_try_with (line 1824) ... ok
[INFO] [stdout] test src/lib.rs - BumpScope<'a,A,MIN_ALIGN,UP>::alloc_try_with_mut (line 1833) ... ok
[INFO] [stdout] test src/lib.rs - BumpScope<'a,A,MIN_ALIGN,UP,GUARANTEED_ALLOCATED>::try_reserve_bytes (line 1814) ... ok
[INFO] [stdout] test src/lib.rs - BumpScope<'a,A,MIN_ALIGN,UP,GUARANTEED_ALLOCATED>::try_alloc_with (line 1812) ... ok
[INFO] [stdout] test src/lib.rs - BumpScope<'a,A,MIN_ALIGN,UP,GUARANTEED_ALLOCATED>::try_alloc_uninit (line 1826) ... ok
[INFO] [stdout] test src/lib.rs - BumpScope<'a,A,MIN_ALIGN,UP>::alloc_try_with (line 1833) ... ok
[INFO] [stdout] test src/lib.rs - BumpScope<'a,A,MIN_ALIGN,UP>::try_alloc_try_with_mut (line 1834) ... ok
[INFO] [stdout] test src/lib.rs - BumpScope<'a,A,MIN_ALIGN,UP>::try_alloc_try_with_mut (line 1824) ... ok
[INFO] [stdout] test src/mut_bump_string.rs - mut_bump_string::MutBumpString (line 109) ... ok
[INFO] [stdout] test src/lib.rs - BumpScope<'a,A,MIN_ALIGN,UP>::alloc_try_with_mut (line 1824) ... ok
[INFO] [stdout] test src/lib.rs - BumpScope<'a,A,MIN_ALIGN,UP,GUARANTEED_ALLOCATED>::try_alloc_uninit_slice_for (line 1821) ... ok
[INFO] [stdout] test src/mut_bump_string.rs - mut_bump_string::MutBumpString (line 82) ... ok
[INFO] [stdout] test src/lib.rs - BumpScope<'a,A,MIN_ALIGN,UP>::alloc_try_with (line 1824) ... ok
[INFO] [stdout] test src/mut_bump_string.rs - mut_bump_string::MutBumpString<A>::extend_zeroed (line 514) ... ok
[INFO] [stdout] test src/mut_bump_string.rs - mut_bump_string::MutBumpString<A>::clear (line 315) ... ok
[INFO] [stdout] test src/mut_bump_string.rs - mut_bump_string::MutBumpString<A>::drain (line 447) ... ok
[INFO] [stdout] test src/mut_bump_string.rs - mut_bump_string::MutBumpString<A>::extend_from_within (line 517) ... ok
[INFO] [stdout] test src/mut_bump_string.rs - mut_bump_string::MutBumpString (line 92) ... ok
[INFO] [stdout] test src/lib.rs - BumpScope<'a,A,MIN_ALIGN,UP>::try_alloc_try_with (line 1834) ... ok
[INFO] [stdout] test src/mut_bump_string.rs - mut_bump_string::MutBumpString<A>::from_utf16_in (line 515) ... ok
[INFO] [stdout] test src/mut_bump_string.rs - mut_bump_string::MutBumpString<A>::from_str_in (line 514) ... ok
[INFO] [stdout] test src/mut_bump_string.rs - mut_bump_string::MutBumpString<A>::from_utf16_lossy_in (line 517) ... ok
[INFO] [stdout] test src/mut_bump_string.rs - mut_bump_string::MutBumpString<A>::into_bytes (line 269) ... ok
[INFO] [stdout] test src/mut_bump_string.rs - mut_bump_string::MutBumpString<A>::from_utf8 (line 172) ... ok
[INFO] [stdout] test src/mut_bump_string.rs - mut_bump_string::MutBumpString<A>::push (line 514) ... ok
[INFO] [stdout] test src/mut_bump_string.rs - mut_bump_string::MutBumpString<A>::into_cstr (line 1262) ... ok
[INFO] [stdout] test src/mut_bump_string.rs - mut_bump_string::MutBumpString<A>::insert_str (line 520) ... ok
[INFO] [stdout] test src/mut_bump_string.rs - mut_bump_string::MutBumpString<A>::from_utf8 (line 185) ... ok
[INFO] [stdout] test src/mut_bump_string.rs - mut_bump_string::MutBumpString<A>::insert (line 520) ... ok
[INFO] [stdout] test src/mut_bump_string.rs - mut_bump_string::MutBumpString<A>::from_utf8_lossy_in (line 546) ... ok
[INFO] [stdout] test src/mut_bump_string.rs - mut_bump_string::MutBumpString<A>::from_utf8_unchecked (line 219) ... ok
[INFO] [stdout] test src/mut_bump_string.rs - mut_bump_string::MutBumpString<A>::remove (line 372) ... ok
[INFO] [stdout] test src/mut_bump_string.rs - mut_bump_string::MutBumpString<A>::from_utf8_lossy_in (line 533) ... ok
[INFO] [stdout] test src/mut_bump_string.rs - mut_bump_string::MutBumpString<A>::pop (line 292) ... ok
[INFO] [stdout] test src/mut_bump_string.rs - mut_bump_string::MutBumpString<A>::reserve (line 522) ... ok
[INFO] [stdout] test src/mut_bump_string.rs - mut_bump_string::MutBumpString<A>::push_str (line 514) ... ok
[INFO] [stdout] test src/mut_bump_string.rs - mut_bump_string::MutBumpString<A>::retain (line 395) ... ok
[INFO] [stdout] test src/mut_bump_string.rs - mut_bump_string::MutBumpString<A>::retain (line 408) ... ok
[INFO] [stdout] test src/mut_bump_string.rs - mut_bump_string::MutBumpString<A>::try_from_utf8_lossy_in (line 547) ... ok
[INFO] [stdout] test src/mut_bump_string.rs - mut_bump_string::MutBumpString<A>::try_extend_from_within (line 517) ... ok
[INFO] [stdout] test src/mut_bump_string.rs - mut_bump_string::MutBumpString<A>::truncate (line 346) ... ok
[INFO] [stdout] test src/mut_bump_string.rs - mut_bump_string::MutBumpString<A>::try_from_utf16_in (line 515) ... ok
[INFO] [stdout] test src/mut_bump_string.rs - mut_bump_string::MutBumpString<A>::try_extend_zeroed (line 514) ... ok
[INFO] [stdout] test src/mut_bump_string.rs - mut_bump_string::MutBumpString<A>::try_from_utf8_lossy_in (line 533) ... ok
[INFO] [stdout] test src/mut_bump_string.rs - mut_bump_string::MutBumpString<A>::try_from_str_in (line 514) ... ok
[INFO] [stdout] test src/mut_bump_string.rs - mut_bump_string::MutBumpString<A>::reserve_exact (line 525) ... ok
[INFO] [stdout] test src/mut_bump_string.rs - mut_bump_string::MutBumpString<A>::reserve (line 534) ... ok
[INFO] [stdout] test src/mut_bump_string.rs - mut_bump_string::MutBumpString<A>::try_insert (line 520) ... ok
[INFO] [stdout] test src/mut_bump_string.rs - mut_bump_string::MutBumpString<A>::try_from_utf16_lossy_in (line 517) ... ok
[INFO] [stdout] test src/mut_bump_string.rs - mut_bump_string::MutBumpString<A>::reserve_exact (line 537) ... ok
[INFO] [stdout] test src/mut_bump_string.rs - mut_bump_string::MutBumpString<A>::try_insert_str (line 520) ... ok
[INFO] [stdout] test src/mut_bump_string.rs - mut_bump_string::MutBumpString<A>::try_into_cstr (line 1286) ... ok
[INFO] [stdout] test src/mut_bump_string.rs - mut_bump_string::MutBumpString<A>::try_push (line 514) ... ok
[INFO] [stdout] test src/mut_bump_string.rs - mut_bump_string::MutBumpString<A>::try_reserve (line 535) ... ok
[INFO] [stdout] test src/mut_bump_string.rs - mut_bump_string::MutBumpString<A>::try_push_str (line 514) ... ok
[INFO] [stdout] test src/mut_bump_vec.rs - mut_bump_vec::MutBumpVec (line 111) ... ok
[INFO] [stdout] test src/mut_bump_string.rs - mut_bump_string::MutBumpString<A>::try_reserve (line 522) ... ok
[INFO] [stdout] test src/mut_bump_string.rs - mut_bump_string::MutBumpString<A>::try_reserve_exact (line 525) ... ok
[INFO] [stdout] test src/mut_bump_vec.rs - mut_bump_vec::MutBumpVec<T,A>::capacity (line 182) ... ok
[INFO] [stdout] test src/mut_bump_string.rs - mut_bump_string::mut_bump_format (line 35) ... ok
[INFO] [stdout] test src/mut_bump_string.rs - mut_bump_string::MutBumpString<A>::try_reserve_exact (line 538) ... ok
[INFO] [stdout] test src/mut_bump_vec.rs - mut_bump_vec::MutBumpVec<T,A>::clear (line 219) ... ok
[INFO] [stdout] test src/mut_bump_vec.rs - mut_bump_vec::MutBumpVec<T,A>::append (line 443) ... ok
[INFO] [stdout] test src/mut_bump_vec.rs - mut_bump_vec::MutBumpVec<T,A>::map_in_place (line 1282) - compile fail ... ok
[INFO] [stdout] test src/mut_bump_vec.rs - mut_bump_vec::MutBumpVec<T,A>::dedup_by (line 1631) ... ok
[INFO] [stdout] test src/mut_bump_vec.rs - mut_bump_vec::MutBumpVec<T,A>::dedup_by_key (line 1602) ... ok
[INFO] [stdout] test src/mut_bump_vec.rs - mut_bump_vec::MutBumpVec<T,A>::dedup (line 1578) ... ok
[INFO] [stdout] test src/mut_bump_vec.rs - mut_bump_vec::MutBumpVec<T,A>::extract_if (line 1522) ... ok
[INFO] [stdout] test src/mut_bump_vec.rs - mut_bump_vec::MutBumpVec<T,A>::extend_from_within_copy (line 446) ... ok
[INFO] [stdout] test src/mut_bump_vec.rs - mut_bump_vec::MutBumpVec<T,A>::extend_from_within_clone (line 448) ... ok
[INFO] [stdout] test src/mut_bump_vec.rs - mut_bump_vec::MutBumpVec<T,A>::drain (line 1489) ... ok
[INFO] [stdout] test src/mut_bump_vec.rs - mut_bump_vec::MutBumpVec<T,A>::insert (line 445) ... ok
[INFO] [stdout] test src/mut_bump_vec.rs - mut_bump_vec::MutBumpVec<T,A>::extract_if (line 1551) ... ok
[INFO] [stdout] test src/mut_bump_vec.rs - mut_bump_vec::MutBumpVec<T,A>::new_in (line 162) ... ok
[INFO] [stdout] test src/mut_bump_vec.rs - mut_bump_vec::MutBumpVec<T,A>::map_in_place (line 1269) ... ok
[INFO] [stdout] test src/mut_bump_vec.rs - mut_bump_vec::MutBumpVec<T,A>::map_in_place (line 1259) ... ok
[INFO] [stdout] test src/mut_bump_vec.rs - mut_bump_vec::MutBumpVec<T,A>::from_iter_in (line 445) ... ok
[INFO] [stdout] test src/mut_bump_vec.rs - mut_bump_vec::MutBumpVec<T,A>::remove (line 299) ... ok
[INFO] [stdout] test src/mut_bump_vec.rs - mut_bump_vec::MutBumpVec<T,A>::reserve (line 449) ... ok
[INFO] [stdout] test src/mut_bump_vec.rs - mut_bump_vec::MutBumpVec<T,A>::push (line 443) ... ok
[INFO] [stdout] test src/mut_bump_vec.rs - mut_bump_vec::MutBumpVec<T,A>::reserve_exact (line 456) ... ok
[INFO] [stdout] test src/mut_bump_vec.rs - mut_bump_vec::MutBumpVec<T,A>::resize_with (line 455) ... ok
[INFO] [stdout] test src/mut_bump_vec.rs - mut_bump_vec::MutBumpVec<T,A>::spare_capacity_mut (line 1658) ... ok
[INFO] [stdout] test src/mut_bump_vec.rs - mut_bump_vec::MutBumpVec<T,A>::retain (line 1446) ... ok
[INFO] [stdout] test src/mut_bump_vec.rs - mut_bump_vec::MutBumpVec<T,A>::resize (line 456) ... ok
[INFO] [stdout] test src/mut_bump_vec.rs - mut_bump_vec::MutBumpVec<T,A>::swap_remove (line 323) ... ok
[INFO] [stdout] test src/mut_bump_vec.rs - mut_bump_vec::MutBumpVec<T,A>::truncate (line 271) ... ok
[INFO] [stdout] test src/mut_bump_vec.rs - mut_bump_vec::MutBumpVec<T,A>::truncate (line 259) ... ok
[INFO] [stdout] test src/mut_bump_vec.rs - mut_bump_vec::MutBumpVec<T,A>::try_insert (line 445) ... ok
[INFO] [stdout] test src/mut_bump_vec.rs - mut_bump_vec::MutBumpVec<T,A>::truncate (line 247) ... ok
[INFO] [stdout] test src/mut_bump_vec.rs - mut_bump_vec::MutBumpVec<T,A>::try_from_iter_in (line 445) ... ok
[INFO] [stdout] test src/mut_bump_vec.rs - mut_bump_vec::MutBumpVec<T,A>::try_push (line 443) ... ok
[INFO] [stdout] test src/mut_bump_vec.rs - mut_bump_vec::MutBumpVec<T,A>::try_extend_from_within_copy (line 446) ... ok
[INFO] [stdout] test src/mut_bump_vec.rs - mut_bump_vec::MutBumpVec<T,A>::try_reserve_exact (line 456) ... ok
[INFO] [stdout] test src/mut_bump_vec.rs - mut_bump_vec::MutBumpVec<T,A>::try_reserve (line 449) ... ok
[INFO] [stdout] test src/mut_bump_vec.rs - mut_bump_vec::MutBumpVec<T,A>::try_extend_from_within_clone (line 448) ... ok
[INFO] [stdout] test src/mut_bump_vec.rs - mut_bump_vec::MutBumpVec<T,A>::try_resize_with (line 455) ... ok
[INFO] [stdout] test src/mut_bump_vec.rs - mut_bump_vec::mut_bump_vec (line 41) ... ok
[INFO] [stdout] test src/mut_bump_vec.rs - mut_bump_vec::mut_bump_vec (line 50) ... ok
[INFO] [stdout] test src/mut_bump_vec.rs - mut_bump_vec::MutBumpVec<T,A>::try_append (line 443) ... ok
[INFO] [stdout] test src/mut_bump_vec.rs - mut_bump_vec::MutBumpVec<[T;N],A>::into_flattened (line 1779) ... ok
[INFO] [stdout] test src/mut_bump_vec.rs - mut_bump_vec::mut_bump_vec (line 61) ... ok
[INFO] [stdout] test src/mut_bump_vec.rs - mut_bump_vec::MutBumpVec<T,A>::try_resize (line 456) ... ok
[INFO] [stdout] test src/mut_bump_vec/into_iter.rs - mut_bump_vec::into_iter::IntoIter<T,A>::as_mut_slice (line 107) ... ok
[INFO] [stdout] test src/mut_bump_vec_rev.rs - mut_bump_vec_rev::MutBumpVecRev (line 108) ... ok
[INFO] [stdout] test src/mut_bump_vec_rev.rs - mut_bump_vec_rev::MutBumpVecRev<T,A>::clear (line 262) ... ok
[INFO] [stdout] test src/mut_bump_vec_rev.rs - mut_bump_vec_rev::MutBumpVecRev<T,A>::as_mut_ptr (line 352) ... ok
[INFO] [stdout] test src/mut_bump_vec_rev.rs - mut_bump_vec_rev::MutBumpVecRev<T,A>::capacity (line 189) ... ok
[INFO] [stdout] test src/mut_bump_vec/into_iter.rs - mut_bump_vec::into_iter::IntoIter<T,A>::as_slice (line 87) ... ok
[INFO] [stdout] test src/mut_bump_vec_rev.rs - mut_bump_vec_rev::MutBumpVecRev (line 124) ... ok
[INFO] [stdout] test src/mut_bump_vec_rev.rs - mut_bump_vec_rev::MutBumpVecRev<T,A>::as_ptr (line 319) ... ok
[INFO] [stdout] test src/mut_bump_vec_rev.rs - mut_bump_vec_rev::MutBumpVecRev<T,A>::new_in (line 166) ... ok
[INFO] [stdout] test src/mut_bump_vec_rev.rs - mut_bump_vec_rev::MutBumpVecRev<T,A>::append (line 522) ... ok
[INFO] [stdout] test src/mut_bump_vec_rev.rs - mut_bump_vec_rev::MutBumpVecRev<T,A>::extend_from_within_clone (line 525) ... ok
[INFO] [stdout] test src/mut_bump_vec_rev.rs - mut_bump_vec_rev::MutBumpVecRev<T,A>::push (line 522) ... ok
[INFO] [stdout] test src/mut_bump_vec_rev.rs - mut_bump_vec_rev::MutBumpVecRev<T,A>::from_iter_in (line 524) ... ok
[INFO] [stdout] test src/mut_bump_vec_rev.rs - mut_bump_vec_rev::MutBumpVecRev<T,A>::insert (line 524) ... ok
[INFO] [stdout] test src/mut_bump_vec_rev.rs - mut_bump_vec_rev::MutBumpVecRev<T,A>::extend_from_within_copy (line 525) ... ok
[INFO] [stdout] test src/mut_bump_vec_rev.rs - mut_bump_vec_rev::MutBumpVecRev<T,A>::remove (line 1462) ... ok
[INFO] [stdout] test src/mut_bump_vec_rev.rs - mut_bump_vec_rev::MutBumpVecRev<T,A>::spare_capacity_mut (line 1626) ... ok
[INFO] [stdout] test src/mut_bump_vec_rev.rs - mut_bump_vec_rev::MutBumpVecRev<T,A>::resize_with (line 534) ... ok
[INFO] [stdout] test src/mut_bump_vec_rev.rs - mut_bump_vec_rev::MutBumpVecRev<T,A>::reserve_exact (line 535) ... ok
[INFO] [stdout] test src/mut_bump_vec_rev.rs - mut_bump_vec_rev::MutBumpVecRev<T,A>::swap_remove (line 1513) ... ok
[INFO] [stdout] test src/mut_bump_vec_rev.rs - mut_bump_vec_rev::MutBumpVecRev<T,A>::resize (line 532) ... ok
[INFO] [stdout] test src/mut_bump_vec_rev.rs - mut_bump_vec_rev::MutBumpVecRev<T,A>::truncate (line 406) ... ok
[INFO] [stdout] test src/mut_bump_vec_rev.rs - mut_bump_vec_rev::MutBumpVecRev<T,A>::truncate (line 430) ... ok
[INFO] [stdout] test src/mut_bump_vec_rev.rs - mut_bump_vec_rev::MutBumpVecRev<T,A>::reserve (line 528) ... ok
[INFO] [stdout] test src/mut_bump_vec_rev.rs - mut_bump_vec_rev::MutBumpVecRev<T,A>::truncate (line 418) ... ok
[INFO] [stdout] test src/mut_bump_vec_rev.rs - mut_bump_vec_rev::MutBumpVecRev<T,A>::try_from_iter_in (line 524) ... ok
[INFO] [stdout] test src/mut_bump_vec_rev.rs - mut_bump_vec_rev::MutBumpVecRev<T,A>::try_extend_from_within_copy (line 525) ... ok
[INFO] [stdout] test src/mut_bump_vec_rev.rs - mut_bump_vec_rev::MutBumpVecRev<T,A>::try_insert (line 524) ... ok
[INFO] [stdout] test src/mut_bump_vec_rev.rs - mut_bump_vec_rev::MutBumpVecRev<T,A>::try_append (line 522) ... ok
[INFO] [stdout] test src/mut_bump_vec_rev.rs - mut_bump_vec_rev::MutBumpVecRev<T,A>::try_extend_from_within_clone (line 525) ... ok
[INFO] [stdout] test src/mut_bump_vec_rev.rs - mut_bump_vec_rev::MutBumpVecRev<T,A>::try_push (line 522) ... ok
[INFO] [stdout] test src/mut_bump_vec_rev.rs - mut_bump_vec_rev::mut_bump_vec_rev (line 39) ... ok
[INFO] [stdout] test src/mut_bump_vec_rev.rs - mut_bump_vec_rev::mut_bump_vec_rev (line 59) ... ok
[INFO] [stdout] test src/mut_bump_vec_rev.rs - mut_bump_vec_rev::MutBumpVecRev<T,A>::try_reserve_exact (line 535) ... ok
[INFO] [stdout] test src/mut_bump_vec_rev.rs - mut_bump_vec_rev::MutBumpVecRev<T,A>::try_reserve (line 528) ... ok
[INFO] [stdout] test src/mut_bump_vec_rev.rs - mut_bump_vec_rev::MutBumpVecRev<T,A>::try_resize (line 532) ... ok
[INFO] [stdout] test src/mut_bump_vec_rev.rs - mut_bump_vec_rev::MutBumpVecRev<T,A>::try_resize_with (line 534) ... ok
[INFO] [stdout] test src/mut_bump_vec_rev.rs - mut_bump_vec_rev::MutBumpVecRev<[T;N],A>::into_flattened (line 1749) ... ok
[INFO] [stdout] test src/mut_bump_vec_rev.rs - mut_bump_vec_rev::mut_bump_vec_rev (line 48) ... ok
[INFO] [stdout] test src/owned_slice.rs - owned_slice::TakeOwnedSlice (line 89) ... ok
[INFO] [stdout] test src/polyfill/nonnull.rs - polyfill::nonnull::sub_ptr (line 131) ... ok
[INFO] [stdout] test src/owned_slice/drain.rs - owned_slice::drain::Drain (line 29) ... ok
[INFO] [stdout] test src/polyfill/nonnull.rs - polyfill::nonnull::sub_ptr (line 160) ... ok
[INFO] [stdout] test src/owned_str/drain.rs - owned_str::drain::Drain<'_>::as_str (line 53) ... ok
[INFO] [stdout] test src/polyfill/pointer.rs - polyfill::pointer::sub_ptr (line 47) ... ok
[INFO] [stdout] test src/owned_slice/drain.rs - owned_slice::drain::Drain<'a,T>::as_slice (line 84) ... ok
[INFO] [stdout] test src/owned_slice/drain.rs - owned_slice::drain::Drain<'a,T>::keep_rest (line 102) ... ok
[INFO] [stdout] test src/owned_slice/extract_if.rs - owned_slice::extract_if::ExtractIf (line 17) ... ok
[INFO] [stdout] test src/polyfill/pointer.rs - polyfill::pointer::sub_ptr (line 76) ... ok
[INFO] [stdout] test src/polyfill/slice.rs - polyfill::slice::range (line 71) ... ok
[INFO] [stdout] test src/polyfill/slice.rs - polyfill::slice::range (line 58) ... ok
[INFO] [stdout] test src/polyfill/slice.rs - polyfill::slice::range (line 79) ... ok
[INFO] [stdout] test src/polyfill/slice.rs - polyfill::slice::range (line 87) ... ok
[INFO] [stdout] test src/polyfill/str/lossy.rs - polyfill::str::lossy::Utf8Chunk (line 60) ... ok
[INFO] [stdout] test src/polyfill/slice.rs - polyfill::slice::split_at_unchecked (line 147) ... ok
[INFO] [stdout] test src/polyfill/str/lossy.rs - polyfill::str::lossy::utf8_chunks (line 24) ... ok
[INFO] [stdout] test src/polyfill/str/lossy.rs - polyfill::str::lossy::Utf8Chunks (line 162) ... ok
[INFO] [stdout] 
[INFO] [stdout] failures:
[INFO] [stdout] 
[INFO] [stdout] ---- src/bump_box.rs - bump_box::unsize_bump_box (line 203) stdout ----
[INFO] [stdout] error[E0308]: mismatched types
[INFO] [stdout]   --> src/bump_box.rs:212:41
[INFO] [stdout]    |
[INFO] [stdout] 13 | let unsized_box_slice: BumpBox<[i32]> = sized_box;
[INFO] [stdout]    |                        --------------   ^^^^^^^^^ expected `BumpBox<'_, [i32]>`, found `BumpBox<'_, [i32; 3]>`
[INFO] [stdout]    |                        |
[INFO] [stdout]    |                        expected due to this
[INFO] [stdout]    |
[INFO] [stdout]    = note: expected struct `BumpBox<'_, [i32]>`
[INFO] [stdout]               found struct `BumpBox<'_, [i32; 3]>`
[INFO] [stdout] 
[INFO] [stdout] error[E0308]: mismatched types
[INFO] [stdout]   --> src/bump_box.rs:215:41
[INFO] [stdout]    |
[INFO] [stdout] 16 | let unsized_box_dyn: BumpBox<dyn Any> = sized_box;
[INFO] [stdout]    |                      ----------------   ^^^^^^^^^ expected `BumpBox<'_, dyn Any>`, found `BumpBox<'_, [i32; 3]>`
[INFO] [stdout]    |                      |
[INFO] [stdout]    |                      expected due to this
[INFO] [stdout]    |
[INFO] [stdout]    = note: expected struct `BumpBox<'_, (dyn Any + 'static)>`
[INFO] [stdout]               found struct `BumpBox<'_, [i32; 3]>`
[INFO] [stdout]    = help: `[i32; 3]` implements `Any` so you could box the found value and coerce it to the trait object `Box<dyn Any>`, you will have to change the expected type as well
[INFO] [stdout] 
[INFO] [stdout] error: aborting due to 2 previous errors
[INFO] [stdout] 
[INFO] [stdout] For more information about this error, try `rustc --explain E0308`.
[INFO] [stdout] Couldn't compile the test.
[INFO] [stdout] 
[INFO] [stdout] failures:
[INFO] [stdout]     src/bump_box.rs - bump_box::unsize_bump_box (line 203)
[INFO] [stdout] 
[INFO] [stdout] test result: FAILED. 551 passed; 1 failed; 2 ignored; 0 measured; 0 filtered out; finished in 25.68s
[INFO] [stdout] 
[INFO] [stderr] error: doctest failed, to rerun pass `--doc`
[INFO] running `Command { std: "docker" "inspect" "e247d976f2b8accffc7bf8227c6d984ba69accbd8ba00fe04f99a54c264122b6", kill_on_drop: false }`
[INFO] running `Command { std: "docker" "rm" "-f" "e247d976f2b8accffc7bf8227c6d984ba69accbd8ba00fe04f99a54c264122b6", kill_on_drop: false }`
[INFO] [stdout] e247d976f2b8accffc7bf8227c6d984ba69accbd8ba00fe04f99a54c264122b6
