[INFO] cloning repository https://github.com/blueshift-labs/rb_date_parser
[INFO] running `Command { std: "git" "-c" "credential.helper=" "-c" "credential.helper=/workspace/cargo-home/bin/git-credential-null" "clone" "--bare" "https://github.com/blueshift-labs/rb_date_parser" "/workspace/cache/git-repos/https%3A%2F%2Fgithub.com%2Fblueshift-labs%2Frb_date_parser", kill_on_drop: false }`
[INFO] [stderr] Cloning into bare repository '/workspace/cache/git-repos/https%3A%2F%2Fgithub.com%2Fblueshift-labs%2Frb_date_parser'...
[INFO] running `Command { std: "git" "rev-parse" "HEAD", kill_on_drop: false }`
[INFO] [stdout] b6f0d55de965848ccbd54ff9679bda5caf9289dc
[INFO] testing blueshift-labs/rb_date_parser against nightly-2025-01-18 for randomize-layout-2
[INFO] running `Command { std: "git" "clone" "/workspace/cache/git-repos/https%3A%2F%2Fgithub.com%2Fblueshift-labs%2Frb_date_parser" "/workspace/builds/worker-0-tc1/source", kill_on_drop: false }`
[INFO] [stderr] Cloning into '/workspace/builds/worker-0-tc1/source'...
[INFO] [stderr] done.
[INFO] validating manifest of git repo https://github.com/blueshift-labs/rb_date_parser on toolchain nightly-2025-01-18
[INFO] running `Command { std: CARGO_HOME="/workspace/cargo-home" RUSTUP_HOME="/workspace/rustup-home" "/workspace/cargo-home/bin/cargo" "+nightly-2025-01-18" "metadata" "--manifest-path" "Cargo.toml" "--no-deps", kill_on_drop: false }`
[INFO] started tweaking git repo https://github.com/blueshift-labs/rb_date_parser
[INFO] finished tweaking git repo https://github.com/blueshift-labs/rb_date_parser
[INFO] tweaked toml for git repo https://github.com/blueshift-labs/rb_date_parser written to /workspace/builds/worker-0-tc1/source/Cargo.toml
[INFO] crate git repo https://github.com/blueshift-labs/rb_date_parser already has a lockfile, it will not be regenerated
[INFO] running `Command { std: CARGO_HOME="/workspace/cargo-home" RUSTUP_HOME="/workspace/rustup-home" "/workspace/cargo-home/bin/cargo" "+nightly-2025-01-18" "fetch" "--manifest-path" "Cargo.toml", kill_on_drop: false }`
[INFO] [stderr]  Downloading crates ...
[INFO] [stderr]   Downloaded memchr v2.7.3
[INFO] running `Command { std: "docker" "create" "-v" "/var/lib/crater-agent-workspace/builds/worker-0-tc1/target:/opt/rustwide/target:rw,Z" "-v" "/var/lib/crater-agent-workspace/builds/worker-0-tc1/source:/opt/rustwide/workdir:ro,Z" "-v" "/var/lib/crater-agent-workspace/cargo-home:/opt/rustwide/cargo-home:ro,Z" "-v" "/var/lib/crater-agent-workspace/rustup-home:/opt/rustwide/rustup-home:ro,Z" "-e" "SOURCE_DIR=/opt/rustwide/workdir" "-e" "CARGO_TARGET_DIR=/opt/rustwide/target" "-e" "CARGO_HOME=/opt/rustwide/cargo-home" "-e" "RUSTUP_HOME=/opt/rustwide/rustup-home" "-w" "/opt/rustwide/workdir" "-m" "1610612736" "--user" "0:0" "--network" "none" "ghcr.io/rust-lang/crates-build-env/linux@sha256:819108c5571ea2e421544af4d832f968d213c87fbe3707a016657f43d2f853bc" "/opt/rustwide/cargo-home/bin/cargo" "+nightly-2025-01-18" "metadata" "--no-deps" "--format-version=1", kill_on_drop: false }`
[INFO] [stdout] 6fd3626f7f66655e2100dcee2a03db827b24ab4f9af88c5e8ff2dacaf325becb
[INFO] running `Command { std: "docker" "start" "-a" "6fd3626f7f66655e2100dcee2a03db827b24ab4f9af88c5e8ff2dacaf325becb", kill_on_drop: false }`
[INFO] running `Command { std: "docker" "inspect" "6fd3626f7f66655e2100dcee2a03db827b24ab4f9af88c5e8ff2dacaf325becb", kill_on_drop: false }`
[INFO] running `Command { std: "docker" "rm" "-f" "6fd3626f7f66655e2100dcee2a03db827b24ab4f9af88c5e8ff2dacaf325becb", kill_on_drop: false }`
[INFO] [stdout] 6fd3626f7f66655e2100dcee2a03db827b24ab4f9af88c5e8ff2dacaf325becb
[INFO] running `Command { std: "docker" "create" "-v" "/var/lib/crater-agent-workspace/builds/worker-0-tc1/target:/opt/rustwide/target:rw,Z" "-v" "/var/lib/crater-agent-workspace/builds/worker-0-tc1/source:/opt/rustwide/workdir:ro,Z" "-v" "/var/lib/crater-agent-workspace/cargo-home:/opt/rustwide/cargo-home:ro,Z" "-v" "/var/lib/crater-agent-workspace/rustup-home:/opt/rustwide/rustup-home:ro,Z" "-e" "SOURCE_DIR=/opt/rustwide/workdir" "-e" "CARGO_TARGET_DIR=/opt/rustwide/target" "-e" "CARGO_INCREMENTAL=0" "-e" "RUST_BACKTRACE=full" "-e" "RUSTFLAGS=--cap-lints=forbid" "-e" "RUSTDOCFLAGS=--cap-lints=forbid" "-e" "CARGO_HOME=/opt/rustwide/cargo-home" "-e" "RUSTUP_HOME=/opt/rustwide/rustup-home" "-w" "/opt/rustwide/workdir" "-m" "1610612736" "--user" "0:0" "--network" "none" "ghcr.io/rust-lang/crates-build-env/linux@sha256:819108c5571ea2e421544af4d832f968d213c87fbe3707a016657f43d2f853bc" "/opt/rustwide/cargo-home/bin/cargo" "+nightly-2025-01-18" "build" "--frozen" "--message-format=json", kill_on_drop: false }`
[INFO] [stdout] 58f375b6fb2dd3193af81ef01b5cfed6e5b349a9bdba3c194a984b69a1142012
[INFO] running `Command { std: "docker" "start" "-a" "58f375b6fb2dd3193af81ef01b5cfed6e5b349a9bdba3c194a984b69a1142012", kill_on_drop: false }`
[INFO] [stderr]    Compiling libc v0.2.155
[INFO] [stderr]    Compiling siphasher v0.3.9
[INFO] [stderr]    Compiling cfg-if v1.0.0
[INFO] [stderr]    Compiling proc-macro2 v1.0.85
[INFO] [stderr]    Compiling ppv-lite86 v0.2.16
[INFO] [stderr]    Compiling unicode-ident v1.0.12
[INFO] [stderr]    Compiling syn v1.0.86
[INFO] [stderr]    Compiling regex-syntax v0.6.25
[INFO] [stderr]    Compiling memchr v2.7.3
[INFO] [stderr]    Compiling num-traits v0.2.14
[INFO] [stderr]    Compiling phf_shared v0.11.2
[INFO] [stderr]    Compiling proc-macro-hack v0.5.19
[INFO] [stderr]    Compiling phf v0.11.2
[INFO] [stderr]    Compiling phf_shared v0.10.0
[INFO] [stderr]    Compiling serde_derive v1.0.136
[INFO] [stderr]    Compiling quote v1.0.36
[INFO] [stderr]    Compiling bit-vec v0.6.3
[INFO] [stderr]    Compiling serde v1.0.136
[INFO] [stderr]    Compiling aho-corasick v1.1.3
[INFO] [stderr]    Compiling getrandom v0.2.4
[INFO] [stderr]    Compiling syn v2.0.66
[INFO] [stderr]    Compiling rand_core v0.6.3
[INFO] [stderr]    Compiling rand_chacha v0.3.1
[INFO] [stderr]    Compiling iana-time-zone v0.1.60
[INFO] [stderr]    Compiling rand v0.8.4
[INFO] [stderr]    Compiling thiserror v1.0.61
[INFO] [stderr]    Compiling regex-syntax v0.8.4
[INFO] [stderr]    Compiling chrono v0.4.38
[INFO] [stderr]    Compiling regex v1.5.4
[INFO] [stderr]    Compiling phf_generator v0.11.2
[INFO] [stderr]    Compiling phf_codegen v0.11.2
[INFO] [stderr]    Compiling parse-zoneinfo v0.3.1
[INFO] [stderr]    Compiling phf_generator v0.10.0
[INFO] [stderr]    Compiling aho-corasick v0.7.18
[INFO] [stderr]    Compiling bit-set v0.5.3
[INFO] [stderr]    Compiling chrono-tz-build v0.3.0
[INFO] [stderr]    Compiling chrono-tz v0.9.0
[INFO] [stderr]    Compiling thiserror-impl v1.0.61
[INFO] [stderr]    Compiling regex-automata v0.4.7
[INFO] [stderr]    Compiling phf_macros v0.10.0
[INFO] [stderr]    Compiling phf v0.10.1
[INFO] [stderr]    Compiling fancy-regex v0.13.0
[INFO] [stderr]    Compiling rb_date_parser v0.1.0 (/opt/rustwide/workdir)
[INFO] [stdout] warning: use of deprecated method `chrono::TimeZone::ymd`: use `with_ymd_and_hms()` instead
[INFO] [stdout]    --> src/date_parser/time.rs:102:25
[INFO] [stdout]     |
[INFO] [stdout] 102 |             let dt = tz.ymd(year, 1, 1).and_hms(0, 0, 0);
[INFO] [stdout]     |                         ^^^
[INFO] [stdout]     |
[INFO] [stdout]     = note: `#[warn(deprecated)]` on by default
[INFO] [stdout] 
[INFO] [stdout] 
[INFO] [stdout] warning: use of deprecated method `chrono::Date::<Tz>::and_hms`: Use and_hms_opt() instead
[INFO] [stdout]    --> src/date_parser/time.rs:102:41
[INFO] [stdout]     |
[INFO] [stdout] 102 |             let dt = tz.ymd(year, 1, 1).and_hms(0, 0, 0);
[INFO] [stdout]     |                                         ^^^^^^^
[INFO] [stdout] 
[INFO] [stdout] 
[INFO] [stdout] warning: use of deprecated method `chrono::TimeZone::ymd`: use `with_ymd_and_hms()` instead
[INFO] [stdout]    --> src/date_parser/time.rs:108:25
[INFO] [stdout]     |
[INFO] [stdout] 108 |             let dt = tz.ymd(year, 7, 1).and_hms(0, 0, 0);
[INFO] [stdout]     |                         ^^^
[INFO] [stdout] 
[INFO] [stdout] 
[INFO] [stdout] warning: use of deprecated method `chrono::Date::<Tz>::and_hms`: Use and_hms_opt() instead
[INFO] [stdout]    --> src/date_parser/time.rs:108:41
[INFO] [stdout]     |
[INFO] [stdout] 108 |             let dt = tz.ymd(year, 7, 1).and_hms(0, 0, 0);
[INFO] [stdout]     |                                         ^^^^^^^
[INFO] [stdout] 
[INFO] [stdout] 
[INFO] [stdout] warning: use of deprecated method `chrono::TimeZone::ymd`: use `with_ymd_and_hms()` instead
[INFO] [stdout]    --> src/date_parser/time.rs:567:53
[INFO] [stdout]     |
[INFO] [stdout] 567 | ...   let dt: DateTime<FixedOffset> = chrono::Utc.ymd(year, mon, mday).and_hms_nano_opt(hour, min, sec, nanosec as u32).unwrap().fixed_of...
[INFO] [stdout]     |                                                   ^^^
[INFO] [stdout] 
[INFO] [stdout] 
[INFO] [stdout] warning: use of deprecated method `chrono::TimeZone::ymd`: use `with_ymd_and_hms()` instead
[INFO] [stdout]    --> src/date_parser/time.rs:572:32
[INFO] [stdout]     |
[INFO] [stdout] 572 |         let dt = chrono::Local.ymd(year, mon, mday).and_hms_nano_opt(hour, min, sec, nanosec as u32).unwrap().fixed_offset();
[INFO] [stdout]     |                                ^^^
[INFO] [stdout] 
[INFO] [stdout] 
[INFO] [stdout] warning: value assigned to `o` is never read
[INFO] [stdout]    --> src/date_parser/time.rs:177:13
[INFO] [stdout]     |
[INFO] [stdout] 177 |     let mut o: i32 = 0;
[INFO] [stdout]     |             ^
[INFO] [stdout]     |
[INFO] [stdout]     = help: maybe it is overwritten before being read?
[INFO] [stdout]     = note: `#[warn(unused_assignments)]` on by default
[INFO] [stdout] 
[INFO] [stdout] 
[INFO] [stderr]     Finished `dev` profile [unoptimized + debuginfo] target(s) in 54.49s
[INFO] running `Command { std: "docker" "inspect" "58f375b6fb2dd3193af81ef01b5cfed6e5b349a9bdba3c194a984b69a1142012", kill_on_drop: false }`
[INFO] running `Command { std: "docker" "rm" "-f" "58f375b6fb2dd3193af81ef01b5cfed6e5b349a9bdba3c194a984b69a1142012", kill_on_drop: false }`
[INFO] [stdout] 58f375b6fb2dd3193af81ef01b5cfed6e5b349a9bdba3c194a984b69a1142012
[INFO] running `Command { std: "docker" "create" "-v" "/var/lib/crater-agent-workspace/builds/worker-0-tc1/target:/opt/rustwide/target:rw,Z" "-v" "/var/lib/crater-agent-workspace/builds/worker-0-tc1/source:/opt/rustwide/workdir:ro,Z" "-v" "/var/lib/crater-agent-workspace/cargo-home:/opt/rustwide/cargo-home:ro,Z" "-v" "/var/lib/crater-agent-workspace/rustup-home:/opt/rustwide/rustup-home:ro,Z" "-e" "SOURCE_DIR=/opt/rustwide/workdir" "-e" "CARGO_TARGET_DIR=/opt/rustwide/target" "-e" "CARGO_INCREMENTAL=0" "-e" "RUST_BACKTRACE=full" "-e" "RUSTFLAGS=--cap-lints=forbid" "-e" "RUSTDOCFLAGS=--cap-lints=forbid" "-e" "CARGO_HOME=/opt/rustwide/cargo-home" "-e" "RUSTUP_HOME=/opt/rustwide/rustup-home" "-w" "/opt/rustwide/workdir" "-m" "1610612736" "--user" "0:0" "--network" "none" "ghcr.io/rust-lang/crates-build-env/linux@sha256:819108c5571ea2e421544af4d832f968d213c87fbe3707a016657f43d2f853bc" "/opt/rustwide/cargo-home/bin/cargo" "+nightly-2025-01-18" "test" "--frozen" "--no-run" "--message-format=json", kill_on_drop: false }`
[INFO] [stdout] ed7a8a90526f81e435cf348310192aba79f6feefa928ebdf514d90c2d02e8daa
[INFO] running `Command { std: "docker" "start" "-a" "ed7a8a90526f81e435cf348310192aba79f6feefa928ebdf514d90c2d02e8daa", kill_on_drop: false }`
[INFO] [stderr]    Compiling rb_date_parser v0.1.0 (/opt/rustwide/workdir)
[INFO] [stdout] warning: use of deprecated method `chrono::TimeZone::ymd`: use `with_ymd_and_hms()` instead
[INFO] [stdout]    --> src/date_parser/time.rs:102:25
[INFO] [stdout]     |
[INFO] [stdout] 102 |             let dt = tz.ymd(year, 1, 1).and_hms(0, 0, 0);
[INFO] [stdout]     |                         ^^^
[INFO] [stdout]     |
[INFO] [stdout]     = note: `#[warn(deprecated)]` on by default
[INFO] [stdout] 
[INFO] [stdout] 
[INFO] [stdout] warning: use of deprecated method `chrono::Date::<Tz>::and_hms`: Use and_hms_opt() instead
[INFO] [stdout]    --> src/date_parser/time.rs:102:41
[INFO] [stdout]     |
[INFO] [stdout] 102 |             let dt = tz.ymd(year, 1, 1).and_hms(0, 0, 0);
[INFO] [stdout]     |                                         ^^^^^^^
[INFO] [stdout] 
[INFO] [stdout] 
[INFO] [stdout] warning: use of deprecated method `chrono::TimeZone::ymd`: use `with_ymd_and_hms()` instead
[INFO] [stdout]    --> src/date_parser/time.rs:108:25
[INFO] [stdout]     |
[INFO] [stdout] 108 |             let dt = tz.ymd(year, 7, 1).and_hms(0, 0, 0);
[INFO] [stdout]     |                         ^^^
[INFO] [stdout] 
[INFO] [stdout] 
[INFO] [stdout] warning: use of deprecated method `chrono::Date::<Tz>::and_hms`: Use and_hms_opt() instead
[INFO] [stdout]    --> src/date_parser/time.rs:108:41
[INFO] [stdout]     |
[INFO] [stdout] 108 |             let dt = tz.ymd(year, 7, 1).and_hms(0, 0, 0);
[INFO] [stdout]     |                                         ^^^^^^^
[INFO] [stdout] 
[INFO] [stdout] 
[INFO] [stdout] warning: use of deprecated method `chrono::TimeZone::ymd`: use `with_ymd_and_hms()` instead
[INFO] [stdout]    --> src/date_parser/time.rs:567:53
[INFO] [stdout]     |
[INFO] [stdout] 567 | ...   let dt: DateTime<FixedOffset> = chrono::Utc.ymd(year, mon, mday).and_hms_nano_opt(hour, min, sec, nanosec as u32).unwrap().fixed_of...
[INFO] [stdout]     |                                                   ^^^
[INFO] [stdout] 
[INFO] [stdout] 
[INFO] [stdout] warning: use of deprecated method `chrono::TimeZone::ymd`: use `with_ymd_and_hms()` instead
[INFO] [stdout]    --> src/date_parser/time.rs:572:32
[INFO] [stdout]     |
[INFO] [stdout] 572 |         let dt = chrono::Local.ymd(year, mon, mday).and_hms_nano_opt(hour, min, sec, nanosec as u32).unwrap().fixed_offset();
[INFO] [stdout]     |                                ^^^
[INFO] [stdout] 
[INFO] [stdout] 
[INFO] [stdout] warning: value assigned to `o` is never read
[INFO] [stdout]    --> src/date_parser/time.rs:177:13
[INFO] [stdout]     |
[INFO] [stdout] 177 |     let mut o: i32 = 0;
[INFO] [stdout]     |             ^
[INFO] [stdout]     |
[INFO] [stdout]     = help: maybe it is overwritten before being read?
[INFO] [stdout]     = note: `#[warn(unused_assignments)]` on by default
[INFO] [stdout] 
[INFO] [stdout] 
[INFO] [stdout] warning: use of deprecated method `chrono::TimeZone::ymd`: use `with_ymd_and_hms()` instead
[INFO] [stdout]    --> src/date_parser/time.rs:102:25
[INFO] [stdout]     |
[INFO] [stdout] 102 |             let dt = tz.ymd(year, 1, 1).and_hms(0, 0, 0);
[INFO] [stdout]     |                         ^^^
[INFO] [stdout]     |
[INFO] [stdout]     = note: `#[warn(deprecated)]` on by default
[INFO] [stdout] 
[INFO] [stdout] 
[INFO] [stdout] warning: use of deprecated method `chrono::Date::<Tz>::and_hms`: Use and_hms_opt() instead
[INFO] [stdout]    --> src/date_parser/time.rs:102:41
[INFO] [stdout]     |
[INFO] [stdout] 102 |             let dt = tz.ymd(year, 1, 1).and_hms(0, 0, 0);
[INFO] [stdout]     |                                         ^^^^^^^
[INFO] [stdout] 
[INFO] [stdout] 
[INFO] [stdout] warning: use of deprecated method `chrono::TimeZone::ymd`: use `with_ymd_and_hms()` instead
[INFO] [stdout]    --> src/date_parser/time.rs:108:25
[INFO] [stdout]     |
[INFO] [stdout] 108 |             let dt = tz.ymd(year, 7, 1).and_hms(0, 0, 0);
[INFO] [stdout]     |                         ^^^
[INFO] [stdout] 
[INFO] [stdout] 
[INFO] [stdout] warning: use of deprecated method `chrono::Date::<Tz>::and_hms`: Use and_hms_opt() instead
[INFO] [stdout]    --> src/date_parser/time.rs:108:41
[INFO] [stdout]     |
[INFO] [stdout] 108 |             let dt = tz.ymd(year, 7, 1).and_hms(0, 0, 0);
[INFO] [stdout]     |                                         ^^^^^^^
[INFO] [stdout] 
[INFO] [stdout] 
[INFO] [stdout] warning: use of deprecated method `chrono::TimeZone::ymd`: use `with_ymd_and_hms()` instead
[INFO] [stdout]    --> src/date_parser/time.rs:567:53
[INFO] [stdout]     |
[INFO] [stdout] 567 | ...   let dt: DateTime<FixedOffset> = chrono::Utc.ymd(year, mon, mday).and_hms_nano_opt(hour, min, sec, nanosec as u32).unwrap().fixed_of...
[INFO] [stdout]     |                                                   ^^^
[INFO] [stdout] 
[INFO] [stdout] 
[INFO] [stdout] warning: use of deprecated method `chrono::TimeZone::ymd`: use `with_ymd_and_hms()` instead
[INFO] [stdout]    --> src/date_parser/time.rs:572:32
[INFO] [stdout]     |
[INFO] [stdout] 572 |         let dt = chrono::Local.ymd(year, mon, mday).and_hms_nano_opt(hour, min, sec, nanosec as u32).unwrap().fixed_offset();
[INFO] [stdout]     |                                ^^^
[INFO] [stdout] 
[INFO] [stdout] 
[INFO] [stdout] warning: value assigned to `o` is never read
[INFO] [stdout]    --> src/date_parser/time.rs:177:13
[INFO] [stdout]     |
[INFO] [stdout] 177 |     let mut o: i32 = 0;
[INFO] [stdout]     |             ^
[INFO] [stdout]     |
[INFO] [stdout]     = help: maybe it is overwritten before being read?
[INFO] [stdout]     = note: `#[warn(unused_assignments)]` on by default
[INFO] [stdout] 
[INFO] [stdout] 
[INFO] [stderr]     Finished `test` profile [unoptimized + debuginfo] target(s) in 2.74s
[INFO] running `Command { std: "docker" "inspect" "ed7a8a90526f81e435cf348310192aba79f6feefa928ebdf514d90c2d02e8daa", kill_on_drop: false }`
[INFO] running `Command { std: "docker" "rm" "-f" "ed7a8a90526f81e435cf348310192aba79f6feefa928ebdf514d90c2d02e8daa", kill_on_drop: false }`
[INFO] [stdout] ed7a8a90526f81e435cf348310192aba79f6feefa928ebdf514d90c2d02e8daa
[INFO] running `Command { std: "docker" "create" "-v" "/var/lib/crater-agent-workspace/builds/worker-0-tc1/target:/opt/rustwide/target:rw,Z" "-v" "/var/lib/crater-agent-workspace/builds/worker-0-tc1/source:/opt/rustwide/workdir:ro,Z" "-v" "/var/lib/crater-agent-workspace/cargo-home:/opt/rustwide/cargo-home:ro,Z" "-v" "/var/lib/crater-agent-workspace/rustup-home:/opt/rustwide/rustup-home:ro,Z" "-e" "SOURCE_DIR=/opt/rustwide/workdir" "-e" "CARGO_TARGET_DIR=/opt/rustwide/target" "-e" "CARGO_INCREMENTAL=0" "-e" "RUST_BACKTRACE=full" "-e" "RUSTFLAGS=--cap-lints=forbid" "-e" "RUSTDOCFLAGS=--cap-lints=forbid" "-e" "CARGO_HOME=/opt/rustwide/cargo-home" "-e" "RUSTUP_HOME=/opt/rustwide/rustup-home" "-w" "/opt/rustwide/workdir" "-m" "1610612736" "--user" "0:0" "--network" "none" "ghcr.io/rust-lang/crates-build-env/linux@sha256:819108c5571ea2e421544af4d832f968d213c87fbe3707a016657f43d2f853bc" "/opt/rustwide/cargo-home/bin/cargo" "+nightly-2025-01-18" "test" "--frozen", kill_on_drop: false }`
[INFO] [stdout] 49c9f37f855db99201675af208464f708cfa860d02c159bd528076f5f96cc47f
[INFO] running `Command { std: "docker" "start" "-a" "49c9f37f855db99201675af208464f708cfa860d02c159bd528076f5f96cc47f", kill_on_drop: false }`
[INFO] [stderr] warning: use of deprecated method `chrono::TimeZone::ymd`: use `with_ymd_and_hms()` instead
[INFO] [stderr]    --> src/date_parser/time.rs:102:25
[INFO] [stderr]     |
[INFO] [stderr] 102 |             let dt = tz.ymd(year, 1, 1).and_hms(0, 0, 0);
[INFO] [stderr]     |                         ^^^
[INFO] [stderr]     |
[INFO] [stderr]     = note: `#[warn(deprecated)]` on by default
[INFO] [stderr] 
[INFO] [stderr] warning: use of deprecated method `chrono::Date::<Tz>::and_hms`: Use and_hms_opt() instead
[INFO] [stderr]    --> src/date_parser/time.rs:102:41
[INFO] [stderr]     |
[INFO] [stderr] 102 |             let dt = tz.ymd(year, 1, 1).and_hms(0, 0, 0);
[INFO] [stderr]     |                                         ^^^^^^^
[INFO] [stderr] 
[INFO] [stderr] warning: use of deprecated method `chrono::TimeZone::ymd`: use `with_ymd_and_hms()` instead
[INFO] [stderr]    --> src/date_parser/time.rs:108:25
[INFO] [stderr]     |
[INFO] [stderr] 108 |             let dt = tz.ymd(year, 7, 1).and_hms(0, 0, 0);
[INFO] [stderr]     |                         ^^^
[INFO] [stderr] 
[INFO] [stderr] warning: use of deprecated method `chrono::Date::<Tz>::and_hms`: Use and_hms_opt() instead
[INFO] [stderr]    --> src/date_parser/time.rs:108:41
[INFO] [stderr]     |
[INFO] [stderr] 108 |             let dt = tz.ymd(year, 7, 1).and_hms(0, 0, 0);
[INFO] [stderr]     |                                         ^^^^^^^
[INFO] [stderr] 
[INFO] [stderr] warning: use of deprecated method `chrono::TimeZone::ymd`: use `with_ymd_and_hms()` instead
[INFO] [stderr]    --> src/date_parser/time.rs:567:53
[INFO] [stderr]     |
[INFO] [stderr] 567 | ...   let dt: DateTime<FixedOffset> = chrono::Utc.ymd(year, mon, mday).and_hms_nano_opt(hour, min, sec, nanosec as u32).unwrap().fixed_of...
[INFO] [stderr]     |                                                   ^^^
[INFO] [stderr] 
[INFO] [stderr] warning: use of deprecated method `chrono::TimeZone::ymd`: use `with_ymd_and_hms()` instead
[INFO] [stderr]    --> src/date_parser/time.rs:572:32
[INFO] [stderr]     |
[INFO] [stderr] 572 |         let dt = chrono::Local.ymd(year, mon, mday).and_hms_nano_opt(hour, min, sec, nanosec as u32).unwrap().fixed_offset();
[INFO] [stderr]     |                                ^^^
[INFO] [stderr] 
[INFO] [stderr] warning: value assigned to `o` is never read
[INFO] [stderr]    --> src/date_parser/time.rs:177:13
[INFO] [stderr]     |
[INFO] [stderr] 177 |     let mut o: i32 = 0;
[INFO] [stderr]     |             ^
[INFO] [stderr]     |
[INFO] [stderr]     = help: maybe it is overwritten before being read?
[INFO] [stderr]     = note: `#[warn(unused_assignments)]` on by default
[INFO] [stderr] 
[INFO] [stderr] warning: `rb_date_parser` (lib) generated 7 warnings
[INFO] [stderr] warning: `rb_date_parser` (lib test) generated 7 warnings (7 duplicates)
[INFO] [stderr]     Finished `test` profile [unoptimized + debuginfo] target(s) in 0.10s
[INFO] [stderr]      Running unittests src/lib.rs (/opt/rustwide/target/debug/deps/rb_date_parser-e3c1d63a3a09f1ca)
[INFO] [stdout] 
[INFO] [stdout] running 40 tests
[INFO] [stdout] test date_parser::test_parse::test_day_of_week ... ok
[INFO] [stdout] test date_parser::test_parse::test_dot ... ok
[INFO] [stdout] test date_parser::test_parse::test_apostrophe ... ok
[INFO] [stdout] test date_parser::test_parse::test_ad_era ... ok
[INFO] [stdout] test date_parser::test_parse::test_bc_era ... ok
[INFO] [stdout] test date_parser::test_parse::test_jis_x0301 ... ok
[INFO] [stdout] test date_parser::test_parse::test_day_of_month ... ok
[INFO] [stdout] test date_parser::test_parse::test_mil ... ok
[INFO] [stdout] test date_parser::test_parse::test_month ... ok
[INFO] [stdout] test date_parser::test_parse::test_month_and_year ... ok
[INFO] [stdout] test date_parser::test_parse::test_collection ... ok
[INFO] [stdout] test date_parser::test_parse::test_broken_iso8601 ... ok
[INFO] [stdout] test date_parser::test_parse::test_non_spaced_eu ... ok
[INFO] [stdout] test date_parser::test_parse::test_non_spaced_us ... ok
[INFO] [stdout] test date_parser::test_parse::test_other ... ok
[INFO] [stdout] test date_parser::test_parse::test_parse_slash_exp ... ok
[INFO] [stdout] test date_parser::test_parse::test_ctime_asctime ... ok
[INFO] [stdout] test date_parser::test_parse::test_etc ... ok
[INFO] [stdout] test date_parser::test_parse::test_reverse_dot ... ok
[INFO] [stdout] test date_parser::test_parse::test_month_and_day_of_month ... ok
[INFO] [stdout] test date_parser::test_parse::test_reversed_vms ... ok
[INFO] [stdout] test date_parser::test_parse::test_reversed_iso8601 ... ok
[INFO] [stdout] test date_parser::test_parse::test_swapped_vms ... ok
[INFO] [stdout] test date_parser::test_parse::test_tz_offsets_with_separators ... ok
[INFO] [stdout] test date_parser::test_parse::test_rfc_850 ... ok
[INFO] [stdout] test date_parser::test_parse::test_w3c_xforms ... ok
[INFO] [stdout] test date_parser::test_parse::test_rfc_2822 ... ok
[INFO] [stdout] test date_parser::time::test::test_completion ... ok
[INFO] [stdout] test date_parser::test_parse::test_vms ... ok
[INFO] [stdout] test date_parser::time::test::test_completion_with_different_timezone ... ok
[INFO] [stdout] test date_parser::test_parse::test_time ... ok
[INFO] [stdout] test date_parser::time::test::test_invalid ... ok
[INFO] [stdout] test date_parser::time::test::test_parse_now_nil ... ok
[INFO] [stdout] test date_parser::time::test::test_zone_0000 ... ok
[INFO] [stdout] test date_parser::time::test::test_parse_cc_expiry ... ok
[INFO] [stdout] test date_parser::test_parse::test_iso8601 ... ok
[INFO] [stdout] test date_parser::test_parse::test_year ... ok
[INFO] [stdout] test date_parser::test_parse::test_parse_2 ... ok
[INFO] [stdout] test date_parser::test_parse::test_ofx_date ... ok
[INFO] [stdout] test date_parser::time::test::test_parse_offset_hour_minute_second ... FAILED
[INFO] [stdout] 
[INFO] [stdout] failures:
[INFO] [stdout] 
[INFO] [stdout] ---- date_parser::time::test::test_parse_offset_hour_minute_second stdout ----
[INFO] [stdout] 
[INFO] [stdout] thread 'date_parser::time::test::test_parse_offset_hour_minute_second' panicked at src/date_parser/time.rs:760:9:
[INFO] [stdout] assertion `left == right` failed
[INFO] [stdout]   left: -1199-02-15T14:13:20+00:00
[INFO] [stdout]  right: -214748-01-01T00:00:00+00:00
[INFO] [stdout] stack backtrace:
[INFO] [stdout]    0:     0x648ed2882d7a - std::backtrace_rs::backtrace::libunwind::trace::hb059275cfc8d6126
[INFO] [stdout]                                at /rustc/6067b36314ab5eb2eb47cecc464545ba58e1ad24/library/std/src/../../backtrace/src/backtrace/libunwind.rs:116:5
[INFO] [stdout]    1:     0x648ed2882d7a - std::backtrace_rs::backtrace::trace_unsynchronized::h2da071e4327ce3ee
[INFO] [stdout]                                at /rustc/6067b36314ab5eb2eb47cecc464545ba58e1ad24/library/std/src/../../backtrace/src/backtrace/mod.rs:66:5
[INFO] [stdout]    2:     0x648ed2882d7a - std::sys::backtrace::_print_fmt::h842a1474e6f8d23f
[INFO] [stdout]                                at /rustc/6067b36314ab5eb2eb47cecc464545ba58e1ad24/library/std/src/sys/backtrace.rs:66:9
[INFO] [stdout]    3:     0x648ed2882d7a - <std::sys::backtrace::BacktraceLock::print::DisplayBacktrace as core::fmt::Display>::fmt::h71a62eb3b9696b12
[INFO] [stdout]                                at /rustc/6067b36314ab5eb2eb47cecc464545ba58e1ad24/library/std/src/sys/backtrace.rs:39:26
[INFO] [stdout]    4:     0x648ed28ad8a3 - core::fmt::rt::Argument::fmt::hdb6b616786b41dc1
[INFO] [stdout]                                at /rustc/6067b36314ab5eb2eb47cecc464545ba58e1ad24/library/core/src/fmt/rt.rs:177:76
[INFO] [stdout]    5:     0x648ed28ad8a3 - core::fmt::write::h2cc1698af7e2d686
[INFO] [stdout]                                at /rustc/6067b36314ab5eb2eb47cecc464545ba58e1ad24/library/core/src/fmt/mod.rs:1440:21
[INFO] [stdout]    6:     0x648ed287f653 - std::io::Write::write_fmt::hab1b4cd059a79022
[INFO] [stdout]                                at /rustc/6067b36314ab5eb2eb47cecc464545ba58e1ad24/library/std/src/io/mod.rs:1887:15
[INFO] [stdout]    7:     0x648ed2882bc2 - std::sys::backtrace::BacktraceLock::print::h147fe35b4ea13b08
[INFO] [stdout]                                at /rustc/6067b36314ab5eb2eb47cecc464545ba58e1ad24/library/std/src/sys/backtrace.rs:42:9
[INFO] [stdout]    8:     0x648ed288419f - std::panicking::default_hook::{{closure}}::hbd44223dbdc0d208
[INFO] [stdout]                                at /rustc/6067b36314ab5eb2eb47cecc464545ba58e1ad24/library/std/src/panicking.rs:298:22
[INFO] [stdout]    9:     0x648ed2883fb8 - std::panicking::default_hook::h20f81eb0576efcec
[INFO] [stdout]                                at /rustc/6067b36314ab5eb2eb47cecc464545ba58e1ad24/library/std/src/panicking.rs:322:9
[INFO] [stdout]   10:     0x648ed26a5393 - <alloc::boxed::Box<F,A> as core::ops::function::Fn<Args>>::call::hdb53814c496a4d34
[INFO] [stdout]                                at /rustc/6067b36314ab5eb2eb47cecc464545ba58e1ad24/library/alloc/src/boxed.rs:2027:9
[INFO] [stdout]   11:     0x648ed26a5393 - test::test_main::{{closure}}::hc0a4963c59427c24
[INFO] [stdout]                                at /rustc/6067b36314ab5eb2eb47cecc464545ba58e1ad24/library/test/src/lib.rs:134:21
[INFO] [stdout]   12:     0x648ed2884c93 - <alloc::boxed::Box<F,A> as core::ops::function::Fn<Args>>::call::h591b2225413a77e9
[INFO] [stdout]                                at /rustc/6067b36314ab5eb2eb47cecc464545ba58e1ad24/library/alloc/src/boxed.rs:2027:9
[INFO] [stdout]   13:     0x648ed2884c93 - std::panicking::rust_panic_with_hook::h625eea43051b2edc
[INFO] [stdout]                                at /rustc/6067b36314ab5eb2eb47cecc464545ba58e1ad24/library/std/src/panicking.rs:839:13
[INFO] [stdout]   14:     0x648ed288494a - std::panicking::begin_panic_handler::{{closure}}::h4f9159cfbc3f6bd3
[INFO] [stdout]                                at /rustc/6067b36314ab5eb2eb47cecc464545ba58e1ad24/library/std/src/panicking.rs:704:13
[INFO] [stdout]   15:     0x648ed2883279 - std::sys::backtrace::__rust_end_short_backtrace::h0390abce48353151
[INFO] [stdout]                                at /rustc/6067b36314ab5eb2eb47cecc464545ba58e1ad24/library/std/src/sys/backtrace.rs:168:18
[INFO] [stdout]   16:     0x648ed28845dd - rust_begin_unwind
[INFO] [stdout]                                at /rustc/6067b36314ab5eb2eb47cecc464545ba58e1ad24/library/std/src/panicking.rs:695:5
[INFO] [stdout]   17:     0x648ed28abed0 - core::panicking::panic_fmt::h9e7c637e9e5f29c9
[INFO] [stdout]                                at /rustc/6067b36314ab5eb2eb47cecc464545ba58e1ad24/library/core/src/panicking.rs:75:14
[INFO] [stdout]   18:     0x648ed28ac2c2 - core::panicking::assert_failed_inner::h538bec7c1374cd9c
[INFO] [stdout]   19:     0x648ed2626d79 - core::panicking::assert_failed::hb25011acbbf73112
[INFO] [stdout]                                at /rustc/6067b36314ab5eb2eb47cecc464545ba58e1ad24/library/core/src/panicking.rs:364:5
[INFO] [stdout]   20:     0x648ed2630761 - rb_date_parser::date_parser::time::test::test_parse_offset_hour_minute_second::hb3669430f0f37d93
[INFO] [stdout]                                at /opt/rustwide/workdir/src/date_parser/time.rs:760:9
[INFO] [stdout]   21:     0x648ed2630417 - rb_date_parser::date_parser::time::test::test_parse_offset_hour_minute_second::{{closure}}::hcf850e1e2b19ae92
[INFO] [stdout]                                at /opt/rustwide/workdir/src/date_parser/time.rs:758:46
[INFO] [stdout]   22:     0x648ed26470f6 - core::ops::function::FnOnce::call_once::hdf0be1712bb00015
[INFO] [stdout]                                at /rustc/6067b36314ab5eb2eb47cecc464545ba58e1ad24/library/core/src/ops/function.rs:250:5
[INFO] [stdout]   23:     0x648ed26aaaeb - core::ops::function::FnOnce::call_once::he27718dfdd183f43
[INFO] [stdout]                                at /rustc/6067b36314ab5eb2eb47cecc464545ba58e1ad24/library/core/src/ops/function.rs:250:5
[INFO] [stdout]   24:     0x648ed26aaaeb - test::__rust_begin_short_backtrace::h4e84902998457a5d
[INFO] [stdout]                                at /rustc/6067b36314ab5eb2eb47cecc464545ba58e1ad24/library/test/src/lib.rs:632:18
[INFO] [stdout]   25:     0x648ed26a9a23 - test::run_test_in_process::{{closure}}::h7176fd18fc1feca0
[INFO] [stdout]                                at /rustc/6067b36314ab5eb2eb47cecc464545ba58e1ad24/library/test/src/lib.rs:655:60
[INFO] [stdout]   26:     0x648ed26a9a23 - <core::panic::unwind_safe::AssertUnwindSafe<F> as core::ops::function::FnOnce<()>>::call_once::hf79cff2a624d8cf7
[INFO] [stdout]                                at /rustc/6067b36314ab5eb2eb47cecc464545ba58e1ad24/library/core/src/panic/unwind_safe.rs:272:9
[INFO] [stdout]   27:     0x648ed26a9a23 - std::panicking::try::do_call::h3da0561d9ab99c25
[INFO] [stdout]                                at /rustc/6067b36314ab5eb2eb47cecc464545ba58e1ad24/library/std/src/panicking.rs:587:40
[INFO] [stdout]   28:     0x648ed26a9a23 - std::panicking::try::h41c9fa508bc61df6
[INFO] [stdout]                                at /rustc/6067b36314ab5eb2eb47cecc464545ba58e1ad24/library/std/src/panicking.rs:550:19
[INFO] [stdout]   29:     0x648ed26a9a23 - std::panic::catch_unwind::h6b3ff07bb5afad93
[INFO] [stdout]                                at /rustc/6067b36314ab5eb2eb47cecc464545ba58e1ad24/library/std/src/panic.rs:358:14
[INFO] [stdout]   30:     0x648ed26a9a23 - test::run_test_in_process::hc7253dd11b39b9f4
[INFO] [stdout]                                at /rustc/6067b36314ab5eb2eb47cecc464545ba58e1ad24/library/test/src/lib.rs:655:27
[INFO] [stdout]   31:     0x648ed26a9a23 - test::run_test::{{closure}}::hfb2007f8649c30bb
[INFO] [stdout]                                at /rustc/6067b36314ab5eb2eb47cecc464545ba58e1ad24/library/test/src/lib.rs:576:43
[INFO] [stdout]   32:     0x648ed266cb05 - test::run_test::{{closure}}::h56a17aa7a282a9f4
[INFO] [stdout]                                at /rustc/6067b36314ab5eb2eb47cecc464545ba58e1ad24/library/test/src/lib.rs:606:41
[INFO] [stdout]   33:     0x648ed266cb05 - std::sys::backtrace::__rust_begin_short_backtrace::hd2d2d2fb8e8c6aac
[INFO] [stdout]                                at /rustc/6067b36314ab5eb2eb47cecc464545ba58e1ad24/library/std/src/sys/backtrace.rs:152:18
[INFO] [stdout]   34:     0x648ed26703ea - std::thread::Builder::spawn_unchecked_::{{closure}}::{{closure}}::h4faa3f9db6133423
[INFO] [stdout]                                at /rustc/6067b36314ab5eb2eb47cecc464545ba58e1ad24/library/std/src/thread/mod.rs:559:17
[INFO] [stdout]   35:     0x648ed26703ea - <core::panic::unwind_safe::AssertUnwindSafe<F> as core::ops::function::FnOnce<()>>::call_once::hf2e855a36a4ea846
[INFO] [stdout]                                at /rustc/6067b36314ab5eb2eb47cecc464545ba58e1ad24/library/core/src/panic/unwind_safe.rs:272:9
[INFO] [stdout]   36:     0x648ed26703ea - std::panicking::try::do_call::h2f73af3616c35465
[INFO] [stdout]                                at /rustc/6067b36314ab5eb2eb47cecc464545ba58e1ad24/library/std/src/panicking.rs:587:40
[INFO] [stdout]   37:     0x648ed26703ea - std::panicking::try::hd1660ce9efadef5a
[INFO] [stdout]                                at /rustc/6067b36314ab5eb2eb47cecc464545ba58e1ad24/library/std/src/panicking.rs:550:19
[INFO] [stdout]   38:     0x648ed26703ea - std::panic::catch_unwind::h5ee8d7823b8ca744
[INFO] [stdout]                                at /rustc/6067b36314ab5eb2eb47cecc464545ba58e1ad24/library/std/src/panic.rs:358:14
[INFO] [stdout]   39:     0x648ed26703ea - std::thread::Builder::spawn_unchecked_::{{closure}}::h53c3a1894dce8407
[INFO] [stdout]                                at /rustc/6067b36314ab5eb2eb47cecc464545ba58e1ad24/library/std/src/thread/mod.rs:557:30
[INFO] [stdout]   40:     0x648ed26703ea - core::ops::function::FnOnce::call_once{{vtable.shim}}::h048ce291ad4f62bf
[INFO] [stdout]                                at /rustc/6067b36314ab5eb2eb47cecc464545ba58e1ad24/library/core/src/ops/function.rs:250:5
[INFO] [stdout]   41:     0x648ed2888eab - <alloc::boxed::Box<F,A> as core::ops::function::FnOnce<Args>>::call_once::ha52bedf99a3b4981
[INFO] [stdout]                                at /rustc/6067b36314ab5eb2eb47cecc464545ba58e1ad24/library/alloc/src/boxed.rs:2013:9
[INFO] [stdout]   42:     0x648ed2888eab - <alloc::boxed::Box<F,A> as core::ops::function::FnOnce<Args>>::call_once::h567748934d80ccf8
[INFO] [stdout]                                at /rustc/6067b36314ab5eb2eb47cecc464545ba58e1ad24/library/alloc/src/boxed.rs:2013:9
[INFO] [stdout]   43:     0x648ed2888eab - std::sys::pal::unix::thread::Thread::new::thread_start::h2d970728ae887adc
[INFO] [stdout]                                at /rustc/6067b36314ab5eb2eb47cecc464545ba58e1ad24/library/std/src/sys/pal/unix/thread.rs:106:17
[INFO] [stdout]   44:     0x7509546adac3 - <unknown>
[INFO] [stdout]   45:     0x75095473ea04 - clone
[INFO] [stdout]   46:                0x0 - <unknown>
[INFO] [stdout] 
[INFO] [stdout] 
[INFO] [stdout] failures:
[INFO] [stdout]     date_parser::time::test::test_parse_offset_hour_minute_second
[INFO] [stdout] 
[INFO] [stdout] test result: FAILED. 39 passed; 1 failed; 0 ignored; 0 measured; 0 filtered out; finished in 0.36s
[INFO] [stdout] 
[INFO] [stderr] error: test failed, to rerun pass `--lib`
[INFO] running `Command { std: "docker" "inspect" "49c9f37f855db99201675af208464f708cfa860d02c159bd528076f5f96cc47f", kill_on_drop: false }`
[INFO] running `Command { std: "docker" "rm" "-f" "49c9f37f855db99201675af208464f708cfa860d02c159bd528076f5f96cc47f", kill_on_drop: false }`
[INFO] [stdout] 49c9f37f855db99201675af208464f708cfa860d02c159bd528076f5f96cc47f
