[INFO] cloning repository https://github.com/bklebe/transit-query
[INFO] running `Command { std: "git" "-c" "credential.helper=" "-c" "credential.helper=/workspace/cargo-home/bin/git-credential-null" "clone" "--bare" "https://github.com/bklebe/transit-query" "/workspace/cache/git-repos/https%3A%2F%2Fgithub.com%2Fbklebe%2Ftransit-query", kill_on_drop: false }`
[INFO] [stderr] Cloning into bare repository '/workspace/cache/git-repos/https%3A%2F%2Fgithub.com%2Fbklebe%2Ftransit-query'...
[INFO] running `Command { std: "git" "rev-parse" "HEAD", kill_on_drop: false }`
[INFO] [stdout] d5f7c76225b846550c456ec23fab4bb26fb2eb50
[INFO] testing bklebe/transit-query against nightly-2025-01-18 for randomize-layout-2
[INFO] running `Command { std: "git" "clone" "/workspace/cache/git-repos/https%3A%2F%2Fgithub.com%2Fbklebe%2Ftransit-query" "/workspace/builds/worker-4-tc1/source", kill_on_drop: false }`
[INFO] [stderr] Cloning into '/workspace/builds/worker-4-tc1/source'...
[INFO] [stderr] done.
[INFO] validating manifest of git repo https://github.com/bklebe/transit-query on toolchain nightly-2025-01-18
[INFO] running `Command { std: CARGO_HOME="/workspace/cargo-home" RUSTUP_HOME="/workspace/rustup-home" "/workspace/cargo-home/bin/cargo" "+nightly-2025-01-18" "metadata" "--manifest-path" "Cargo.toml" "--no-deps", kill_on_drop: false }`
[INFO] started tweaking git repo https://github.com/bklebe/transit-query
[INFO] finished tweaking git repo https://github.com/bklebe/transit-query
[INFO] tweaked toml for git repo https://github.com/bklebe/transit-query written to /workspace/builds/worker-4-tc1/source/Cargo.toml
[INFO] crate git repo https://github.com/bklebe/transit-query already has a lockfile, it will not be regenerated
[INFO] running `Command { std: CARGO_HOME="/workspace/cargo-home" RUSTUP_HOME="/workspace/rustup-home" "/workspace/cargo-home/bin/cargo" "+nightly-2025-01-18" "fetch" "--manifest-path" "Cargo.toml", kill_on_drop: false }`
[INFO] [stderr]     Updating git repository `https://github.com/obi1kenobi/trustfall.git`
[INFO] [stderr]     Blocking waiting for file lock on package cache
[INFO] [stderr]  Downloading crates ...
[INFO] [stderr]   Downloaded async-graphql-value v6.0.9
[INFO] [stderr]   Downloaded async-graphql-parser v6.0.9
[INFO] running `Command { std: "docker" "create" "-v" "/var/lib/crater-agent-workspace/builds/worker-4-tc1/target:/opt/rustwide/target:rw,Z" "-v" "/var/lib/crater-agent-workspace/builds/worker-4-tc1/source:/opt/rustwide/workdir:ro,Z" "-v" "/var/lib/crater-agent-workspace/cargo-home:/opt/rustwide/cargo-home:ro,Z" "-v" "/var/lib/crater-agent-workspace/rustup-home:/opt/rustwide/rustup-home:ro,Z" "-e" "SOURCE_DIR=/opt/rustwide/workdir" "-e" "CARGO_TARGET_DIR=/opt/rustwide/target" "-e" "CARGO_HOME=/opt/rustwide/cargo-home" "-e" "RUSTUP_HOME=/opt/rustwide/rustup-home" "-w" "/opt/rustwide/workdir" "-m" "1610612736" "--user" "0:0" "--network" "none" "ghcr.io/rust-lang/crates-build-env/linux@sha256:819108c5571ea2e421544af4d832f968d213c87fbe3707a016657f43d2f853bc" "/opt/rustwide/cargo-home/bin/cargo" "+nightly-2025-01-18" "metadata" "--no-deps" "--format-version=1", kill_on_drop: false }`
[INFO] [stdout] 61eb43c7ad0c3aca46f88bab3f4aa631ac1527c85710c76d8f6baa6dbe8fcf0d
[INFO] running `Command { std: "docker" "start" "-a" "61eb43c7ad0c3aca46f88bab3f4aa631ac1527c85710c76d8f6baa6dbe8fcf0d", kill_on_drop: false }`
[INFO] running `Command { std: "docker" "inspect" "61eb43c7ad0c3aca46f88bab3f4aa631ac1527c85710c76d8f6baa6dbe8fcf0d", kill_on_drop: false }`
[INFO] running `Command { std: "docker" "rm" "-f" "61eb43c7ad0c3aca46f88bab3f4aa631ac1527c85710c76d8f6baa6dbe8fcf0d", kill_on_drop: false }`
[INFO] [stdout] 61eb43c7ad0c3aca46f88bab3f4aa631ac1527c85710c76d8f6baa6dbe8fcf0d
[INFO] running `Command { std: "docker" "create" "-v" "/var/lib/crater-agent-workspace/builds/worker-4-tc1/target:/opt/rustwide/target:rw,Z" "-v" "/var/lib/crater-agent-workspace/builds/worker-4-tc1/source:/opt/rustwide/workdir:ro,Z" "-v" "/var/lib/crater-agent-workspace/cargo-home:/opt/rustwide/cargo-home:ro,Z" "-v" "/var/lib/crater-agent-workspace/rustup-home:/opt/rustwide/rustup-home:ro,Z" "-e" "SOURCE_DIR=/opt/rustwide/workdir" "-e" "CARGO_TARGET_DIR=/opt/rustwide/target" "-e" "CARGO_INCREMENTAL=0" "-e" "RUST_BACKTRACE=full" "-e" "RUSTFLAGS=--cap-lints=forbid" "-e" "RUSTDOCFLAGS=--cap-lints=forbid" "-e" "CARGO_HOME=/opt/rustwide/cargo-home" "-e" "RUSTUP_HOME=/opt/rustwide/rustup-home" "-w" "/opt/rustwide/workdir" "-m" "1610612736" "--user" "0:0" "--network" "none" "ghcr.io/rust-lang/crates-build-env/linux@sha256:819108c5571ea2e421544af4d832f968d213c87fbe3707a016657f43d2f853bc" "/opt/rustwide/cargo-home/bin/cargo" "+nightly-2025-01-18" "build" "--frozen" "--message-format=json", kill_on_drop: false }`
[INFO] [stdout] 2508353458cc19fd6c7e371da325889ec2f14104a6a68663eb5c42d497468905
[INFO] running `Command { std: "docker" "start" "-a" "2508353458cc19fd6c7e371da325889ec2f14104a6a68663eb5c42d497468905", kill_on_drop: false }`
[INFO] [stderr]    Compiling proc-macro2 v1.0.69
[INFO] [stderr]    Compiling unicode-ident v1.0.12
[INFO] [stderr]    Compiling serde v1.0.189
[INFO] [stderr]    Compiling libc v0.2.149
[INFO] [stderr]    Compiling memchr v2.6.4
[INFO] [stderr]    Compiling itoa v1.0.9
[INFO] [stderr]    Compiling pin-project-lite v0.2.13
[INFO] [stderr]    Compiling once_cell v1.18.0
[INFO] [stderr]    Compiling vcpkg v0.2.15
[INFO] [stderr]    Compiling pkg-config v0.3.27
[INFO] [stderr]    Compiling hashbrown v0.14.2
[INFO] [stderr]    Compiling futures-core v0.3.28
[INFO] [stderr]    Compiling equivalent v1.0.1
[INFO] [stderr]    Compiling ryu v1.0.15
[INFO] [stderr]    Compiling autocfg v1.1.0
[INFO] [stderr]    Compiling futures-task v0.3.28
[INFO] [stderr]    Compiling foreign-types-shared v0.1.1
[INFO] [stderr]    Compiling futures-util v0.3.28
[INFO] [stderr]    Compiling fnv v1.0.7
[INFO] [stderr]    Compiling thiserror v1.0.50
[INFO] [stderr]    Compiling tracing-core v0.1.32
[INFO] [stderr]    Compiling openssl v0.10.60
[INFO] [stderr]    Compiling cfg-if v1.0.0
[INFO] [stderr]    Compiling serde_json v1.0.107
[INFO] [stderr]    Compiling foreign-types v0.3.2
[INFO] [stderr]    Compiling futures-sink v0.3.28
[INFO] [stderr]    Compiling native-tls v0.2.11
[INFO] [stderr]    Compiling futures-channel v0.3.28
[INFO] [stderr]    Compiling slab v0.4.9
[INFO] [stderr]    Compiling bitflags v2.4.1
[INFO] [stderr]    Compiling tinyvec_macros v0.1.1
[INFO] [stderr]    Compiling futures-io v0.3.28
[INFO] [stderr]    Compiling httparse v1.8.0
[INFO] [stderr]    Compiling pin-utils v0.1.0
[INFO] [stderr]    Compiling tinyvec v1.6.0
[INFO] [stderr]    Compiling openssl-probe v0.1.5
[INFO] [stderr]    Compiling regex-syntax v0.8.2
[INFO] [stderr]    Compiling try-lock v0.2.4
[INFO] [stderr]    Compiling percent-encoding v2.3.0
[INFO] [stderr]    Compiling quote v1.0.33
[INFO] [stderr]    Compiling ucd-trie v0.1.6
[INFO] [stderr]    Compiling utf8parse v0.2.1
[INFO] [stderr]    Compiling log v0.4.20
[INFO] [stderr]    Compiling cc v1.0.83
[INFO] [stderr]    Compiling syn v2.0.38
[INFO] [stderr]    Compiling num_cpus v1.16.0
[INFO] [stderr]    Compiling mio v0.8.11
[INFO] [stderr]    Compiling socket2 v0.5.5
[INFO] [stderr]    Compiling anstyle-parse v0.2.2
[INFO] [stderr]    Compiling socket2 v0.4.10
[INFO] [stderr]    Compiling form_urlencoded v1.2.0
[INFO] [stderr]    Compiling tracing v0.1.40
[INFO] [stderr]    Compiling aho-corasick v1.1.2
[INFO] [stderr]    Compiling want v0.3.1
[INFO] [stderr]    Compiling unicode-bidi v0.3.13
[INFO] [stderr]    Compiling anstyle-query v1.0.0
[INFO] [stderr]    Compiling unicode-normalization v0.1.22
[INFO] [stderr]    Compiling httpdate v1.0.3
[INFO] [stderr]    Compiling colorchoice v1.0.0
[INFO] [stderr]    Compiling anyhow v1.0.75
[INFO] [stderr]    Compiling tower-service v0.3.2
[INFO] [stderr]    Compiling either v1.9.0
[INFO] [stderr]    Compiling anstyle v1.0.4
[INFO] [stderr]    Compiling strsim v0.10.0
[INFO] [stderr]    Compiling clap_lex v0.6.0
[INFO] [stderr]    Compiling heck v0.4.1
[INFO] [stderr]    Compiling maplit v1.0.2
[INFO] [stderr]    Compiling csv-core v0.1.11
[INFO] [stderr]    Compiling openssl-sys v0.9.96
[INFO] [stderr]    Compiling itertools v0.11.0
[INFO] [stderr]    Compiling encoding_rs v0.8.33
[INFO] [stderr]    Compiling mime v0.3.17
[INFO] [stderr]    Compiling idna v0.4.0
[INFO] [stderr]    Compiling anstream v0.6.4
[INFO] [stderr]    Compiling base64 v0.21.5
[INFO] [stderr]    Compiling ipnet v2.9.0
[INFO] [stderr]    Compiling clap_builder v4.4.7
[INFO] [stderr]    Compiling url v2.4.1
[INFO] [stderr]    Compiling regex-automata v0.4.3
[INFO] [stderr]    Compiling serde_derive v1.0.189
[INFO] [stderr]    Compiling openssl-macros v0.1.1
[INFO] [stderr]    Compiling thiserror-impl v1.0.50
[INFO] [stderr]    Compiling trustfall_derive v0.3.1 (https://github.com/obi1kenobi/trustfall.git?branch=main#952dbe99)
[INFO] [stderr]    Compiling clap_derive v4.4.7
[INFO] [stderr]    Compiling pest v2.7.4
[INFO] [stderr]    Compiling regex v1.10.2
[INFO] [stderr]    Compiling clap v4.4.7
[INFO] [stderr]    Compiling bytes v1.5.0
[INFO] [stderr]    Compiling indexmap v2.0.2
[INFO] [stderr]    Compiling smallvec v1.11.1
[INFO] [stderr]    Compiling serde_urlencoded v0.7.1
[INFO] [stderr]    Compiling csv v1.3.0
[INFO] [stderr]    Compiling tokio v1.33.0
[INFO] [stderr]    Compiling http v0.2.9
[INFO] [stderr]    Compiling http-body v0.4.5
[INFO] [stderr]    Compiling async-graphql-value v6.0.9
[INFO] [stderr]    Compiling async-graphql-parser v6.0.9
[INFO] [stderr]    Compiling trustfall_core v0.6.0 (https://github.com/obi1kenobi/trustfall.git?branch=main#952dbe99)
[INFO] [stderr]    Compiling tokio-util v0.7.9
[INFO] [stderr]    Compiling tokio-native-tls v0.3.1
[INFO] [stderr]    Compiling h2 v0.3.24
[INFO] [stderr]    Compiling hyper v0.14.27
[INFO] [stderr]    Compiling trustfall v0.6.1 (https://github.com/obi1kenobi/trustfall.git?branch=main#952dbe99)
[INFO] [stderr]    Compiling hyper-tls v0.5.0
[INFO] [stderr]    Compiling reqwest v0.11.22
[INFO] [stderr]    Compiling transit-query v0.1.0 (/opt/rustwide/workdir)
[INFO] [stdout] warning: unused import: `maplit::btreemap`
[INFO] [stdout]  --> src/main.rs:8:5
[INFO] [stdout]   |
[INFO] [stdout] 8 | use maplit::btreemap;
[INFO] [stdout]   |     ^^^^^^^^^^^^^^^^
[INFO] [stdout]   |
[INFO] [stdout]   = note: `#[warn(unused_imports)]` on by default
[INFO] [stdout] 
[INFO] [stdout] 
[INFO] [stdout] warning: unused import: `std::iter`
[INFO] [stdout]   --> src/adapter/edges.rs:89:9
[INFO] [stdout]    |
[INFO] [stdout] 89 |     use std::iter;
[INFO] [stdout]    |         ^^^^^^^^^
[INFO] [stdout] 
[INFO] [stdout] 
[INFO] [stdout] warning: unused import: `vertex::Vertex`
[INFO] [stdout]   --> src/adapter/mod.rs:11:9
[INFO] [stdout]    |
[INFO] [stdout] 11 | pub use vertex::Vertex;
[INFO] [stdout]    |         ^^^^^^^^^^^^^^
[INFO] [stdout] 
[INFO] [stdout] 
[INFO] [stdout] warning: unused variable: `vertex`
[INFO] [stdout]   --> src/adapter/edges.rs:62:17
[INFO] [stdout]    |
[INFO] [stdout] 62 |             let vertex = vertex
[INFO] [stdout]    |                 ^^^^^^ help: if this is intentional, prefix it with an underscore: `_vertex`
[INFO] [stdout]    |
[INFO] [stdout]    = note: `#[warn(unused_variables)]` on by default
[INFO] [stdout] 
[INFO] [stdout] 
[INFO] [stdout] warning: field `trip_updates` is never read
[INFO] [stdout]   --> src/adapter/adapter_impl.rs:24:5
[INFO] [stdout]    |
[INFO] [stdout] 22 | pub struct Adapter<'a> {
[INFO] [stdout]    |            ------- field in this struct
[INFO] [stdout] 23 |     vehicle_positions: &'a VehiclePositions,
[INFO] [stdout] 24 |     trip_updates: &'a TripUpdates,
[INFO] [stdout]    |     ^^^^^^^^^^^^
[INFO] [stdout]    |
[INFO] [stdout]    = note: `Adapter` has a derived impl for the trait `Debug`, but this is intentionally ignored during dead code analysis
[INFO] [stdout]    = note: `#[warn(dead_code)]` on by default
[INFO] [stdout] 
[INFO] [stdout] 
[INFO] [stdout] warning: variant `TripDescriptor` is never constructed
[INFO] [stdout]   --> src/adapter/vertex.rs:12:5
[INFO] [stdout]    |
[INFO] [stdout] 8  | pub enum Vertex<'a> {
[INFO] [stdout]    |          ------ variant in this enum
[INFO] [stdout] ...
[INFO] [stdout] 12 |     TripDescriptor(&'a TripDescriptor),
[INFO] [stdout]    |     ^^^^^^^^^^^^^^
[INFO] [stdout]    |
[INFO] [stdout]    = note: `Vertex` has derived impls for the traits `Clone` and `Debug`, but these are intentionally ignored during dead code analysis
[INFO] [stdout] 
[INFO] [stdout] 
[INFO] [stderr]     Finished `dev` profile [unoptimized + debuginfo] target(s) in 54.81s
[INFO] running `Command { std: "docker" "inspect" "2508353458cc19fd6c7e371da325889ec2f14104a6a68663eb5c42d497468905", kill_on_drop: false }`
[INFO] running `Command { std: "docker" "rm" "-f" "2508353458cc19fd6c7e371da325889ec2f14104a6a68663eb5c42d497468905", kill_on_drop: false }`
[INFO] [stdout] 2508353458cc19fd6c7e371da325889ec2f14104a6a68663eb5c42d497468905
[INFO] running `Command { std: "docker" "create" "-v" "/var/lib/crater-agent-workspace/builds/worker-4-tc1/target:/opt/rustwide/target:rw,Z" "-v" "/var/lib/crater-agent-workspace/builds/worker-4-tc1/source:/opt/rustwide/workdir:ro,Z" "-v" "/var/lib/crater-agent-workspace/cargo-home:/opt/rustwide/cargo-home:ro,Z" "-v" "/var/lib/crater-agent-workspace/rustup-home:/opt/rustwide/rustup-home:ro,Z" "-e" "SOURCE_DIR=/opt/rustwide/workdir" "-e" "CARGO_TARGET_DIR=/opt/rustwide/target" "-e" "CARGO_INCREMENTAL=0" "-e" "RUST_BACKTRACE=full" "-e" "RUSTFLAGS=--cap-lints=forbid" "-e" "RUSTDOCFLAGS=--cap-lints=forbid" "-e" "CARGO_HOME=/opt/rustwide/cargo-home" "-e" "RUSTUP_HOME=/opt/rustwide/rustup-home" "-w" "/opt/rustwide/workdir" "-m" "1610612736" "--user" "0:0" "--network" "none" "ghcr.io/rust-lang/crates-build-env/linux@sha256:819108c5571ea2e421544af4d832f968d213c87fbe3707a016657f43d2f853bc" "/opt/rustwide/cargo-home/bin/cargo" "+nightly-2025-01-18" "test" "--frozen" "--no-run" "--message-format=json", kill_on_drop: false }`
[INFO] [stdout] cdfd3b86b677466db9fd891c52b01c8ec8cf2adea9e4648f1e395463768c50b7
[INFO] running `Command { std: "docker" "start" "-a" "cdfd3b86b677466db9fd891c52b01c8ec8cf2adea9e4648f1e395463768c50b7", kill_on_drop: false }`
[INFO] [stderr]    Compiling transit-query v0.1.0 (/opt/rustwide/workdir)
[INFO] [stdout] warning: unused import: `maplit::btreemap`
[INFO] [stdout]  --> src/main.rs:8:5
[INFO] [stdout]   |
[INFO] [stdout] 8 | use maplit::btreemap;
[INFO] [stdout]   |     ^^^^^^^^^^^^^^^^
[INFO] [stdout]   |
[INFO] [stdout]   = note: `#[warn(unused_imports)]` on by default
[INFO] [stdout] 
[INFO] [stdout] 
[INFO] [stdout] warning: unused import: `std::iter`
[INFO] [stdout]   --> src/adapter/edges.rs:89:9
[INFO] [stdout]    |
[INFO] [stdout] 89 |     use std::iter;
[INFO] [stdout]    |         ^^^^^^^^^
[INFO] [stdout] 
[INFO] [stdout] 
[INFO] [stdout] warning: unused import: `vertex::Vertex`
[INFO] [stdout]   --> src/adapter/mod.rs:11:9
[INFO] [stdout]    |
[INFO] [stdout] 11 | pub use vertex::Vertex;
[INFO] [stdout]    |         ^^^^^^^^^^^^^^
[INFO] [stdout] 
[INFO] [stdout] 
[INFO] [stdout] warning: unused variable: `vertex`
[INFO] [stdout]   --> src/adapter/edges.rs:62:17
[INFO] [stdout]    |
[INFO] [stdout] 62 |             let vertex = vertex
[INFO] [stdout]    |                 ^^^^^^ help: if this is intentional, prefix it with an underscore: `_vertex`
[INFO] [stdout]    |
[INFO] [stdout]    = note: `#[warn(unused_variables)]` on by default
[INFO] [stdout] 
[INFO] [stdout] 
[INFO] [stdout] warning: field `trip_updates` is never read
[INFO] [stdout]   --> src/adapter/adapter_impl.rs:24:5
[INFO] [stdout]    |
[INFO] [stdout] 22 | pub struct Adapter<'a> {
[INFO] [stdout]    |            ------- field in this struct
[INFO] [stdout] 23 |     vehicle_positions: &'a VehiclePositions,
[INFO] [stdout] 24 |     trip_updates: &'a TripUpdates,
[INFO] [stdout]    |     ^^^^^^^^^^^^
[INFO] [stdout]    |
[INFO] [stdout]    = note: `Adapter` has a derived impl for the trait `Debug`, but this is intentionally ignored during dead code analysis
[INFO] [stdout]    = note: `#[warn(dead_code)]` on by default
[INFO] [stdout] 
[INFO] [stdout] 
[INFO] [stdout] warning: variant `TripDescriptor` is never constructed
[INFO] [stdout]   --> src/adapter/vertex.rs:12:5
[INFO] [stdout]    |
[INFO] [stdout] 8  | pub enum Vertex<'a> {
[INFO] [stdout]    |          ------ variant in this enum
[INFO] [stdout] ...
[INFO] [stdout] 12 |     TripDescriptor(&'a TripDescriptor),
[INFO] [stdout]    |     ^^^^^^^^^^^^^^
[INFO] [stdout]    |
[INFO] [stdout]    = note: `Vertex` has derived impls for the traits `Clone` and `Debug`, but these are intentionally ignored during dead code analysis
[INFO] [stdout] 
[INFO] [stdout] 
[INFO] [stderr]     Finished `test` profile [unoptimized + debuginfo] target(s) in 3.98s
[INFO] running `Command { std: "docker" "inspect" "cdfd3b86b677466db9fd891c52b01c8ec8cf2adea9e4648f1e395463768c50b7", kill_on_drop: false }`
[INFO] running `Command { std: "docker" "rm" "-f" "cdfd3b86b677466db9fd891c52b01c8ec8cf2adea9e4648f1e395463768c50b7", kill_on_drop: false }`
[INFO] [stdout] cdfd3b86b677466db9fd891c52b01c8ec8cf2adea9e4648f1e395463768c50b7
[INFO] running `Command { std: "docker" "create" "-v" "/var/lib/crater-agent-workspace/builds/worker-4-tc1/target:/opt/rustwide/target:rw,Z" "-v" "/var/lib/crater-agent-workspace/builds/worker-4-tc1/source:/opt/rustwide/workdir:ro,Z" "-v" "/var/lib/crater-agent-workspace/cargo-home:/opt/rustwide/cargo-home:ro,Z" "-v" "/var/lib/crater-agent-workspace/rustup-home:/opt/rustwide/rustup-home:ro,Z" "-e" "SOURCE_DIR=/opt/rustwide/workdir" "-e" "CARGO_TARGET_DIR=/opt/rustwide/target" "-e" "CARGO_INCREMENTAL=0" "-e" "RUST_BACKTRACE=full" "-e" "RUSTFLAGS=--cap-lints=forbid" "-e" "RUSTDOCFLAGS=--cap-lints=forbid" "-e" "CARGO_HOME=/opt/rustwide/cargo-home" "-e" "RUSTUP_HOME=/opt/rustwide/rustup-home" "-w" "/opt/rustwide/workdir" "-m" "1610612736" "--user" "0:0" "--network" "none" "ghcr.io/rust-lang/crates-build-env/linux@sha256:819108c5571ea2e421544af4d832f968d213c87fbe3707a016657f43d2f853bc" "/opt/rustwide/cargo-home/bin/cargo" "+nightly-2025-01-18" "test" "--frozen", kill_on_drop: false }`
[INFO] [stdout] 9004159b00d2553519c374e32eb5b4b1ddea3049bfbf6a8641e8e96cc1d7d86b
[INFO] running `Command { std: "docker" "start" "-a" "9004159b00d2553519c374e32eb5b4b1ddea3049bfbf6a8641e8e96cc1d7d86b", kill_on_drop: false }`
[INFO] [stderr] warning: unused import: `maplit::btreemap`
[INFO] [stderr]  --> src/main.rs:8:5
[INFO] [stderr]   |
[INFO] [stderr] 8 | use maplit::btreemap;
[INFO] [stderr]   |     ^^^^^^^^^^^^^^^^
[INFO] [stderr]   |
[INFO] [stderr]   = note: `#[warn(unused_imports)]` on by default
[INFO] [stderr] 
[INFO] [stderr] warning: unused import: `std::iter`
[INFO] [stderr]   --> src/adapter/edges.rs:89:9
[INFO] [stderr]    |
[INFO] [stderr] 89 |     use std::iter;
[INFO] [stderr]    |         ^^^^^^^^^
[INFO] [stderr] 
[INFO] [stderr] warning: unused import: `vertex::Vertex`
[INFO] [stderr]   --> src/adapter/mod.rs:11:9
[INFO] [stderr]    |
[INFO] [stderr] 11 | pub use vertex::Vertex;
[INFO] [stderr]    |         ^^^^^^^^^^^^^^
[INFO] [stderr] 
[INFO] [stderr] warning: unused variable: `vertex`
[INFO] [stderr]   --> src/adapter/edges.rs:62:17
[INFO] [stderr]    |
[INFO] [stderr] 62 |             let vertex = vertex
[INFO] [stderr]    |                 ^^^^^^ help: if this is intentional, prefix it with an underscore: `_vertex`
[INFO] [stderr]    |
[INFO] [stderr]    = note: `#[warn(unused_variables)]` on by default
[INFO] [stderr] 
[INFO] [stderr] warning: field `trip_updates` is never read
[INFO] [stderr]   --> src/adapter/adapter_impl.rs:24:5
[INFO] [stderr]    |
[INFO] [stderr] 22 | pub struct Adapter<'a> {
[INFO] [stderr]    |            ------- field in this struct
[INFO] [stderr] 23 |     vehicle_positions: &'a VehiclePositions,
[INFO] [stderr] 24 |     trip_updates: &'a TripUpdates,
[INFO] [stderr]    |     ^^^^^^^^^^^^
[INFO] [stderr]    |
[INFO] [stderr]    = note: `Adapter` has a derived impl for the trait `Debug`, but this is intentionally ignored during dead code analysis
[INFO] [stderr]    = note: `#[warn(dead_code)]` on by default
[INFO] [stderr] 
[INFO] [stderr] warning: variant `TripDescriptor` is never constructed
[INFO] [stderr]   --> src/adapter/vertex.rs:12:5
[INFO] [stderr]    |
[INFO] [stderr] 8  | pub enum Vertex<'a> {
[INFO] [stderr]    |          ------ variant in this enum
[INFO] [stderr] ...
[INFO] [stderr] 12 |     TripDescriptor(&'a TripDescriptor),
[INFO] [stderr]    |     ^^^^^^^^^^^^^^
[INFO] [stderr]    |
[INFO] [stderr]    = note: `Vertex` has derived impls for the traits `Clone` and `Debug`, but these are intentionally ignored during dead code analysis
[INFO] [stderr] 
[INFO] [stderr] warning: `transit-query` (bin "transit-query" test) generated 6 warnings (run `cargo fix --bin "transit-query" --tests` to apply 3 suggestions)
[INFO] [stderr]     Finished `test` profile [unoptimized + debuginfo] target(s) in 0.12s
[INFO] [stderr]      Running unittests src/main.rs (/opt/rustwide/target/debug/deps/transit_query-60655a52481ec570)
[INFO] [stdout] 
[INFO] [stdout] running 1 test
[INFO] [stdout] test adapter::tests::adapter_satisfies_trustfall_invariants ... FAILED
[INFO] [stdout] 
[INFO] [stdout] failures:
[INFO] [stdout] 
[INFO] [stdout] ---- adapter::tests::adapter_satisfies_trustfall_invariants stdout ----
[INFO] [stdout] 
[INFO] [stdout] thread 'adapter::tests::adapter_satisfies_trustfall_invariants' panicked at src/gtfs_schedule.rs:30:29:
[INFO] [stdout] couldn't read routes.txt
[INFO] [stdout] stack backtrace:
[INFO] [stdout]    0:     0x577e9236e53a - std::backtrace_rs::backtrace::libunwind::trace::hb059275cfc8d6126
[INFO] [stdout]                                at /rustc/6067b36314ab5eb2eb47cecc464545ba58e1ad24/library/std/src/../../backtrace/src/backtrace/libunwind.rs:116:5
[INFO] [stdout]    1:     0x577e9236e53a - std::backtrace_rs::backtrace::trace_unsynchronized::h2da071e4327ce3ee
[INFO] [stdout]                                at /rustc/6067b36314ab5eb2eb47cecc464545ba58e1ad24/library/std/src/../../backtrace/src/backtrace/mod.rs:66:5
[INFO] [stdout]    2:     0x577e9236e53a - std::sys::backtrace::_print_fmt::h842a1474e6f8d23f
[INFO] [stdout]                                at /rustc/6067b36314ab5eb2eb47cecc464545ba58e1ad24/library/std/src/sys/backtrace.rs:66:9
[INFO] [stdout]    3:     0x577e9236e53a - <std::sys::backtrace::BacktraceLock::print::DisplayBacktrace as core::fmt::Display>::fmt::h71a62eb3b9696b12
[INFO] [stdout]                                at /rustc/6067b36314ab5eb2eb47cecc464545ba58e1ad24/library/std/src/sys/backtrace.rs:39:26
[INFO] [stdout]    4:     0x577e92396cd3 - core::fmt::rt::Argument::fmt::hdb6b616786b41dc1
[INFO] [stdout]                                at /rustc/6067b36314ab5eb2eb47cecc464545ba58e1ad24/library/core/src/fmt/rt.rs:177:76
[INFO] [stdout]    5:     0x577e92396cd3 - core::fmt::write::h2cc1698af7e2d686
[INFO] [stdout]                                at /rustc/6067b36314ab5eb2eb47cecc464545ba58e1ad24/library/core/src/fmt/mod.rs:1440:21
[INFO] [stdout]    6:     0x577e9236aef3 - std::io::Write::write_fmt::hab1b4cd059a79022
[INFO] [stdout]                                at /rustc/6067b36314ab5eb2eb47cecc464545ba58e1ad24/library/std/src/io/mod.rs:1887:15
[INFO] [stdout]    7:     0x577e9236e382 - std::sys::backtrace::BacktraceLock::print::h147fe35b4ea13b08
[INFO] [stdout]                                at /rustc/6067b36314ab5eb2eb47cecc464545ba58e1ad24/library/std/src/sys/backtrace.rs:42:9
[INFO] [stdout]    8:     0x577e9236f95f - std::panicking::default_hook::{{closure}}::hbd44223dbdc0d208
[INFO] [stdout]                                at /rustc/6067b36314ab5eb2eb47cecc464545ba58e1ad24/library/std/src/panicking.rs:298:22
[INFO] [stdout]    9:     0x577e9236f778 - std::panicking::default_hook::h20f81eb0576efcec
[INFO] [stdout]                                at /rustc/6067b36314ab5eb2eb47cecc464545ba58e1ad24/library/std/src/panicking.rs:322:9
[INFO] [stdout]   10:     0x577e91dd1783 - <alloc::boxed::Box<F,A> as core::ops::function::Fn<Args>>::call::hdb53814c496a4d34
[INFO] [stdout]                                at /rustc/6067b36314ab5eb2eb47cecc464545ba58e1ad24/library/alloc/src/boxed.rs:2027:9
[INFO] [stdout]   11:     0x577e91dd1783 - test::test_main::{{closure}}::hc0a4963c59427c24
[INFO] [stdout]                                at /rustc/6067b36314ab5eb2eb47cecc464545ba58e1ad24/library/test/src/lib.rs:134:21
[INFO] [stdout]   12:     0x577e92370453 - <alloc::boxed::Box<F,A> as core::ops::function::Fn<Args>>::call::h591b2225413a77e9
[INFO] [stdout]                                at /rustc/6067b36314ab5eb2eb47cecc464545ba58e1ad24/library/alloc/src/boxed.rs:2027:9
[INFO] [stdout]   13:     0x577e92370453 - std::panicking::rust_panic_with_hook::h625eea43051b2edc
[INFO] [stdout]                                at /rustc/6067b36314ab5eb2eb47cecc464545ba58e1ad24/library/std/src/panicking.rs:839:13
[INFO] [stdout]   14:     0x577e9237010a - std::panicking::begin_panic_handler::{{closure}}::h4f9159cfbc3f6bd3
[INFO] [stdout]                                at /rustc/6067b36314ab5eb2eb47cecc464545ba58e1ad24/library/std/src/panicking.rs:704:13
[INFO] [stdout]   15:     0x577e9236ea39 - std::sys::backtrace::__rust_end_short_backtrace::h0390abce48353151
[INFO] [stdout]                                at /rustc/6067b36314ab5eb2eb47cecc464545ba58e1ad24/library/std/src/sys/backtrace.rs:168:18
[INFO] [stdout]   16:     0x577e9236fd9d - rust_begin_unwind
[INFO] [stdout]                                at /rustc/6067b36314ab5eb2eb47cecc464545ba58e1ad24/library/std/src/panicking.rs:695:5
[INFO] [stdout]   17:     0x577e92394fb0 - core::panicking::panic_fmt::h9e7c637e9e5f29c9
[INFO] [stdout]                                at /rustc/6067b36314ab5eb2eb47cecc464545ba58e1ad24/library/core/src/panicking.rs:75:14
[INFO] [stdout]   18:     0x577e91ca8c3c - transit_query::gtfs_schedule::deserialize_file::{{closure}}::h8704f6d70f79d3ff
[INFO] [stdout]                                at /opt/rustwide/workdir/src/gtfs_schedule.rs:30:29
[INFO] [stdout]   19:     0x577e91cd6536 - core::result::Result<T,E>::unwrap_or_else::h6444d8192363c682
[INFO] [stdout]                                at /rustc/6067b36314ab5eb2eb47cecc464545ba58e1ad24/library/core/src/result.rs:1463:23
[INFO] [stdout]   20:     0x577e91ca8a33 - transit_query::gtfs_schedule::deserialize_file::h16ce8612f0de8566
[INFO] [stdout]                                at /opt/rustwide/workdir/src/gtfs_schedule.rs:29:16
[INFO] [stdout]   21:     0x577e91ca8851 - transit_query::gtfs_schedule::GtfsSchedule::from_path::h90d81ab1f5ac243d
[INFO] [stdout]                                at /opt/rustwide/workdir/src/gtfs_schedule.rs:14:22
[INFO] [stdout]   22:     0x577e91d47a9d - transit_query::adapter::tests::adapter_satisfies_trustfall_invariants::hcb4b02722bf9081e
[INFO] [stdout]                                at /opt/rustwide/workdir/src/adapter/tests.rs:13:20
[INFO] [stdout]   23:     0x577e91d479d7 - transit_query::adapter::tests::adapter_satisfies_trustfall_invariants::{{closure}}::hf857b553995489ce
[INFO] [stdout]                                at /opt/rustwide/workdir/src/adapter/tests.rs:10:44
[INFO] [stdout]   24:     0x577e91c90566 - core::ops::function::FnOnce::call_once::ha7c4d8d5d461cc4c
[INFO] [stdout]                                at /rustc/6067b36314ab5eb2eb47cecc464545ba58e1ad24/library/core/src/ops/function.rs:250:5
[INFO] [stdout]   25:     0x577e91dd6edb - core::ops::function::FnOnce::call_once::he27718dfdd183f43
[INFO] [stdout]                                at /rustc/6067b36314ab5eb2eb47cecc464545ba58e1ad24/library/core/src/ops/function.rs:250:5
[INFO] [stdout]   26:     0x577e91dd6edb - test::__rust_begin_short_backtrace::h4e84902998457a5d
[INFO] [stdout]                                at /rustc/6067b36314ab5eb2eb47cecc464545ba58e1ad24/library/test/src/lib.rs:632:18
[INFO] [stdout]   27:     0x577e91dd5e13 - test::run_test_in_process::{{closure}}::h7176fd18fc1feca0
[INFO] [stdout]                                at /rustc/6067b36314ab5eb2eb47cecc464545ba58e1ad24/library/test/src/lib.rs:655:60
[INFO] [stdout]   28:     0x577e91dd5e13 - <core::panic::unwind_safe::AssertUnwindSafe<F> as core::ops::function::FnOnce<()>>::call_once::hf79cff2a624d8cf7
[INFO] [stdout]                                at /rustc/6067b36314ab5eb2eb47cecc464545ba58e1ad24/library/core/src/panic/unwind_safe.rs:272:9
[INFO] [stdout]   29:     0x577e91dd5e13 - std::panicking::try::do_call::h3da0561d9ab99c25
[INFO] [stdout]                                at /rustc/6067b36314ab5eb2eb47cecc464545ba58e1ad24/library/std/src/panicking.rs:587:40
[INFO] [stdout]   30:     0x577e91dd5e13 - std::panicking::try::h41c9fa508bc61df6
[INFO] [stdout]                                at /rustc/6067b36314ab5eb2eb47cecc464545ba58e1ad24/library/std/src/panicking.rs:550:19
[INFO] [stdout]   31:     0x577e91dd5e13 - std::panic::catch_unwind::h6b3ff07bb5afad93
[INFO] [stdout]                                at /rustc/6067b36314ab5eb2eb47cecc464545ba58e1ad24/library/std/src/panic.rs:358:14
[INFO] [stdout]   32:     0x577e91dd5e13 - test::run_test_in_process::hc7253dd11b39b9f4
[INFO] [stdout]                                at /rustc/6067b36314ab5eb2eb47cecc464545ba58e1ad24/library/test/src/lib.rs:655:27
[INFO] [stdout]   33:     0x577e91dd5e13 - test::run_test::{{closure}}::hfb2007f8649c30bb
[INFO] [stdout]                                at /rustc/6067b36314ab5eb2eb47cecc464545ba58e1ad24/library/test/src/lib.rs:576:43
[INFO] [stdout]   34:     0x577e91d98ef5 - test::run_test::{{closure}}::h56a17aa7a282a9f4
[INFO] [stdout]                                at /rustc/6067b36314ab5eb2eb47cecc464545ba58e1ad24/library/test/src/lib.rs:606:41
[INFO] [stdout]   35:     0x577e91d98ef5 - std::sys::backtrace::__rust_begin_short_backtrace::hd2d2d2fb8e8c6aac
[INFO] [stdout]                                at /rustc/6067b36314ab5eb2eb47cecc464545ba58e1ad24/library/std/src/sys/backtrace.rs:152:18
[INFO] [stdout]   36:     0x577e91d9c7da - std::thread::Builder::spawn_unchecked_::{{closure}}::{{closure}}::h4faa3f9db6133423
[INFO] [stdout]                                at /rustc/6067b36314ab5eb2eb47cecc464545ba58e1ad24/library/std/src/thread/mod.rs:559:17
[INFO] [stdout]   37:     0x577e91d9c7da - <core::panic::unwind_safe::AssertUnwindSafe<F> as core::ops::function::FnOnce<()>>::call_once::hf2e855a36a4ea846
[INFO] [stdout]                                at /rustc/6067b36314ab5eb2eb47cecc464545ba58e1ad24/library/core/src/panic/unwind_safe.rs:272:9
[INFO] [stdout]   38:     0x577e91d9c7da - std::panicking::try::do_call::h2f73af3616c35465
[INFO] [stdout]                                at /rustc/6067b36314ab5eb2eb47cecc464545ba58e1ad24/library/std/src/panicking.rs:587:40
[INFO] [stdout]   39:     0x577e91d9c7da - std::panicking::try::hd1660ce9efadef5a
[INFO] [stdout]                                at /rustc/6067b36314ab5eb2eb47cecc464545ba58e1ad24/library/std/src/panicking.rs:550:19
[INFO] [stdout]   40:     0x577e91d9c7da - std::panic::catch_unwind::h5ee8d7823b8ca744
[INFO] [stdout]                                at /rustc/6067b36314ab5eb2eb47cecc464545ba58e1ad24/library/std/src/panic.rs:358:14
[INFO] [stdout]   41:     0x577e91d9c7da - std::thread::Builder::spawn_unchecked_::{{closure}}::h53c3a1894dce8407
[INFO] [stdout]                                at /rustc/6067b36314ab5eb2eb47cecc464545ba58e1ad24/library/std/src/thread/mod.rs:557:30
[INFO] [stdout]   42:     0x577e91d9c7da - core::ops::function::FnOnce::call_once{{vtable.shim}}::h048ce291ad4f62bf
[INFO] [stdout]                                at /rustc/6067b36314ab5eb2eb47cecc464545ba58e1ad24/library/core/src/ops/function.rs:250:5
[INFO] [stdout]   43:     0x577e9237438b - <alloc::boxed::Box<F,A> as core::ops::function::FnOnce<Args>>::call_once::ha52bedf99a3b4981
[INFO] [stdout]                                at /rustc/6067b36314ab5eb2eb47cecc464545ba58e1ad24/library/alloc/src/boxed.rs:2013:9
[INFO] [stdout]   44:     0x577e9237438b - <alloc::boxed::Box<F,A> as core::ops::function::FnOnce<Args>>::call_once::h567748934d80ccf8
[INFO] [stdout]                                at /rustc/6067b36314ab5eb2eb47cecc464545ba58e1ad24/library/alloc/src/boxed.rs:2013:9
[INFO] [stdout]   45:     0x577e9237438b - std::sys::pal::unix::thread::Thread::new::thread_start::h2d970728ae887adc
[INFO] [stdout]                                at /rustc/6067b36314ab5eb2eb47cecc464545ba58e1ad24/library/std/src/sys/pal/unix/thread.rs:106:17
[INFO] [stdout]   46:     0x72476bdf0ac3 - <unknown>
[INFO] [stdout]   47:     0x72476be81a04 - clone
[INFO] [stdout]   48:                0x0 - <unknown>
[INFO] [stdout] 
[INFO] [stdout] 
[INFO] [stdout] failures:
[INFO] [stdout]     adapter::tests::adapter_satisfies_trustfall_invariants
[INFO] [stdout] 
[INFO] [stdout] test result: FAILED. 0 passed; 1 failed; 0 ignored; 0 measured; 0 filtered out; finished in 0.07s
[INFO] [stdout] 
[INFO] [stderr] error: test failed, to rerun pass `--bin transit-query`
[INFO] running `Command { std: "docker" "inspect" "9004159b00d2553519c374e32eb5b4b1ddea3049bfbf6a8641e8e96cc1d7d86b", kill_on_drop: false }`
[INFO] running `Command { std: "docker" "rm" "-f" "9004159b00d2553519c374e32eb5b4b1ddea3049bfbf6a8641e8e96cc1d7d86b", kill_on_drop: false }`
[INFO] [stdout] 9004159b00d2553519c374e32eb5b4b1ddea3049bfbf6a8641e8e96cc1d7d86b
