[INFO] cloning repository https://github.com/bjansen/ruboy
[INFO] running `Command { std: "git" "-c" "credential.helper=" "-c" "credential.helper=/workspace/cargo-home/bin/git-credential-null" "clone" "--bare" "https://github.com/bjansen/ruboy" "/workspace/cache/git-repos/https%3A%2F%2Fgithub.com%2Fbjansen%2Fruboy", kill_on_drop: false }`
[INFO] [stderr] Cloning into bare repository '/workspace/cache/git-repos/https%3A%2F%2Fgithub.com%2Fbjansen%2Fruboy'...
[INFO] running `Command { std: "git" "rev-parse" "HEAD", kill_on_drop: false }`
[INFO] [stdout] b3e5dcb1836d256fb4e526ff42898fa9a9cf0bd7
[INFO] testing bjansen/ruboy against nightly-2025-01-18 for randomize-layout-2
[INFO] running `Command { std: "git" "clone" "/workspace/cache/git-repos/https%3A%2F%2Fgithub.com%2Fbjansen%2Fruboy" "/workspace/builds/worker-6-tc1/source", kill_on_drop: false }`
[INFO] [stderr] Cloning into '/workspace/builds/worker-6-tc1/source'...
[INFO] [stderr] done.
[INFO] validating manifest of git repo https://github.com/bjansen/ruboy on toolchain nightly-2025-01-18
[INFO] running `Command { std: CARGO_HOME="/workspace/cargo-home" RUSTUP_HOME="/workspace/rustup-home" "/workspace/cargo-home/bin/cargo" "+nightly-2025-01-18" "metadata" "--manifest-path" "Cargo.toml" "--no-deps", kill_on_drop: false }`
[INFO] started tweaking git repo https://github.com/bjansen/ruboy
[INFO] finished tweaking git repo https://github.com/bjansen/ruboy
[INFO] tweaked toml for git repo https://github.com/bjansen/ruboy written to /workspace/builds/worker-6-tc1/source/Cargo.toml
[INFO] crate git repo https://github.com/bjansen/ruboy already has a lockfile, it will not be regenerated
[INFO] running `Command { std: CARGO_HOME="/workspace/cargo-home" RUSTUP_HOME="/workspace/rustup-home" "/workspace/cargo-home/bin/cargo" "+nightly-2025-01-18" "fetch" "--manifest-path" "Cargo.toml", kill_on_drop: false }`
[INFO] [stderr]     Blocking waiting for file lock on package cache
[INFO] running `Command { std: "docker" "create" "-v" "/var/lib/crater-agent-workspace/builds/worker-6-tc1/target:/opt/rustwide/target:rw,Z" "-v" "/var/lib/crater-agent-workspace/builds/worker-6-tc1/source:/opt/rustwide/workdir:ro,Z" "-v" "/var/lib/crater-agent-workspace/cargo-home:/opt/rustwide/cargo-home:ro,Z" "-v" "/var/lib/crater-agent-workspace/rustup-home:/opt/rustwide/rustup-home:ro,Z" "-e" "SOURCE_DIR=/opt/rustwide/workdir" "-e" "CARGO_TARGET_DIR=/opt/rustwide/target" "-e" "CARGO_HOME=/opt/rustwide/cargo-home" "-e" "RUSTUP_HOME=/opt/rustwide/rustup-home" "-w" "/opt/rustwide/workdir" "-m" "1610612736" "--user" "0:0" "--network" "none" "ghcr.io/rust-lang/crates-build-env/linux@sha256:819108c5571ea2e421544af4d832f968d213c87fbe3707a016657f43d2f853bc" "/opt/rustwide/cargo-home/bin/cargo" "+nightly-2025-01-18" "metadata" "--no-deps" "--format-version=1", kill_on_drop: false }`
[INFO] [stdout] db959f2d21d48072c66648a64cb7cdc87742462048ee6035624c789f87eacaed
[INFO] running `Command { std: "docker" "start" "-a" "db959f2d21d48072c66648a64cb7cdc87742462048ee6035624c789f87eacaed", kill_on_drop: false }`
[INFO] running `Command { std: "docker" "inspect" "db959f2d21d48072c66648a64cb7cdc87742462048ee6035624c789f87eacaed", kill_on_drop: false }`
[INFO] running `Command { std: "docker" "rm" "-f" "db959f2d21d48072c66648a64cb7cdc87742462048ee6035624c789f87eacaed", kill_on_drop: false }`
[INFO] [stdout] db959f2d21d48072c66648a64cb7cdc87742462048ee6035624c789f87eacaed
[INFO] running `Command { std: "docker" "create" "-v" "/var/lib/crater-agent-workspace/builds/worker-6-tc1/target:/opt/rustwide/target:rw,Z" "-v" "/var/lib/crater-agent-workspace/builds/worker-6-tc1/source:/opt/rustwide/workdir:ro,Z" "-v" "/var/lib/crater-agent-workspace/cargo-home:/opt/rustwide/cargo-home:ro,Z" "-v" "/var/lib/crater-agent-workspace/rustup-home:/opt/rustwide/rustup-home:ro,Z" "-e" "SOURCE_DIR=/opt/rustwide/workdir" "-e" "CARGO_TARGET_DIR=/opt/rustwide/target" "-e" "CARGO_INCREMENTAL=0" "-e" "RUST_BACKTRACE=full" "-e" "RUSTFLAGS=--cap-lints=forbid" "-e" "RUSTDOCFLAGS=--cap-lints=forbid" "-e" "CARGO_HOME=/opt/rustwide/cargo-home" "-e" "RUSTUP_HOME=/opt/rustwide/rustup-home" "-w" "/opt/rustwide/workdir" "-m" "1610612736" "--user" "0:0" "--network" "none" "ghcr.io/rust-lang/crates-build-env/linux@sha256:819108c5571ea2e421544af4d832f968d213c87fbe3707a016657f43d2f853bc" "/opt/rustwide/cargo-home/bin/cargo" "+nightly-2025-01-18" "build" "--frozen" "--message-format=json", kill_on_drop: false }`
[INFO] [stdout] f91ae5cc360c84803671c62c47fbae4858bf9dbbcc925091777d57f31ef38164
[INFO] running `Command { std: "docker" "start" "-a" "f91ae5cc360c84803671c62c47fbae4858bf9dbbcc925091777d57f31ef38164", kill_on_drop: false }`
[INFO] [stderr]    Compiling ruboy v0.1.0 (/opt/rustwide/workdir)
[INFO] [stderr]     Finished `dev` profile [unoptimized + debuginfo] target(s) in 0.66s
[INFO] running `Command { std: "docker" "inspect" "f91ae5cc360c84803671c62c47fbae4858bf9dbbcc925091777d57f31ef38164", kill_on_drop: false }`
[INFO] running `Command { std: "docker" "rm" "-f" "f91ae5cc360c84803671c62c47fbae4858bf9dbbcc925091777d57f31ef38164", kill_on_drop: false }`
[INFO] [stdout] f91ae5cc360c84803671c62c47fbae4858bf9dbbcc925091777d57f31ef38164
[INFO] running `Command { std: "docker" "create" "-v" "/var/lib/crater-agent-workspace/builds/worker-6-tc1/target:/opt/rustwide/target:rw,Z" "-v" "/var/lib/crater-agent-workspace/builds/worker-6-tc1/source:/opt/rustwide/workdir:ro,Z" "-v" "/var/lib/crater-agent-workspace/cargo-home:/opt/rustwide/cargo-home:ro,Z" "-v" "/var/lib/crater-agent-workspace/rustup-home:/opt/rustwide/rustup-home:ro,Z" "-e" "SOURCE_DIR=/opt/rustwide/workdir" "-e" "CARGO_TARGET_DIR=/opt/rustwide/target" "-e" "CARGO_INCREMENTAL=0" "-e" "RUST_BACKTRACE=full" "-e" "RUSTFLAGS=--cap-lints=forbid" "-e" "RUSTDOCFLAGS=--cap-lints=forbid" "-e" "CARGO_HOME=/opt/rustwide/cargo-home" "-e" "RUSTUP_HOME=/opt/rustwide/rustup-home" "-w" "/opt/rustwide/workdir" "-m" "1610612736" "--user" "0:0" "--network" "none" "ghcr.io/rust-lang/crates-build-env/linux@sha256:819108c5571ea2e421544af4d832f968d213c87fbe3707a016657f43d2f853bc" "/opt/rustwide/cargo-home/bin/cargo" "+nightly-2025-01-18" "test" "--frozen" "--no-run" "--message-format=json", kill_on_drop: false }`
[INFO] [stdout] ad753055edf237730a35598c67937bbff25ea5f34b8dbb9e9e752d14cdf0a61b
[INFO] running `Command { std: "docker" "start" "-a" "ad753055edf237730a35598c67937bbff25ea5f34b8dbb9e9e752d14cdf0a61b", kill_on_drop: false }`
[INFO] [stderr]    Compiling ruboy v0.1.0 (/opt/rustwide/workdir)
[INFO] [stdout] warning: function `build_cartridge` is never used
[INFO] [stdout]  --> tests/common/mod.rs:4:8
[INFO] [stdout]   |
[INFO] [stdout] 4 | pub fn build_cartridge(program: Vec<u8>) -> Cartridge {
[INFO] [stdout]   |        ^^^^^^^^^^^^^^^
[INFO] [stdout]   |
[INFO] [stdout]   = note: `#[warn(dead_code)]` on by default
[INFO] [stdout] 
[INFO] [stdout] 
[INFO] [stdout] warning: function `assert_flags_eq` is never used
[INFO] [stdout]   --> tests/common/mod.rs:14:8
[INFO] [stdout]    |
[INFO] [stdout] 14 | pub fn assert_flags_eq(cpu: &Cpu, z: bool, n: bool, h: bool, c: bool) {
[INFO] [stdout]    |        ^^^^^^^^^^^^^^^
[INFO] [stdout]    |
[INFO] [stdout]    = note: `#[warn(dead_code)]` on by default
[INFO] [stdout] 
[INFO] [stdout] 
[INFO] [stdout] warning: function `assert_flags_eq` is never used
[INFO] [stdout]   --> tests/common/mod.rs:14:8
[INFO] [stdout]    |
[INFO] [stdout] 14 | pub fn assert_flags_eq(cpu: &Cpu, z: bool, n: bool, h: bool, c: bool) {
[INFO] [stdout]    |        ^^^^^^^^^^^^^^^
[INFO] [stdout]    |
[INFO] [stdout]    = note: `#[warn(dead_code)]` on by default
[INFO] [stdout] 
[INFO] [stdout] 
[INFO] [stdout] warning: function `assert_flags_eq` is never used
[INFO] [stdout]   --> tests/common/mod.rs:14:8
[INFO] [stdout]    |
[INFO] [stdout] 14 | pub fn assert_flags_eq(cpu: &Cpu, z: bool, n: bool, h: bool, c: bool) {
[INFO] [stdout]    |        ^^^^^^^^^^^^^^^
[INFO] [stdout]    |
[INFO] [stdout]    = note: `#[warn(dead_code)]` on by default
[INFO] [stdout] 
[INFO] [stdout] 
[INFO] [stdout] warning: function `assert_flags_eq` is never used
[INFO] [stdout]   --> tests/common/mod.rs:14:8
[INFO] [stdout]    |
[INFO] [stdout] 14 | pub fn assert_flags_eq(cpu: &Cpu, z: bool, n: bool, h: bool, c: bool) {
[INFO] [stdout]    |        ^^^^^^^^^^^^^^^
[INFO] [stdout]    |
[INFO] [stdout]    = note: `#[warn(dead_code)]` on by default
[INFO] [stdout] 
[INFO] [stdout] 
[INFO] [stdout] warning: function `assert_flags_eq` is never used
[INFO] [stdout]   --> tests/common/mod.rs:14:8
[INFO] [stdout]    |
[INFO] [stdout] 14 | pub fn assert_flags_eq(cpu: &Cpu, z: bool, n: bool, h: bool, c: bool) {
[INFO] [stdout]    |        ^^^^^^^^^^^^^^^
[INFO] [stdout]    |
[INFO] [stdout]    = note: `#[warn(dead_code)]` on by default
[INFO] [stdout] 
[INFO] [stdout] 
[INFO] [stdout] warning: function `assert_flags_eq` is never used
[INFO] [stdout]   --> tests/common/mod.rs:14:8
[INFO] [stdout]    |
[INFO] [stdout] 14 | pub fn assert_flags_eq(cpu: &Cpu, z: bool, n: bool, h: bool, c: bool) {
[INFO] [stdout]    |        ^^^^^^^^^^^^^^^
[INFO] [stdout]    |
[INFO] [stdout]    = note: `#[warn(dead_code)]` on by default
[INFO] [stdout] 
[INFO] [stdout] 
[INFO] [stdout] warning: function `assert_flags_eq` is never used
[INFO] [stdout]   --> tests/common/mod.rs:14:8
[INFO] [stdout]    |
[INFO] [stdout] 14 | pub fn assert_flags_eq(cpu: &Cpu, z: bool, n: bool, h: bool, c: bool) {
[INFO] [stdout]    |        ^^^^^^^^^^^^^^^
[INFO] [stdout]    |
[INFO] [stdout]    = note: `#[warn(dead_code)]` on by default
[INFO] [stdout] 
[INFO] [stdout] 
[INFO] [stdout] warning: function `assert_flags_eq` is never used
[INFO] [stdout]   --> tests/common/mod.rs:14:8
[INFO] [stdout]    |
[INFO] [stdout] 14 | pub fn assert_flags_eq(cpu: &Cpu, z: bool, n: bool, h: bool, c: bool) {
[INFO] [stdout]    |        ^^^^^^^^^^^^^^^
[INFO] [stdout]    |
[INFO] [stdout]    = note: `#[warn(dead_code)]` on by default
[INFO] [stdout] 
[INFO] [stdout] 
[INFO] [stdout] warning: function `assert_flags_eq` is never used
[INFO] [stdout]   --> tests/common/mod.rs:14:8
[INFO] [stdout]    |
[INFO] [stdout] 14 | pub fn assert_flags_eq(cpu: &Cpu, z: bool, n: bool, h: bool, c: bool) {
[INFO] [stdout]    |        ^^^^^^^^^^^^^^^
[INFO] [stdout]    |
[INFO] [stdout]    = note: `#[warn(dead_code)]` on by default
[INFO] [stdout] 
[INFO] [stdout] 
[INFO] [stdout] warning: function `assert_flags_eq` is never used
[INFO] [stdout]   --> tests/common/mod.rs:14:8
[INFO] [stdout]    |
[INFO] [stdout] 14 | pub fn assert_flags_eq(cpu: &Cpu, z: bool, n: bool, h: bool, c: bool) {
[INFO] [stdout]    |        ^^^^^^^^^^^^^^^
[INFO] [stdout]    |
[INFO] [stdout]    = note: `#[warn(dead_code)]` on by default
[INFO] [stdout] 
[INFO] [stdout] 
[INFO] [stdout] warning: function `assert_flags_eq` is never used
[INFO] [stdout]   --> tests/common/mod.rs:14:8
[INFO] [stdout]    |
[INFO] [stdout] 14 | pub fn assert_flags_eq(cpu: &Cpu, z: bool, n: bool, h: bool, c: bool) {
[INFO] [stdout]    |        ^^^^^^^^^^^^^^^
[INFO] [stdout]    |
[INFO] [stdout]    = note: `#[warn(dead_code)]` on by default
[INFO] [stdout] 
[INFO] [stdout] 
[INFO] [stdout] warning: function `assert_flags_eq` is never used
[INFO] [stdout]   --> tests/common/mod.rs:14:8
[INFO] [stdout]    |
[INFO] [stdout] 14 | pub fn assert_flags_eq(cpu: &Cpu, z: bool, n: bool, h: bool, c: bool) {
[INFO] [stdout]    |        ^^^^^^^^^^^^^^^
[INFO] [stdout]    |
[INFO] [stdout]    = note: `#[warn(dead_code)]` on by default
[INFO] [stdout] 
[INFO] [stdout] 
[INFO] [stdout] warning: function `assert_flags_eq` is never used
[INFO] [stdout]   --> tests/common/mod.rs:14:8
[INFO] [stdout]    |
[INFO] [stdout] 14 | pub fn assert_flags_eq(cpu: &Cpu, z: bool, n: bool, h: bool, c: bool) {
[INFO] [stdout]    |        ^^^^^^^^^^^^^^^
[INFO] [stdout]    |
[INFO] [stdout]    = note: `#[warn(dead_code)]` on by default
[INFO] [stdout] 
[INFO] [stdout] 
[INFO] [stderr]     Finished `test` profile [unoptimized + debuginfo] target(s) in 5.00s
[INFO] running `Command { std: "docker" "inspect" "ad753055edf237730a35598c67937bbff25ea5f34b8dbb9e9e752d14cdf0a61b", kill_on_drop: false }`
[INFO] running `Command { std: "docker" "rm" "-f" "ad753055edf237730a35598c67937bbff25ea5f34b8dbb9e9e752d14cdf0a61b", kill_on_drop: false }`
[INFO] [stdout] ad753055edf237730a35598c67937bbff25ea5f34b8dbb9e9e752d14cdf0a61b
[INFO] running `Command { std: "docker" "create" "-v" "/var/lib/crater-agent-workspace/builds/worker-6-tc1/target:/opt/rustwide/target:rw,Z" "-v" "/var/lib/crater-agent-workspace/builds/worker-6-tc1/source:/opt/rustwide/workdir:ro,Z" "-v" "/var/lib/crater-agent-workspace/cargo-home:/opt/rustwide/cargo-home:ro,Z" "-v" "/var/lib/crater-agent-workspace/rustup-home:/opt/rustwide/rustup-home:ro,Z" "-e" "SOURCE_DIR=/opt/rustwide/workdir" "-e" "CARGO_TARGET_DIR=/opt/rustwide/target" "-e" "CARGO_INCREMENTAL=0" "-e" "RUST_BACKTRACE=full" "-e" "RUSTFLAGS=--cap-lints=forbid" "-e" "RUSTDOCFLAGS=--cap-lints=forbid" "-e" "CARGO_HOME=/opt/rustwide/cargo-home" "-e" "RUSTUP_HOME=/opt/rustwide/rustup-home" "-w" "/opt/rustwide/workdir" "-m" "1610612736" "--user" "0:0" "--network" "none" "ghcr.io/rust-lang/crates-build-env/linux@sha256:819108c5571ea2e421544af4d832f968d213c87fbe3707a016657f43d2f853bc" "/opt/rustwide/cargo-home/bin/cargo" "+nightly-2025-01-18" "test" "--frozen", kill_on_drop: false }`
[INFO] [stdout] 216314126bc17c782ac822fd920716eeb79addbb1d6dc1052f0498b64927a182
[INFO] running `Command { std: "docker" "start" "-a" "216314126bc17c782ac822fd920716eeb79addbb1d6dc1052f0498b64927a182", kill_on_drop: false }`
[INFO] [stderr] warning: function `assert_flags_eq` is never used
[INFO] [stderr]   --> tests/common/mod.rs:14:8
[INFO] [stderr]    |
[INFO] [stderr] 14 | pub fn assert_flags_eq(cpu: &Cpu, z: bool, n: bool, h: bool, c: bool) {
[INFO] [stderr]    |        ^^^^^^^^^^^^^^^
[INFO] [stderr]    |
[INFO] [stderr]    = note: `#[warn(dead_code)]` on by default
[INFO] [stderr] 
[INFO] [stderr] warning: `ruboy` (test "test_ret") generated 1 warning
[INFO] [stderr] warning: function `build_cartridge` is never used
[INFO] [stderr]  --> tests/common/mod.rs:4:8
[INFO] [stderr]   |
[INFO] [stderr] 4 | pub fn build_cartridge(program: Vec<u8>) -> Cartridge {
[INFO] [stderr]   |        ^^^^^^^^^^^^^^^
[INFO] [stderr]   |
[INFO] [stderr]   = note: `#[warn(dead_code)]` on by default
[INFO] [stderr] 
[INFO] [stderr] warning: `ruboy` (test "test_set") generated 1 warning (1 duplicate)
[INFO] [stderr] warning: `ruboy` (test "test_stack") generated 1 warning (1 duplicate)
[INFO] [stderr] warning: `ruboy` (test "test_flags") generated 1 warning
[INFO] [stderr] warning: `ruboy` (test "test_16bit_arithmetic") generated 1 warning (1 duplicate)
[INFO] [stderr] warning: `ruboy` (test "test_ld") generated 1 warning (1 duplicate)
[INFO] [stderr] warning: `ruboy` (test "test_jump") generated 1 warning (1 duplicate)
[INFO] [stderr] warning: `ruboy` (test "test_bit") generated 1 warning (1 duplicate)
[INFO] [stderr] warning: `ruboy` (test "test_restart") generated 1 warning (1 duplicate)
[INFO] [stderr] warning: `ruboy` (test "test_daa") generated 1 warning (1 duplicate)
[INFO] [stderr] warning: `ruboy` (test "test_8bit_alu") generated 1 warning (1 duplicate)
[INFO] [stderr] warning: `ruboy` (test "test_misc") generated 1 warning (1 duplicate)
[INFO] [stderr] warning: `ruboy` (test "test_res") generated 1 warning (1 duplicate)
[INFO] [stderr] warning: `ruboy` (test "test_call") generated 1 warning (1 duplicate)
[INFO] [stderr]     Finished `test` profile [unoptimized + debuginfo] target(s) in 0.03s
[INFO] [stderr]      Running unittests src/lib.rs (/opt/rustwide/target/debug/deps/ruboy-ae4feddffc3b5620)
[INFO] [stdout] 
[INFO] [stdout] running 0 tests
[INFO] [stderr]      Running tests/test_16bit_arithmetic.rs (/opt/rustwide/target/debug/deps/test_16bit_arithmetic-3263efdbc839c86d)
[INFO] [stdout] 
[INFO] [stdout] test result: ok. 0 passed; 0 failed; 0 ignored; 0 measured; 0 filtered out; finished in 0.00s
[INFO] [stdout] 
[INFO] [stdout] 
[INFO] [stdout] running 13 tests
[INFO] [stdout] test test_ADD_HL_HL ... ok
[INFO] [stdout] test test_DEC_BC ... ok
[INFO] [stdout] test test_DEC_SP ... ok
[INFO] [stdout] test test_DEC_DE ... ok
[INFO] [stdout] test test_DEC_HL ... ok
[INFO] [stdout] test test_INC_BC ... ok
[INFO] [stdout] test test_INC_DE ... ok
[INFO] [stdout] test test_INC_HL ... ok
[INFO] [stdout] test test_INC_SP ... ok
[INFO] [stdout] test test_ADD_HL_BC ... ok
[INFO] [stdout] test test_ADD_HL_SP ... ok
[INFO] [stdout] test test_ADD_SPn ... ok
[INFO] [stdout] test test_ADD_HL_DE ... ok
[INFO] [stdout] 
[INFO] [stdout] test result: ok. 13 passed; 0 failed; 0 ignored; 0 measured; 0 filtered out; finished in 0.01s
[INFO] [stdout] 
[INFO] [stderr]      Running tests/test_8bit_alu.rs (/opt/rustwide/target/debug/deps/test_8bit_alu-25d16e8313683e85)
[INFO] [stdout] 
[INFO] [stdout] running 89 tests
[INFO] [stdout] test test_ADC_AA ... ok
[INFO] [stdout] test test_ADC_AC ... ok
[INFO] [stdout] test test_ADC_AE ... ok
[INFO] [stdout] test test_ADC_AB ... ok
[INFO] [stdout] test test_ADC_AD ... ok
[INFO] [stdout] test test_ADC_AH ... ok
[INFO] [stdout] test test_ADC_AHL ... ok
[INFO] [stdout] test test_ADC_An ... ok
[INFO] [stdout] test test_ADD_AD ... ok
[INFO] [stdout] test test_ADD_AE ... ok
[INFO] [stdout] test test_ADD_AH ... ok
[INFO] [stdout] test test_ADD_AHL ... ok
[INFO] [stdout] test test_ADD_AL ... ok
[INFO] [stdout] test test_ADC_AL ... ok
[INFO] [stdout] test test_ADD_An ... ok
[INFO] [stdout] test test_ADD_AA ... ok
[INFO] [stdout] test test_ADD_AC ... ok
[INFO] [stdout] test test_ADD_AB ... ok
[INFO] [stdout] test test_ADD_flags ... ok
[INFO] [stdout] test test_AND_AC ... ok
[INFO] [stdout] test test_AND_AD ... ok
[INFO] [stdout] test test_AND_AE ... ok
[INFO] [stdout] test test_AND_AH ... ok
[INFO] [stdout] test test_AND_AL ... ok
[INFO] [stdout] test test_AND_An ... ok
[INFO] [stdout] test test_CP_A ... ok
[INFO] [stdout] test test_CP_C ... ok
[INFO] [stdout] test test_CP_D ... ok
[INFO] [stdout] test test_CP_E ... ok
[INFO] [stdout] test test_CP_H ... ok
[INFO] [stdout] test test_CP_HL ... ok
[INFO] [stdout] test test_CP_L ... ok
[INFO] [stdout] test test_CP_B ... ok
[INFO] [stdout] test test_DEC_C ... ok
[INFO] [stdout] test test_DEC_D ... ok
[INFO] [stdout] test test_AND_AA ... ok
[INFO] [stdout] test test_AND_AB ... ok
[INFO] [stdout] test test_DEC_E ... ok
[INFO] [stdout] test test_AND_AHL ... ok
[INFO] [stdout] test test_DEC_L ... ok
[INFO] [stdout] test test_INC_A ... ok
[INFO] [stdout] test test_DEC_H ... ok
[INFO] [stdout] test test_DEC_HL ... ok
[INFO] [stdout] test test_INC_D ... ok
[INFO] [stdout] test test_INC_E ... ok
[INFO] [stdout] test test_INC_B ... ok
[INFO] [stdout] test test_INC_C ... ok
[INFO] [stdout] test test_INC_L ... ok
[INFO] [stdout] test test_INC_HL ... ok
[INFO] [stdout] test test_OR_AB ... ok
[INFO] [stdout] test test_OR_AA ... ok
[INFO] [stdout] test test_INC_H ... ok
[INFO] [stdout] test test_OR_AC ... ok
[INFO] [stdout] test test_OR_AD ... ok
[INFO] [stdout] test test_OR_AE ... ok
[INFO] [stdout] test test_CP_n ... ok
[INFO] [stdout] test test_OR_AHL ... ok
[INFO] [stdout] test test_OR_AH ... ok
[INFO] [stdout] test test_SBC_B ... ok
[INFO] [stdout] test test_SBC_C ... ok
[INFO] [stdout] test test_SBC_D ... ok
[INFO] [stdout] test test_SBC_E ... ok
[INFO] [stdout] test test_OR_AL ... ok
[INFO] [stdout] test test_SBC_H ... ok
[INFO] [stdout] test test_SBC_L ... ok
[INFO] [stdout] test test_SUB_A ... ok
[INFO] [stdout] test test_SUB_AHL ... ok
[INFO] [stdout] test test_SUB_An ... ok
[INFO] [stdout] test test_SUB_B ... ok
[INFO] [stdout] test test_SBC_A ... ok
[INFO] [stdout] test test_SBC_AHL ... ok
[INFO] [stdout] test test_SUB_C ... ok
[INFO] [stdout] test test_SBC_An ... ok
[INFO] [stdout] test test_SUB_D ... ok
[INFO] [stdout] test test_SUB_E ... ok
[INFO] [stdout] test test_SUB_H ... ok
[INFO] [stdout] test test_DEC_A ... ok
[INFO] [stdout] test test_DEC_B ... ok
[INFO] [stdout] test test_OR_An ... ok
[INFO] [stdout] test test_SUB_L ... ok
[INFO] [stdout] test test_XOR_AA ... ok
[INFO] [stdout] test test_XOR_AB ... ok
[INFO] [stderr]      Running tests/test_bit.rs (/opt/rustwide/target/debug/deps/test_bit-a3e429c9b10d4add)
[INFO] [stdout] test test_XOR_AC ... ok
[INFO] [stdout] test test_XOR_AD ... ok
[INFO] [stdout] test test_XOR_AE ... ok
[INFO] [stdout] test test_XOR_AH ... ok
[INFO] [stdout] test test_XOR_AHL ... ok
[INFO] [stdout] test test_XOR_AL ... ok
[INFO] [stdout] test test_XOR_An ... ok
[INFO] [stdout] 
[INFO] [stdout] test result: ok. 89 passed; 0 failed; 0 ignored; 0 measured; 0 filtered out; finished in 0.02s
[INFO] [stdout] 
[INFO] [stdout] 
[INFO] [stdout] running 64 tests
[INFO] [stdout] test test_BIT_0A ... ok
[INFO] [stdout] test test_BIT_0B ... ok
[INFO] [stdout] test test_BIT_0E ... ok
[INFO] [stdout] test test_BIT_0H ... ok
[INFO] [stdout] test test_BIT_1A ... ok
[INFO] [stdout] test test_BIT_1B ... ok
[INFO] [stdout] test test_BIT_1C ... ok
[INFO] [stdout] test test_BIT_0C ... ok
[INFO] [stdout] test test_BIT_1H ... ok
[INFO] [stdout] test test_BIT_0HL ... ok
[INFO] [stdout] test test_BIT_0D ... ok
[INFO] [stdout] test test_BIT_1HL ... ok
[INFO] [stdout] test test_BIT_1L ... ok
[INFO] [stdout] test test_BIT_1D ... ok
[INFO] [stdout] test test_BIT_2B ... ok
[INFO] [stdout] test test_BIT_2C ... ok
[INFO] [stdout] test test_BIT_2H ... ok
[INFO] [stdout] test test_BIT_2A ... ok
[INFO] [stdout] test test_BIT_2L ... ok
[INFO] [stdout] test test_BIT_2D ... ok
[INFO] [stdout] test test_BIT_2HL ... ok
[INFO] [stdout] test test_BIT_2E ... ok
[INFO] [stdout] test test_BIT_3D ... ok
[INFO] [stdout] test test_BIT_3A ... ok
[INFO] [stdout] test test_BIT_3H ... ok
[INFO] [stdout] test test_BIT_3B ... ok
[INFO] [stdout] test test_BIT_3C ... ok
[INFO] [stdout] test test_BIT_0L ... ok
[INFO] [stdout] test test_BIT_4A ... ok
[INFO] [stdout] test test_BIT_4B ... ok
[INFO] [stdout] test test_BIT_3L ... ok
[INFO] [stdout] test test_BIT_3HL ... ok
[INFO] [stdout] test test_BIT_4C ... ok
[INFO] [stdout] test test_BIT_1E ... ok
[INFO] [stdout] test test_BIT_4D ... ok
[INFO] [stdout] test test_BIT_4E ... ok
[INFO] [stdout] test test_BIT_4H ... ok
[INFO] [stdout] test test_BIT_4HL ... ok
[INFO] [stdout] test test_BIT_4L ... ok
[INFO] [stdout] test test_BIT_5A ... ok
[INFO] [stdout] test test_BIT_5B ... ok
[INFO] [stdout] test test_BIT_5E ... ok
[INFO] [stdout] test test_BIT_5C ... ok
[INFO] [stdout] test test_BIT_6B ... ok
[INFO] [stdout] test test_BIT_6C ... ok
[INFO] [stdout] test test_BIT_5D ... ok
[INFO] [stdout] test test_BIT_5H ... ok
[INFO] [stdout] test test_BIT_6D ... ok
[INFO] [stdout] test test_BIT_6E ... ok
[INFO] [stdout] test test_BIT_7A ... ok
[INFO] [stdout] test test_BIT_7B ... ok
[INFO] [stdout] test test_BIT_6HL ... ok
[INFO] [stdout] test test_BIT_5HL ... ok
[INFO] [stdout] test test_BIT_7C ... ok
[INFO] [stdout] test test_BIT_6L ... ok
[INFO] [stdout] test test_BIT_6H ... ok
[INFO] [stdout] test test_BIT_7D ... ok
[INFO] [stdout] test test_BIT_7E ... ok
[INFO] [stdout] test test_BIT_5L ... ok
[INFO] [stdout] test test_BIT_3E ... ok
[INFO] [stdout] test test_BIT_6A ... ok
[INFO] [stdout] test test_BIT_7H ... ok
[INFO] [stdout] test test_BIT_7HL ... ok
[INFO] [stdout] test test_BIT_7L ... ok
[INFO] [stdout] 
[INFO] [stdout] test result: ok. 64 passed; 0 failed; 0 ignored; 0 measured; 0 filtered out; finished in 0.01s
[INFO] [stdout] 
[INFO] [stderr]      Running tests/test_blargg.rs (/opt/rustwide/target/debug/deps/test_blargg-dde47971fc9d4830)
[INFO] [stdout] 
[INFO] [stdout] running 12 tests
[INFO] [stdout] test test_blargg_cpu_instrs_06 ... ok
[INFO] [stdout] test test_blargg_cpu_instrs_08 ... ok
[INFO] [stdout] test test_blargg_cpu_instrs_02 ... FAILED
[INFO] [stdout] test test_blargg_cpu_instrs_07 ... ok
[INFO] [stdout] test test_blargg_cpu_instrs_01 ... ok
[INFO] [stdout] test test_blargg_cpu_instrs_04 ... ok
[INFO] [stdout] test test_blargg_cpu_instrs_03 ... ok
[INFO] [stdout] test test_blargg_cpu_instrs ... FAILED
[INFO] [stdout] test test_blargg_cpu_instrs_05 ... ok
[INFO] [stdout] test test_blargg_cpu_instrs_09 ... ok
[INFO] [stdout] test test_blargg_cpu_instrs_10 ... ok
[INFO] [stdout] test test_blargg_cpu_instrs_11 ... ok
[INFO] [stdout] 
[INFO] [stdout] failures:
[INFO] [stdout] 
[INFO] [stdout] ---- test_blargg_cpu_instrs_02 stdout ----
[INFO] [stdout] 
[INFO] [stdout] thread 'test_blargg_cpu_instrs_02' panicked at tests/test_blargg.rs:153:5:
[INFO] [stdout] assertion `left == right` failed: Expected screen output not to contain the word 'Failed'. Screen output:
[INFO] [stdout] ---
[INFO] [stdout] 02-interrupts                                                                                   EI                                                              Failed #2                                                                                                                                                                                                                                                                                                                                                                                                                                                                                                                                                                                                                                                                                                                                                                                                                                                                                      
[INFO] [stdout] ---
[INFO] [stdout] 
[INFO] [stdout]   left: false
[INFO] [stdout]  right: true
[INFO] [stdout] stack backtrace:
[INFO] [stdout]    0:     0x576082ebba4a - std::backtrace_rs::backtrace::libunwind::trace::hb059275cfc8d6126
[INFO] [stdout]                                at /rustc/6067b36314ab5eb2eb47cecc464545ba58e1ad24/library/std/src/../../backtrace/src/backtrace/libunwind.rs:116:5
[INFO] [stdout]    1:     0x576082ebba4a - std::backtrace_rs::backtrace::trace_unsynchronized::h2da071e4327ce3ee
[INFO] [stdout]                                at /rustc/6067b36314ab5eb2eb47cecc464545ba58e1ad24/library/std/src/../../backtrace/src/backtrace/mod.rs:66:5
[INFO] [stdout]    2:     0x576082ebba4a - std::sys::backtrace::_print_fmt::h842a1474e6f8d23f
[INFO] [stdout]                                at /rustc/6067b36314ab5eb2eb47cecc464545ba58e1ad24/library/std/src/sys/backtrace.rs:66:9
[INFO] [stdout]    3:     0x576082ebba4a - <std::sys::backtrace::BacktraceLock::print::DisplayBacktrace as core::fmt::Display>::fmt::h71a62eb3b9696b12
[INFO] [stdout]                                at /rustc/6067b36314ab5eb2eb47cecc464545ba58e1ad24/library/std/src/sys/backtrace.rs:39:26
[INFO] [stdout]    4:     0x576082ee2fd3 - core::fmt::rt::Argument::fmt::hdb6b616786b41dc1
[INFO] [stdout]                                at /rustc/6067b36314ab5eb2eb47cecc464545ba58e1ad24/library/core/src/fmt/rt.rs:177:76
[INFO] [stdout]    5:     0x576082ee2fd3 - core::fmt::write::h2cc1698af7e2d686
[INFO] [stdout]                                at /rustc/6067b36314ab5eb2eb47cecc464545ba58e1ad24/library/core/src/fmt/mod.rs:1440:21
[INFO] [stdout]    6:     0x576082eb85a3 - std::io::Write::write_fmt::hab1b4cd059a79022
[INFO] [stdout]                                at /rustc/6067b36314ab5eb2eb47cecc464545ba58e1ad24/library/std/src/io/mod.rs:1887:15
[INFO] [stdout]    7:     0x576082ebb892 - std::sys::backtrace::BacktraceLock::print::h147fe35b4ea13b08
[INFO] [stdout]                                at /rustc/6067b36314ab5eb2eb47cecc464545ba58e1ad24/library/std/src/sys/backtrace.rs:42:9
[INFO] [stdout]    8:     0x576082ebce6f - std::panicking::default_hook::{{closure}}::hbd44223dbdc0d208
[INFO] [stdout]                                at /rustc/6067b36314ab5eb2eb47cecc464545ba58e1ad24/library/std/src/panicking.rs:298:22
[INFO] [stdout]    9:     0x576082ebcc88 - std::panicking::default_hook::h20f81eb0576efcec
[INFO] [stdout]                                at /rustc/6067b36314ab5eb2eb47cecc464545ba58e1ad24/library/std/src/panicking.rs:322:9
[INFO] [stdout]   10:     0x576082e65a03 - <alloc::boxed::Box<F,A> as core::ops::function::Fn<Args>>::call::hdb53814c496a4d34
[INFO] [stdout]                                at /rustc/6067b36314ab5eb2eb47cecc464545ba58e1ad24/library/alloc/src/boxed.rs:2027:9
[INFO] [stdout]   11:     0x576082e65a03 - test::test_main::{{closure}}::hc0a4963c59427c24
[INFO] [stdout]                                at /rustc/6067b36314ab5eb2eb47cecc464545ba58e1ad24/library/test/src/lib.rs:134:21
[INFO] [stdout]   12:     0x576082ebd963 - <alloc::boxed::Box<F,A> as core::ops::function::Fn<Args>>::call::h591b2225413a77e9
[INFO] [stdout]                                at /rustc/6067b36314ab5eb2eb47cecc464545ba58e1ad24/library/alloc/src/boxed.rs:2027:9
[INFO] [stdout]   13:     0x576082ebd963 - std::panicking::rust_panic_with_hook::h625eea43051b2edc
[INFO] [stdout]                                at /rustc/6067b36314ab5eb2eb47cecc464545ba58e1ad24/library/std/src/panicking.rs:839:13
[INFO] [stdout]   14:     0x576082ebd61a - std::panicking::begin_panic_handler::{{closure}}::h4f9159cfbc3f6bd3
[INFO] [stdout]                                at /rustc/6067b36314ab5eb2eb47cecc464545ba58e1ad24/library/std/src/panicking.rs:704:13
[INFO] [stdout]   15:     0x576082ebbf49 - std::sys::backtrace::__rust_end_short_backtrace::h0390abce48353151
[INFO] [stdout]                                at /rustc/6067b36314ab5eb2eb47cecc464545ba58e1ad24/library/std/src/sys/backtrace.rs:168:18
[INFO] [stdout]   16:     0x576082ebd2ad - rust_begin_unwind
[INFO] [stdout]                                at /rustc/6067b36314ab5eb2eb47cecc464545ba58e1ad24/library/std/src/panicking.rs:695:5
[INFO] [stdout]   17:     0x576082ee1a80 - core::panicking::panic_fmt::h9e7c637e9e5f29c9
[INFO] [stdout]                                at /rustc/6067b36314ab5eb2eb47cecc464545ba58e1ad24/library/core/src/panicking.rs:75:14
[INFO] [stdout]   18:     0x576082ee1da2 - core::panicking::assert_failed_inner::h538bec7c1374cd9c
[INFO] [stdout]   19:     0x576082e28fc0 - core::panicking::assert_failed::h0e68b9e4d0bf8459
[INFO] [stdout]                                at /rustc/6067b36314ab5eb2eb47cecc464545ba58e1ad24/library/core/src/panicking.rs:364:5
[INFO] [stdout]   20:     0x576082e2a64b - test_blargg::assert_result_ok::hb965be360d9147ad
[INFO] [stdout]                                at /opt/rustwide/workdir/tests/test_blargg.rs:153:5
[INFO] [stdout]   21:     0x576082e2abbc - test_blargg::test_blargg_cpu_instrs_02::hd82eb2ee5632cb4f
[INFO] [stdout]                                at /opt/rustwide/workdir/tests/test_blargg.rs:39:5
[INFO] [stdout]   22:     0x576082e2aab7 - test_blargg::test_blargg_cpu_instrs_02::{{closure}}::h79c0b187bcd68039
[INFO] [stdout]                                at /opt/rustwide/workdir/tests/test_blargg.rs:31:31
[INFO] [stdout]   23:     0x576082e25c96 - core::ops::function::FnOnce::call_once::hf4f89a3ba325e03c
[INFO] [stdout]                                at /rustc/6067b36314ab5eb2eb47cecc464545ba58e1ad24/library/core/src/ops/function.rs:250:5
[INFO] [stdout]   24:     0x576082e6b15b - core::ops::function::FnOnce::call_once::he27718dfdd183f43
[INFO] [stdout]                                at /rustc/6067b36314ab5eb2eb47cecc464545ba58e1ad24/library/core/src/ops/function.rs:250:5
[INFO] [stdout]   25:     0x576082e6b15b - test::__rust_begin_short_backtrace::h4e84902998457a5d
[INFO] [stdout]                                at /rustc/6067b36314ab5eb2eb47cecc464545ba58e1ad24/library/test/src/lib.rs:632:18
[INFO] [stdout]   26:     0x576082e6a093 - test::run_test_in_process::{{closure}}::h7176fd18fc1feca0
[INFO] [stdout]                                at /rustc/6067b36314ab5eb2eb47cecc464545ba58e1ad24/library/test/src/lib.rs:655:60
[INFO] [stdout]   27:     0x576082e6a093 - <core::panic::unwind_safe::AssertUnwindSafe<F> as core::ops::function::FnOnce<()>>::call_once::hf79cff2a624d8cf7
[INFO] [stdout]                                at /rustc/6067b36314ab5eb2eb47cecc464545ba58e1ad24/library/core/src/panic/unwind_safe.rs:272:9
[INFO] [stdout]   28:     0x576082e6a093 - std::panicking::try::do_call::h3da0561d9ab99c25
[INFO] [stdout]                                at /rustc/6067b36314ab5eb2eb47cecc464545ba58e1ad24/library/std/src/panicking.rs:587:40
[INFO] [stdout]   29:     0x576082e6a093 - std::panicking::try::h41c9fa508bc61df6
[INFO] [stdout]                                at /rustc/6067b36314ab5eb2eb47cecc464545ba58e1ad24/library/std/src/panicking.rs:550:19
[INFO] [stdout]   30:     0x576082e6a093 - std::panic::catch_unwind::h6b3ff07bb5afad93
[INFO] [stdout]                                at /rustc/6067b36314ab5eb2eb47cecc464545ba58e1ad24/library/std/src/panic.rs:358:14
[INFO] [stdout]   31:     0x576082e6a093 - test::run_test_in_process::hc7253dd11b39b9f4
[INFO] [stdout]                                at /rustc/6067b36314ab5eb2eb47cecc464545ba58e1ad24/library/test/src/lib.rs:655:27
[INFO] [stdout]   32:     0x576082e6a093 - test::run_test::{{closure}}::hfb2007f8649c30bb
[INFO] [stdout]                                at /rustc/6067b36314ab5eb2eb47cecc464545ba58e1ad24/library/test/src/lib.rs:576:43
[INFO] [stdout]   33:     0x576082e2d175 - test::run_test::{{closure}}::h56a17aa7a282a9f4
[INFO] [stdout]                                at /rustc/6067b36314ab5eb2eb47cecc464545ba58e1ad24/library/test/src/lib.rs:606:41
[INFO] [stdout]   34:     0x576082e2d175 - std::sys::backtrace::__rust_begin_short_backtrace::hd2d2d2fb8e8c6aac
[INFO] [stdout]                                at /rustc/6067b36314ab5eb2eb47cecc464545ba58e1ad24/library/std/src/sys/backtrace.rs:152:18
[INFO] [stdout]   35:     0x576082e30a5a - std::thread::Builder::spawn_unchecked_::{{closure}}::{{closure}}::h4faa3f9db6133423
[INFO] [stdout]                                at /rustc/6067b36314ab5eb2eb47cecc464545ba58e1ad24/library/std/src/thread/mod.rs:559:17
[INFO] [stdout]   36:     0x576082e30a5a - <core::panic::unwind_safe::AssertUnwindSafe<F> as core::ops::function::FnOnce<()>>::call_once::hf2e855a36a4ea846
[INFO] [stdout]                                at /rustc/6067b36314ab5eb2eb47cecc464545ba58e1ad24/library/core/src/panic/unwind_safe.rs:272:9
[INFO] [stdout]   37:     0x576082e30a5a - std::panicking::try::do_call::h2f73af3616c35465
[INFO] [stdout]                                at /rustc/6067b36314ab5eb2eb47cecc464545ba58e1ad24/library/std/src/panicking.rs:587:40
[INFO] [stdout]   38:     0x576082e30a5a - std::panicking::try::hd1660ce9efadef5a
[INFO] [stdout]                                at /rustc/6067b36314ab5eb2eb47cecc464545ba58e1ad24/library/std/src/panicking.rs:550:19
[INFO] [stdout]   39:     0x576082e30a5a - std::panic::catch_unwind::h5ee8d7823b8ca744
[INFO] [stdout]                                at /rustc/6067b36314ab5eb2eb47cecc464545ba58e1ad24/library/std/src/panic.rs:358:14
[INFO] [stdout]   40:     0x576082e30a5a - std::thread::Builder::spawn_unchecked_::{{closure}}::h53c3a1894dce8407
[INFO] [stdout]                                at /rustc/6067b36314ab5eb2eb47cecc464545ba58e1ad24/library/std/src/thread/mod.rs:557:30
[INFO] [stdout]   41:     0x576082e30a5a - core::ops::function::FnOnce::call_once{{vtable.shim}}::h048ce291ad4f62bf
[INFO] [stdout]                                at /rustc/6067b36314ab5eb2eb47cecc464545ba58e1ad24/library/core/src/ops/function.rs:250:5
[INFO] [stdout]   42:     0x576082ec189b - <alloc::boxed::Box<F,A> as core::ops::function::FnOnce<Args>>::call_once::ha52bedf99a3b4981
[INFO] [stdout]                                at /rustc/6067b36314ab5eb2eb47cecc464545ba58e1ad24/library/alloc/src/boxed.rs:2013:9
[INFO] [stdout]   43:     0x576082ec189b - <alloc::boxed::Box<F,A> as core::ops::function::FnOnce<Args>>::call_once::h567748934d80ccf8
[INFO] [stdout]                                at /rustc/6067b36314ab5eb2eb47cecc464545ba58e1ad24/library/alloc/src/boxed.rs:2013:9
[INFO] [stdout]   44:     0x576082ec189b - std::sys::pal::unix::thread::Thread::new::thread_start::h2d970728ae887adc
[INFO] [stdout]                                at /rustc/6067b36314ab5eb2eb47cecc464545ba58e1ad24/library/std/src/sys/pal/unix/thread.rs:106:17
[INFO] [stdout]   45:     0x7592b9d1eac3 - <unknown>
[INFO] [stdout]   46:     0x7592b9dafa04 - clone
[INFO] [stdout]   47:                0x0 - <unknown>
[INFO] [stdout] 
[INFO] [stdout] ---- test_blargg_cpu_instrs stdout ----
[INFO] [stdout] 
[INFO] [stdout] thread 'test_blargg_cpu_instrs' panicked at src/cpu.rs:713:41:
[INFO] [stdout] Memory address not supported: 0xff4d
[INFO] [stdout] stack backtrace:
[INFO] [stdout]    0:     0x576082ebba4a - std::backtrace_rs::backtrace::libunwind::trace::hb059275cfc8d6126
[INFO] [stdout]                                at /rustc/6067b36314ab5eb2eb47cecc464545ba58e1ad24/library/std/src/../../backtrace/src/backtrace/libunwind.rs:116:5
[INFO] [stdout]    1:     0x576082ebba4a - std::backtrace_rs::backtrace::trace_unsynchronized::h2da071e4327ce3ee
[INFO] [stdout]                                at /rustc/6067b36314ab5eb2eb47cecc464545ba58e1ad24/library/std/src/../../backtrace/src/backtrace/mod.rs:66:5
[INFO] [stdout]    2:     0x576082ebba4a - std::sys::backtrace::_print_fmt::h842a1474e6f8d23f
[INFO] [stdout]                                at /rustc/6067b36314ab5eb2eb47cecc464545ba58e1ad24/library/std/src/sys/backtrace.rs:66:9
[INFO] [stdout]    3:     0x576082ebba4a - <std::sys::backtrace::BacktraceLock::print::DisplayBacktrace as core::fmt::Display>::fmt::h71a62eb3b9696b12
[INFO] [stdout]                                at /rustc/6067b36314ab5eb2eb47cecc464545ba58e1ad24/library/std/src/sys/backtrace.rs:39:26
[INFO] [stdout]    4:     0x576082ee2fd3 - core::fmt::rt::Argument::fmt::hdb6b616786b41dc1
[INFO] [stdout]                                at /rustc/6067b36314ab5eb2eb47cecc464545ba58e1ad24/library/core/src/fmt/rt.rs:177:76
[INFO] [stdout]    5:     0x576082ee2fd3 - core::fmt::write::h2cc1698af7e2d686
[INFO] [stdout]                                at /rustc/6067b36314ab5eb2eb47cecc464545ba58e1ad24/library/core/src/fmt/mod.rs:1440:21
[INFO] [stdout]    6:     0x576082eb85a3 - std::io::Write::write_fmt::hab1b4cd059a79022
[INFO] [stdout]                                at /rustc/6067b36314ab5eb2eb47cecc464545ba58e1ad24/library/std/src/io/mod.rs:1887:15
[INFO] [stdout]    7:     0x576082ebb892 - std::sys::backtrace::BacktraceLock::print::h147fe35b4ea13b08
[INFO] [stdout]                                at /rustc/6067b36314ab5eb2eb47cecc464545ba58e1ad24/library/std/src/sys/backtrace.rs:42:9
[INFO] [stdout]    8:     0x576082ebce6f - std::panicking::default_hook::{{closure}}::hbd44223dbdc0d208
[INFO] [stdout]                                at /rustc/6067b36314ab5eb2eb47cecc464545ba58e1ad24/library/std/src/panicking.rs:298:22
[INFO] [stdout]    9:     0x576082ebcc88 - std::panicking::default_hook::h20f81eb0576efcec
[INFO] [stdout]                                at /rustc/6067b36314ab5eb2eb47cecc464545ba58e1ad24/library/std/src/panicking.rs:322:9
[INFO] [stdout]   10:     0x576082e65a03 - <alloc::boxed::Box<F,A> as core::ops::function::Fn<Args>>::call::hdb53814c496a4d34
[INFO] [stdout]                                at /rustc/6067b36314ab5eb2eb47cecc464545ba58e1ad24/library/alloc/src/boxed.rs:2027:9
[INFO] [stdout]   11:     0x576082e65a03 - test::test_main::{{closure}}::hc0a4963c59427c24
[INFO] [stdout]                                at /rustc/6067b36314ab5eb2eb47cecc464545ba58e1ad24/library/test/src/lib.rs:134:21
[INFO] [stdout]   12:     0x576082ebd963 - <alloc::boxed::Box<F,A> as core::ops::function::Fn<Args>>::call::h591b2225413a77e9
[INFO] [stdout]                                at /rustc/6067b36314ab5eb2eb47cecc464545ba58e1ad24/library/alloc/src/boxed.rs:2027:9
[INFO] [stdout]   13:     0x576082ebd963 - std::panicking::rust_panic_with_hook::h625eea43051b2edc
[INFO] [stdout]                                at /rustc/6067b36314ab5eb2eb47cecc464545ba58e1ad24/library/std/src/panicking.rs:839:13
[INFO] [stdout]   14:     0x576082ebd61a - std::panicking::begin_panic_handler::{{closure}}::h4f9159cfbc3f6bd3
[INFO] [stdout]                                at /rustc/6067b36314ab5eb2eb47cecc464545ba58e1ad24/library/std/src/panicking.rs:704:13
[INFO] [stdout]   15:     0x576082ebbf49 - std::sys::backtrace::__rust_end_short_backtrace::h0390abce48353151
[INFO] [stdout]                                at /rustc/6067b36314ab5eb2eb47cecc464545ba58e1ad24/library/std/src/sys/backtrace.rs:168:18
[INFO] [stdout]   16:     0x576082ebd2ad - rust_begin_unwind
[INFO] [stdout]                                at /rustc/6067b36314ab5eb2eb47cecc464545ba58e1ad24/library/std/src/panicking.rs:695:5
[INFO] [stdout]   17:     0x576082ee1a80 - core::panicking::panic_fmt::h9e7c637e9e5f29c9
[INFO] [stdout]                                at /rustc/6067b36314ab5eb2eb47cecc464545ba58e1ad24/library/core/src/panicking.rs:75:14
[INFO] [stdout]   18:     0x576082e73771 - <ruboy::memory::Mmu as core::ops::index::Index<u16>>::index::h454f7bd6ac0966bd
[INFO] [stdout]                                at /opt/rustwide/workdir/src/memory.rs:91:9
[INFO] [stdout]   19:     0x576082e8ef74 - ruboy::cpu::Cpu::get_operand::h62de7b5d0796dbd4
[INFO] [stdout]                                at /opt/rustwide/workdir/src/cpu.rs:713:41
[INFO] [stdout]   20:     0x576082e8a4cd - ruboy::cpu::Cpu::run::h4802061d81789cf6
[INFO] [stdout]                                at /opt/rustwide/workdir/src/cpu.rs:420:33
[INFO] [stdout]   21:     0x576082e2a8a7 - test_blargg::test_blargg_cpu_instrs::h309792aac4fa8269
[INFO] [stdout]                                at /opt/rustwide/workdir/tests/test_blargg.rs:13:5
[INFO] [stdout]   22:     0x576082e2a7d7 - test_blargg::test_blargg_cpu_instrs::{{closure}}::h88fffa694c725dcc
[INFO] [stdout]                                at /opt/rustwide/workdir/tests/test_blargg.rs:7:28
[INFO] [stdout]   23:     0x576082e25c16 - core::ops::function::FnOnce::call_once::hc7699380168b2e1d
[INFO] [stdout]                                at /rustc/6067b36314ab5eb2eb47cecc464545ba58e1ad24/library/core/src/ops/function.rs:250:5
[INFO] [stdout]   24:     0x576082e6b15b - core::ops::function::FnOnce::call_once::he27718dfdd183f43
[INFO] [stdout]                                at /rustc/6067b36314ab5eb2eb47cecc464545ba58e1ad24/library/core/src/ops/function.rs:250:5
[INFO] [stdout]   25:     0x576082e6b15b - test::__rust_begin_short_backtrace::h4e84902998457a5d
[INFO] [stdout]                                at /rustc/6067b36314ab5eb2eb47cecc464545ba58e1ad24/library/test/src/lib.rs:632:18
[INFO] [stdout]   26:     0x576082e6a093 - test::run_test_in_process::{{closure}}::h7176fd18fc1feca0
[INFO] [stdout]                                at /rustc/6067b36314ab5eb2eb47cecc464545ba58e1ad24/library/test/src/lib.rs:655:60
[INFO] [stdout]   27:     0x576082e6a093 - <core::panic::unwind_safe::AssertUnwindSafe<F> as core::ops::function::FnOnce<()>>::call_once::hf79cff2a624d8cf7
[INFO] [stdout]                                at /rustc/6067b36314ab5eb2eb47cecc464545ba58e1ad24/library/core/src/panic/unwind_safe.rs:272:9
[INFO] [stdout]   28:     0x576082e6a093 - std::panicking::try::do_call::h3da0561d9ab99c25
[INFO] [stdout]                                at /rustc/6067b36314ab5eb2eb47cecc464545ba58e1ad24/library/std/src/panicking.rs:587:40
[INFO] [stdout]   29:     0x576082e6a093 - std::panicking::try::h41c9fa508bc61df6
[INFO] [stdout]                                at /rustc/6067b36314ab5eb2eb47cecc464545ba58e1ad24/library/std/src/panicking.rs:550:19
[INFO] [stdout]   30:     0x576082e6a093 - std::panic::catch_unwind::h6b3ff07bb5afad93
[INFO] [stdout]                                at /rustc/6067b36314ab5eb2eb47cecc464545ba58e1ad24/library/std/src/panic.rs:358:14
[INFO] [stdout]   31:     0x576082e6a093 - test::run_test_in_process::hc7253dd11b39b9f4
[INFO] [stdout]                                at /rustc/6067b36314ab5eb2eb47cecc464545ba58e1ad24/library/test/src/lib.rs:655:27
[INFO] [stdout]   32:     0x576082e6a093 - test::run_test::{{closure}}::hfb2007f8649c30bb
[INFO] [stdout]                                at /rustc/6067b36314ab5eb2eb47cecc464545ba58e1ad24/library/test/src/lib.rs:576:43
[INFO] [stdout]   33:     0x576082e2d175 - test::run_test::{{closure}}::h56a17aa7a282a9f4
[INFO] [stdout]                                at /rustc/6067b36314ab5eb2eb47cecc464545ba58e1ad24/library/test/src/lib.rs:606:41
[INFO] [stdout]   34:     0x576082e2d175 - std::sys::backtrace::__rust_begin_short_backtrace::hd2d2d2fb8e8c6aac
[INFO] [stdout]                                at /rustc/6067b36314ab5eb2eb47cecc464545ba58e1ad24/library/std/src/sys/backtrace.rs:152:18
[INFO] [stdout]   35:     0x576082e30a5a - std::thread::Builder::spawn_unchecked_::{{closure}}::{{closure}}::h4faa3f9db6133423
[INFO] [stdout]                                at /rustc/6067b36314ab5eb2eb47cecc464545ba58e1ad24/library/std/src/thread/mod.rs:559:17
[INFO] [stdout]   36:     0x576082e30a5a - <core::panic::unwind_safe::AssertUnwindSafe<F> as core::ops::function::FnOnce<()>>::call_once::hf2e855a36a4ea846
[INFO] [stdout]                                at /rustc/6067b36314ab5eb2eb47cecc464545ba58e1ad24/library/core/src/panic/unwind_safe.rs:272:9
[INFO] [stdout]   37:     0x576082e30a5a - std::panicking::try::do_call::h2f73af3616c35465
[INFO] [stdout]                                at /rustc/6067b36314ab5eb2eb47cecc464545ba58e1ad24/library/std/src/panicking.rs:587:40
[INFO] [stdout]   38:     0x576082e30a5a - std::panicking::try::hd1660ce9efadef5a
[INFO] [stdout]                                at /rustc/6067b36314ab5eb2eb47cecc464545ba58e1ad24/library/std/src/panicking.rs:550:19
[INFO] [stdout]   39:     0x576082e30a5a - std::panic::catch_unwind::h5ee8d7823b8ca744
[INFO] [stdout]                                at /rustc/6067b36314ab5eb2eb47cecc464545ba58e1ad24/library/std/src/panic.rs:358:14
[INFO] [stdout]   40:     0x576082e30a5a - std::thread::Builder::spawn_unchecked_::{{closure}}::h53c3a1894dce8407
[INFO] [stdout]                                at /rustc/6067b36314ab5eb2eb47cecc464545ba58e1ad24/library/std/src/thread/mod.rs:557:30
[INFO] [stdout]   41:     0x576082e30a5a - core::ops::function::FnOnce::call_once{{vtable.shim}}::h048ce291ad4f62bf
[INFO] [stdout]                                at /rustc/6067b36314ab5eb2eb47cecc464545ba58e1ad24/library/core/src/ops/function.rs:250:5
[INFO] [stdout]   42:     0x576082ec189b - <alloc::boxed::Box<F,A> as core::ops::function::FnOnce<Args>>::call_once::ha52bedf99a3b4981
[INFO] [stdout]                                at /rustc/6067b36314ab5eb2eb47cecc464545ba58e1ad24/library/alloc/src/boxed.rs:2013:9
[INFO] [stdout]   43:     0x576082ec189b - <alloc::boxed::Box<F,A> as core::ops::function::FnOnce<Args>>::call_once::h567748934d80ccf8
[INFO] [stdout]                                at /rustc/6067b36314ab5eb2eb47cecc464545ba58e1ad24/library/alloc/src/boxed.rs:2013:9
[INFO] [stdout]   44:     0x576082ec189b - std::sys::pal::unix::thread::Thread::new::thread_start::h2d970728ae887adc
[INFO] [stdout]                                at /rustc/6067b36314ab5eb2eb47cecc464545ba58e1ad24/library/std/src/sys/pal/unix/thread.rs:106:17
[INFO] [stdout]   45:     0x7592b9d1eac3 - <unknown>
[INFO] [stdout]   46:     0x7592b9dafa04 - clone
[INFO] [stdout]   47:                0x0 - <unknown>
[INFO] [stdout] 
[INFO] [stdout] 
[INFO] [stdout] failures:
[INFO] [stdout]     test_blargg_cpu_instrs
[INFO] [stdout]     test_blargg_cpu_instrs_02
[INFO] [stdout] 
[INFO] [stdout] test result: FAILED. 10 passed; 2 failed; 0 ignored; 0 measured; 0 filtered out; finished in 3.88s
[INFO] [stdout] 
[INFO] [stderr] error: test failed, to rerun pass `--test test_blargg`
[INFO] running `Command { std: "docker" "inspect" "216314126bc17c782ac822fd920716eeb79addbb1d6dc1052f0498b64927a182", kill_on_drop: false }`
[INFO] running `Command { std: "docker" "rm" "-f" "216314126bc17c782ac822fd920716eeb79addbb1d6dc1052f0498b64927a182", kill_on_drop: false }`
[INFO] [stdout] 216314126bc17c782ac822fd920716eeb79addbb1d6dc1052f0498b64927a182
