[INFO] cloning repository https://github.com/bitemyapp/creedmoor
[INFO] running `Command { std: "git" "-c" "credential.helper=" "-c" "credential.helper=/workspace/cargo-home/bin/git-credential-null" "clone" "--bare" "https://github.com/bitemyapp/creedmoor" "/workspace/cache/git-repos/https%3A%2F%2Fgithub.com%2Fbitemyapp%2Fcreedmoor", kill_on_drop: false }`
[INFO] [stderr] Cloning into bare repository '/workspace/cache/git-repos/https%3A%2F%2Fgithub.com%2Fbitemyapp%2Fcreedmoor'...
[INFO] running `Command { std: "git" "rev-parse" "HEAD", kill_on_drop: false }`
[INFO] [stdout] d14fb120cc2c9cf5eb9063574eff655306516998
[INFO] testing bitemyapp/creedmoor against nightly-2025-01-18 for randomize-layout-2
[INFO] running `Command { std: "git" "clone" "/workspace/cache/git-repos/https%3A%2F%2Fgithub.com%2Fbitemyapp%2Fcreedmoor" "/workspace/builds/worker-7-tc1/source", kill_on_drop: false }`
[INFO] [stderr] Cloning into '/workspace/builds/worker-7-tc1/source'...
[INFO] [stderr] done.
[INFO] validating manifest of git repo https://github.com/bitemyapp/creedmoor on toolchain nightly-2025-01-18
[INFO] running `Command { std: CARGO_HOME="/workspace/cargo-home" RUSTUP_HOME="/workspace/rustup-home" "/workspace/cargo-home/bin/cargo" "+nightly-2025-01-18" "metadata" "--manifest-path" "Cargo.toml" "--no-deps", kill_on_drop: false }`
[INFO] started tweaking git repo https://github.com/bitemyapp/creedmoor
[INFO] finished tweaking git repo https://github.com/bitemyapp/creedmoor
[INFO] tweaked toml for git repo https://github.com/bitemyapp/creedmoor written to /workspace/builds/worker-7-tc1/source/Cargo.toml
[INFO] crate git repo https://github.com/bitemyapp/creedmoor already has a lockfile, it will not be regenerated
[INFO] running `Command { std: CARGO_HOME="/workspace/cargo-home" RUSTUP_HOME="/workspace/rustup-home" "/workspace/cargo-home/bin/cargo" "+nightly-2025-01-18" "fetch" "--manifest-path" "Cargo.toml", kill_on_drop: false }`
[INFO] [stderr]     Updating crates.io index
[INFO] [stderr]  Downloading crates ...
[INFO] [stderr]   Downloaded get-size v0.1.4
[INFO] running `Command { std: "docker" "create" "-v" "/var/lib/crater-agent-workspace/builds/worker-7-tc1/target:/opt/rustwide/target:rw,Z" "-v" "/var/lib/crater-agent-workspace/builds/worker-7-tc1/source:/opt/rustwide/workdir:ro,Z" "-v" "/var/lib/crater-agent-workspace/cargo-home:/opt/rustwide/cargo-home:ro,Z" "-v" "/var/lib/crater-agent-workspace/rustup-home:/opt/rustwide/rustup-home:ro,Z" "-e" "SOURCE_DIR=/opt/rustwide/workdir" "-e" "CARGO_TARGET_DIR=/opt/rustwide/target" "-e" "CARGO_HOME=/opt/rustwide/cargo-home" "-e" "RUSTUP_HOME=/opt/rustwide/rustup-home" "-w" "/opt/rustwide/workdir" "-m" "1610612736" "--user" "0:0" "--network" "none" "ghcr.io/rust-lang/crates-build-env/linux@sha256:819108c5571ea2e421544af4d832f968d213c87fbe3707a016657f43d2f853bc" "/opt/rustwide/cargo-home/bin/cargo" "+nightly-2025-01-18" "metadata" "--no-deps" "--format-version=1", kill_on_drop: false }`
[INFO] [stdout] f00e4001e8ae39c24fc4687544ca688b8df599d5aee972ccc124865be40408e7
[INFO] running `Command { std: "docker" "start" "-a" "f00e4001e8ae39c24fc4687544ca688b8df599d5aee972ccc124865be40408e7", kill_on_drop: false }`
[INFO] running `Command { std: "docker" "inspect" "f00e4001e8ae39c24fc4687544ca688b8df599d5aee972ccc124865be40408e7", kill_on_drop: false }`
[INFO] running `Command { std: "docker" "rm" "-f" "f00e4001e8ae39c24fc4687544ca688b8df599d5aee972ccc124865be40408e7", kill_on_drop: false }`
[INFO] [stdout] f00e4001e8ae39c24fc4687544ca688b8df599d5aee972ccc124865be40408e7
[INFO] running `Command { std: "docker" "create" "-v" "/var/lib/crater-agent-workspace/builds/worker-7-tc1/target:/opt/rustwide/target:rw,Z" "-v" "/var/lib/crater-agent-workspace/builds/worker-7-tc1/source:/opt/rustwide/workdir:ro,Z" "-v" "/var/lib/crater-agent-workspace/cargo-home:/opt/rustwide/cargo-home:ro,Z" "-v" "/var/lib/crater-agent-workspace/rustup-home:/opt/rustwide/rustup-home:ro,Z" "-e" "SOURCE_DIR=/opt/rustwide/workdir" "-e" "CARGO_TARGET_DIR=/opt/rustwide/target" "-e" "CARGO_INCREMENTAL=0" "-e" "RUST_BACKTRACE=full" "-e" "RUSTFLAGS=--cap-lints=forbid" "-e" "RUSTDOCFLAGS=--cap-lints=forbid" "-e" "CARGO_HOME=/opt/rustwide/cargo-home" "-e" "RUSTUP_HOME=/opt/rustwide/rustup-home" "-w" "/opt/rustwide/workdir" "-m" "1610612736" "--user" "0:0" "--network" "none" "ghcr.io/rust-lang/crates-build-env/linux@sha256:819108c5571ea2e421544af4d832f968d213c87fbe3707a016657f43d2f853bc" "/opt/rustwide/cargo-home/bin/cargo" "+nightly-2025-01-18" "build" "--frozen" "--message-format=json", kill_on_drop: false }`
[INFO] [stdout] e85af887fe8bda661edf8ac321953194ce4abe713199ed509794b6ec26586df1
[INFO] running `Command { std: "docker" "start" "-a" "e85af887fe8bda661edf8ac321953194ce4abe713199ed509794b6ec26586df1", kill_on_drop: false }`
[INFO] [stderr]    Compiling libc v0.2.169
[INFO] [stderr]    Compiling shlex v1.3.0
[INFO] [stderr]    Compiling proc-macro2 v1.0.92
[INFO] [stderr]    Compiling autocfg v1.4.0
[INFO] [stderr]    Compiling unicode-ident v1.0.14
[INFO] [stderr]    Compiling cfg-if v1.0.0
[INFO] [stderr]    Compiling crossbeam-utils v0.8.21
[INFO] [stderr]    Compiling parking_lot_core v0.8.6
[INFO] [stderr]    Compiling zstd-safe v4.1.3+zstd.1.5.1
[INFO] [stderr]    Compiling smallvec v1.13.2
[INFO] [stderr]    Compiling scopeguard v1.2.0
[INFO] [stderr]    Compiling byteorder v1.5.0
[INFO] [stderr]    Compiling thiserror v2.0.9
[INFO] [stderr]    Compiling log v0.4.22
[INFO] [stderr]    Compiling get-size v0.1.4
[INFO] [stderr]    Compiling instant v0.1.13
[INFO] [stderr]    Compiling crc32fast v1.4.2
[INFO] [stderr]    Compiling fxhash v0.2.1
[INFO] [stderr]    Compiling lock_api v0.4.12
[INFO] [stderr]    Compiling crossbeam-epoch v0.9.18
[INFO] [stderr]    Compiling quote v1.0.38
[INFO] [stderr]    Compiling syn v2.0.92
[INFO] [stderr]    Compiling jobserver v0.1.32
[INFO] [stderr]    Compiling fs2 v0.4.3
[INFO] [stderr]    Compiling parking_lot v0.11.2
[INFO] [stderr]    Compiling cc v1.2.5
[INFO] [stderr]    Compiling zstd-sys v1.6.2+zstd.1.5.1
[INFO] [stderr]    Compiling thiserror-impl v2.0.9
[INFO] [stderr]    Compiling zstd v0.9.2+zstd.1.5.1
[INFO] [stderr]    Compiling sled v0.34.7
[INFO] [stderr]    Compiling creedmoor v0.1.0 (/opt/rustwide/workdir)
[INFO] [stderr]     Finished `dev` profile [unoptimized + debuginfo] target(s) in 44.53s
[INFO] running `Command { std: "docker" "inspect" "e85af887fe8bda661edf8ac321953194ce4abe713199ed509794b6ec26586df1", kill_on_drop: false }`
[INFO] running `Command { std: "docker" "rm" "-f" "e85af887fe8bda661edf8ac321953194ce4abe713199ed509794b6ec26586df1", kill_on_drop: false }`
[INFO] [stdout] e85af887fe8bda661edf8ac321953194ce4abe713199ed509794b6ec26586df1
[INFO] running `Command { std: "docker" "create" "-v" "/var/lib/crater-agent-workspace/builds/worker-7-tc1/target:/opt/rustwide/target:rw,Z" "-v" "/var/lib/crater-agent-workspace/builds/worker-7-tc1/source:/opt/rustwide/workdir:ro,Z" "-v" "/var/lib/crater-agent-workspace/cargo-home:/opt/rustwide/cargo-home:ro,Z" "-v" "/var/lib/crater-agent-workspace/rustup-home:/opt/rustwide/rustup-home:ro,Z" "-e" "SOURCE_DIR=/opt/rustwide/workdir" "-e" "CARGO_TARGET_DIR=/opt/rustwide/target" "-e" "CARGO_INCREMENTAL=0" "-e" "RUST_BACKTRACE=full" "-e" "RUSTFLAGS=--cap-lints=forbid" "-e" "RUSTDOCFLAGS=--cap-lints=forbid" "-e" "CARGO_HOME=/opt/rustwide/cargo-home" "-e" "RUSTUP_HOME=/opt/rustwide/rustup-home" "-w" "/opt/rustwide/workdir" "-m" "1610612736" "--user" "0:0" "--network" "none" "ghcr.io/rust-lang/crates-build-env/linux@sha256:819108c5571ea2e421544af4d832f968d213c87fbe3707a016657f43d2f853bc" "/opt/rustwide/cargo-home/bin/cargo" "+nightly-2025-01-18" "test" "--frozen" "--no-run" "--message-format=json", kill_on_drop: false }`
[INFO] [stdout] 84212d095c47db3ca58939279d98b3618a2f9efa472f51612ddd5a05bdc0ff8f
[INFO] running `Command { std: "docker" "start" "-a" "84212d095c47db3ca58939279d98b3618a2f9efa472f51612ddd5a05bdc0ff8f", kill_on_drop: false }`
[INFO] [stderr]    Compiling creedmoor v0.1.0 (/opt/rustwide/workdir)
[INFO] [stderr]     Finished `test` profile [unoptimized + debuginfo] target(s) in 0.69s
[INFO] running `Command { std: "docker" "inspect" "84212d095c47db3ca58939279d98b3618a2f9efa472f51612ddd5a05bdc0ff8f", kill_on_drop: false }`
[INFO] running `Command { std: "docker" "rm" "-f" "84212d095c47db3ca58939279d98b3618a2f9efa472f51612ddd5a05bdc0ff8f", kill_on_drop: false }`
[INFO] [stdout] 84212d095c47db3ca58939279d98b3618a2f9efa472f51612ddd5a05bdc0ff8f
[INFO] running `Command { std: "docker" "create" "-v" "/var/lib/crater-agent-workspace/builds/worker-7-tc1/target:/opt/rustwide/target:rw,Z" "-v" "/var/lib/crater-agent-workspace/builds/worker-7-tc1/source:/opt/rustwide/workdir:ro,Z" "-v" "/var/lib/crater-agent-workspace/cargo-home:/opt/rustwide/cargo-home:ro,Z" "-v" "/var/lib/crater-agent-workspace/rustup-home:/opt/rustwide/rustup-home:ro,Z" "-e" "SOURCE_DIR=/opt/rustwide/workdir" "-e" "CARGO_TARGET_DIR=/opt/rustwide/target" "-e" "CARGO_INCREMENTAL=0" "-e" "RUST_BACKTRACE=full" "-e" "RUSTFLAGS=--cap-lints=forbid" "-e" "RUSTDOCFLAGS=--cap-lints=forbid" "-e" "CARGO_HOME=/opt/rustwide/cargo-home" "-e" "RUSTUP_HOME=/opt/rustwide/rustup-home" "-w" "/opt/rustwide/workdir" "-m" "1610612736" "--user" "0:0" "--network" "none" "ghcr.io/rust-lang/crates-build-env/linux@sha256:819108c5571ea2e421544af4d832f968d213c87fbe3707a016657f43d2f853bc" "/opt/rustwide/cargo-home/bin/cargo" "+nightly-2025-01-18" "test" "--frozen", kill_on_drop: false }`
[INFO] [stdout] 975b4b07451147457464e2daec57c031692250bf73febe38c19aa1832429c9e9
[INFO] running `Command { std: "docker" "start" "-a" "975b4b07451147457464e2daec57c031692250bf73febe38c19aa1832429c9e9", kill_on_drop: false }`
[INFO] [stderr]     Finished `test` profile [unoptimized + debuginfo] target(s) in 0.04s
[INFO] [stderr]      Running unittests src/lib.rs (/opt/rustwide/target/debug/deps/creedmoor-9c4a62ef9ac53a05)
[INFO] [stdout] 
[INFO] [stdout] running 3 tests
[INFO] [stdout] test tests::test_new ... ok
[INFO] [stdout] test tests::test_put ... ok
[INFO] [stdout] test tests::test_size_limit ... FAILED
[INFO] [stdout] 
[INFO] [stdout] failures:
[INFO] [stdout] 
[INFO] [stdout] ---- tests::test_size_limit stdout ----
[INFO] [stdout] target_storage: 16, disk_budget: 1024
[INFO] [stdout] target_storage: 32, disk_budget: 1024
[INFO] [stdout] target_storage: 48, disk_budget: 1024
[INFO] [stdout] target_storage: 64, disk_budget: 1024
[INFO] [stdout] target_storage: 80, disk_budget: 1024
[INFO] [stdout] target_storage: 96, disk_budget: 1024
[INFO] [stdout] target_storage: 112, disk_budget: 1024
[INFO] [stdout] target_storage: 128, disk_budget: 1024
[INFO] [stdout] target_storage: 144, disk_budget: 1024
[INFO] [stdout] target_storage: 160, disk_budget: 1024
[INFO] [stdout] target_storage: 176, disk_budget: 1024
[INFO] [stdout] target_storage: 192, disk_budget: 1024
[INFO] [stdout] target_storage: 208, disk_budget: 1024
[INFO] [stdout] target_storage: 224, disk_budget: 1024
[INFO] [stdout] target_storage: 240, disk_budget: 1024
[INFO] [stdout] target_storage: 256, disk_budget: 1024
[INFO] [stdout] target_storage: 272, disk_budget: 1024
[INFO] [stdout] target_storage: 288, disk_budget: 1024
[INFO] [stdout] target_storage: 304, disk_budget: 1024
[INFO] [stdout] target_storage: 320, disk_budget: 1024
[INFO] [stdout] target_storage: 336, disk_budget: 1024
[INFO] [stdout] target_storage: 352, disk_budget: 1024
[INFO] [stdout] target_storage: 368, disk_budget: 1024
[INFO] [stdout] target_storage: 384, disk_budget: 1024
[INFO] [stdout] target_storage: 400, disk_budget: 1024
[INFO] [stdout] target_storage: 416, disk_budget: 1024
[INFO] [stdout] target_storage: 432, disk_budget: 1024
[INFO] [stdout] target_storage: 448, disk_budget: 1024
[INFO] [stdout] target_storage: 464, disk_budget: 1024
[INFO] [stdout] target_storage: 480, disk_budget: 1024
[INFO] [stdout] target_storage: 496, disk_budget: 1024
[INFO] [stdout] target_storage: 512, disk_budget: 1024
[INFO] [stdout] target_storage: 528, disk_budget: 1024
[INFO] [stdout] target_storage: 544, disk_budget: 1024
[INFO] [stdout] target_storage: 560, disk_budget: 1024
[INFO] [stdout] target_storage: 576, disk_budget: 1024
[INFO] [stdout] target_storage: 592, disk_budget: 1024
[INFO] [stdout] target_storage: 608, disk_budget: 1024
[INFO] [stdout] target_storage: 624, disk_budget: 1024
[INFO] [stdout] target_storage: 640, disk_budget: 1024
[INFO] [stdout] target_storage: 656, disk_budget: 1024
[INFO] [stdout] target_storage: 672, disk_budget: 1024
[INFO] [stdout] target_storage: 688, disk_budget: 1024
[INFO] [stdout] target_storage: 704, disk_budget: 1024
[INFO] [stdout] target_storage: 720, disk_budget: 1024
[INFO] [stdout] target_storage: 736, disk_budget: 1024
[INFO] [stdout] target_storage: 752, disk_budget: 1024
[INFO] [stdout] target_storage: 768, disk_budget: 1024
[INFO] [stdout] target_storage: 784, disk_budget: 1024
[INFO] [stdout] target_storage: 800, disk_budget: 1024
[INFO] [stdout] target_storage: 816, disk_budget: 1024
[INFO] [stdout] target_storage: 832, disk_budget: 1024
[INFO] [stdout] target_storage: 848, disk_budget: 1024
[INFO] [stdout] target_storage: 864, disk_budget: 1024
[INFO] [stdout] target_storage: 880, disk_budget: 1024
[INFO] [stdout] target_storage: 896, disk_budget: 1024
[INFO] [stdout] target_storage: 912, disk_budget: 1024
[INFO] [stdout] target_storage: 928, disk_budget: 1024
[INFO] [stdout] target_storage: 944, disk_budget: 1024
[INFO] [stdout] target_storage: 960, disk_budget: 1024
[INFO] [stdout] target_storage: 976, disk_budget: 1024
[INFO] [stdout] target_storage: 992, disk_budget: 1024
[INFO] [stdout] target_storage: 1008, disk_budget: 1024
[INFO] [stdout] target_storage: 1024, disk_budget: 1024
[INFO] [stdout] target_storage: 1040, disk_budget: 1024
[INFO] [stdout] 
[INFO] [stdout] thread 'tests::test_size_limit' panicked at src/lib.rs:178:59:
[INFO] [stdout] Failed to remove key marked for eviction, key was: [0, 0, 0, 0, 0, 0, 0, 0, 0, 0, 0, 0, 0, 0, 0, 40]
[INFO] [stdout] stack backtrace:
[INFO] [stdout]    0:     0x636eaff79e0a - std::backtrace_rs::backtrace::libunwind::trace::hb059275cfc8d6126
[INFO] [stdout]                                at /rustc/6067b36314ab5eb2eb47cecc464545ba58e1ad24/library/std/src/../../backtrace/src/backtrace/libunwind.rs:116:5
[INFO] [stdout]    1:     0x636eaff79e0a - std::backtrace_rs::backtrace::trace_unsynchronized::h2da071e4327ce3ee
[INFO] [stdout]                                at /rustc/6067b36314ab5eb2eb47cecc464545ba58e1ad24/library/std/src/../../backtrace/src/backtrace/mod.rs:66:5
[INFO] [stdout]    2:     0x636eaff79e0a - std::sys::backtrace::_print_fmt::h842a1474e6f8d23f
[INFO] [stdout]                                at /rustc/6067b36314ab5eb2eb47cecc464545ba58e1ad24/library/std/src/sys/backtrace.rs:66:9
[INFO] [stdout]    3:     0x636eaff79e0a - <std::sys::backtrace::BacktraceLock::print::DisplayBacktrace as core::fmt::Display>::fmt::h71a62eb3b9696b12
[INFO] [stdout]                                at /rustc/6067b36314ab5eb2eb47cecc464545ba58e1ad24/library/std/src/sys/backtrace.rs:39:26
[INFO] [stdout]    4:     0x636eaffa3bd3 - core::fmt::rt::Argument::fmt::hdb6b616786b41dc1
[INFO] [stdout]                                at /rustc/6067b36314ab5eb2eb47cecc464545ba58e1ad24/library/core/src/fmt/rt.rs:177:76
[INFO] [stdout]    5:     0x636eaffa3bd3 - core::fmt::write::h2cc1698af7e2d686
[INFO] [stdout]                                at /rustc/6067b36314ab5eb2eb47cecc464545ba58e1ad24/library/core/src/fmt/mod.rs:1440:21
[INFO] [stdout]    6:     0x636eaff76023 - std::io::Write::write_fmt::hab1b4cd059a79022
[INFO] [stdout]                                at /rustc/6067b36314ab5eb2eb47cecc464545ba58e1ad24/library/std/src/io/mod.rs:1887:15
[INFO] [stdout]    7:     0x636eaff79c52 - std::sys::backtrace::BacktraceLock::print::h147fe35b4ea13b08
[INFO] [stdout]                                at /rustc/6067b36314ab5eb2eb47cecc464545ba58e1ad24/library/std/src/sys/backtrace.rs:42:9
[INFO] [stdout]    8:     0x636eaff7b22f - std::panicking::default_hook::{{closure}}::hbd44223dbdc0d208
[INFO] [stdout]                                at /rustc/6067b36314ab5eb2eb47cecc464545ba58e1ad24/library/std/src/panicking.rs:298:22
[INFO] [stdout]    9:     0x636eaff7b048 - std::panicking::default_hook::h20f81eb0576efcec
[INFO] [stdout]                                at /rustc/6067b36314ab5eb2eb47cecc464545ba58e1ad24/library/std/src/panicking.rs:322:9
[INFO] [stdout]   10:     0x636eafca7e93 - <alloc::boxed::Box<F,A> as core::ops::function::Fn<Args>>::call::hdb53814c496a4d34
[INFO] [stdout]                                at /rustc/6067b36314ab5eb2eb47cecc464545ba58e1ad24/library/alloc/src/boxed.rs:2027:9
[INFO] [stdout]   11:     0x636eafca7e93 - test::test_main::{{closure}}::hc0a4963c59427c24
[INFO] [stdout]                                at /rustc/6067b36314ab5eb2eb47cecc464545ba58e1ad24/library/test/src/lib.rs:134:21
[INFO] [stdout]   12:     0x636eaff7bd23 - <alloc::boxed::Box<F,A> as core::ops::function::Fn<Args>>::call::h591b2225413a77e9
[INFO] [stdout]                                at /rustc/6067b36314ab5eb2eb47cecc464545ba58e1ad24/library/alloc/src/boxed.rs:2027:9
[INFO] [stdout]   13:     0x636eaff7bd23 - std::panicking::rust_panic_with_hook::h625eea43051b2edc
[INFO] [stdout]                                at /rustc/6067b36314ab5eb2eb47cecc464545ba58e1ad24/library/std/src/panicking.rs:839:13
[INFO] [stdout]   14:     0x636eaff7b9da - std::panicking::begin_panic_handler::{{closure}}::h4f9159cfbc3f6bd3
[INFO] [stdout]                                at /rustc/6067b36314ab5eb2eb47cecc464545ba58e1ad24/library/std/src/panicking.rs:704:13
[INFO] [stdout]   15:     0x636eaff7a309 - std::sys::backtrace::__rust_end_short_backtrace::h0390abce48353151
[INFO] [stdout]                                at /rustc/6067b36314ab5eb2eb47cecc464545ba58e1ad24/library/std/src/sys/backtrace.rs:168:18
[INFO] [stdout]   16:     0x636eaff7b66d - rust_begin_unwind
[INFO] [stdout]                                at /rustc/6067b36314ab5eb2eb47cecc464545ba58e1ad24/library/std/src/panicking.rs:695:5
[INFO] [stdout]   17:     0x636eaffa1d20 - core::panicking::panic_fmt::h9e7c637e9e5f29c9
[INFO] [stdout]                                at /rustc/6067b36314ab5eb2eb47cecc464545ba58e1ad24/library/core/src/panicking.rs:75:14
[INFO] [stdout]   18:     0x636eaffa1cfb - core::panicking::panic_display::hd8e666a41baebd7d
[INFO] [stdout]                                at /rustc/6067b36314ab5eb2eb47cecc464545ba58e1ad24/library/core/src/panicking.rs:261:5
[INFO] [stdout]   19:     0x636eaffa1cfb - core::option::expect_failed::he3b89fed4e21ec1e
[INFO] [stdout]                                at /rustc/6067b36314ab5eb2eb47cecc464545ba58e1ad24/library/core/src/option.rs:2024:5
[INFO] [stdout]   20:     0x636eafc6a7f8 - core::option::Option<T>::expect::h75094a8c76d43657
[INFO] [stdout]                                at /rustc/6067b36314ab5eb2eb47cecc464545ba58e1ad24/library/core/src/option.rs:933:21
[INFO] [stdout]   21:     0x636eafc68eb5 - creedmoor::MultiLayerCache::evict_bytes::he3140d4f6c9da511
[INFO] [stdout]                                at /opt/rustwide/workdir/src/lib.rs:178:25
[INFO] [stdout]   22:     0x636eafc681d5 - creedmoor::MultiLayerCache::put::{{closure}}::hc622e817343e5977
[INFO] [stdout]                                at /opt/rustwide/workdir/src/lib.rs:147:17
[INFO] [stdout]   23:     0x636eafc6213f - sled::transaction::Transactional::transaction::h946159cfedbda7ed
[INFO] [stdout]                                at /opt/rustwide/cargo-home/registry/src/index.crates.io-1949cf8c6b5b557f/sled-0.34.7/src/transaction.rs:472:23
[INFO] [stdout]   24:     0x636eafc67e14 - creedmoor::MultiLayerCache::put::ha24f3d238a7ddfac
[INFO] [stdout]                                at /opt/rustwide/workdir/src/lib.rs:143:9
[INFO] [stdout]   25:     0x636eafc6dcc9 - creedmoor::tests::test_size_limit::h09be04f7b7971c0e
[INFO] [stdout]                                at /opt/rustwide/workdir/src/lib.rs:221:13
[INFO] [stdout]   26:     0x636eafc6d077 - creedmoor::tests::test_size_limit::{{closure}}::h6fa2563561a58e9b
[INFO] [stdout]                                at /opt/rustwide/workdir/src/lib.rs:213:25
[INFO] [stdout]   27:     0x636eafc69a76 - core::ops::function::FnOnce::call_once::hbed03935c051ca98
[INFO] [stdout]                                at /rustc/6067b36314ab5eb2eb47cecc464545ba58e1ad24/library/core/src/ops/function.rs:250:5
[INFO] [stdout]   28:     0x636eafcad5eb - core::ops::function::FnOnce::call_once::he27718dfdd183f43
[INFO] [stdout]                                at /rustc/6067b36314ab5eb2eb47cecc464545ba58e1ad24/library/core/src/ops/function.rs:250:5
[INFO] [stdout]   29:     0x636eafcad5eb - test::__rust_begin_short_backtrace::h4e84902998457a5d
[INFO] [stdout]                                at /rustc/6067b36314ab5eb2eb47cecc464545ba58e1ad24/library/test/src/lib.rs:632:18
[INFO] [stdout]   30:     0x636eafcac523 - test::run_test_in_process::{{closure}}::h7176fd18fc1feca0
[INFO] [stdout]                                at /rustc/6067b36314ab5eb2eb47cecc464545ba58e1ad24/library/test/src/lib.rs:655:60
[INFO] [stdout]   31:     0x636eafcac523 - <core::panic::unwind_safe::AssertUnwindSafe<F> as core::ops::function::FnOnce<()>>::call_once::hf79cff2a624d8cf7
[INFO] [stdout]                                at /rustc/6067b36314ab5eb2eb47cecc464545ba58e1ad24/library/core/src/panic/unwind_safe.rs:272:9
[INFO] [stdout]   32:     0x636eafcac523 - std::panicking::try::do_call::h3da0561d9ab99c25
[INFO] [stdout]                                at /rustc/6067b36314ab5eb2eb47cecc464545ba58e1ad24/library/std/src/panicking.rs:587:40
[INFO] [stdout]   33:     0x636eafcac523 - std::panicking::try::h41c9fa508bc61df6
[INFO] [stdout]                                at /rustc/6067b36314ab5eb2eb47cecc464545ba58e1ad24/library/std/src/panicking.rs:550:19
[INFO] [stdout]   34:     0x636eafcac523 - std::panic::catch_unwind::h6b3ff07bb5afad93
[INFO] [stdout]                                at /rustc/6067b36314ab5eb2eb47cecc464545ba58e1ad24/library/std/src/panic.rs:358:14
[INFO] [stdout]   35:     0x636eafcac523 - test::run_test_in_process::hc7253dd11b39b9f4
[INFO] [stdout]                                at /rustc/6067b36314ab5eb2eb47cecc464545ba58e1ad24/library/test/src/lib.rs:655:27
[INFO] [stdout]   36:     0x636eafcac523 - test::run_test::{{closure}}::hfb2007f8649c30bb
[INFO] [stdout]                                at /rustc/6067b36314ab5eb2eb47cecc464545ba58e1ad24/library/test/src/lib.rs:576:43
[INFO] [stdout]   37:     0x636eafc6f605 - test::run_test::{{closure}}::h56a17aa7a282a9f4
[INFO] [stdout]                                at /rustc/6067b36314ab5eb2eb47cecc464545ba58e1ad24/library/test/src/lib.rs:606:41
[INFO] [stdout]   38:     0x636eafc6f605 - std::sys::backtrace::__rust_begin_short_backtrace::hd2d2d2fb8e8c6aac
[INFO] [stdout]                                at /rustc/6067b36314ab5eb2eb47cecc464545ba58e1ad24/library/std/src/sys/backtrace.rs:152:18
[INFO] [stdout]   39:     0x636eafc72eea - std::thread::Builder::spawn_unchecked_::{{closure}}::{{closure}}::h4faa3f9db6133423
[INFO] [stdout]                                at /rustc/6067b36314ab5eb2eb47cecc464545ba58e1ad24/library/std/src/thread/mod.rs:559:17
[INFO] [stdout]   40:     0x636eafc72eea - <core::panic::unwind_safe::AssertUnwindSafe<F> as core::ops::function::FnOnce<()>>::call_once::hf2e855a36a4ea846
[INFO] [stdout]                                at /rustc/6067b36314ab5eb2eb47cecc464545ba58e1ad24/library/core/src/panic/unwind_safe.rs:272:9
[INFO] [stdout]   41:     0x636eafc72eea - std::panicking::try::do_call::h2f73af3616c35465
[INFO] [stdout]                                at /rustc/6067b36314ab5eb2eb47cecc464545ba58e1ad24/library/std/src/panicking.rs:587:40
[INFO] [stdout]   42:     0x636eafc72eea - std::panicking::try::hd1660ce9efadef5a
[INFO] [stdout]                                at /rustc/6067b36314ab5eb2eb47cecc464545ba58e1ad24/library/std/src/panicking.rs:550:19
[INFO] [stdout]   43:     0x636eafc72eea - std::panic::catch_unwind::h5ee8d7823b8ca744
[INFO] [stdout]                                at /rustc/6067b36314ab5eb2eb47cecc464545ba58e1ad24/library/std/src/panic.rs:358:14
[INFO] [stdout]   44:     0x636eafc72eea - std::thread::Builder::spawn_unchecked_::{{closure}}::h53c3a1894dce8407
[INFO] [stdout]                                at /rustc/6067b36314ab5eb2eb47cecc464545ba58e1ad24/library/std/src/thread/mod.rs:557:30
[INFO] [stdout]   45:     0x636eafc72eea - core::ops::function::FnOnce::call_once{{vtable.shim}}::h048ce291ad4f62bf
[INFO] [stdout]                                at /rustc/6067b36314ab5eb2eb47cecc464545ba58e1ad24/library/core/src/ops/function.rs:250:5
[INFO] [stdout]   46:     0x636eaff810eb - <alloc::boxed::Box<F,A> as core::ops::function::FnOnce<Args>>::call_once::ha52bedf99a3b4981
[INFO] [stdout]                                at /rustc/6067b36314ab5eb2eb47cecc464545ba58e1ad24/library/alloc/src/boxed.rs:2013:9
[INFO] [stdout]   47:     0x636eaff810eb - <alloc::boxed::Box<F,A> as core::ops::function::FnOnce<Args>>::call_once::h567748934d80ccf8
[INFO] [stdout]                                at /rustc/6067b36314ab5eb2eb47cecc464545ba58e1ad24/library/alloc/src/boxed.rs:2013:9
[INFO] [stdout]   48:     0x636eaff810eb - std::sys::pal::unix::thread::Thread::new::thread_start::h2d970728ae887adc
[INFO] [stdout]                                at /rustc/6067b36314ab5eb2eb47cecc464545ba58e1ad24/library/std/src/sys/pal/unix/thread.rs:106:17
[INFO] [stdout]   49:     0x7690a93eeac3 - <unknown>
[INFO] [stdout]   50:     0x7690a947fa04 - clone
[INFO] [stdout]   51:                0x0 - <unknown>
[INFO] [stdout] 
[INFO] [stdout] 
[INFO] [stdout] failures:
[INFO] [stdout]     tests::test_size_limit
[INFO] [stdout] 
[INFO] [stdout] test result: FAILED. 2 passed; 1 failed; 0 ignored; 0 measured; 0 filtered out; finished in 0.25s
[INFO] [stdout] 
[INFO] [stderr] error: test failed, to rerun pass `--lib`
[INFO] running `Command { std: "docker" "inspect" "975b4b07451147457464e2daec57c031692250bf73febe38c19aa1832429c9e9", kill_on_drop: false }`
[INFO] running `Command { std: "docker" "rm" "-f" "975b4b07451147457464e2daec57c031692250bf73febe38c19aa1832429c9e9", kill_on_drop: false }`
[INFO] [stdout] 975b4b07451147457464e2daec57c031692250bf73febe38c19aa1832429c9e9
