[INFO] cloning repository https://github.com/biran0083/nes
[INFO] running `Command { std: "git" "-c" "credential.helper=" "-c" "credential.helper=/workspace/cargo-home/bin/git-credential-null" "clone" "--bare" "https://github.com/biran0083/nes" "/workspace/cache/git-repos/https%3A%2F%2Fgithub.com%2Fbiran0083%2Fnes", kill_on_drop: false }`
[INFO] [stderr] Cloning into bare repository '/workspace/cache/git-repos/https%3A%2F%2Fgithub.com%2Fbiran0083%2Fnes'...
[INFO] running `Command { std: "git" "rev-parse" "HEAD", kill_on_drop: false }`
[INFO] [stdout] 1e42f343fe24c03cc641dce27298ee8b199f2a32
[INFO] testing biran0083/nes against nightly-2025-01-18+rustflags=-Zrandomize-layout for randomize-layout-2
[INFO] running `Command { std: "git" "clone" "/workspace/cache/git-repos/https%3A%2F%2Fgithub.com%2Fbiran0083%2Fnes" "/workspace/builds/worker-1-tc2/source", kill_on_drop: false }`
[INFO] [stderr] Cloning into '/workspace/builds/worker-1-tc2/source'...
[INFO] [stderr] done.
[INFO] validating manifest of git repo https://github.com/biran0083/nes on toolchain nightly-2025-01-18
[INFO] running `Command { std: CARGO_HOME="/workspace/cargo-home" RUSTUP_HOME="/workspace/rustup-home" "/workspace/cargo-home/bin/cargo" "+nightly-2025-01-18" "metadata" "--manifest-path" "Cargo.toml" "--no-deps", kill_on_drop: false }`
[INFO] started tweaking git repo https://github.com/biran0083/nes
[INFO] finished tweaking git repo https://github.com/biran0083/nes
[INFO] tweaked toml for git repo https://github.com/biran0083/nes written to /workspace/builds/worker-1-tc2/source/Cargo.toml
[INFO] crate git repo https://github.com/biran0083/nes already has a lockfile, it will not be regenerated
[INFO] running `Command { std: CARGO_HOME="/workspace/cargo-home" RUSTUP_HOME="/workspace/rustup-home" "/workspace/cargo-home/bin/cargo" "+nightly-2025-01-18" "fetch" "--manifest-path" "Cargo.toml", kill_on_drop: false }`
[INFO] running `Command { std: "docker" "create" "-v" "/var/lib/crater-agent-workspace/builds/worker-1-tc2/target:/opt/rustwide/target:rw,Z" "-v" "/var/lib/crater-agent-workspace/builds/worker-1-tc2/source:/opt/rustwide/workdir:ro,Z" "-v" "/var/lib/crater-agent-workspace/cargo-home:/opt/rustwide/cargo-home:ro,Z" "-v" "/var/lib/crater-agent-workspace/rustup-home:/opt/rustwide/rustup-home:ro,Z" "-e" "SOURCE_DIR=/opt/rustwide/workdir" "-e" "CARGO_TARGET_DIR=/opt/rustwide/target" "-e" "CARGO_HOME=/opt/rustwide/cargo-home" "-e" "RUSTUP_HOME=/opt/rustwide/rustup-home" "-w" "/opt/rustwide/workdir" "-m" "1610612736" "--user" "0:0" "--network" "none" "ghcr.io/rust-lang/crates-build-env/linux@sha256:819108c5571ea2e421544af4d832f968d213c87fbe3707a016657f43d2f853bc" "/opt/rustwide/cargo-home/bin/cargo" "+nightly-2025-01-18" "metadata" "--no-deps" "--format-version=1", kill_on_drop: false }`
[INFO] [stdout] 2100d7832292b8d1a7f96a5a1ed0e7e1a7b558dae737b4004254020237515163
[INFO] running `Command { std: "docker" "start" "-a" "2100d7832292b8d1a7f96a5a1ed0e7e1a7b558dae737b4004254020237515163", kill_on_drop: false }`
[INFO] running `Command { std: "docker" "inspect" "2100d7832292b8d1a7f96a5a1ed0e7e1a7b558dae737b4004254020237515163", kill_on_drop: false }`
[INFO] running `Command { std: "docker" "rm" "-f" "2100d7832292b8d1a7f96a5a1ed0e7e1a7b558dae737b4004254020237515163", kill_on_drop: false }`
[INFO] [stdout] 2100d7832292b8d1a7f96a5a1ed0e7e1a7b558dae737b4004254020237515163
[INFO] running `Command { std: "docker" "create" "-v" "/var/lib/crater-agent-workspace/builds/worker-1-tc2/target:/opt/rustwide/target:rw,Z" "-v" "/var/lib/crater-agent-workspace/builds/worker-1-tc2/source:/opt/rustwide/workdir:ro,Z" "-v" "/var/lib/crater-agent-workspace/cargo-home:/opt/rustwide/cargo-home:ro,Z" "-v" "/var/lib/crater-agent-workspace/rustup-home:/opt/rustwide/rustup-home:ro,Z" "-e" "SOURCE_DIR=/opt/rustwide/workdir" "-e" "CARGO_TARGET_DIR=/opt/rustwide/target" "-e" "CARGO_INCREMENTAL=0" "-e" "RUST_BACKTRACE=full" "-e" "RUSTFLAGS=--cap-lints=forbid -Zrandomize-layout" "-e" "RUSTDOCFLAGS=--cap-lints=forbid" "-e" "CARGO_HOME=/opt/rustwide/cargo-home" "-e" "RUSTUP_HOME=/opt/rustwide/rustup-home" "-w" "/opt/rustwide/workdir" "-m" "1610612736" "--user" "0:0" "--network" "none" "ghcr.io/rust-lang/crates-build-env/linux@sha256:819108c5571ea2e421544af4d832f968d213c87fbe3707a016657f43d2f853bc" "/opt/rustwide/cargo-home/bin/cargo" "+nightly-2025-01-18" "build" "--frozen" "--message-format=json", kill_on_drop: false }`
[INFO] [stdout] 9fc8ef6aa50e6e64aa17e96919eacff8622077fc64bf5b2c57032878d9385d3e
[INFO] running `Command { std: "docker" "start" "-a" "9fc8ef6aa50e6e64aa17e96919eacff8622077fc64bf5b2c57032878d9385d3e", kill_on_drop: false }`
[INFO] [stderr]    Compiling cfg-if v1.0.0
[INFO] [stderr]    Compiling libc v0.2.155
[INFO] [stderr]    Compiling proc-macro2 v1.0.83
[INFO] [stderr]    Compiling unicode-ident v1.0.12
[INFO] [stderr]    Compiling semver v1.0.23
[INFO] [stderr]    Compiling version-compare v0.1.1
[INFO] [stderr]    Compiling once_cell v1.19.0
[INFO] [stderr]    Compiling utf8parse v0.2.1
[INFO] [stderr]    Compiling anstyle v1.0.7
[INFO] [stderr]    Compiling lazy_static v1.4.0
[INFO] [stderr]    Compiling anstyle-query v1.0.3
[INFO] [stderr]    Compiling colorchoice v1.0.1
[INFO] [stderr]    Compiling is_terminal_polyfill v1.70.0
[INFO] [stderr]    Compiling thiserror v1.0.61
[INFO] [stderr]    Compiling clap_lex v0.7.0
[INFO] [stderr]    Compiling ppv-lite86 v0.2.17
[INFO] [stderr]    Compiling log v0.4.21
[INFO] [stderr]    Compiling overload v0.1.1
[INFO] [stderr]    Compiling strsim v0.11.1
[INFO] [stderr]    Compiling sdl2 v0.36.0
[INFO] [stderr]    Compiling nu-ansi-term v0.46.0
[INFO] [stderr]    Compiling anstyle-parse v0.2.4
[INFO] [stderr]    Compiling sharded-slab v0.1.7
[INFO] [stderr]    Compiling sdl2-sys v0.36.0
[INFO] [stderr]    Compiling tracing-core v0.1.32
[INFO] [stderr]    Compiling thread_local v1.1.8
[INFO] [stderr]    Compiling bitflags v1.3.2
[INFO] [stderr]    Compiling smallvec v1.13.2
[INFO] [stderr]    Compiling pin-project-lite v0.2.14
[INFO] [stderr]    Compiling anstream v0.6.14
[INFO] [stderr]    Compiling clap_builder v4.5.2
[INFO] [stderr]    Compiling tracing-log v0.2.0
[INFO] [stderr]    Compiling rustc_version v0.4.0
[INFO] [stderr]    Compiling quote v1.0.36
[INFO] [stderr]    Compiling getrandom v0.2.15
[INFO] [stderr]    Compiling syn v2.0.65
[INFO] [stderr]    Compiling tracing-subscriber v0.3.18
[INFO] [stderr]    Compiling error-stack v0.4.1
[INFO] [stderr]    Compiling rand_core v0.6.4
[INFO] [stderr]    Compiling rand_chacha v0.3.1
[INFO] [stderr]    Compiling rand v0.8.5
[INFO] [stderr]    Compiling clap v4.5.4
[INFO] [stderr]    Compiling thiserror-impl v1.0.61
[INFO] [stderr]    Compiling tracing-attributes v0.1.27
[INFO] [stderr]    Compiling tracing v0.1.40
[INFO] [stderr]    Compiling nes v0.1.0 (/opt/rustwide/workdir)
[INFO] [stdout] warning: unused import: `ppu::PPU`
[INFO] [stdout]  --> src/cpu/cpu.rs:8:5
[INFO] [stdout]   |
[INFO] [stdout] 8 |     ppu::PPU,
[INFO] [stdout]   |     ^^^^^^^^
[INFO] [stdout]   |
[INFO] [stdout]   = note: `#[warn(unused_imports)]` on by default
[INFO] [stdout] 
[INFO] [stdout] 
[INFO] [stdout] warning: field `prg_rom` is never read
[INFO] [stdout]  --> src/bus.rs:6:5
[INFO] [stdout]   |
[INFO] [stdout] 3 | pub struct Bus {
[INFO] [stdout]   |            --- field in this struct
[INFO] [stdout] ...
[INFO] [stdout] 6 |     prg_rom: Vec<u8>,
[INFO] [stdout]   |     ^^^^^^^
[INFO] [stdout]   |
[INFO] [stdout]   = note: `#[warn(dead_code)]` on by default
[INFO] [stdout] 
[INFO] [stdout] 
[INFO] [stdout] warning: associated function `new` is never used
[INFO] [stdout]   --> src/bus.rs:20:12
[INFO] [stdout]    |
[INFO] [stdout] 19 | impl Bus {
[INFO] [stdout]    | -------- associated function in this implementation
[INFO] [stdout] 20 |     pub fn new(f: NesFile) -> Bus {
[INFO] [stdout]    |            ^^^
[INFO] [stdout] 
[INFO] [stdout] 
[INFO] [stdout] warning: associated function `new` is never used
[INFO] [stdout]    --> src/cpu/cpu.rs:144:12
[INFO] [stdout]     |
[INFO] [stdout] 143 | impl CPU {
[INFO] [stdout]     | -------- associated function in this implementation
[INFO] [stdout] 144 |     pub fn new(file: NesFile) -> Self {
[INFO] [stdout]     |            ^^^
[INFO] [stdout] 
[INFO] [stdout] 
[INFO] [stdout] warning: fields `header` and `title` are never read
[INFO] [stdout]  --> src/nes_format.rs:5:9
[INFO] [stdout]   |
[INFO] [stdout] 4 | pub struct NesFile {
[INFO] [stdout]   |            ------- fields in this struct
[INFO] [stdout] 5 |     pub header: NesHeader,
[INFO] [stdout]   |         ^^^^^^
[INFO] [stdout] ...
[INFO] [stdout] 8 |     pub title: Option<String>,
[INFO] [stdout]   |         ^^^^^
[INFO] [stdout] 
[INFO] [stdout] 
[INFO] [stdout] warning: fields `flags_6`, `flags_7`, `prg_ram_size`, `flags_9`, and `flags_10` are never read
[INFO] [stdout]   --> src/nes_format.rs:14:9
[INFO] [stdout]    |
[INFO] [stdout] 11 | pub struct NesHeader {
[INFO] [stdout]    |            --------- fields in this struct
[INFO] [stdout] ...
[INFO] [stdout] 14 |     pub flags_6: u8,
[INFO] [stdout]    |         ^^^^^^^
[INFO] [stdout] 15 |     pub flags_7: u8,
[INFO] [stdout]    |         ^^^^^^^
[INFO] [stdout] 16 |     pub prg_ram_size: u8,
[INFO] [stdout]    |         ^^^^^^^^^^^^
[INFO] [stdout] 17 |     pub flags_9: u8,
[INFO] [stdout]    |         ^^^^^^^
[INFO] [stdout] 18 |     pub flags_10: u8,
[INFO] [stdout]    |         ^^^^^^^^
[INFO] [stdout] 
[INFO] [stdout] 
[INFO] [stdout] warning: variant `Vertical` is never constructed
[INFO] [stdout]   --> src/nes_format.rs:23:5
[INFO] [stdout]    |
[INFO] [stdout] 21 | pub enum Mirroring {
[INFO] [stdout]    |          --------- variant in this enum
[INFO] [stdout] 22 |     Horizontal,
[INFO] [stdout] 23 |     Vertical,
[INFO] [stdout]    |     ^^^^^^^^
[INFO] [stdout] 
[INFO] [stdout] 
[INFO] [stdout] warning: method `mirroring` is never used
[INFO] [stdout]   --> src/nes_format.rs:27:12
[INFO] [stdout]    |
[INFO] [stdout] 26 | impl NesFile {
[INFO] [stdout]    | ------------ method in this implementation
[INFO] [stdout] 27 |     pub fn mirroring(&self) -> Mirroring {
[INFO] [stdout]    |            ^^^^^^^^^
[INFO] [stdout] 
[INFO] [stdout] 
[INFO] [stdout] warning: method `get_last_written` is never used
[INFO] [stdout]   --> src/ppu/ppu.rs:38:12
[INFO] [stdout]    |
[INFO] [stdout] 19 | impl AddressRegister {
[INFO] [stdout]    | -------------------- method in this implementation
[INFO] [stdout] ...
[INFO] [stdout] 38 |     pub fn get_last_written(&self) -> u8 {
[INFO] [stdout]    |            ^^^^^^^^^^^^^^^^
[INFO] [stdout] 
[INFO] [stdout] 
[INFO] [stdout] warning: fields `mask`, `oam_addr`, `scroll`, `data`, and `oam_dma` are never read
[INFO] [stdout]   --> src/ppu/ppu.rs:67:5
[INFO] [stdout]    |
[INFO] [stdout] 47 | struct PpuRegisters {
[INFO] [stdout]    |        ------------ fields in this struct
[INFO] [stdout] ...
[INFO] [stdout] 67 |     mask: u8,
[INFO] [stdout]    |     ^^^^
[INFO] [stdout] 68 |     status: u8,
[INFO] [stdout] 69 |     oam_addr: u8,
[INFO] [stdout]    |     ^^^^^^^^
[INFO] [stdout] 70 |     oam_data: u8,
[INFO] [stdout] 71 |     scroll: u8,
[INFO] [stdout]    |     ^^^^^^
[INFO] [stdout] 72 |     addr: RefCell<AddressRegister>,
[INFO] [stdout] 73 |     data: u8,
[INFO] [stdout]    |     ^^^^
[INFO] [stdout] 74 |     oam_dma: u8,
[INFO] [stdout]    |     ^^^^^^^
[INFO] [stdout] 
[INFO] [stdout] 
[INFO] [stdout] warning: methods `get_background_table_address`, `get_sprite_table_address`, and `get_name_table_address` are never used
[INFO] [stdout]    --> src/ppu/ppu.rs:92:12
[INFO] [stdout]     |
[INFO] [stdout] 77  | impl PpuRegisters {
[INFO] [stdout]     | ----------------- methods in this implementation
[INFO] [stdout] ...
[INFO] [stdout] 92  |     pub fn get_background_table_address(&self) -> u16 {
[INFO] [stdout]     |            ^^^^^^^^^^^^^^^^^^^^^^^^^^^^
[INFO] [stdout] ...
[INFO] [stdout] 100 |     pub fn get_sprite_table_address(&self) -> u16 {
[INFO] [stdout]     |            ^^^^^^^^^^^^^^^^^^^^^^^^
[INFO] [stdout] ...
[INFO] [stdout] 108 |     pub fn get_name_table_address(&self) -> u16 {
[INFO] [stdout]     |            ^^^^^^^^^^^^^^^^^^^^^^
[INFO] [stdout] 
[INFO] [stdout] 
[INFO] [stdout] warning: field `oam_data` is never read
[INFO] [stdout]    --> src/ppu/ppu.rs:138:5
[INFO] [stdout]     |
[INFO] [stdout] 133 | pub struct PPU {
[INFO] [stdout]     |            --- field in this struct
[INFO] [stdout] ...
[INFO] [stdout] 138 |     oam_data: [u8; 256],
[INFO] [stdout]     |     ^^^^^^^^
[INFO] [stdout] 
[INFO] [stdout] 
[INFO] [stdout] warning: associated function `new` is never used
[INFO] [stdout]    --> src/ppu/ppu.rs:158:12
[INFO] [stdout]     |
[INFO] [stdout] 157 | impl PPU {
[INFO] [stdout]     | -------- associated function in this implementation
[INFO] [stdout] 158 |     pub fn new(chr_rom: Vec<u8>, mirroring: Mirroring) -> PPU {
[INFO] [stdout]     |            ^^^
[INFO] [stdout] 
[INFO] [stdout] 
[INFO] [stderr]     Finished `dev` profile [unoptimized + debuginfo] target(s) in 12.76s
[INFO] running `Command { std: "docker" "inspect" "9fc8ef6aa50e6e64aa17e96919eacff8622077fc64bf5b2c57032878d9385d3e", kill_on_drop: false }`
[INFO] running `Command { std: "docker" "rm" "-f" "9fc8ef6aa50e6e64aa17e96919eacff8622077fc64bf5b2c57032878d9385d3e", kill_on_drop: false }`
[INFO] [stdout] 9fc8ef6aa50e6e64aa17e96919eacff8622077fc64bf5b2c57032878d9385d3e
[INFO] running `Command { std: "docker" "create" "-v" "/var/lib/crater-agent-workspace/builds/worker-1-tc2/target:/opt/rustwide/target:rw,Z" "-v" "/var/lib/crater-agent-workspace/builds/worker-1-tc2/source:/opt/rustwide/workdir:ro,Z" "-v" "/var/lib/crater-agent-workspace/cargo-home:/opt/rustwide/cargo-home:ro,Z" "-v" "/var/lib/crater-agent-workspace/rustup-home:/opt/rustwide/rustup-home:ro,Z" "-e" "SOURCE_DIR=/opt/rustwide/workdir" "-e" "CARGO_TARGET_DIR=/opt/rustwide/target" "-e" "CARGO_INCREMENTAL=0" "-e" "RUST_BACKTRACE=full" "-e" "RUSTFLAGS=--cap-lints=forbid -Zrandomize-layout" "-e" "RUSTDOCFLAGS=--cap-lints=forbid" "-e" "CARGO_HOME=/opt/rustwide/cargo-home" "-e" "RUSTUP_HOME=/opt/rustwide/rustup-home" "-w" "/opt/rustwide/workdir" "-m" "1610612736" "--user" "0:0" "--network" "none" "ghcr.io/rust-lang/crates-build-env/linux@sha256:819108c5571ea2e421544af4d832f968d213c87fbe3707a016657f43d2f853bc" "/opt/rustwide/cargo-home/bin/cargo" "+nightly-2025-01-18" "test" "--frozen" "--no-run" "--message-format=json", kill_on_drop: false }`
[INFO] [stdout] 18ac3c98c77ece63826a8cea9c352113a800b838353d8126aa4d83ae56d60b38
[INFO] running `Command { std: "docker" "start" "-a" "18ac3c98c77ece63826a8cea9c352113a800b838353d8126aa4d83ae56d60b38", kill_on_drop: false }`
[INFO] [stderr]    Compiling nes v0.1.0 (/opt/rustwide/workdir)
[INFO] [stdout] warning: unused import: `ppu::PPU`
[INFO] [stdout]  --> src/cpu/cpu.rs:8:5
[INFO] [stdout]   |
[INFO] [stdout] 8 |     ppu::PPU,
[INFO] [stdout]   |     ^^^^^^^^
[INFO] [stdout]   |
[INFO] [stdout]   = note: `#[warn(unused_imports)]` on by default
[INFO] [stdout] 
[INFO] [stdout] 
[INFO] [stdout] warning: unused import: `crate::cpu::Register8::*`
[INFO] [stdout]    --> src/instructions/common.rs:489:17
[INFO] [stdout]     |
[INFO] [stdout] 489 |               use crate::cpu::Register8::*;
[INFO] [stdout]     |                   ^^^^^^^^^^^^^^^^^^^^^^^^
[INFO] [stdout]     |
[INFO] [stdout]    ::: src/instructions/tax.rs:3:1
[INFO] [stdout]     |
[INFO] [stdout] 3   | / define_t_inst!(A, X, &[
[INFO] [stdout] 4   | |     (0xAA, AddressingMode::Implied),
[INFO] [stdout] 5   | | ]);
[INFO] [stdout]     | |__- in this macro invocation
[INFO] [stdout]     |
[INFO] [stdout]     = note: this warning originates in the macro `define_t_inst` (in Nightly builds, run with -Z macro-backtrace for more info)
[INFO] [stdout] 
[INFO] [stdout] 
[INFO] [stdout] warning: unused import: `crate::cpu::Register8::*`
[INFO] [stdout]    --> src/instructions/common.rs:489:17
[INFO] [stdout]     |
[INFO] [stdout] 489 |               use crate::cpu::Register8::*;
[INFO] [stdout]     |                   ^^^^^^^^^^^^^^^^^^^^^^^^
[INFO] [stdout]     |
[INFO] [stdout]    ::: src/instructions/tay.rs:3:1
[INFO] [stdout]     |
[INFO] [stdout] 3   | / define_t_inst!(A, Y, &[
[INFO] [stdout] 4   | |     (0xA8, AddressingMode::Implied),
[INFO] [stdout] 5   | | ]);
[INFO] [stdout]     | |__- in this macro invocation
[INFO] [stdout]     |
[INFO] [stdout]     = note: this warning originates in the macro `define_t_inst` (in Nightly builds, run with -Z macro-backtrace for more info)
[INFO] [stdout] 
[INFO] [stdout] 
[INFO] [stdout] warning: unused import: `crate::cpu::Register8::*`
[INFO] [stdout]    --> src/instructions/common.rs:489:17
[INFO] [stdout]     |
[INFO] [stdout] 489 |               use crate::cpu::Register8::*;
[INFO] [stdout]     |                   ^^^^^^^^^^^^^^^^^^^^^^^^
[INFO] [stdout]     |
[INFO] [stdout]    ::: src/instructions/tsx.rs:3:1
[INFO] [stdout]     |
[INFO] [stdout] 3   | / define_t_inst!(SP, X, &[
[INFO] [stdout] 4   | |     (0xBA, AddressingMode::Implied),
[INFO] [stdout] 5   | | ]);
[INFO] [stdout]     | |__- in this macro invocation
[INFO] [stdout]     |
[INFO] [stdout]     = note: this warning originates in the macro `define_t_inst` (in Nightly builds, run with -Z macro-backtrace for more info)
[INFO] [stdout] 
[INFO] [stdout] 
[INFO] [stdout] warning: unused import: `crate::cpu::Register8::*`
[INFO] [stdout]    --> src/instructions/common.rs:489:17
[INFO] [stdout]     |
[INFO] [stdout] 489 |               use crate::cpu::Register8::*;
[INFO] [stdout]     |                   ^^^^^^^^^^^^^^^^^^^^^^^^
[INFO] [stdout]     |
[INFO] [stdout]    ::: src/instructions/txa.rs:3:1
[INFO] [stdout]     |
[INFO] [stdout] 3   | / define_t_inst!(X, A, &[
[INFO] [stdout] 4   | |     (0x8A, AddressingMode::Implied),
[INFO] [stdout] 5   | | ]);
[INFO] [stdout]     | |__- in this macro invocation
[INFO] [stdout]     |
[INFO] [stdout]     = note: this warning originates in the macro `define_t_inst` (in Nightly builds, run with -Z macro-backtrace for more info)
[INFO] [stdout] 
[INFO] [stdout] 
[INFO] [stdout] warning: unused import: `crate::cpu::Register8::*`
[INFO] [stdout]    --> src/instructions/common.rs:489:17
[INFO] [stdout]     |
[INFO] [stdout] 489 |               use crate::cpu::Register8::*;
[INFO] [stdout]     |                   ^^^^^^^^^^^^^^^^^^^^^^^^
[INFO] [stdout]     |
[INFO] [stdout]    ::: src/instructions/txs.rs:3:1
[INFO] [stdout]     |
[INFO] [stdout] 3   | / define_t_inst!(X, SP, &[
[INFO] [stdout] 4   | |     (0x9A, AddressingMode::Implied),
[INFO] [stdout] 5   | | ],
[INFO] [stdout] 6   | | false);
[INFO] [stdout]     | |______- in this macro invocation
[INFO] [stdout]     |
[INFO] [stdout]     = note: this warning originates in the macro `define_t_inst` (in Nightly builds, run with -Z macro-backtrace for more info)
[INFO] [stdout] 
[INFO] [stdout] 
[INFO] [stdout] warning: unused import: `crate::cpu::Register8::*`
[INFO] [stdout]    --> src/instructions/common.rs:489:17
[INFO] [stdout]     |
[INFO] [stdout] 489 |               use crate::cpu::Register8::*;
[INFO] [stdout]     |                   ^^^^^^^^^^^^^^^^^^^^^^^^
[INFO] [stdout]     |
[INFO] [stdout]    ::: src/instructions/tya.rs:3:1
[INFO] [stdout]     |
[INFO] [stdout] 3   | / define_t_inst!(Y, A, &[
[INFO] [stdout] 4   | |     (0x98, AddressingMode::Implied),
[INFO] [stdout] 5   | | ]);
[INFO] [stdout]     | |__- in this macro invocation
[INFO] [stdout]     |
[INFO] [stdout]     = note: this warning originates in the macro `define_t_inst` (in Nightly builds, run with -Z macro-backtrace for more info)
[INFO] [stdout] 
[INFO] [stdout] 
[INFO] [stdout] warning: field `prg_rom` is never read
[INFO] [stdout]  --> src/bus.rs:6:5
[INFO] [stdout]   |
[INFO] [stdout] 3 | pub struct Bus {
[INFO] [stdout]   |            --- field in this struct
[INFO] [stdout] ...
[INFO] [stdout] 6 |     prg_rom: Vec<u8>,
[INFO] [stdout]   |     ^^^^^^^
[INFO] [stdout]   |
[INFO] [stdout]   = note: `#[warn(dead_code)]` on by default
[INFO] [stdout] 
[INFO] [stdout] 
[INFO] [stdout] warning: associated function `new` is never used
[INFO] [stdout]   --> src/bus.rs:20:12
[INFO] [stdout]    |
[INFO] [stdout] 19 | impl Bus {
[INFO] [stdout]    | -------- associated function in this implementation
[INFO] [stdout] 20 |     pub fn new(f: NesFile) -> Bus {
[INFO] [stdout]    |            ^^^
[INFO] [stdout] 
[INFO] [stdout] 
[INFO] [stdout] warning: associated function `new` is never used
[INFO] [stdout]    --> src/cpu/cpu.rs:144:12
[INFO] [stdout]     |
[INFO] [stdout] 143 | impl CPU {
[INFO] [stdout]     | -------- associated function in this implementation
[INFO] [stdout] 144 |     pub fn new(file: NesFile) -> Self {
[INFO] [stdout]     |            ^^^
[INFO] [stdout] 
[INFO] [stdout] 
[INFO] [stdout] warning: fields `header` and `title` are never read
[INFO] [stdout]  --> src/nes_format.rs:5:9
[INFO] [stdout]   |
[INFO] [stdout] 4 | pub struct NesFile {
[INFO] [stdout]   |            ------- fields in this struct
[INFO] [stdout] 5 |     pub header: NesHeader,
[INFO] [stdout]   |         ^^^^^^
[INFO] [stdout] ...
[INFO] [stdout] 8 |     pub title: Option<String>,
[INFO] [stdout]   |         ^^^^^
[INFO] [stdout] 
[INFO] [stdout] 
[INFO] [stdout] warning: fields `flags_6`, `flags_7`, `prg_ram_size`, `flags_9`, and `flags_10` are never read
[INFO] [stdout]   --> src/nes_format.rs:14:9
[INFO] [stdout]    |
[INFO] [stdout] 11 | pub struct NesHeader {
[INFO] [stdout]    |            --------- fields in this struct
[INFO] [stdout] ...
[INFO] [stdout] 14 |     pub flags_6: u8,
[INFO] [stdout]    |         ^^^^^^^
[INFO] [stdout] 15 |     pub flags_7: u8,
[INFO] [stdout]    |         ^^^^^^^
[INFO] [stdout] 16 |     pub prg_ram_size: u8,
[INFO] [stdout]    |         ^^^^^^^^^^^^
[INFO] [stdout] 17 |     pub flags_9: u8,
[INFO] [stdout]    |         ^^^^^^^
[INFO] [stdout] 18 |     pub flags_10: u8,
[INFO] [stdout]    |         ^^^^^^^^
[INFO] [stdout] 
[INFO] [stdout] 
[INFO] [stdout] warning: variant `Vertical` is never constructed
[INFO] [stdout]   --> src/nes_format.rs:23:5
[INFO] [stdout]    |
[INFO] [stdout] 21 | pub enum Mirroring {
[INFO] [stdout]    |          --------- variant in this enum
[INFO] [stdout] 22 |     Horizontal,
[INFO] [stdout] 23 |     Vertical,
[INFO] [stdout]    |     ^^^^^^^^
[INFO] [stdout] 
[INFO] [stdout] 
[INFO] [stdout] warning: method `mirroring` is never used
[INFO] [stdout]   --> src/nes_format.rs:27:12
[INFO] [stdout]    |
[INFO] [stdout] 26 | impl NesFile {
[INFO] [stdout]    | ------------ method in this implementation
[INFO] [stdout] 27 |     pub fn mirroring(&self) -> Mirroring {
[INFO] [stdout]    |            ^^^^^^^^^
[INFO] [stdout] 
[INFO] [stdout] 
[INFO] [stdout] warning: method `get_last_written` is never used
[INFO] [stdout]   --> src/ppu/ppu.rs:38:12
[INFO] [stdout]    |
[INFO] [stdout] 19 | impl AddressRegister {
[INFO] [stdout]    | -------------------- method in this implementation
[INFO] [stdout] ...
[INFO] [stdout] 38 |     pub fn get_last_written(&self) -> u8 {
[INFO] [stdout]    |            ^^^^^^^^^^^^^^^^
[INFO] [stdout] 
[INFO] [stdout] 
[INFO] [stdout] warning: fields `mask`, `oam_addr`, `scroll`, `data`, and `oam_dma` are never read
[INFO] [stdout]   --> src/ppu/ppu.rs:67:5
[INFO] [stdout]    |
[INFO] [stdout] 47 | struct PpuRegisters {
[INFO] [stdout]    |        ------------ fields in this struct
[INFO] [stdout] ...
[INFO] [stdout] 67 |     mask: u8,
[INFO] [stdout]    |     ^^^^
[INFO] [stdout] 68 |     status: u8,
[INFO] [stdout] 69 |     oam_addr: u8,
[INFO] [stdout]    |     ^^^^^^^^
[INFO] [stdout] 70 |     oam_data: u8,
[INFO] [stdout] 71 |     scroll: u8,
[INFO] [stdout]    |     ^^^^^^
[INFO] [stdout] 72 |     addr: RefCell<AddressRegister>,
[INFO] [stdout] 73 |     data: u8,
[INFO] [stdout]    |     ^^^^
[INFO] [stdout] 74 |     oam_dma: u8,
[INFO] [stdout]    |     ^^^^^^^
[INFO] [stdout] 
[INFO] [stdout] 
[INFO] [stdout] warning: methods `get_background_table_address`, `get_sprite_table_address`, and `get_name_table_address` are never used
[INFO] [stdout]    --> src/ppu/ppu.rs:92:12
[INFO] [stdout]     |
[INFO] [stdout] 77  | impl PpuRegisters {
[INFO] [stdout]     | ----------------- methods in this implementation
[INFO] [stdout] ...
[INFO] [stdout] 92  |     pub fn get_background_table_address(&self) -> u16 {
[INFO] [stdout]     |            ^^^^^^^^^^^^^^^^^^^^^^^^^^^^
[INFO] [stdout] ...
[INFO] [stdout] 100 |     pub fn get_sprite_table_address(&self) -> u16 {
[INFO] [stdout]     |            ^^^^^^^^^^^^^^^^^^^^^^^^
[INFO] [stdout] ...
[INFO] [stdout] 108 |     pub fn get_name_table_address(&self) -> u16 {
[INFO] [stdout]     |            ^^^^^^^^^^^^^^^^^^^^^^
[INFO] [stdout] 
[INFO] [stdout] 
[INFO] [stdout] warning: field `oam_data` is never read
[INFO] [stdout]    --> src/ppu/ppu.rs:138:5
[INFO] [stdout]     |
[INFO] [stdout] 133 | pub struct PPU {
[INFO] [stdout]     |            --- field in this struct
[INFO] [stdout] ...
[INFO] [stdout] 138 |     oam_data: [u8; 256],
[INFO] [stdout]     |     ^^^^^^^^
[INFO] [stdout] 
[INFO] [stdout] 
[INFO] [stdout] warning: associated function `new` is never used
[INFO] [stdout]    --> src/ppu/ppu.rs:158:12
[INFO] [stdout]     |
[INFO] [stdout] 157 | impl PPU {
[INFO] [stdout]     | -------- associated function in this implementation
[INFO] [stdout] 158 |     pub fn new(chr_rom: Vec<u8>, mirroring: Mirroring) -> PPU {
[INFO] [stdout]     |            ^^^
[INFO] [stdout] 
[INFO] [stdout] 
[INFO] [stderr]     Finished `test` profile [unoptimized + debuginfo] target(s) in 1.78s
[INFO] running `Command { std: "docker" "inspect" "18ac3c98c77ece63826a8cea9c352113a800b838353d8126aa4d83ae56d60b38", kill_on_drop: false }`
[INFO] running `Command { std: "docker" "rm" "-f" "18ac3c98c77ece63826a8cea9c352113a800b838353d8126aa4d83ae56d60b38", kill_on_drop: false }`
[INFO] [stdout] 18ac3c98c77ece63826a8cea9c352113a800b838353d8126aa4d83ae56d60b38
[INFO] running `Command { std: "docker" "create" "-v" "/var/lib/crater-agent-workspace/builds/worker-1-tc2/target:/opt/rustwide/target:rw,Z" "-v" "/var/lib/crater-agent-workspace/builds/worker-1-tc2/source:/opt/rustwide/workdir:ro,Z" "-v" "/var/lib/crater-agent-workspace/cargo-home:/opt/rustwide/cargo-home:ro,Z" "-v" "/var/lib/crater-agent-workspace/rustup-home:/opt/rustwide/rustup-home:ro,Z" "-e" "SOURCE_DIR=/opt/rustwide/workdir" "-e" "CARGO_TARGET_DIR=/opt/rustwide/target" "-e" "CARGO_INCREMENTAL=0" "-e" "RUST_BACKTRACE=full" "-e" "RUSTFLAGS=--cap-lints=forbid -Zrandomize-layout" "-e" "RUSTDOCFLAGS=--cap-lints=forbid" "-e" "CARGO_HOME=/opt/rustwide/cargo-home" "-e" "RUSTUP_HOME=/opt/rustwide/rustup-home" "-w" "/opt/rustwide/workdir" "-m" "1610612736" "--user" "0:0" "--network" "none" "ghcr.io/rust-lang/crates-build-env/linux@sha256:819108c5571ea2e421544af4d832f968d213c87fbe3707a016657f43d2f853bc" "/opt/rustwide/cargo-home/bin/cargo" "+nightly-2025-01-18" "test" "--frozen", kill_on_drop: false }`
[INFO] [stdout] e0f2e0b78bdfc8590a9ec0b90d94fc1ea8dedd2b8a6c902620bb4343ba7014d2
[INFO] running `Command { std: "docker" "start" "-a" "e0f2e0b78bdfc8590a9ec0b90d94fc1ea8dedd2b8a6c902620bb4343ba7014d2", kill_on_drop: false }`
[INFO] [stderr] warning: unused import: `ppu::PPU`
[INFO] [stderr]  --> src/cpu/cpu.rs:8:5
[INFO] [stderr]   |
[INFO] [stderr] 8 |     ppu::PPU,
[INFO] [stderr]   |     ^^^^^^^^
[INFO] [stderr]   |
[INFO] [stderr]   = note: `#[warn(unused_imports)]` on by default
[INFO] [stderr] 
[INFO] [stderr] warning: unused import: `crate::cpu::Register8::*`
[INFO] [stderr]    --> src/instructions/common.rs:489:17
[INFO] [stderr]     |
[INFO] [stderr] 489 |               use crate::cpu::Register8::*;
[INFO] [stderr]     |                   ^^^^^^^^^^^^^^^^^^^^^^^^
[INFO] [stderr]     |
[INFO] [stderr]    ::: src/instructions/tax.rs:3:1
[INFO] [stderr]     |
[INFO] [stderr] 3   | / define_t_inst!(A, X, &[
[INFO] [stderr] 4   | |     (0xAA, AddressingMode::Implied),
[INFO] [stderr] 5   | | ]);
[INFO] [stderr]     | |__- in this macro invocation
[INFO] [stderr]     |
[INFO] [stderr]     = note: this warning originates in the macro `define_t_inst` (in Nightly builds, run with -Z macro-backtrace for more info)
[INFO] [stderr] 
[INFO] [stderr] warning: unused import: `crate::cpu::Register8::*`
[INFO] [stderr]    --> src/instructions/common.rs:489:17
[INFO] [stderr]     |
[INFO] [stderr] 489 |               use crate::cpu::Register8::*;
[INFO] [stderr]     |                   ^^^^^^^^^^^^^^^^^^^^^^^^
[INFO] [stderr]     |
[INFO] [stderr]    ::: src/instructions/tay.rs:3:1
[INFO] [stderr]     |
[INFO] [stderr] 3   | / define_t_inst!(A, Y, &[
[INFO] [stderr] 4   | |     (0xA8, AddressingMode::Implied),
[INFO] [stderr] 5   | | ]);
[INFO] [stderr]     | |__- in this macro invocation
[INFO] [stderr]     |
[INFO] [stderr]     = note: this warning originates in the macro `define_t_inst` (in Nightly builds, run with -Z macro-backtrace for more info)
[INFO] [stderr] 
[INFO] [stderr] warning: unused import: `crate::cpu::Register8::*`
[INFO] [stderr]    --> src/instructions/common.rs:489:17
[INFO] [stderr]     |
[INFO] [stderr] 489 |               use crate::cpu::Register8::*;
[INFO] [stderr]     |                   ^^^^^^^^^^^^^^^^^^^^^^^^
[INFO] [stderr]     |
[INFO] [stderr]    ::: src/instructions/tsx.rs:3:1
[INFO] [stderr]     |
[INFO] [stderr] 3   | / define_t_inst!(SP, X, &[
[INFO] [stderr] 4   | |     (0xBA, AddressingMode::Implied),
[INFO] [stderr] 5   | | ]);
[INFO] [stderr]     | |__- in this macro invocation
[INFO] [stderr]     |
[INFO] [stderr]     = note: this warning originates in the macro `define_t_inst` (in Nightly builds, run with -Z macro-backtrace for more info)
[INFO] [stderr] 
[INFO] [stderr] warning: unused import: `crate::cpu::Register8::*`
[INFO] [stderr]    --> src/instructions/common.rs:489:17
[INFO] [stderr]     |
[INFO] [stderr] 489 |               use crate::cpu::Register8::*;
[INFO] [stderr]     |                   ^^^^^^^^^^^^^^^^^^^^^^^^
[INFO] [stderr]     |
[INFO] [stderr]    ::: src/instructions/txa.rs:3:1
[INFO] [stderr]     |
[INFO] [stderr] 3   | / define_t_inst!(X, A, &[
[INFO] [stderr] 4   | |     (0x8A, AddressingMode::Implied),
[INFO] [stderr] 5   | | ]);
[INFO] [stderr]     | |__- in this macro invocation
[INFO] [stderr]     |
[INFO] [stderr]     = note: this warning originates in the macro `define_t_inst` (in Nightly builds, run with -Z macro-backtrace for more info)
[INFO] [stderr] 
[INFO] [stderr] warning: unused import: `crate::cpu::Register8::*`
[INFO] [stderr]    --> src/instructions/common.rs:489:17
[INFO] [stderr]     |
[INFO] [stderr] 489 |               use crate::cpu::Register8::*;
[INFO] [stderr]     |                   ^^^^^^^^^^^^^^^^^^^^^^^^
[INFO] [stderr]     |
[INFO] [stderr]    ::: src/instructions/txs.rs:3:1
[INFO] [stderr]     |
[INFO] [stderr] 3   | / define_t_inst!(X, SP, &[
[INFO] [stderr] 4   | |     (0x9A, AddressingMode::Implied),
[INFO] [stderr] 5   | | ],
[INFO] [stderr] 6   | | false);
[INFO] [stderr]     | |______- in this macro invocation
[INFO] [stderr]     |
[INFO] [stderr]     = note: this warning originates in the macro `define_t_inst` (in Nightly builds, run with -Z macro-backtrace for more info)
[INFO] [stderr] 
[INFO] [stderr] warning: unused import: `crate::cpu::Register8::*`
[INFO] [stderr]    --> src/instructions/common.rs:489:17
[INFO] [stderr]     |
[INFO] [stderr] 489 |               use crate::cpu::Register8::*;
[INFO] [stderr]     |                   ^^^^^^^^^^^^^^^^^^^^^^^^
[INFO] [stderr]     |
[INFO] [stderr]    ::: src/instructions/tya.rs:3:1
[INFO] [stderr]     |
[INFO] [stderr] 3   | / define_t_inst!(Y, A, &[
[INFO] [stderr] 4   | |     (0x98, AddressingMode::Implied),
[INFO] [stderr] 5   | | ]);
[INFO] [stderr]     | |__- in this macro invocation
[INFO] [stderr]     |
[INFO] [stderr]     = note: this warning originates in the macro `define_t_inst` (in Nightly builds, run with -Z macro-backtrace for more info)
[INFO] [stderr] 
[INFO] [stderr] warning: field `prg_rom` is never read
[INFO] [stderr]  --> src/bus.rs:6:5
[INFO] [stderr]   |
[INFO] [stderr] 3 | pub struct Bus {
[INFO] [stderr]   |            --- field in this struct
[INFO] [stderr] ...
[INFO] [stderr] 6 |     prg_rom: Vec<u8>,
[INFO] [stderr]   |     ^^^^^^^
[INFO] [stderr]   |
[INFO] [stderr]   = note: `#[warn(dead_code)]` on by default
[INFO] [stderr] 
[INFO] [stderr] warning: associated function `new` is never used
[INFO] [stderr]   --> src/bus.rs:20:12
[INFO] [stderr]    |
[INFO] [stderr] 19 | impl Bus {
[INFO] [stderr]    | -------- associated function in this implementation
[INFO] [stderr] 20 |     pub fn new(f: NesFile) -> Bus {
[INFO] [stderr]    |            ^^^
[INFO] [stderr] 
[INFO] [stderr] warning: associated function `new` is never used
[INFO] [stderr]    --> src/cpu/cpu.rs:144:12
[INFO] [stderr]     |
[INFO] [stderr] 143 | impl CPU {
[INFO] [stderr]     | -------- associated function in this implementation
[INFO] [stderr] 144 |     pub fn new(file: NesFile) -> Self {
[INFO] [stderr]     |            ^^^
[INFO] [stderr] 
[INFO] [stderr] warning: fields `header` and `title` are never read
[INFO] [stderr]  --> src/nes_format.rs:5:9
[INFO] [stderr]   |
[INFO] [stderr] 4 | pub struct NesFile {
[INFO] [stderr]   |            ------- fields in this struct
[INFO] [stderr] 5 |     pub header: NesHeader,
[INFO] [stderr]   |         ^^^^^^
[INFO] [stderr] ...
[INFO] [stderr] 8 |     pub title: Option<String>,
[INFO] [stderr]   |         ^^^^^
[INFO] [stderr] 
[INFO] [stderr] warning: fields `flags_6`, `flags_7`, `prg_ram_size`, `flags_9`, and `flags_10` are never read
[INFO] [stderr]   --> src/nes_format.rs:14:9
[INFO] [stderr]    |
[INFO] [stderr] 11 | pub struct NesHeader {
[INFO] [stderr]    |            --------- fields in this struct
[INFO] [stderr] ...
[INFO] [stderr] 14 |     pub flags_6: u8,
[INFO] [stderr]    |         ^^^^^^^
[INFO] [stderr] 15 |     pub flags_7: u8,
[INFO] [stderr]    |         ^^^^^^^
[INFO] [stderr] 16 |     pub prg_ram_size: u8,
[INFO] [stderr]    |         ^^^^^^^^^^^^
[INFO] [stderr] 17 |     pub flags_9: u8,
[INFO] [stderr]    |         ^^^^^^^
[INFO] [stderr] 18 |     pub flags_10: u8,
[INFO] [stderr]    |         ^^^^^^^^
[INFO] [stderr] 
[INFO] [stderr] warning: variant `Vertical` is never constructed
[INFO] [stderr]   --> src/nes_format.rs:23:5
[INFO] [stderr]    |
[INFO] [stderr] 21 | pub enum Mirroring {
[INFO] [stderr]    |          --------- variant in this enum
[INFO] [stderr] 22 |     Horizontal,
[INFO] [stderr] 23 |     Vertical,
[INFO] [stderr]    |     ^^^^^^^^
[INFO] [stderr] 
[INFO] [stderr] warning: method `mirroring` is never used
[INFO] [stderr]   --> src/nes_format.rs:27:12
[INFO] [stderr]    |
[INFO] [stderr] 26 | impl NesFile {
[INFO] [stderr]    | ------------ method in this implementation
[INFO] [stderr] 27 |     pub fn mirroring(&self) -> Mirroring {
[INFO] [stderr]    |            ^^^^^^^^^
[INFO] [stderr] 
[INFO] [stderr] warning: method `get_last_written` is never used
[INFO] [stderr]   --> src/ppu/ppu.rs:38:12
[INFO] [stderr]    |
[INFO] [stderr] 19 | impl AddressRegister {
[INFO] [stderr]    | -------------------- method in this implementation
[INFO] [stderr] ...
[INFO] [stderr] 38 |     pub fn get_last_written(&self) -> u8 {
[INFO] [stderr]    |            ^^^^^^^^^^^^^^^^
[INFO] [stderr] 
[INFO] [stderr] warning: fields `mask`, `oam_addr`, `scroll`, `data`, and `oam_dma` are never read
[INFO] [stderr]   --> src/ppu/ppu.rs:67:5
[INFO] [stderr]    |
[INFO] [stderr] 47 | struct PpuRegisters {
[INFO] [stderr]    |        ------------ fields in this struct
[INFO] [stderr] ...
[INFO] [stderr] 67 |     mask: u8,
[INFO] [stderr]    |     ^^^^
[INFO] [stderr] 68 |     status: u8,
[INFO] [stderr] 69 |     oam_addr: u8,
[INFO] [stderr]    |     ^^^^^^^^
[INFO] [stderr] 70 |     oam_data: u8,
[INFO] [stderr] 71 |     scroll: u8,
[INFO] [stderr]    |     ^^^^^^
[INFO] [stderr] 72 |     addr: RefCell<AddressRegister>,
[INFO] [stderr] 73 |     data: u8,
[INFO] [stderr]    |     ^^^^
[INFO] [stderr] 74 |     oam_dma: u8,
[INFO] [stderr]    |     ^^^^^^^
[INFO] [stderr] 
[INFO] [stderr] warning: methods `get_background_table_address`, `get_sprite_table_address`, and `get_name_table_address` are never used
[INFO] [stderr]    --> src/ppu/ppu.rs:92:12
[INFO] [stderr]     |
[INFO] [stderr] 77  | impl PpuRegisters {
[INFO] [stderr]     | ----------------- methods in this implementation
[INFO] [stderr] ...
[INFO] [stderr] 92  |     pub fn get_background_table_address(&self) -> u16 {
[INFO] [stderr]     |            ^^^^^^^^^^^^^^^^^^^^^^^^^^^^
[INFO] [stderr] ...
[INFO] [stderr] 100 |     pub fn get_sprite_table_address(&self) -> u16 {
[INFO] [stderr]     |            ^^^^^^^^^^^^^^^^^^^^^^^^
[INFO] [stderr] ...
[INFO] [stderr] 108 |     pub fn get_name_table_address(&self) -> u16 {
[INFO] [stderr]     |            ^^^^^^^^^^^^^^^^^^^^^^
[INFO] [stderr] 
[INFO] [stderr] warning: field `oam_data` is never read
[INFO] [stderr]    --> src/ppu/ppu.rs:138:5
[INFO] [stderr]     |
[INFO] [stderr] 133 | pub struct PPU {
[INFO] [stderr]     |            --- field in this struct
[INFO] [stderr] ...
[INFO] [stderr] 138 |     oam_data: [u8; 256],
[INFO] [stderr]     |     ^^^^^^^^
[INFO] [stderr] 
[INFO] [stderr] warning: associated function `new` is never used
[INFO] [stderr]    --> src/ppu/ppu.rs:158:12
[INFO] [stderr]     |
[INFO] [stderr] 157 | impl PPU {
[INFO] [stderr]     | -------- associated function in this implementation
[INFO] [stderr] 158 |     pub fn new(chr_rom: Vec<u8>, mirroring: Mirroring) -> PPU {
[INFO] [stderr]     |            ^^^
[INFO] [stderr] 
[INFO] [stderr] warning: `nes` (bin "nes" test) generated 19 warnings (run `cargo fix --bin "nes" --tests` to apply 7 suggestions)
[INFO] [stderr]     Finished `test` profile [unoptimized + debuginfo] target(s) in 0.08s
[INFO] [stderr]      Running unittests src/main.rs (/opt/rustwide/target/debug/deps/nes-97546d79e28e1803)
[INFO] [stdout] 
[INFO] [stdout] running 95 tests
[INFO] [stdout] test instructions::adc::test::test_adc_immediate ... ok
[INFO] [stdout] test instructions::adc::test::test_adc_zero_page ... ok
[INFO] [stdout] test instructions::and::test::test_immediate ... ok
[INFO] [stdout] test instructions::anc::test::test_immediate ... ok
[INFO] [stdout] test instructions::bit::test::test_zero_page ... ok
[INFO] [stdout] test instructions::bvc::test::test_relative ... ok
[INFO] [stdout] test instructions::bmi::test::test_relative ... ok
[INFO] [stdout] test instructions::cli::tests::test_brk ... ok
[INFO] [stdout] test instructions::bvs::test::test_relative ... ok
[INFO] [stdout] test instructions::clv::tests::test_brk ... ok
[INFO] [stdout] test instructions::bcc::test::test_relative ... ok
[INFO] [stdout] test instructions::bpl::test::test_relative ... ok
[INFO] [stdout] test instructions::cld::tests::test_brk ... ok
[INFO] [stdout] test instructions::bit::test::test_absolute ... ok
[INFO] [stdout] test instructions::bne::test::test_relative ... ok
[INFO] [stdout] test instructions::bcs::test::test_relative ... ok
[INFO] [stdout] test instructions::clc::tests::test_brk ... ok
[INFO] [stdout] test instructions::beq::test::test_relative ... ok
[INFO] [stdout] test instructions::asl::test::test_zero_page ... ok
[INFO] [stdout] test instructions::cmp::test::test_immediate ... ok
[INFO] [stdout] test instructions::cpy::test::test_immediate ... ok
[INFO] [stdout] test instructions::eor::test::test_immediate ... ok
[INFO] [stdout] test instructions::brk::tests::test_brk ... ok
[INFO] [stdout] test instructions::dex::test::test ... ok
[INFO] [stdout] test instructions::dey::test::test ... ok
[INFO] [stdout] test instructions::jmp::tests::test_indirect ... ok
[INFO] [stdout] test instructions::jmp::tests::test_absolute ... ok
[INFO] [stdout] test instructions::asl::test::test_accumulator ... ok
[INFO] [stdout] test instructions::dcp::test::test_zero_page ... ok
[INFO] [stdout] test instructions::jsr::tests::test_absolute ... ok
[INFO] [stdout] test instructions::lax::test::test_zero_page ... ok
[INFO] [stdout] test instructions::lda::test::test_absolute_x ... ok
[INFO] [stdout] test instructions::inc::test::test_zero_page ... ok
[INFO] [stdout] test instructions::lar::test::test_zero_page ... ok
[INFO] [stdout] test instructions::inx::test::test_inx ... ok
[INFO] [stdout] test instructions::iny::test::test_inx ... ok
[INFO] [stdout] test instructions::isb::test::test_zero_page ... ok
[INFO] [stdout] test instructions::cpx::test::test_immediate ... ok
[INFO] [stdout] test instructions::dec::test::test_zero_page ... ok
[INFO] [stdout] test instructions::lda::test::test_absolute ... ok
[INFO] [stdout] test instructions::lda::test::test_immediate ... ok
[INFO] [stdout] test instructions::lda::test::test_absolute_y ... ok
[INFO] [stdout] test instructions::ldx::test::test_absolute_x ... ok
[INFO] [stdout] test instructions::lda::test::test_zero_page_x ... ok
[INFO] [stdout] test instructions::ldy::test::test_absolute_y ... ok
[INFO] [stdout] test instructions::ldx::test::test_immediate ... ok
[INFO] [stdout] test instructions::ldx::test::test_absolute_y ... ok
[INFO] [stdout] test instructions::ldx::test::test_indexed_indirect ... ok
[INFO] [stdout] test instructions::ldx::test::test_absolute ... ok
[INFO] [stdout] test instructions::ldy::test::test_indexed_indirect ... ok
[INFO] [stdout] test instructions::ldy::test::test_indirect_indexed ... ok
[INFO] [stdout] test instructions::ldx::test::test_indirect_indexed ... ok
[INFO] [stdout] test instructions::ldx::test::test_zero_page ... ok
[INFO] [stdout] test instructions::ldy::test::test_absolute ... ok
[INFO] [stdout] test instructions::lsr::test::test_accumulator ... ok
[INFO] [stdout] test instructions::ldy::test::test_zero_page ... ok
[INFO] [stdout] test instructions::lda::test::test_zero_page ... ok
[INFO] [stdout] test instructions::lsr::test::test_zero_page ... ok
[INFO] [stdout] test instructions::ldy::test::test_immediate ... ok
[INFO] [stdout] test instructions::ldx::test::test_zero_page_x ... ok
[INFO] [stdout] test instructions::ldy::test::test_absolute_x ... ok
[INFO] [stdout] test instructions::ldy::test::test_zero_page_x ... ok
[INFO] [stdout] test instructions::ora::test::test_immediate ... ok
[INFO] [stdout] test instructions::pla::test::test ... ok
[INFO] [stdout] test instructions::rol::test::test_accumulate ... ok
[INFO] [stdout] test instructions::rla::test::test_zero_page ... ok
[INFO] [stdout] test instructions::ror::test::test_accumulate ... ok
[INFO] [stdout] test instructions::php::test::test ... ok
[INFO] [stdout] test instructions::rti::test::test_implied ... ok
[INFO] [stdout] test instructions::ror::test::test_zero_page ... ok
[INFO] [stdout] test instructions::rra::test::test_zero_page ... ok
[INFO] [stdout] test instructions::plp::test::test ... ok
[INFO] [stdout] test instructions::rol::test::test_zero_page ... ok
[INFO] [stdout] test instructions::rts::test::test_implied ... ok
[INFO] [stdout] test instructions::sbc::test::test_immediate ... ok
[INFO] [stdout] test instructions::sed::tests::test_brk ... ok
[INFO] [stdout] test instructions::sei::tests::test_brk ... ok
[INFO] [stdout] test instructions::slo::test::test_zero_page ... ok
[INFO] [stdout] test instructions::sre::test::test_zero_page ... ok
[INFO] [stdout] test instructions::pha::test::test ... ok
[INFO] [stdout] test instructions::sax::test::test_zero_page ... ok
[INFO] [stdout] test instructions::sta::tests::test_brk ... ok
[INFO] [stdout] test instructions::sty::tests::test_brk ... ok
[INFO] [stdout] test instructions::stx::tests::test_brk ... ok
[INFO] [stdout] test instructions::txs::test::test ... ok
[INFO] [stdout] test instructions::tay::test::test ... ok
[INFO] [stdout] test ppu::tile::test::test_get_pixel_index ... ok
[INFO] [stdout] test instructions::txa::test::test ... ok
[INFO] [stdout] test instructions::tsx::test::test ... ok
[INFO] [stdout] test instructions::tya::test::test ... ok
[INFO] [stdout] test instructions::tax::test::test ... ok
[INFO] [stdout] test instructions::sec::tests::test_brk ... ok
[INFO] [stdout] test instructions::lda::test::test_indirect_indexed ... FAILED
[INFO] [stdout] test instructions::axs::test::test_inx ... FAILED
[INFO] [stdout] test instructions::lda::test::test_indexed_indirect ... FAILED
[INFO] [stdout] 
[INFO] [stdout] failures:
[INFO] [stdout] 
[INFO] [stdout] ---- instructions::lda::test::test_indirect_indexed stdout ----
[INFO] [stdout] 
[INFO] [stdout] thread 'instructions::lda::test::test_indirect_indexed' panicked at src/ppu/ppu.rs:244:18:
[INFO] [stdout] Invalid PPU write address: 0x2004
[INFO] [stdout] stack backtrace:
[INFO] [stdout]    0:     0x5b351b894d7a - std::backtrace_rs::backtrace::libunwind::trace::hb059275cfc8d6126
[INFO] [stdout]                                at /rustc/6067b36314ab5eb2eb47cecc464545ba58e1ad24/library/std/src/../../backtrace/src/backtrace/libunwind.rs:116:5
[INFO] [stdout]    1:     0x5b351b894d7a - std::backtrace_rs::backtrace::trace_unsynchronized::h2da071e4327ce3ee
[INFO] [stdout]                                at /rustc/6067b36314ab5eb2eb47cecc464545ba58e1ad24/library/std/src/../../backtrace/src/backtrace/mod.rs:66:5
[INFO] [stdout]    2:     0x5b351b894d7a - std::sys::backtrace::_print_fmt::h842a1474e6f8d23f
[INFO] [stdout]                                at /rustc/6067b36314ab5eb2eb47cecc464545ba58e1ad24/library/std/src/sys/backtrace.rs:66:9
[INFO] [stdout]    3:     0x5b351b894d7a - <std::sys::backtrace::BacktraceLock::print::DisplayBacktrace as core::fmt::Display>::fmt::h71a62eb3b9696b12
[INFO] [stdout]                                at /rustc/6067b36314ab5eb2eb47cecc464545ba58e1ad24/library/std/src/sys/backtrace.rs:39:26
[INFO] [stdout]    4:     0x5b351b8bcec3 - core::fmt::rt::Argument::fmt::hdb6b616786b41dc1
[INFO] [stdout]                                at /rustc/6067b36314ab5eb2eb47cecc464545ba58e1ad24/library/core/src/fmt/rt.rs:177:76
[INFO] [stdout]    5:     0x5b351b8bcec3 - core::fmt::write::h2cc1698af7e2d686
[INFO] [stdout]                                at /rustc/6067b36314ab5eb2eb47cecc464545ba58e1ad24/library/core/src/fmt/mod.rs:1440:21
[INFO] [stdout]    6:     0x5b351b8916e3 - std::io::Write::write_fmt::hab1b4cd059a79022
[INFO] [stdout]                                at /rustc/6067b36314ab5eb2eb47cecc464545ba58e1ad24/library/std/src/io/mod.rs:1887:15
[INFO] [stdout]    7:     0x5b351b894bc2 - std::sys::backtrace::BacktraceLock::print::h147fe35b4ea13b08
[INFO] [stdout]                                at /rustc/6067b36314ab5eb2eb47cecc464545ba58e1ad24/library/std/src/sys/backtrace.rs:42:9
[INFO] [stdout]    8:     0x5b351b89619f - std::panicking::default_hook::{{closure}}::hbd44223dbdc0d208
[INFO] [stdout]                                at /rustc/6067b36314ab5eb2eb47cecc464545ba58e1ad24/library/std/src/panicking.rs:298:22
[INFO] [stdout]    9:     0x5b351b895fb8 - std::panicking::default_hook::h20f81eb0576efcec
[INFO] [stdout]                                at /rustc/6067b36314ab5eb2eb47cecc464545ba58e1ad24/library/std/src/panicking.rs:322:9
[INFO] [stdout]   10:     0x5b351b817d23 - <alloc::boxed::Box<F,A> as core::ops::function::Fn<Args>>::call::hdb53814c496a4d34
[INFO] [stdout]                                at /rustc/6067b36314ab5eb2eb47cecc464545ba58e1ad24/library/alloc/src/boxed.rs:2027:9
[INFO] [stdout]   11:     0x5b351b817d23 - test::test_main::{{closure}}::hc0a4963c59427c24
[INFO] [stdout]                                at /rustc/6067b36314ab5eb2eb47cecc464545ba58e1ad24/library/test/src/lib.rs:134:21
[INFO] [stdout]   12:     0x5b351b896c93 - <alloc::boxed::Box<F,A> as core::ops::function::Fn<Args>>::call::h591b2225413a77e9
[INFO] [stdout]                                at /rustc/6067b36314ab5eb2eb47cecc464545ba58e1ad24/library/alloc/src/boxed.rs:2027:9
[INFO] [stdout]   13:     0x5b351b896c93 - std::panicking::rust_panic_with_hook::h625eea43051b2edc
[INFO] [stdout]                                at /rustc/6067b36314ab5eb2eb47cecc464545ba58e1ad24/library/std/src/panicking.rs:839:13
[INFO] [stdout]   14:     0x5b351b89694a - std::panicking::begin_panic_handler::{{closure}}::h4f9159cfbc3f6bd3
[INFO] [stdout]                                at /rustc/6067b36314ab5eb2eb47cecc464545ba58e1ad24/library/std/src/panicking.rs:704:13
[INFO] [stdout]   15:     0x5b351b895279 - std::sys::backtrace::__rust_end_short_backtrace::h0390abce48353151
[INFO] [stdout]                                at /rustc/6067b36314ab5eb2eb47cecc464545ba58e1ad24/library/std/src/sys/backtrace.rs:168:18
[INFO] [stdout]   16:     0x5b351b8965dd - rust_begin_unwind
[INFO] [stdout]                                at /rustc/6067b36314ab5eb2eb47cecc464545ba58e1ad24/library/std/src/panicking.rs:695:5
[INFO] [stdout]   17:     0x5b351b8bb880 - core::panicking::panic_fmt::h9e7c637e9e5f29c9
[INFO] [stdout]                                at /rustc/6067b36314ab5eb2eb47cecc464545ba58e1ad24/library/core/src/panicking.rs:75:14
[INFO] [stdout]   18:     0x5b351b7ae4f4 - nes::ppu::ppu::PPU::set_ram_mapped_register::h716b4f320c45d223
[INFO] [stdout]                                at /opt/rustwide/workdir/src/ppu/ppu.rs:244:18
[INFO] [stdout]   19:     0x5b351b7acfcd - nes::bus::Bus::write::hdc71f4155d4635f8
[INFO] [stdout]                                at /opt/rustwide/workdir/src/bus.rs:49:41
[INFO] [stdout]   20:     0x5b351b7d64d8 - nes::cpu::cpu::CPU::set_mem::h56ba17ae1996a17e
[INFO] [stdout]                                at /opt/rustwide/workdir/src/cpu/cpu.rs:175:9
[INFO] [stdout]   21:     0x5b351b7c7856 - nes::cpu::test_util::TestRunner::set_mem::h3ce3708a82c9cb6f
[INFO] [stdout]                                at /opt/rustwide/workdir/src/cpu/test_util.rs:41:9
[INFO] [stdout]   22:     0x5b351b7b5b9f - nes::instructions::lda::test::test_indirect_indexed::he14707e4b6198634
[INFO] [stdout]                                at /opt/rustwide/workdir/src/instructions/common.rs:412:21
[INFO] [stdout]   23:     0x5b351b7b5a57 - nes::instructions::lda::test::test_indirect_indexed::{{closure}}::hc8dba09c1f0483a5
[INFO] [stdout]                                at /opt/rustwide/workdir/src/instructions/common.rs:406:39
[INFO] [stdout]   24:     0x5b351b7bc3f6 - core::ops::function::FnOnce::call_once::h2fe7a61ca1962645
[INFO] [stdout]                                at /rustc/6067b36314ab5eb2eb47cecc464545ba58e1ad24/library/core/src/ops/function.rs:250:5
[INFO] [stdout]   25:     0x5b351b81d47b - core::ops::function::FnOnce::call_once::he27718dfdd183f43
[INFO] [stdout]                                at /rustc/6067b36314ab5eb2eb47cecc464545ba58e1ad24/library/core/src/ops/function.rs:250:5
[INFO] [stdout]   26:     0x5b351b81d47b - test::__rust_begin_short_backtrace::h4e84902998457a5d
[INFO] [stdout]                                at /rustc/6067b36314ab5eb2eb47cecc464545ba58e1ad24/library/test/src/lib.rs:632:18
[INFO] [stdout]   27:     0x5b351b81c3b3 - test::run_test_in_process::{{closure}}::h7176fd18fc1feca0
[INFO] [stdout]                                at /rustc/6067b36314ab5eb2eb47cecc464545ba58e1ad24/library/test/src/lib.rs:655:60
[INFO] [stdout]   28:     0x5b351b81c3b3 - <core::panic::unwind_safe::AssertUnwindSafe<F> as core::ops::function::FnOnce<()>>::call_once::hf79cff2a624d8cf7
[INFO] [stdout]                                at /rustc/6067b36314ab5eb2eb47cecc464545ba58e1ad24/library/core/src/panic/unwind_safe.rs:272:9
[INFO] [stdout]   29:     0x5b351b81c3b3 - std::panicking::try::do_call::h3da0561d9ab99c25
[INFO] [stdout]                                at /rustc/6067b36314ab5eb2eb47cecc464545ba58e1ad24/library/std/src/panicking.rs:587:40
[INFO] [stdout]   30:     0x5b351b81c3b3 - std::panicking::try::h41c9fa508bc61df6
[INFO] [stdout]                                at /rustc/6067b36314ab5eb2eb47cecc464545ba58e1ad24/library/std/src/panicking.rs:550:19
[INFO] [stdout]   31:     0x5b351b81c3b3 - std::panic::catch_unwind::h6b3ff07bb5afad93
[INFO] [stdout]                                at /rustc/6067b36314ab5eb2eb47cecc464545ba58e1ad24/library/std/src/panic.rs:358:14
[INFO] [stdout]   32:     0x5b351b81c3b3 - test::run_test_in_process::hc7253dd11b39b9f4
[INFO] [stdout]                                at /rustc/6067b36314ab5eb2eb47cecc464545ba58e1ad24/library/test/src/lib.rs:655:27
[INFO] [stdout]   33:     0x5b351b81c3b3 - test::run_test::{{closure}}::hfb2007f8649c30bb
[INFO] [stdout]                                at /rustc/6067b36314ab5eb2eb47cecc464545ba58e1ad24/library/test/src/lib.rs:576:43
[INFO] [stdout]   34:     0x5b351b7df495 - test::run_test::{{closure}}::h56a17aa7a282a9f4
[INFO] [stdout]                                at /rustc/6067b36314ab5eb2eb47cecc464545ba58e1ad24/library/test/src/lib.rs:606:41
[INFO] [stdout]   35:     0x5b351b7df495 - std::sys::backtrace::__rust_begin_short_backtrace::hd2d2d2fb8e8c6aac
[INFO] [stdout]                                at /rustc/6067b36314ab5eb2eb47cecc464545ba58e1ad24/library/std/src/sys/backtrace.rs:152:18
[INFO] [stdout]   36:     0x5b351b7e2d7a - std::thread::Builder::spawn_unchecked_::{{closure}}::{{closure}}::h4faa3f9db6133423
[INFO] [stdout]                                at /rustc/6067b36314ab5eb2eb47cecc464545ba58e1ad24/library/std/src/thread/mod.rs:559:17
[INFO] [stdout]   37:     0x5b351b7e2d7a - <core::panic::unwind_safe::AssertUnwindSafe<F> as core::ops::function::FnOnce<()>>::call_once::hf2e855a36a4ea846
[INFO] [stdout]                                at /rustc/6067b36314ab5eb2eb47cecc464545ba58e1ad24/library/core/src/panic/unwind_safe.rs:272:9
[INFO] [stdout]   38:     0x5b351b7e2d7a - std::panicking::try::do_call::h2f73af3616c35465
[INFO] [stdout]                                at /rustc/6067b36314ab5eb2eb47cecc464545ba58e1ad24/library/std/src/panicking.rs:587:40
[INFO] [stdout]   39:     0x5b351b7e2d7a - std::panicking::try::hd1660ce9efadef5a
[INFO] [stdout]                                at /rustc/6067b36314ab5eb2eb47cecc464545ba58e1ad24/library/std/src/panicking.rs:550:19
[INFO] [stdout]   40:     0x5b351b7e2d7a - std::panic::catch_unwind::h5ee8d7823b8ca744
[INFO] [stdout]                                at /rustc/6067b36314ab5eb2eb47cecc464545ba58e1ad24/library/std/src/panic.rs:358:14
[INFO] [stdout]   41:     0x5b351b7e2d7a - std::thread::Builder::spawn_unchecked_::{{closure}}::h53c3a1894dce8407
[INFO] [stdout]                                at /rustc/6067b36314ab5eb2eb47cecc464545ba58e1ad24/library/std/src/thread/mod.rs:557:30
[INFO] [stdout]   42:     0x5b351b7e2d7a - core::ops::function::FnOnce::call_once{{vtable.shim}}::h048ce291ad4f62bf
[INFO] [stdout]                                at /rustc/6067b36314ab5eb2eb47cecc464545ba58e1ad24/library/core/src/ops/function.rs:250:5
[INFO] [stdout]   43:     0x5b351b89abcb - <alloc::boxed::Box<F,A> as core::ops::function::FnOnce<Args>>::call_once::ha52bedf99a3b4981
[INFO] [stdout]                                at /rustc/6067b36314ab5eb2eb47cecc464545ba58e1ad24/library/alloc/src/boxed.rs:2013:9
[INFO] [stdout]   44:     0x5b351b89abcb - <alloc::boxed::Box<F,A> as core::ops::function::FnOnce<Args>>::call_once::h567748934d80ccf8
[INFO] [stdout]                                at /rustc/6067b36314ab5eb2eb47cecc464545ba58e1ad24/library/alloc/src/boxed.rs:2013:9
[INFO] [stdout]   45:     0x5b351b89abcb - std::sys::pal::unix::thread::Thread::new::thread_start::h2d970728ae887adc
[INFO] [stdout]                                at /rustc/6067b36314ab5eb2eb47cecc464545ba58e1ad24/library/std/src/sys/pal/unix/thread.rs:106:17
[INFO] [stdout]   46:     0x741b03b0eac3 - <unknown>
[INFO] [stdout]   47:     0x741b03b9fa04 - clone
[INFO] [stdout]   48:                0x0 - <unknown>
[INFO] [stdout] 
[INFO] [stdout] ---- instructions::axs::test::test_inx stdout ----
[INFO] [stdout] 
[INFO] [stdout] thread 'instructions::axs::test::test_inx' panicked at src/ppu/ppu.rs:244:18:
[INFO] [stdout] Invalid PPU write address: 0x2002
[INFO] [stdout] stack backtrace:
[INFO] [stdout]    0:     0x5b351b894d7a - std::backtrace_rs::backtrace::libunwind::trace::hb059275cfc8d6126
[INFO] [stdout]                                at /rustc/6067b36314ab5eb2eb47cecc464545ba58e1ad24/library/std/src/../../backtrace/src/backtrace/libunwind.rs:116:5
[INFO] [stdout]    1:     0x5b351b894d7a - std::backtrace_rs::backtrace::trace_unsynchronized::h2da071e4327ce3ee
[INFO] [stdout]                                at /rustc/6067b36314ab5eb2eb47cecc464545ba58e1ad24/library/std/src/../../backtrace/src/backtrace/mod.rs:66:5
[INFO] [stdout]    2:     0x5b351b894d7a - std::sys::backtrace::_print_fmt::h842a1474e6f8d23f
[INFO] [stdout]                                at /rustc/6067b36314ab5eb2eb47cecc464545ba58e1ad24/library/std/src/sys/backtrace.rs:66:9
[INFO] [stdout]    3:     0x5b351b894d7a - <std::sys::backtrace::BacktraceLock::print::DisplayBacktrace as core::fmt::Display>::fmt::h71a62eb3b9696b12
[INFO] [stdout]                                at /rustc/6067b36314ab5eb2eb47cecc464545ba58e1ad24/library/std/src/sys/backtrace.rs:39:26
[INFO] [stdout]    4:     0x5b351b8bcec3 - core::fmt::rt::Argument::fmt::hdb6b616786b41dc1
[INFO] [stdout]                                at /rustc/6067b36314ab5eb2eb47cecc464545ba58e1ad24/library/core/src/fmt/rt.rs:177:76
[INFO] [stdout]    5:     0x5b351b8bcec3 - core::fmt::write::h2cc1698af7e2d686
[INFO] [stdout]                                at /rustc/6067b36314ab5eb2eb47cecc464545ba58e1ad24/library/core/src/fmt/mod.rs:1440:21
[INFO] [stdout]    6:     0x5b351b8916e3 - std::io::Write::write_fmt::hab1b4cd059a79022
[INFO] [stdout]                                at /rustc/6067b36314ab5eb2eb47cecc464545ba58e1ad24/library/std/src/io/mod.rs:1887:15
[INFO] [stdout]    7:     0x5b351b894bc2 - std::sys::backtrace::BacktraceLock::print::h147fe35b4ea13b08
[INFO] [stdout]                                at /rustc/6067b36314ab5eb2eb47cecc464545ba58e1ad24/library/std/src/sys/backtrace.rs:42:9
[INFO] [stdout]    8:     0x5b351b89619f - std::panicking::default_hook::{{closure}}::hbd44223dbdc0d208
[INFO] [stdout]                                at /rustc/6067b36314ab5eb2eb47cecc464545ba58e1ad24/library/std/src/panicking.rs:298:22
[INFO] [stdout]    9:     0x5b351b895fb8 - std::panicking::default_hook::h20f81eb0576efcec
[INFO] [stdout]                                at /rustc/6067b36314ab5eb2eb47cecc464545ba58e1ad24/library/std/src/panicking.rs:322:9
[INFO] [stdout]   10:     0x5b351b817d23 - <alloc::boxed::Box<F,A> as core::ops::function::Fn<Args>>::call::hdb53814c496a4d34
[INFO] [stdout]                                at /rustc/6067b36314ab5eb2eb47cecc464545ba58e1ad24/library/alloc/src/boxed.rs:2027:9
[INFO] [stdout]   11:     0x5b351b817d23 - test::test_main::{{closure}}::hc0a4963c59427c24
[INFO] [stdout]                                at /rustc/6067b36314ab5eb2eb47cecc464545ba58e1ad24/library/test/src/lib.rs:134:21
[INFO] [stdout]   12:     0x5b351b896c93 - <alloc::boxed::Box<F,A> as core::ops::function::Fn<Args>>::call::h591b2225413a77e9
[INFO] [stdout]                                at /rustc/6067b36314ab5eb2eb47cecc464545ba58e1ad24/library/alloc/src/boxed.rs:2027:9
[INFO] [stdout]   13:     0x5b351b896c93 - std::panicking::rust_panic_with_hook::h625eea43051b2edc
[INFO] [stdout]                                at /rustc/6067b36314ab5eb2eb47cecc464545ba58e1ad24/library/std/src/panicking.rs:839:13
[INFO] [stdout]   14:     0x5b351b89694a - std::panicking::begin_panic_handler::{{closure}}::h4f9159cfbc3f6bd3
[INFO] [stdout]                                at /rustc/6067b36314ab5eb2eb47cecc464545ba58e1ad24/library/std/src/panicking.rs:704:13
[INFO] [stdout]   15:     0x5b351b895279 - std::sys::backtrace::__rust_end_short_backtrace::h0390abce48353151
[INFO] [stdout]                                at /rustc/6067b36314ab5eb2eb47cecc464545ba58e1ad24/library/std/src/sys/backtrace.rs:168:18
[INFO] [stdout]   16:     0x5b351b8965dd - rust_begin_unwind
[INFO] [stdout]                                at /rustc/6067b36314ab5eb2eb47cecc464545ba58e1ad24/library/std/src/panicking.rs:695:5
[INFO] [stdout]   17:     0x5b351b8bb880 - core::panicking::panic_fmt::h9e7c637e9e5f29c9
[INFO] [stdout]                                at /rustc/6067b36314ab5eb2eb47cecc464545ba58e1ad24/library/core/src/panicking.rs:75:14
[INFO] [stdout]   18:     0x5b351b7ae4f4 - nes::ppu::ppu::PPU::set_ram_mapped_register::h716b4f320c45d223
[INFO] [stdout]                                at /opt/rustwide/workdir/src/ppu/ppu.rs:244:18
[INFO] [stdout]   19:     0x5b351b7acfcd - nes::bus::Bus::write::hdc71f4155d4635f8
[INFO] [stdout]                                at /opt/rustwide/workdir/src/bus.rs:49:41
[INFO] [stdout]   20:     0x5b351b7d64d8 - nes::cpu::cpu::CPU::set_mem::h56ba17ae1996a17e
[INFO] [stdout]                                at /opt/rustwide/workdir/src/cpu/cpu.rs:175:9
[INFO] [stdout]   21:     0x5b351b7c7856 - nes::cpu::test_util::TestRunner::set_mem::h3ce3708a82c9cb6f
[INFO] [stdout]                                at /opt/rustwide/workdir/src/cpu/test_util.rs:41:9
[INFO] [stdout]   22:     0x5b351b7c3428 - nes::instructions::axs::test::test_inx::h817ef1a46c4d050f
[INFO] [stdout]                                at /opt/rustwide/workdir/src/instructions/axs.rs:23:9
[INFO] [stdout]   23:     0x5b351b7c33c7 - nes::instructions::axs::test::test_inx::{{closure}}::hc8343cf273d989bc
[INFO] [stdout]                                at /opt/rustwide/workdir/src/instructions/axs.rs:21:18
[INFO] [stdout]   24:     0x5b351b7bc2d6 - core::ops::function::FnOnce::call_once::h297d07ae33d3a3e0
[INFO] [stdout]                                at /rustc/6067b36314ab5eb2eb47cecc464545ba58e1ad24/library/core/src/ops/function.rs:250:5
[INFO] [stdout]   25:     0x5b351b81d47b - core::ops::function::FnOnce::call_once::he27718dfdd183f43
[INFO] [stdout]                                at /rustc/6067b36314ab5eb2eb47cecc464545ba58e1ad24/library/core/src/ops/function.rs:250:5
[INFO] [stdout]   26:     0x5b351b81d47b - test::__rust_begin_short_backtrace::h4e84902998457a5d
[INFO] [stdout]                                at /rustc/6067b36314ab5eb2eb47cecc464545ba58e1ad24/library/test/src/lib.rs:632:18
[INFO] [stdout]   27:     0x5b351b81c3b3 - test::run_test_in_process::{{closure}}::h7176fd18fc1feca0
[INFO] [stdout]                                at /rustc/6067b36314ab5eb2eb47cecc464545ba58e1ad24/library/test/src/lib.rs:655:60
[INFO] [stdout]   28:     0x5b351b81c3b3 - <core::panic::unwind_safe::AssertUnwindSafe<F> as core::ops::function::FnOnce<()>>::call_once::hf79cff2a624d8cf7
[INFO] [stdout]                                at /rustc/6067b36314ab5eb2eb47cecc464545ba58e1ad24/library/core/src/panic/unwind_safe.rs:272:9
[INFO] [stdout]   29:     0x5b351b81c3b3 - std::panicking::try::do_call::h3da0561d9ab99c25
[INFO] [stdout]                                at /rustc/6067b36314ab5eb2eb47cecc464545ba58e1ad24/library/std/src/panicking.rs:587:40
[INFO] [stdout]   30:     0x5b351b81c3b3 - std::panicking::try::h41c9fa508bc61df6
[INFO] [stdout]                                at /rustc/6067b36314ab5eb2eb47cecc464545ba58e1ad24/library/std/src/panicking.rs:550:19
[INFO] [stdout]   31:     0x5b351b81c3b3 - std::panic::catch_unwind::h6b3ff07bb5afad93
[INFO] [stdout]                                at /rustc/6067b36314ab5eb2eb47cecc464545ba58e1ad24/library/std/src/panic.rs:358:14
[INFO] [stdout]   32:     0x5b351b81c3b3 - test::run_test_in_process::hc7253dd11b39b9f4
[INFO] [stdout]                                at /rustc/6067b36314ab5eb2eb47cecc464545ba58e1ad24/library/test/src/lib.rs:655:27
[INFO] [stdout]   33:     0x5b351b81c3b3 - test::run_test::{{closure}}::hfb2007f8649c30bb
[INFO] [stdout]                                at /rustc/6067b36314ab5eb2eb47cecc464545ba58e1ad24/library/test/src/lib.rs:576:43
[INFO] [stdout]   34:     0x5b351b7df495 - test::run_test::{{closure}}::h56a17aa7a282a9f4
[INFO] [stdout]                                at /rustc/6067b36314ab5eb2eb47cecc464545ba58e1ad24/library/test/src/lib.rs:606:41
[INFO] [stdout]   35:     0x5b351b7df495 - std::sys::backtrace::__rust_begin_short_backtrace::hd2d2d2fb8e8c6aac
[INFO] [stdout]                                at /rustc/6067b36314ab5eb2eb47cecc464545ba58e1ad24/library/std/src/sys/backtrace.rs:152:18
[INFO] [stdout]   36:     0x5b351b7e2d7a - std::thread::Builder::spawn_unchecked_::{{closure}}::{{closure}}::h4faa3f9db6133423
[INFO] [stdout]                                at /rustc/6067b36314ab5eb2eb47cecc464545ba58e1ad24/library/std/src/thread/mod.rs:559:17
[INFO] [stdout]   37:     0x5b351b7e2d7a - <core::panic::unwind_safe::AssertUnwindSafe<F> as core::ops::function::FnOnce<()>>::call_once::hf2e855a36a4ea846
[INFO] [stdout]                                at /rustc/6067b36314ab5eb2eb47cecc464545ba58e1ad24/library/core/src/panic/unwind_safe.rs:272:9
[INFO] [stdout]   38:     0x5b351b7e2d7a - std::panicking::try::do_call::h2f73af3616c35465
[INFO] [stdout]                                at /rustc/6067b36314ab5eb2eb47cecc464545ba58e1ad24/library/std/src/panicking.rs:587:40
[INFO] [stdout]   39:     0x5b351b7e2d7a - std::panicking::try::hd1660ce9efadef5a
[INFO] [stdout]                                at /rustc/6067b36314ab5eb2eb47cecc464545ba58e1ad24/library/std/src/panicking.rs:550:19
[INFO] [stdout]   40:     0x5b351b7e2d7a - std::panic::catch_unwind::h5ee8d7823b8ca744
[INFO] [stdout]                                at /rustc/6067b36314ab5eb2eb47cecc464545ba58e1ad24/library/std/src/panic.rs:358:14
[INFO] [stdout]   41:     0x5b351b7e2d7a - std::thread::Builder::spawn_unchecked_::{{closure}}::h53c3a1894dce8407
[INFO] [stdout]                                at /rustc/6067b36314ab5eb2eb47cecc464545ba58e1ad24/library/std/src/thread/mod.rs:557:30
[INFO] [stdout]   42:     0x5b351b7e2d7a - core::ops::function::FnOnce::call_once{{vtable.shim}}::h048ce291ad4f62bf
[INFO] [stdout]                                at /rustc/6067b36314ab5eb2eb47cecc464545ba58e1ad24/library/core/src/ops/function.rs:250:5
[INFO] [stdout]   43:     0x5b351b89abcb - <alloc::boxed::Box<F,A> as core::ops::function::FnOnce<Args>>::call_once::ha52bedf99a3b4981
[INFO] [stdout]                                at /rustc/6067b36314ab5eb2eb47cecc464545ba58e1ad24/library/alloc/src/boxed.rs:2013:9
[INFO] [stdout]   44:     0x5b351b89abcb - <alloc::boxed::Box<F,A> as core::ops::function::FnOnce<Args>>::call_once::h567748934d80ccf8
[INFO] [stdout]                                at /rustc/6067b36314ab5eb2eb47cecc464545ba58e1ad24/library/alloc/src/boxed.rs:2013:9
[INFO] [stdout]   45:     0x5b351b89abcb - std::sys::pal::unix::thread::Thread::new::thread_start::h2d970728ae887adc
[INFO] [stdout]                                at /rustc/6067b36314ab5eb2eb47cecc464545ba58e1ad24/library/std/src/sys/pal/unix/thread.rs:106:17
[INFO] [stdout]   46:     0x741b03b0eac3 - <unknown>
[INFO] [stdout]   47:     0x741b03b9fa04 - clone
[INFO] [stdout]   48:                0x0 - <unknown>
[INFO] [stdout] 
[INFO] [stdout] ---- instructions::lda::test::test_indexed_indirect stdout ----
[INFO] [stdout] 
[INFO] [stdout] thread 'instructions::lda::test::test_indexed_indirect' panicked at src/ppu/ppu.rs:244:18:
[INFO] [stdout] Invalid PPU write address: 0x2002
[INFO] [stdout] stack backtrace:
[INFO] [stdout]    0:     0x5b351b894d7a - std::backtrace_rs::backtrace::libunwind::trace::hb059275cfc8d6126
[INFO] [stdout]                                at /rustc/6067b36314ab5eb2eb47cecc464545ba58e1ad24/library/std/src/../../backtrace/src/backtrace/libunwind.rs:116:5
[INFO] [stdout]    1:     0x5b351b894d7a - std::backtrace_rs::backtrace::trace_unsynchronized::h2da071e4327ce3ee
[INFO] [stdout]                                at /rustc/6067b36314ab5eb2eb47cecc464545ba58e1ad24/library/std/src/../../backtrace/src/backtrace/mod.rs:66:5
[INFO] [stdout]    2:     0x5b351b894d7a - std::sys::backtrace::_print_fmt::h842a1474e6f8d23f
[INFO] [stdout]                                at /rustc/6067b36314ab5eb2eb47cecc464545ba58e1ad24/library/std/src/sys/backtrace.rs:66:9
[INFO] [stdout]    3:     0x5b351b894d7a - <std::sys::backtrace::BacktraceLock::print::DisplayBacktrace as core::fmt::Display>::fmt::h71a62eb3b9696b12
[INFO] [stdout]                                at /rustc/6067b36314ab5eb2eb47cecc464545ba58e1ad24/library/std/src/sys/backtrace.rs:39:26
[INFO] [stdout]    4:     0x5b351b8bcec3 - core::fmt::rt::Argument::fmt::hdb6b616786b41dc1
[INFO] [stdout]                                at /rustc/6067b36314ab5eb2eb47cecc464545ba58e1ad24/library/core/src/fmt/rt.rs:177:76
[INFO] [stdout]    5:     0x5b351b8bcec3 - core::fmt::write::h2cc1698af7e2d686
[INFO] [stdout]                                at /rustc/6067b36314ab5eb2eb47cecc464545ba58e1ad24/library/core/src/fmt/mod.rs:1440:21
[INFO] [stdout]    6:     0x5b351b8916e3 - std::io::Write::write_fmt::hab1b4cd059a79022
[INFO] [stdout]                                at /rustc/6067b36314ab5eb2eb47cecc464545ba58e1ad24/library/std/src/io/mod.rs:1887:15
[INFO] [stdout]    7:     0x5b351b894bc2 - std::sys::backtrace::BacktraceLock::print::h147fe35b4ea13b08
[INFO] [stdout]                                at /rustc/6067b36314ab5eb2eb47cecc464545ba58e1ad24/library/std/src/sys/backtrace.rs:42:9
[INFO] [stdout]    8:     0x5b351b89619f - std::panicking::default_hook::{{closure}}::hbd44223dbdc0d208
[INFO] [stdout]                                at /rustc/6067b36314ab5eb2eb47cecc464545ba58e1ad24/library/std/src/panicking.rs:298:22
[INFO] [stdout]    9:     0x5b351b895fb8 - std::panicking::default_hook::h20f81eb0576efcec
[INFO] [stdout]                                at /rustc/6067b36314ab5eb2eb47cecc464545ba58e1ad24/library/std/src/panicking.rs:322:9
[INFO] [stdout]   10:     0x5b351b817d23 - <alloc::boxed::Box<F,A> as core::ops::function::Fn<Args>>::call::hdb53814c496a4d34
[INFO] [stdout]                                at /rustc/6067b36314ab5eb2eb47cecc464545ba58e1ad24/library/alloc/src/boxed.rs:2027:9
[INFO] [stdout]   11:     0x5b351b817d23 - test::test_main::{{closure}}::hc0a4963c59427c24
[INFO] [stdout]                                at /rustc/6067b36314ab5eb2eb47cecc464545ba58e1ad24/library/test/src/lib.rs:134:21
[INFO] [stdout]   12:     0x5b351b896c93 - <alloc::boxed::Box<F,A> as core::ops::function::Fn<Args>>::call::h591b2225413a77e9
[INFO] [stdout]                                at /rustc/6067b36314ab5eb2eb47cecc464545ba58e1ad24/library/alloc/src/boxed.rs:2027:9
[INFO] [stdout]   13:     0x5b351b896c93 - std::panicking::rust_panic_with_hook::h625eea43051b2edc
[INFO] [stdout]                                at /rustc/6067b36314ab5eb2eb47cecc464545ba58e1ad24/library/std/src/panicking.rs:839:13
[INFO] [stdout]   14:     0x5b351b89694a - std::panicking::begin_panic_handler::{{closure}}::h4f9159cfbc3f6bd3
[INFO] [stdout]                                at /rustc/6067b36314ab5eb2eb47cecc464545ba58e1ad24/library/std/src/panicking.rs:704:13
[INFO] [stdout]   15:     0x5b351b895279 - std::sys::backtrace::__rust_end_short_backtrace::h0390abce48353151
[INFO] [stdout]                                at /rustc/6067b36314ab5eb2eb47cecc464545ba58e1ad24/library/std/src/sys/backtrace.rs:168:18
[INFO] [stdout]   16:     0x5b351b8965dd - rust_begin_unwind
[INFO] [stdout]                                at /rustc/6067b36314ab5eb2eb47cecc464545ba58e1ad24/library/std/src/panicking.rs:695:5
[INFO] [stdout]   17:     0x5b351b8bb880 - core::panicking::panic_fmt::h9e7c637e9e5f29c9
[INFO] [stdout]                                at /rustc/6067b36314ab5eb2eb47cecc464545ba58e1ad24/library/core/src/panicking.rs:75:14
[INFO] [stdout]   18:     0x5b351b7ae4f4 - nes::ppu::ppu::PPU::set_ram_mapped_register::h716b4f320c45d223
[INFO] [stdout]                                at /opt/rustwide/workdir/src/ppu/ppu.rs:244:18
[INFO] [stdout]   19:     0x5b351b7acfcd - nes::bus::Bus::write::hdc71f4155d4635f8
[INFO] [stdout]                                at /opt/rustwide/workdir/src/bus.rs:49:41
[INFO] [stdout]   20:     0x5b351b7d64d8 - nes::cpu::cpu::CPU::set_mem::h56ba17ae1996a17e
[INFO] [stdout]                                at /opt/rustwide/workdir/src/cpu/cpu.rs:175:9
[INFO] [stdout]   21:     0x5b351b7c7856 - nes::cpu::test_util::TestRunner::set_mem::h3ce3708a82c9cb6f
[INFO] [stdout]                                at /opt/rustwide/workdir/src/cpu/test_util.rs:41:9
[INFO] [stdout]   22:     0x5b351b7b596f - nes::instructions::lda::test::test_indexed_indirect::hd5ef42a6a45c174e
[INFO] [stdout]                                at /opt/rustwide/workdir/src/instructions/common.rs:396:21
[INFO] [stdout]   23:     0x5b351b7b5827 - nes::instructions::lda::test::test_indexed_indirect::{{closure}}::h3205b31949ac59ed
[INFO] [stdout]                                at /opt/rustwide/workdir/src/instructions/common.rs:390:39
[INFO] [stdout]   24:     0x5b351b7c0586 - core::ops::function::FnOnce::call_once::hb6f47e396ac7c262
[INFO] [stdout]                                at /rustc/6067b36314ab5eb2eb47cecc464545ba58e1ad24/library/core/src/ops/function.rs:250:5
[INFO] [stdout]   25:     0x5b351b81d47b - core::ops::function::FnOnce::call_once::he27718dfdd183f43
[INFO] [stdout]                                at /rustc/6067b36314ab5eb2eb47cecc464545ba58e1ad24/library/core/src/ops/function.rs:250:5
[INFO] [stdout]   26:     0x5b351b81d47b - test::__rust_begin_short_backtrace::h4e84902998457a5d
[INFO] [stdout]                                at /rustc/6067b36314ab5eb2eb47cecc464545ba58e1ad24/library/test/src/lib.rs:632:18
[INFO] [stdout]   27:     0x5b351b81c3b3 - test::run_test_in_process::{{closure}}::h7176fd18fc1feca0
[INFO] [stdout]                                at /rustc/6067b36314ab5eb2eb47cecc464545ba58e1ad24/library/test/src/lib.rs:655:60
[INFO] [stdout]   28:     0x5b351b81c3b3 - <core::panic::unwind_safe::AssertUnwindSafe<F> as core::ops::function::FnOnce<()>>::call_once::hf79cff2a624d8cf7
[INFO] [stdout]                                at /rustc/6067b36314ab5eb2eb47cecc464545ba58e1ad24/library/core/src/panic/unwind_safe.rs:272:9
[INFO] [stdout]   29:     0x5b351b81c3b3 - std::panicking::try::do_call::h3da0561d9ab99c25
[INFO] [stdout]                                at /rustc/6067b36314ab5eb2eb47cecc464545ba58e1ad24/library/std/src/panicking.rs:587:40
[INFO] [stdout]   30:     0x5b351b81c3b3 - std::panicking::try::h41c9fa508bc61df6
[INFO] [stdout]                                at /rustc/6067b36314ab5eb2eb47cecc464545ba58e1ad24/library/std/src/panicking.rs:550:19
[INFO] [stdout]   31:     0x5b351b81c3b3 - std::panic::catch_unwind::h6b3ff07bb5afad93
[INFO] [stdout]                                at /rustc/6067b36314ab5eb2eb47cecc464545ba58e1ad24/library/std/src/panic.rs:358:14
[INFO] [stdout]   32:     0x5b351b81c3b3 - test::run_test_in_process::hc7253dd11b39b9f4
[INFO] [stdout]                                at /rustc/6067b36314ab5eb2eb47cecc464545ba58e1ad24/library/test/src/lib.rs:655:27
[INFO] [stdout]   33:     0x5b351b81c3b3 - test::run_test::{{closure}}::hfb2007f8649c30bb
[INFO] [stdout]                                at /rustc/6067b36314ab5eb2eb47cecc464545ba58e1ad24/library/test/src/lib.rs:576:43
[INFO] [stdout]   34:     0x5b351b7df495 - test::run_test::{{closure}}::h56a17aa7a282a9f4
[INFO] [stdout]                                at /rustc/6067b36314ab5eb2eb47cecc464545ba58e1ad24/library/test/src/lib.rs:606:41
[INFO] [stdout]   35:     0x5b351b7df495 - std::sys::backtrace::__rust_begin_short_backtrace::hd2d2d2fb8e8c6aac
[INFO] [stdout]                                at /rustc/6067b36314ab5eb2eb47cecc464545ba58e1ad24/library/std/src/sys/backtrace.rs:152:18
[INFO] [stdout]   36:     0x5b351b7e2d7a - std::thread::Builder::spawn_unchecked_::{{closure}}::{{closure}}::h4faa3f9db6133423
[INFO] [stdout]                                at /rustc/6067b36314ab5eb2eb47cecc464545ba58e1ad24/library/std/src/thread/mod.rs:559:17
[INFO] [stdout]   37:     0x5b351b7e2d7a - <core::panic::unwind_safe::AssertUnwindSafe<F> as core::ops::function::FnOnce<()>>::call_once::hf2e855a36a4ea846
[INFO] [stdout]                                at /rustc/6067b36314ab5eb2eb47cecc464545ba58e1ad24/library/core/src/panic/unwind_safe.rs:272:9
[INFO] [stdout]   38:     0x5b351b7e2d7a - std::panicking::try::do_call::h2f73af3616c35465
[INFO] [stdout]                                at /rustc/6067b36314ab5eb2eb47cecc464545ba58e1ad24/library/std/src/panicking.rs:587:40
[INFO] [stdout]   39:     0x5b351b7e2d7a - std::panicking::try::hd1660ce9efadef5a
[INFO] [stdout]                                at /rustc/6067b36314ab5eb2eb47cecc464545ba58e1ad24/library/std/src/panicking.rs:550:19
[INFO] [stdout]   40:     0x5b351b7e2d7a - std::panic::catch_unwind::h5ee8d7823b8ca744
[INFO] [stdout]                                at /rustc/6067b36314ab5eb2eb47cecc464545ba58e1ad24/library/std/src/panic.rs:358:14
[INFO] [stdout]   41:     0x5b351b7e2d7a - std::thread::Builder::spawn_unchecked_::{{closure}}::h53c3a1894dce8407
[INFO] [stdout]                                at /rustc/6067b36314ab5eb2eb47cecc464545ba58e1ad24/library/std/src/thread/mod.rs:557:30
[INFO] [stdout]   42:     0x5b351b7e2d7a - core::ops::function::FnOnce::call_once{{vtable.shim}}::h048ce291ad4f62bf
[INFO] [stdout]                                at /rustc/6067b36314ab5eb2eb47cecc464545ba58e1ad24/library/core/src/ops/function.rs:250:5
[INFO] [stdout]   43:     0x5b351b89abcb - <alloc::boxed::Box<F,A> as core::ops::function::FnOnce<Args>>::call_once::ha52bedf99a3b4981
[INFO] [stdout]                                at /rustc/6067b36314ab5eb2eb47cecc464545ba58e1ad24/library/alloc/src/boxed.rs:2013:9
[INFO] [stdout]   44:     0x5b351b89abcb - <alloc::boxed::Box<F,A> as core::ops::function::FnOnce<Args>>::call_once::h567748934d80ccf8
[INFO] [stdout]                                at /rustc/6067b36314ab5eb2eb47cecc464545ba58e1ad24/library/alloc/src/boxed.rs:2013:9
[INFO] [stdout]   45:     0x5b351b89abcb - std::sys::pal::unix::thread::Thread::new::thread_start::h2d970728ae887adc
[INFO] [stdout]                                at /rustc/6067b36314ab5eb2eb47cecc464545ba58e1ad24/library/std/src/sys/pal/unix/thread.rs:106:17
[INFO] [stdout]   46:     0x741b03b0eac3 - <unknown>
[INFO] [stdout]   47:     0x741b03b9fa04 - clone
[INFO] [stdout]   48:                0x0 - <unknown>
[INFO] [stdout] 
[INFO] [stdout] 
[INFO] [stdout] failures:
[INFO] [stdout]     instructions::axs::test::test_inx
[INFO] [stdout]     instructions::lda::test::test_indexed_indirect
[INFO] [stdout]     instructions::lda::test::test_indirect_indexed
[INFO] [stdout] 
[INFO] [stdout] test result: FAILED. 92 passed; 3 failed; 0 ignored; 0 measured; 0 filtered out; finished in 0.14s
[INFO] [stdout] 
[INFO] [stderr] error: test failed, to rerun pass `--bin nes`
[INFO] running `Command { std: "docker" "inspect" "e0f2e0b78bdfc8590a9ec0b90d94fc1ea8dedd2b8a6c902620bb4343ba7014d2", kill_on_drop: false }`
[INFO] running `Command { std: "docker" "rm" "-f" "e0f2e0b78bdfc8590a9ec0b90d94fc1ea8dedd2b8a6c902620bb4343ba7014d2", kill_on_drop: false }`
[INFO] [stdout] e0f2e0b78bdfc8590a9ec0b90d94fc1ea8dedd2b8a6c902620bb4343ba7014d2
