[INFO] cloning repository https://github.com/biluohc/fht2p
[INFO] running `Command { std: "git" "-c" "credential.helper=" "-c" "credential.helper=/workspace/cargo-home/bin/git-credential-null" "clone" "--bare" "https://github.com/biluohc/fht2p" "/workspace/cache/git-repos/https%3A%2F%2Fgithub.com%2Fbiluohc%2Ffht2p", kill_on_drop: false }`
[INFO] [stderr] Cloning into bare repository '/workspace/cache/git-repos/https%3A%2F%2Fgithub.com%2Fbiluohc%2Ffht2p'...
[INFO] running `Command { std: "git" "rev-parse" "HEAD", kill_on_drop: false }`
[INFO] [stdout] 6e13038eb5eec682c2c36c08310c3bc3cd296b03
[INFO] testing biluohc/fht2p against nightly-2025-01-18 for randomize-layout-2
[INFO] running `Command { std: "git" "clone" "/workspace/cache/git-repos/https%3A%2F%2Fgithub.com%2Fbiluohc%2Ffht2p" "/workspace/builds/worker-3-tc1/source", kill_on_drop: false }`
[INFO] [stderr] Cloning into '/workspace/builds/worker-3-tc1/source'...
[INFO] [stderr] done.
[INFO] validating manifest of git repo https://github.com/biluohc/fht2p on toolchain nightly-2025-01-18
[INFO] running `Command { std: CARGO_HOME="/workspace/cargo-home" RUSTUP_HOME="/workspace/rustup-home" "/workspace/cargo-home/bin/cargo" "+nightly-2025-01-18" "metadata" "--manifest-path" "Cargo.toml" "--no-deps", kill_on_drop: false }`
[INFO] removed /workspace/builds/worker-3-tc1/source/.cargo/config
[INFO] started tweaking git repo https://github.com/biluohc/fht2p
[INFO] finished tweaking git repo https://github.com/biluohc/fht2p
[INFO] tweaked toml for git repo https://github.com/biluohc/fht2p written to /workspace/builds/worker-3-tc1/source/Cargo.toml
[INFO] crate git repo https://github.com/biluohc/fht2p already has a lockfile, it will not be regenerated
[INFO] running `Command { std: CARGO_HOME="/workspace/cargo-home" RUSTUP_HOME="/workspace/rustup-home" "/workspace/cargo-home/bin/cargo" "+nightly-2025-01-18" "fetch" "--manifest-path" "Cargo.toml", kill_on_drop: false }`
[INFO] [stderr]     Updating crates.io index
[INFO] [stderr]  Downloading crates ...
[INFO] [stderr]   Downloaded checked_int_cast v1.0.0
[INFO] [stderr]   Downloaded askama_derive v0.10.5
[INFO] [stderr]   Downloaded askama v0.10.5
[INFO] [stderr]   Downloaded nonblock-logger v0.1.6
[INFO] [stderr]   Downloaded askama_shared v0.11.2
[INFO] [stderr]   Downloaded qr2term v0.2.3
[INFO] [stderr]   Downloaded qrcode v0.12.0
[INFO] [stderr]   Downloaded rsass v0.13.0
[INFO] [stderr]   Downloaded bitvec v0.19.6
[INFO] running `Command { std: "docker" "create" "-v" "/var/lib/crater-agent-workspace/builds/worker-3-tc1/target:/opt/rustwide/target:rw,Z" "-v" "/var/lib/crater-agent-workspace/builds/worker-3-tc1/source:/opt/rustwide/workdir:ro,Z" "-v" "/var/lib/crater-agent-workspace/cargo-home:/opt/rustwide/cargo-home:ro,Z" "-v" "/var/lib/crater-agent-workspace/rustup-home:/opt/rustwide/rustup-home:ro,Z" "-e" "SOURCE_DIR=/opt/rustwide/workdir" "-e" "CARGO_TARGET_DIR=/opt/rustwide/target" "-e" "CARGO_HOME=/opt/rustwide/cargo-home" "-e" "RUSTUP_HOME=/opt/rustwide/rustup-home" "-w" "/opt/rustwide/workdir" "-m" "1610612736" "--user" "0:0" "--network" "none" "ghcr.io/rust-lang/crates-build-env/linux@sha256:819108c5571ea2e421544af4d832f968d213c87fbe3707a016657f43d2f853bc" "/opt/rustwide/cargo-home/bin/cargo" "+nightly-2025-01-18" "metadata" "--no-deps" "--format-version=1", kill_on_drop: false }`
[INFO] [stdout] f0d44bfd4849414419a6ca9f293feed6e528122c302ea9b4229d6065e5dc8f02
[INFO] running `Command { std: "docker" "start" "-a" "f0d44bfd4849414419a6ca9f293feed6e528122c302ea9b4229d6065e5dc8f02", kill_on_drop: false }`
[INFO] running `Command { std: "docker" "inspect" "f0d44bfd4849414419a6ca9f293feed6e528122c302ea9b4229d6065e5dc8f02", kill_on_drop: false }`
[INFO] running `Command { std: "docker" "rm" "-f" "f0d44bfd4849414419a6ca9f293feed6e528122c302ea9b4229d6065e5dc8f02", kill_on_drop: false }`
[INFO] [stdout] f0d44bfd4849414419a6ca9f293feed6e528122c302ea9b4229d6065e5dc8f02
[INFO] running `Command { std: "docker" "create" "-v" "/var/lib/crater-agent-workspace/builds/worker-3-tc1/target:/opt/rustwide/target:rw,Z" "-v" "/var/lib/crater-agent-workspace/builds/worker-3-tc1/source:/opt/rustwide/workdir:ro,Z" "-v" "/var/lib/crater-agent-workspace/cargo-home:/opt/rustwide/cargo-home:ro,Z" "-v" "/var/lib/crater-agent-workspace/rustup-home:/opt/rustwide/rustup-home:ro,Z" "-e" "SOURCE_DIR=/opt/rustwide/workdir" "-e" "CARGO_TARGET_DIR=/opt/rustwide/target" "-e" "CARGO_INCREMENTAL=0" "-e" "RUST_BACKTRACE=full" "-e" "RUSTFLAGS=--cap-lints=forbid" "-e" "RUSTDOCFLAGS=--cap-lints=forbid" "-e" "CARGO_HOME=/opt/rustwide/cargo-home" "-e" "RUSTUP_HOME=/opt/rustwide/rustup-home" "-w" "/opt/rustwide/workdir" "-m" "1610612736" "--user" "0:0" "--network" "none" "ghcr.io/rust-lang/crates-build-env/linux@sha256:819108c5571ea2e421544af4d832f968d213c87fbe3707a016657f43d2f853bc" "/opt/rustwide/cargo-home/bin/cargo" "+nightly-2025-01-18" "build" "--frozen" "--message-format=json", kill_on_drop: false }`
[INFO] [stdout] b466f057861a4f729cc6c9a19c3f0d7c829928a301a223d8b76081957a5099a6
[INFO] running `Command { std: "docker" "start" "-a" "b466f057861a4f729cc6c9a19c3f0d7c829928a301a223d8b76081957a5099a6", kill_on_drop: false }`
[INFO] [stderr]    Compiling libc v0.2.155
[INFO] [stderr]    Compiling proc-macro2 v1.0.84
[INFO] [stderr]    Compiling autocfg v1.3.0
[INFO] [stderr]    Compiling unicode-ident v1.0.12
[INFO] [stderr]    Compiling version_check v0.9.4
[INFO] [stderr]    Compiling memchr v2.7.2
[INFO] [stderr]    Compiling cfg-if v1.0.0
[INFO] [stderr]    Compiling log v0.4.21
[INFO] [stderr]    Compiling once_cell v1.19.0
[INFO] [stderr]    Compiling serde v1.0.203
[INFO] [stderr]    Compiling lazy_static v1.4.0
[INFO] [stderr]    Compiling futures-core v0.3.30
[INFO] [stderr]    Compiling ryu v1.0.18
[INFO] [stderr]    Compiling cc v1.0.98
[INFO] [stderr]    Compiling bitflags v1.3.2
[INFO] [stderr]    Compiling percent-encoding v2.3.1
[INFO] [stderr]    Compiling syn v1.0.109
[INFO] [stderr]    Compiling cfg-if v0.1.10
[INFO] [stderr]    Compiling untrusted v0.7.1
[INFO] [stderr]    Compiling fnv v1.0.7
[INFO] [stderr]    Compiling lexical-core v0.7.6
[INFO] [stderr]    Compiling bytes v0.5.6
[INFO] [stderr]    Compiling spin v0.5.2
[INFO] [stderr]    Compiling pin-project-lite v0.2.14
[INFO] [stderr]    Compiling arrayvec v0.5.2
[INFO] [stderr]    Compiling futures-sink v0.3.30
[INFO] [stderr]    Compiling tinyvec_macros v0.1.1
[INFO] [stderr]    Compiling static_assertions v1.1.0
[INFO] [stderr]    Compiling itoa v1.0.11
[INFO] [stderr]    Compiling tinyvec v1.6.0
[INFO] [stderr]    Compiling standback v0.2.17
[INFO] [stderr]    Compiling pin-project-lite v0.1.12
[INFO] [stderr]    Compiling proc-macro-hack v0.5.20+deprecated
[INFO] [stderr]    Compiling getrandom v0.1.16
[INFO] [stderr]    Compiling futures-channel v0.3.30
[INFO] [stderr]    Compiling futures-io v0.3.30
[INFO] [stderr]    Compiling thiserror v1.0.61
[INFO] [stderr]    Compiling unicode-bidi v0.3.15
[INFO] [stderr]    Compiling radium v0.5.3
[INFO] [stderr]    Compiling futures-task v0.3.30
[INFO] [stderr]    Compiling pin-utils v0.1.0
[INFO] [stderr]    Compiling slab v0.4.9
[INFO] [stderr]    Compiling num-traits v0.2.19
[INFO] [stderr]    Compiling indexmap v1.9.3
[INFO] [stderr]    Compiling unicase v2.7.0
[INFO] [stderr]    Compiling tracing-core v0.1.32
[INFO] [stderr]    Compiling form_urlencoded v1.2.1
[INFO] [stderr]    Compiling const_fn v0.4.10
[INFO] [stderr]    Compiling bytes v1.6.0
[INFO] [stderr]    Compiling quote v1.0.36
[INFO] [stderr]    Compiling num-rational v0.2.4
[INFO] [stderr]    Compiling lock_api v0.4.12
[INFO] [stderr]    Compiling nom v6.1.2
[INFO] [stderr]    Compiling syn v2.0.66
[INFO] [stderr]    Compiling unicode-normalization v0.1.23
[INFO] [stderr]    Compiling nom v5.1.3
[INFO] [stderr]    Compiling time v0.2.27
[INFO] [stderr]    Compiling signal-hook v0.3.17
[INFO] [stderr]    Compiling tap v1.0.1
[INFO] [stderr]    Compiling hashbrown v0.12.3
[INFO] [stderr]    Compiling httparse v1.8.0
[INFO] [stderr]    Compiling ppv-lite86 v0.2.17
[INFO] [stderr]    Compiling parking_lot_core v0.9.10
[INFO] [stderr]    Compiling wyz v0.2.0
[INFO] [stderr]    Compiling ucd-trie v0.1.6
[INFO] [stderr]    Compiling tracing v0.1.40
[INFO] [stderr]    Compiling funty v1.1.0
[INFO] [stderr]    Compiling num-integer v0.1.46
[INFO] [stderr]    Compiling signal-hook-registry v1.4.2
[INFO] [stderr]    Compiling net2 v0.2.39
[INFO] [stderr]    Compiling iovec v0.1.4
[INFO] [stderr]    Compiling num_cpus v1.16.0
[INFO] [stderr]    Compiling http v0.2.12
[INFO] [stderr]    Compiling bitvec v0.19.6
[INFO] [stderr]    Compiling ring v0.16.20
[INFO] [stderr]    Compiling cookie v0.14.4
[INFO] [stderr]    Compiling rand_core v0.5.1
[INFO] [stderr]    Compiling idna v0.5.0
[INFO] [stderr]    Compiling scopeguard v1.2.0
[INFO] [stderr]    Compiling matches v0.1.10
[INFO] [stderr]    Compiling smallvec v1.13.2
[INFO] [stderr]    Compiling try-lock v0.2.5
[INFO] [stderr]    Compiling mio v0.6.23
[INFO] [stderr]    Compiling rand_chacha v0.2.2
[INFO] [stderr]    Compiling crossbeam-utils v0.8.20
[INFO] [stderr]    Compiling adler v1.0.2
[INFO] [stderr]    Compiling iana-time-zone v0.1.60
[INFO] [stderr]    Compiling itoa v0.4.8
[INFO] [stderr]    Compiling base64 v0.12.3
[INFO] [stderr]    Compiling serde_json v1.0.117
[INFO] [stderr]    Compiling miniz_oxide v0.7.3
[INFO] [stderr]    Compiling want v0.3.1
[INFO] [stderr]    Compiling rand v0.7.3
[INFO] [stderr]    Compiling idna v0.2.3
[INFO] [stderr]    Compiling mime_guess v2.0.4
[INFO] [stderr]    Compiling mio-uds v0.6.8
[INFO] [stderr]    Compiling url v2.5.0
[INFO] [stderr]    Compiling http-body v0.3.1
[INFO] [stderr]    Compiling tokio v0.2.25
[INFO] [stderr]    Compiling socket2 v0.3.19
[INFO] [stderr]    Compiling mio v0.8.11
[INFO] [stderr]    Compiling crc32fast v1.4.2
[INFO] [stderr]    Compiling humansize v1.1.1
[INFO] [stderr]    Compiling httpdate v0.3.2
[INFO] [stderr]    Compiling tower-service v0.3.2
[INFO] [stderr]    Compiling askama_escape v0.10.3
[INFO] [stderr]    Compiling bytecount v0.6.8
[INFO] [stderr]    Compiling powerfmt v0.2.0
[INFO] [stderr]    Compiling signal-hook-mio v0.2.3
[INFO] [stderr]    Compiling publicsuffix v1.5.6
[INFO] [stderr]    Compiling flate2 v1.0.30
[INFO] [stderr]    Compiling parking_lot v0.12.3
[INFO] [stderr]    Compiling anyhow v1.0.86
[INFO] [stderr]    Compiling deranged v0.3.11
[INFO] [stderr]    Compiling unicode-width v0.1.12
[INFO] [stderr]    Compiling base64 v0.11.0
[INFO] [stderr]    Compiling num-conv v0.1.0
[INFO] [stderr]    Compiling time-core v0.1.2
[INFO] [stderr]    Compiling minimal-lexical v0.2.1
[INFO] [stderr]    Compiling mime v0.3.17
[INFO] [stderr]    Compiling checked_int_cast v1.0.0
[INFO] [stderr]    Compiling rsass v0.13.0
[INFO] [stderr]    Compiling qrcode v0.12.0
[INFO] [stderr]    Compiling async-compression v0.3.15
[INFO] [stderr]    Compiling nom v7.1.3
[INFO] [stderr]    Compiling crossterm v0.23.2
[INFO] [stderr]    Compiling crossbeam-channel v0.5.13
[INFO] [stderr]    Compiling textwrap v0.11.0
[INFO] [stderr]    Compiling atty v0.2.14
[INFO] [stderr]    Compiling aho-corasick v0.7.15
[INFO] [stderr]    Compiling colored v2.1.0
[INFO] [stderr]    Compiling encoding_rs v0.8.34
[INFO] [stderr]    Compiling base64 v0.13.1
[INFO] [stderr]    Compiling dtoa v0.4.8
[INFO] [stderr]    Compiling bytesize v1.3.0
[INFO] [stderr]    Compiling vec_map v0.8.2
[INFO] [stderr]    Compiling strsim v0.8.0
[INFO] [stderr]    Compiling time v0.3.36
[INFO] [stderr]    Compiling ipnet v2.9.0
[INFO] [stderr]    Compiling regex-syntax v0.6.29
[INFO] [stderr]    Compiling ansi_term v0.12.1
[INFO] [stderr]    Compiling qr2term v0.2.3
[INFO] [stderr]    Compiling clap v2.34.0
[INFO] [stderr]    Compiling serde_derive v1.0.203
[INFO] [stderr]    Compiling futures-macro v0.3.30
[INFO] [stderr]    Compiling pin-project-internal v1.1.5
[INFO] [stderr]    Compiling thiserror-impl v1.0.61
[INFO] [stderr]    Compiling webpki v0.21.4
[INFO] [stderr]    Compiling sct v0.6.1
[INFO] [stderr]    Compiling time-macros-impl v0.1.2
[INFO] [stderr]    Compiling rustls v0.18.1
[INFO] [stderr]    Compiling rustls v0.17.0
[INFO] [stderr]    Compiling webpki-roots v0.20.0
[INFO] [stderr]    Compiling time-macros v0.1.1
[INFO] [stderr]    Compiling futures-util v0.3.30
[INFO] [stderr]    Compiling pest v2.7.10
[INFO] [stderr]    Compiling regex v1.4.6
[INFO] [stderr]    Compiling systemstat v0.2.3
[INFO] [stderr]    Compiling pin-project v1.1.5
[INFO] [stderr]    Compiling tokio-util v0.3.1
[INFO] [stderr]    Compiling tracing-futures v0.2.5
[INFO] [stderr]    Compiling tokio-rustls v0.13.1
[INFO] [stderr]    Compiling pest_meta v2.7.10
[INFO] [stderr]    Compiling tokio-rustls v0.14.1
[INFO] [stderr]    Compiling pest_generator v2.7.10
[INFO] [stderr]    Compiling pest_derive v2.7.10
[INFO] [stderr]    Compiling h2 v0.2.7
[INFO] [stderr]    Compiling futures-executor v0.3.30
[INFO] [stderr]    Compiling futures v0.3.30
[INFO] [stderr]    Compiling chrono v0.4.38
[INFO] [stderr]    Compiling toml v0.5.11
[INFO] [stderr]    Compiling serde_urlencoded v0.7.1
[INFO] [stderr]    Compiling serde_urlencoded v0.6.1
[INFO] [stderr]    Compiling json5 v0.4.1
[INFO] [stderr]    Compiling cookie_store v0.12.0
[INFO] [stderr]    Compiling askama_shared v0.11.2
[INFO] [stderr]    Compiling nonblock-logger v0.1.6
[INFO] [stderr]    Compiling fht2p v0.9.6 (/opt/rustwide/workdir)
[INFO] [stderr]    Compiling hyper v0.13.10
[INFO] [stderr]    Compiling askama_derive v0.10.5
[INFO] [stderr]    Compiling askama v0.10.5
[INFO] [stderr]    Compiling hyper-rustls v0.21.0
[INFO] [stderr]    Compiling reqwest v0.10.10
[INFO] [stderr]    --> in struct ErrorTemplate
[INFO] [stderr]    = use of deprecated field '_parent'
[INFO] [stderr]    --> in struct IndexTemplate
[INFO] [stderr]    = use of deprecated field '_parent'
[INFO] [stdout] warning: use of deprecated method `chrono::TimeZone::timestamp`: use `timestamp_opt()` instead
[INFO] [stdout]   --> src/views/entry.rs:35:37
[INFO] [stdout]    |
[INFO] [stdout] 35 |                     .map(|sd| Local.timestamp(sd.as_secs() as i64, sd.subsec_nanos()))
[INFO] [stdout]    |                                     ^^^^^^^^^
[INFO] [stdout]    |
[INFO] [stdout]    = note: `#[warn(deprecated)]` on by default
[INFO] [stdout] 
[INFO] [stdout] 
[INFO] [stdout] warning: creating a shared reference to mutable static is discouraged
[INFO] [stdout]   --> src/service.rs:56:24
[INFO] [stdout]    |
[INFO] [stdout] 56 |             assert_eq!(STATE.as_ref().unwrap().config, Self::global().config);
[INFO] [stdout]    |                        ^^^^^^^^^^^^^^ shared reference to mutable static
[INFO] [stdout]    |
[INFO] [stdout]    = note: for more information, see <https://doc.rust-lang.org/nightly/edition-guide/rust-2024/static-mut-references.html>
[INFO] [stdout]    = note: shared references to mutable statics are dangerous; it's undefined behavior if the static is mutated or if a mutable reference is created for it while the shared reference lives
[INFO] [stdout]    = note: `#[warn(static_mut_refs)]` on by default
[INFO] [stdout] 
[INFO] [stdout] 
[INFO] [stdout] warning: creating a shared reference to mutable static is discouraged
[INFO] [stdout]   --> src/service.rs:57:13
[INFO] [stdout]    |
[INFO] [stdout] 57 |             STATE.as_ref().unwrap()
[INFO] [stdout]    |             ^^^^^^^^^^^^^^ shared reference to mutable static
[INFO] [stdout]    |
[INFO] [stdout]    = note: for more information, see <https://doc.rust-lang.org/nightly/edition-guide/rust-2024/static-mut-references.html>
[INFO] [stdout]    = note: shared references to mutable statics are dangerous; it's undefined behavior if the static is mutated or if a mutable reference is created for it while the shared reference lives
[INFO] [stdout] 
[INFO] [stdout] 
[INFO] [stdout] warning: creating a shared reference to mutable static is discouraged
[INFO] [stdout]   --> src/service.rs:61:18
[INFO] [stdout]    |
[INFO] [stdout] 61 |         unsafe { STATE.as_ref().expect("Global State is None") }
[INFO] [stdout]    |                  ^^^^^^^^^^^^^^ shared reference to mutable static
[INFO] [stdout]    |
[INFO] [stdout]    = note: for more information, see <https://doc.rust-lang.org/nightly/edition-guide/rust-2024/static-mut-references.html>
[INFO] [stdout]    = note: shared references to mutable statics are dangerous; it's undefined behavior if the static is mutated or if a mutable reference is created for it while the shared reference lives
[INFO] [stdout] 
[INFO] [stdout] 
[INFO] [stderr]     Finished `dev` profile [unoptimized + debuginfo] target(s) in 1m 14s
[INFO] [stderr] warning: the following packages contain code that will be rejected by a future version of Rust: nom v6.1.2
[INFO] [stderr] note: to see what the problems were, use the option `--future-incompat-report`, or run `cargo report future-incompatibilities --id 1`
[INFO] running `Command { std: "docker" "inspect" "b466f057861a4f729cc6c9a19c3f0d7c829928a301a223d8b76081957a5099a6", kill_on_drop: false }`
[INFO] running `Command { std: "docker" "rm" "-f" "b466f057861a4f729cc6c9a19c3f0d7c829928a301a223d8b76081957a5099a6", kill_on_drop: false }`
[INFO] [stdout] b466f057861a4f729cc6c9a19c3f0d7c829928a301a223d8b76081957a5099a6
[INFO] running `Command { std: "docker" "create" "-v" "/var/lib/crater-agent-workspace/builds/worker-3-tc1/target:/opt/rustwide/target:rw,Z" "-v" "/var/lib/crater-agent-workspace/builds/worker-3-tc1/source:/opt/rustwide/workdir:ro,Z" "-v" "/var/lib/crater-agent-workspace/cargo-home:/opt/rustwide/cargo-home:ro,Z" "-v" "/var/lib/crater-agent-workspace/rustup-home:/opt/rustwide/rustup-home:ro,Z" "-e" "SOURCE_DIR=/opt/rustwide/workdir" "-e" "CARGO_TARGET_DIR=/opt/rustwide/target" "-e" "CARGO_INCREMENTAL=0" "-e" "RUST_BACKTRACE=full" "-e" "RUSTFLAGS=--cap-lints=forbid" "-e" "RUSTDOCFLAGS=--cap-lints=forbid" "-e" "CARGO_HOME=/opt/rustwide/cargo-home" "-e" "RUSTUP_HOME=/opt/rustwide/rustup-home" "-w" "/opt/rustwide/workdir" "-m" "1610612736" "--user" "0:0" "--network" "none" "ghcr.io/rust-lang/crates-build-env/linux@sha256:819108c5571ea2e421544af4d832f968d213c87fbe3707a016657f43d2f853bc" "/opt/rustwide/cargo-home/bin/cargo" "+nightly-2025-01-18" "test" "--frozen" "--no-run" "--message-format=json", kill_on_drop: false }`
[INFO] [stdout] 29eb85010783f085c174b7a79760d8a937778723f5b302baceec793b0cdcaaca
[INFO] running `Command { std: "docker" "start" "-a" "29eb85010783f085c174b7a79760d8a937778723f5b302baceec793b0cdcaaca", kill_on_drop: false }`
[INFO] [stderr]    Compiling same-file v1.0.6
[INFO] [stderr]    --> in struct ErrorTemplate
[INFO] [stderr]    = use of deprecated field '_parent'
[INFO] [stderr]    --> in struct IndexTemplate
[INFO] [stderr]    = use of deprecated field '_parent'
[INFO] [stdout] warning: use of deprecated method `chrono::TimeZone::timestamp`: use `timestamp_opt()` instead
[INFO] [stdout]   --> src/views/entry.rs:35:37
[INFO] [stdout]    |
[INFO] [stdout] 35 |                     .map(|sd| Local.timestamp(sd.as_secs() as i64, sd.subsec_nanos()))
[INFO] [stdout]    |                                     ^^^^^^^^^
[INFO] [stdout]    |
[INFO] [stdout]    = note: `#[warn(deprecated)]` on by default
[INFO] [stdout] 
[INFO] [stdout] 
[INFO] [stdout] warning: creating a shared reference to mutable static is discouraged
[INFO] [stdout]   --> src/service.rs:56:24
[INFO] [stdout]    |
[INFO] [stdout] 56 |             assert_eq!(STATE.as_ref().unwrap().config, Self::global().config);
[INFO] [stdout]    |                        ^^^^^^^^^^^^^^ shared reference to mutable static
[INFO] [stdout]    |
[INFO] [stdout]    = note: for more information, see <https://doc.rust-lang.org/nightly/edition-guide/rust-2024/static-mut-references.html>
[INFO] [stdout]    = note: shared references to mutable statics are dangerous; it's undefined behavior if the static is mutated or if a mutable reference is created for it while the shared reference lives
[INFO] [stdout]    = note: `#[warn(static_mut_refs)]` on by default
[INFO] [stdout] 
[INFO] [stdout] 
[INFO] [stdout] warning: creating a shared reference to mutable static is discouraged
[INFO] [stdout]   --> src/service.rs:57:13
[INFO] [stdout]    |
[INFO] [stdout] 57 |             STATE.as_ref().unwrap()
[INFO] [stdout]    |             ^^^^^^^^^^^^^^ shared reference to mutable static
[INFO] [stdout]    |
[INFO] [stdout]    = note: for more information, see <https://doc.rust-lang.org/nightly/edition-guide/rust-2024/static-mut-references.html>
[INFO] [stdout]    = note: shared references to mutable statics are dangerous; it's undefined behavior if the static is mutated or if a mutable reference is created for it while the shared reference lives
[INFO] [stdout] 
[INFO] [stdout] 
[INFO] [stdout] warning: creating a shared reference to mutable static is discouraged
[INFO] [stdout]   --> src/service.rs:61:18
[INFO] [stdout]    |
[INFO] [stdout] 61 |         unsafe { STATE.as_ref().expect("Global State is None") }
[INFO] [stdout]    |                  ^^^^^^^^^^^^^^ shared reference to mutable static
[INFO] [stdout]    |
[INFO] [stdout]    = note: for more information, see <https://doc.rust-lang.org/nightly/edition-guide/rust-2024/static-mut-references.html>
[INFO] [stdout]    = note: shared references to mutable statics are dangerous; it's undefined behavior if the static is mutated or if a mutable reference is created for it while the shared reference lives
[INFO] [stdout] 
[INFO] [stdout] 
[INFO] [stderr]    Compiling walkdir v2.5.0
[INFO] [stderr]    Compiling fht2p v0.9.6 (/opt/rustwide/workdir)
[INFO] [stderr]    --> in struct ErrorTemplate
[INFO] [stderr]    = use of deprecated field '_parent'
[INFO] [stderr]    --> in struct IndexTemplate
[INFO] [stderr]    = use of deprecated field '_parent'
[INFO] [stdout] warning: use of deprecated method `chrono::TimeZone::timestamp`: use `timestamp_opt()` instead
[INFO] [stdout]   --> src/views/entry.rs:35:37
[INFO] [stdout]    |
[INFO] [stdout] 35 |                     .map(|sd| Local.timestamp(sd.as_secs() as i64, sd.subsec_nanos()))
[INFO] [stdout]    |                                     ^^^^^^^^^
[INFO] [stdout]    |
[INFO] [stdout]    = note: `#[warn(deprecated)]` on by default
[INFO] [stdout] 
[INFO] [stdout] 
[INFO] [stdout] warning: creating a shared reference to mutable static is discouraged
[INFO] [stdout]   --> src/service.rs:56:24
[INFO] [stdout]    |
[INFO] [stdout] 56 |             assert_eq!(STATE.as_ref().unwrap().config, Self::global().config);
[INFO] [stdout]    |                        ^^^^^^^^^^^^^^ shared reference to mutable static
[INFO] [stdout]    |
[INFO] [stdout]    = note: for more information, see <https://doc.rust-lang.org/nightly/edition-guide/rust-2024/static-mut-references.html>
[INFO] [stdout]    = note: shared references to mutable statics are dangerous; it's undefined behavior if the static is mutated or if a mutable reference is created for it while the shared reference lives
[INFO] [stdout]    = note: `#[warn(static_mut_refs)]` on by default
[INFO] [stdout] 
[INFO] [stdout] 
[INFO] [stdout] warning: creating a shared reference to mutable static is discouraged
[INFO] [stdout]   --> src/service.rs:57:13
[INFO] [stdout]    |
[INFO] [stdout] 57 |             STATE.as_ref().unwrap()
[INFO] [stdout]    |             ^^^^^^^^^^^^^^ shared reference to mutable static
[INFO] [stdout]    |
[INFO] [stdout]    = note: for more information, see <https://doc.rust-lang.org/nightly/edition-guide/rust-2024/static-mut-references.html>
[INFO] [stdout]    = note: shared references to mutable statics are dangerous; it's undefined behavior if the static is mutated or if a mutable reference is created for it while the shared reference lives
[INFO] [stdout] 
[INFO] [stdout] 
[INFO] [stdout] warning: creating a shared reference to mutable static is discouraged
[INFO] [stdout]   --> src/service.rs:61:18
[INFO] [stdout]    |
[INFO] [stdout] 61 |         unsafe { STATE.as_ref().expect("Global State is None") }
[INFO] [stdout]    |                  ^^^^^^^^^^^^^^ shared reference to mutable static
[INFO] [stdout]    |
[INFO] [stdout]    = note: for more information, see <https://doc.rust-lang.org/nightly/edition-guide/rust-2024/static-mut-references.html>
[INFO] [stdout]    = note: shared references to mutable statics are dangerous; it's undefined behavior if the static is mutated or if a mutable reference is created for it while the shared reference lives
[INFO] [stdout] 
[INFO] [stdout] 
[INFO] [stderr]     Finished `test` profile [unoptimized + debuginfo] target(s) in 5.00s
[INFO] [stderr] warning: the following packages contain code that will be rejected by a future version of Rust: nom v6.1.2
[INFO] [stderr] note: to see what the problems were, use the option `--future-incompat-report`, or run `cargo report future-incompatibilities --id 1`
[INFO] running `Command { std: "docker" "inspect" "29eb85010783f085c174b7a79760d8a937778723f5b302baceec793b0cdcaaca", kill_on_drop: false }`
[INFO] running `Command { std: "docker" "rm" "-f" "29eb85010783f085c174b7a79760d8a937778723f5b302baceec793b0cdcaaca", kill_on_drop: false }`
[INFO] [stdout] 29eb85010783f085c174b7a79760d8a937778723f5b302baceec793b0cdcaaca
[INFO] running `Command { std: "docker" "create" "-v" "/var/lib/crater-agent-workspace/builds/worker-3-tc1/target:/opt/rustwide/target:rw,Z" "-v" "/var/lib/crater-agent-workspace/builds/worker-3-tc1/source:/opt/rustwide/workdir:ro,Z" "-v" "/var/lib/crater-agent-workspace/cargo-home:/opt/rustwide/cargo-home:ro,Z" "-v" "/var/lib/crater-agent-workspace/rustup-home:/opt/rustwide/rustup-home:ro,Z" "-e" "SOURCE_DIR=/opt/rustwide/workdir" "-e" "CARGO_TARGET_DIR=/opt/rustwide/target" "-e" "CARGO_INCREMENTAL=0" "-e" "RUST_BACKTRACE=full" "-e" "RUSTFLAGS=--cap-lints=forbid" "-e" "RUSTDOCFLAGS=--cap-lints=forbid" "-e" "CARGO_HOME=/opt/rustwide/cargo-home" "-e" "RUSTUP_HOME=/opt/rustwide/rustup-home" "-w" "/opt/rustwide/workdir" "-m" "1610612736" "--user" "0:0" "--network" "none" "ghcr.io/rust-lang/crates-build-env/linux@sha256:819108c5571ea2e421544af4d832f968d213c87fbe3707a016657f43d2f853bc" "/opt/rustwide/cargo-home/bin/cargo" "+nightly-2025-01-18" "test" "--frozen", kill_on_drop: false }`
[INFO] [stdout] b9c9920f237baf05bb1009e1ca467baccf012ac53c1b448ac3b24cc238ad587b
[INFO] running `Command { std: "docker" "start" "-a" "b9c9920f237baf05bb1009e1ca467baccf012ac53c1b448ac3b24cc238ad587b", kill_on_drop: false }`
[INFO] [stderr]    --> in struct ErrorTemplate
[INFO] [stderr]    = use of deprecated field '_parent'
[INFO] [stderr]    --> in struct IndexTemplate
[INFO] [stderr]    = use of deprecated field '_parent'
[INFO] [stderr] warning: use of deprecated method `chrono::TimeZone::timestamp`: use `timestamp_opt()` instead
[INFO] [stderr]   --> src/views/entry.rs:35:37
[INFO] [stderr]    |
[INFO] [stderr] 35 |                     .map(|sd| Local.timestamp(sd.as_secs() as i64, sd.subsec_nanos()))
[INFO] [stderr]    |                                     ^^^^^^^^^
[INFO] [stderr]    |
[INFO] [stderr]    = note: `#[warn(deprecated)]` on by default
[INFO] [stderr] 
[INFO] [stderr] warning: creating a shared reference to mutable static is discouraged
[INFO] [stderr]   --> src/service.rs:56:24
[INFO] [stderr]    |
[INFO] [stderr] 56 |             assert_eq!(STATE.as_ref().unwrap().config, Self::global().config);
[INFO] [stderr]    |                        ^^^^^^^^^^^^^^ shared reference to mutable static
[INFO] [stderr]    |
[INFO] [stderr]    = note: for more information, see <https://doc.rust-lang.org/nightly/edition-guide/rust-2024/static-mut-references.html>
[INFO] [stderr]    = note: shared references to mutable statics are dangerous; it's undefined behavior if the static is mutated or if a mutable reference is created for it while the shared reference lives
[INFO] [stderr]    = note: `#[warn(static_mut_refs)]` on by default
[INFO] [stderr] 
[INFO] [stderr] warning: creating a shared reference to mutable static is discouraged
[INFO] [stderr]   --> src/service.rs:57:13
[INFO] [stderr]    |
[INFO] [stderr] 57 |             STATE.as_ref().unwrap()
[INFO] [stderr]    |             ^^^^^^^^^^^^^^ shared reference to mutable static
[INFO] [stderr]    |
[INFO] [stderr]    = note: for more information, see <https://doc.rust-lang.org/nightly/edition-guide/rust-2024/static-mut-references.html>
[INFO] [stderr]    = note: shared references to mutable statics are dangerous; it's undefined behavior if the static is mutated or if a mutable reference is created for it while the shared reference lives
[INFO] [stderr] 
[INFO] [stderr] warning: creating a shared reference to mutable static is discouraged
[INFO] [stderr]   --> src/service.rs:61:18
[INFO] [stderr]    |
[INFO] [stderr] 61 |         unsafe { STATE.as_ref().expect("Global State is None") }
[INFO] [stderr]    |                  ^^^^^^^^^^^^^^ shared reference to mutable static
[INFO] [stderr]    |
[INFO] [stderr]    = note: for more information, see <https://doc.rust-lang.org/nightly/edition-guide/rust-2024/static-mut-references.html>
[INFO] [stderr]    = note: shared references to mutable statics are dangerous; it's undefined behavior if the static is mutated or if a mutable reference is created for it while the shared reference lives
[INFO] [stderr] 
[INFO] [stderr]    --> in struct ErrorTemplate
[INFO] [stderr]    = use of deprecated field '_parent'
[INFO] [stderr]    --> in struct IndexTemplate
[INFO] [stderr]    = use of deprecated field '_parent'
[INFO] [stderr] warning: `fht2p` (lib) generated 4 warnings
[INFO] [stderr] warning: `fht2p` (lib test) generated 4 warnings (4 duplicates)
[INFO] [stderr]     Finished `test` profile [unoptimized + debuginfo] target(s) in 0.24s
[INFO] [stderr] warning: the following packages contain code that will be rejected by a future version of Rust: nom v6.1.2
[INFO] [stderr] note: to see what the problems were, use the option `--future-incompat-report`, or run `cargo report future-incompatibilities --id 1`
[INFO] [stderr]      Running unittests src/lib.rs (/opt/rustwide/target/debug/deps/fht2plib-cd8a865178bada9b)
[INFO] [stdout] 
[INFO] [stdout] running 12 tests
[INFO] [stdout] test config::kv_parser_test ... ok
[INFO] [stdout] test handlers::file_upload::multipart::contentype_and_boundary_test ... ok
[INFO] [stdout] test handlers::file_upload::multipart::filename_and_contentype_test ... ok
[INFO] [stdout] test handlers::file_upload::multipart::parse_part_eof_test ... ok
[INFO] [stdout] test handlers::mkdir::str_to_mkdir_test ... ok
[INFO] [stdout] test handlers::proxy::proxy_uri_regex_test ... ok
[INFO] [stdout] test consts::consts_test ... ok
[INFO] [stdout] test tools::test_url_for_parent ... ok
[INFO] [stdout] test tools::test_url_path_decode ... ok
[INFO] [stdout] test typemap::test_typemap ... ok
[INFO] [stdout] test args::args_is_empty_test ... ok
[INFO] [stdout] test middlewares::cors::uri_to_host_test ... ok
[INFO] [stderr]      Running unittests src/main.rs (/opt/rustwide/target/debug/deps/fht2p-fa56c433c196b7ff)
[INFO] [stdout] 
[INFO] [stdout] test result: ok. 12 passed; 0 failed; 0 ignored; 0 measured; 0 filtered out; finished in 0.08s
[INFO] [stdout] 
[INFO] [stdout] 
[INFO] [stdout] running 0 tests
[INFO] [stdout] 
[INFO] [stdout] test result: ok. 0 passed; 0 failed; 0 ignored; 0 measured; 0 filtered out; finished in 0.00s
[INFO] [stdout] 
[INFO] [stderr]      Running tests/full-http.rs (/opt/rustwide/target/debug/deps/full_http-36e01b21eec2d8ca)
[INFO] [stdout] 
[INFO] [stdout] running 1 test
[INFO] [stderr]    Compiling proc-macro2 v1.0.84
[INFO] [stderr]    Compiling libc v0.2.155
[INFO] [stderr]    Compiling unicode-ident v1.0.12
[INFO] [stderr]    Compiling autocfg v1.3.0
[INFO] [stderr]    Compiling version_check v0.9.4
[INFO] [stderr]    Compiling memchr v2.7.2
[INFO] [stderr]    Compiling serde v1.0.203
[INFO] [stderr]    Compiling cfg-if v1.0.0
[INFO] [stderr]    Compiling log v0.4.21
[INFO] [stderr]    Compiling lexical-core v0.7.6
[INFO] [stderr]    Compiling once_cell v1.19.0
[INFO] [stderr]    Compiling syn v1.0.109
[INFO] [stderr]    Compiling getrandom v0.1.16
[INFO] [stderr]    Compiling futures-core v0.3.30
[INFO] [stderr]    Compiling radium v0.5.3
[INFO] [stderr]    Compiling cc v1.0.98
[INFO] [stderr]    Compiling cfg-if v0.1.10
[INFO] [stderr]    Compiling lazy_static v1.4.0
[INFO] [stderr]    Compiling pin-project-lite v0.2.14
[INFO] [stderr]    Compiling bytes v0.5.6
[INFO] [stderr]    Compiling fnv v1.0.7
[INFO] [stderr]    Compiling thiserror v1.0.61
[INFO] [stderr]    Compiling untrusted v0.7.1
[INFO] [stderr]    Compiling percent-encoding v2.3.1
[INFO] [stderr]    Compiling spin v0.5.2
[INFO] [stderr]    Compiling bitflags v1.3.2
[INFO] [stderr]    Compiling futures-sink v0.3.30
[INFO] [stderr]    Compiling arrayvec v0.5.2
[INFO] [stderr]    Compiling itoa v1.0.11
[INFO] [stderr]    Compiling ryu v1.0.18
[INFO] [stderr]    Compiling static_assertions v1.1.0
[INFO] [stderr]    Compiling num-traits v0.2.19
[INFO] [stderr]    Compiling slab v0.4.9
[INFO] [stderr]    Compiling tinyvec_macros v0.1.1
[INFO] [stderr]    Compiling proc-macro-hack v0.5.20+deprecated
[INFO] [stderr]    Compiling tinyvec v1.6.0
[INFO] [stderr]    Compiling pin-project-lite v0.1.12
[INFO] [stderr]    Compiling futures-channel v0.3.30
[INFO] [stderr]    Compiling quote v1.0.36
[INFO] [stderr]    Compiling standback v0.2.17
[INFO] [stdout] test full_http_test ... FAILED
[INFO] [stdout] 
[INFO] [stdout] failures:
[INFO] [stdout] 
[INFO] [stdout] ---- full_http_test stdout ----
[INFO] [stdout] get /tests/dir/index.htm/ failed: error sending request for url (http://127.0.0.1:9880/): error trying to connect: tcp connect error: Connection refused (os error 111)
[INFO] [stdout] 
[INFO] [stdout] Caused by:
[INFO] [stdout]     0: error trying to connect: tcp connect error: Connection refused (os error 111)
[INFO] [stdout]     1: tcp connect error: Connection refused (os error 111)
[INFO] [stdout]     2: Connection refused (os error 111)
[INFO] [stdout] 
[INFO] [stdout] Stack backtrace:
[INFO] [stdout]    0: anyhow::error::<impl core::convert::From<E> for anyhow::Error>::from
[INFO] [stdout]              at /opt/rustwide/cargo-home/registry/src/index.crates.io-1949cf8c6b5b557f/anyhow-1.0.86/src/backtrace.rs:27:14
[INFO] [stdout]    1: <core::result::Result<T,F> as core::ops::try_trait::FromResidual<core::result::Result<core::convert::Infallible,E>>>::from_residual
[INFO] [stdout]              at /rustc/6067b36314ab5eb2eb47cecc464545ba58e1ad24/library/core/src/result.rs:2014:27
[INFO] [stdout]    2: full_http::get_text::{{closure}}
[INFO] [stdout]              at ./tests/full-http.rs:262:16
[INFO] [stdout]    3: full_http::httpt_get_proxy_with_auth::{{closure}}
[INFO] [stdout]              at ./tests/full-http.rs:273:10
[INFO] [stdout]    4: tokio::runtime::enter::Enter::block_on::{{closure}}
[INFO] [stdout]              at /opt/rustwide/cargo-home/registry/src/index.crates.io-1949cf8c6b5b557f/tokio-0.2.25/src/runtime/enter.rs:160:58
[INFO] [stdout]    5: tokio::coop::with_budget::{{closure}}
[INFO] [stdout]              at /opt/rustwide/cargo-home/registry/src/index.crates.io-1949cf8c6b5b557f/tokio-0.2.25/src/coop.rs:127:9
[INFO] [stdout]    6: std::thread::local::LocalKey<T>::try_with
[INFO] [stdout]              at /rustc/6067b36314ab5eb2eb47cecc464545ba58e1ad24/library/std/src/thread/local.rs:308:12
[INFO] [stdout]    7: std::thread::local::LocalKey<T>::with
[INFO] [stdout]              at /rustc/6067b36314ab5eb2eb47cecc464545ba58e1ad24/library/std/src/thread/local.rs:272:9
[INFO] [stdout]    8: tokio::coop::with_budget
[INFO] [stdout]              at /opt/rustwide/cargo-home/registry/src/index.crates.io-1949cf8c6b5b557f/tokio-0.2.25/src/coop.rs:120:5
[INFO] [stdout]    9: tokio::coop::budget
[INFO] [stdout]              at /opt/rustwide/cargo-home/registry/src/index.crates.io-1949cf8c6b5b557f/tokio-0.2.25/src/coop.rs:96:5
[INFO] [stdout]   10: tokio::runtime::enter::Enter::block_on
[INFO] [stdout]              at /opt/rustwide/cargo-home/registry/src/index.crates.io-1949cf8c6b5b557f/tokio-0.2.25/src/runtime/enter.rs:160:35
[INFO] [stdout]   11: tokio::runtime::thread_pool::ThreadPool::block_on
[INFO] [stdout]              at /opt/rustwide/cargo-home/registry/src/index.crates.io-1949cf8c6b5b557f/tokio-0.2.25/src/runtime/thread_pool/mod.rs:82:9
[INFO] [stdout]   12: tokio::runtime::Runtime::block_on::{{closure}}
[INFO] [stdout]              at /opt/rustwide/cargo-home/registry/src/index.crates.io-1949cf8c6b5b557f/tokio-0.2.25/src/runtime/mod.rs:446:39
[INFO] [stdout]   13: tokio::runtime::context::enter
[INFO] [stdout]              at /opt/rustwide/cargo-home/registry/src/index.crates.io-1949cf8c6b5b557f/tokio-0.2.25/src/runtime/context.rs:72:5
[INFO] [stdout]   14: tokio::runtime::handle::Handle::enter
[INFO] [stdout]              at /opt/rustwide/cargo-home/registry/src/index.crates.io-1949cf8c6b5b557f/tokio-0.2.25/src/runtime/handle.rs:76:9
[INFO] [stdout]   15: tokio::runtime::Runtime::block_on
[INFO] [stdout]              at /opt/rustwide/cargo-home/registry/src/index.crates.io-1949cf8c6b5b557f/tokio-0.2.25/src/runtime/mod.rs:441:9
[INFO] [stdout]   16: full_http::full_http_test::{{closure}}::{{closure}}::{{closure}}
[INFO] [stdout]              at ./tests/full-http.rs:403:17
[INFO] [stdout]   17: std::panicking::try::do_call
[INFO] [stdout]              at /rustc/6067b36314ab5eb2eb47cecc464545ba58e1ad24/library/std/src/panicking.rs:587:40
[INFO] [stdout]   18: __rust_try
[INFO] [stdout]   19: std::panicking::try
[INFO] [stdout]              at /rustc/6067b36314ab5eb2eb47cecc464545ba58e1ad24/library/std/src/panicking.rs:550:19
[INFO] [stdout]   20: std::panic::catch_unwind
[INFO] [stdout]              at /rustc/6067b36314ab5eb2eb47cecc464545ba58e1ad24/library/std/src/panic.rs:358:14
[INFO] [stdout]   21: full_http::full_http_test::{{closure}}::{{closure}}
[INFO] [stdout]              at ./tests/full-http.rs:401:13
[INFO] [stdout]   22: std::sys::backtrace::__rust_begin_short_backtrace
[INFO] [stdout]              at /rustc/6067b36314ab5eb2eb47cecc464545ba58e1ad24/library/std/src/sys/backtrace.rs:152:18
[INFO] [stdout]   23: std::thread::Builder::spawn_unchecked_::{{closure}}::{{closure}}
[INFO] [stdout]              at /rustc/6067b36314ab5eb2eb47cecc464545ba58e1ad24/library/std/src/thread/mod.rs:559:17
[INFO] [stdout]   24: <core::panic::unwind_safe::AssertUnwindSafe<F> as core::ops::function::FnOnce<()>>::call_once
[INFO] [stdout]              at /rustc/6067b36314ab5eb2eb47cecc464545ba58e1ad24/library/core/src/panic/unwind_safe.rs:272:9
[INFO] [stdout]   25: std::panicking::try::do_call
[INFO] [stdout]              at /rustc/6067b36314ab5eb2eb47cecc464545ba58e1ad24/library/std/src/panicking.rs:587:40
[INFO] [stdout]   26: __rust_try
[INFO] [stdout]   27: std::panicking::try
[INFO] [stdout]              at /rustc/6067b36314ab5eb2eb47cecc464545ba58e1ad24/library/std/src/panicking.rs:550:19
[INFO] [stdout]   28: std::panic::catch_unwind
[INFO] [stdout]              at /rustc/6067b36314ab5eb2eb47cecc464545ba58e1ad24/library/std/src/panic.rs:358:14
[INFO] [stdout]   29: std::thread::Builder::spawn_unchecked_::{{closure}}
[INFO] [stdout]              at /rustc/6067b36314ab5eb2eb47cecc464545ba58e1ad24/library/std/src/thread/mod.rs:557:30
[INFO] [stdout]   30: core::ops::function::FnOnce::call_once{{vtable.shim}}
[INFO] [stdout]              at /rustc/6067b36314ab5eb2eb47cecc464545ba58e1ad24/library/core/src/ops/function.rs:250:5
[INFO] [stdout]   31: <alloc::boxed::Box<F,A> as core::ops::function::FnOnce<Args>>::call_once
[INFO] [stdout]              at /rustc/6067b36314ab5eb2eb47cecc464545ba58e1ad24/library/alloc/src/boxed.rs:2013:9
[INFO] [stdout]   32: <alloc::boxed::Box<F,A> as core::ops::function::FnOnce<Args>>::call_once
[INFO] [stdout]              at /rustc/6067b36314ab5eb2eb47cecc464545ba58e1ad24/library/alloc/src/boxed.rs:2013:9
[INFO] [stdout]   33: std::sys::pal::unix::thread::Thread::new::thread_start
[INFO] [stdout]              at /rustc/6067b36314ab5eb2eb47cecc464545ba58e1ad24/library/std/src/sys/pal/unix/thread.rs:106:17
[INFO] [stdout]   34: <unknown>
[INFO] [stdout]   35: clone
[INFO] [stdout] 
[INFO] [stdout] thread '<unnamed>' panicked at tests/full-http.rs:275:10:
[INFO] [stdout] called `Result::unwrap()` on an `Err` value: ()
[INFO] [stdout] stack backtrace:
[INFO] [stdout]    0:     0x609d4832704a - std::backtrace_rs::backtrace::libunwind::trace::hb059275cfc8d6126
[INFO] [stdout]                                at /rustc/6067b36314ab5eb2eb47cecc464545ba58e1ad24/library/std/src/../../backtrace/src/backtrace/libunwind.rs:116:5
[INFO] [stdout]    1:     0x609d4832704a - std::backtrace_rs::backtrace::trace_unsynchronized::h2da071e4327ce3ee
[INFO] [stdout]                                at /rustc/6067b36314ab5eb2eb47cecc464545ba58e1ad24/library/std/src/../../backtrace/src/backtrace/mod.rs:66:5
[INFO] [stdout]    2:     0x609d4832704a - std::sys::backtrace::_print_fmt::h842a1474e6f8d23f
[INFO] [stdout]                                at /rustc/6067b36314ab5eb2eb47cecc464545ba58e1ad24/library/std/src/sys/backtrace.rs:66:9
[INFO] [stdout]    3:     0x609d4832704a - <std::sys::backtrace::BacktraceLock::print::DisplayBacktrace as core::fmt::Display>::fmt::h71a62eb3b9696b12
[INFO] [stdout]                                at /rustc/6067b36314ab5eb2eb47cecc464545ba58e1ad24/library/std/src/sys/backtrace.rs:39:26
[INFO] [stdout]    4:     0x609d48354c23 - core::fmt::rt::Argument::fmt::hdb6b616786b41dc1
[INFO] [stdout]                                at /rustc/6067b36314ab5eb2eb47cecc464545ba58e1ad24/library/core/src/fmt/rt.rs:177:76
[INFO] [stdout]    5:     0x609d48354c23 - core::fmt::write::h2cc1698af7e2d686
[INFO] [stdout]                                at /rustc/6067b36314ab5eb2eb47cecc464545ba58e1ad24/library/core/src/fmt/mod.rs:1440:21
[INFO] [stdout]    6:     0x609d48322aa3 - std::io::Write::write_fmt::hab1b4cd059a79022
[INFO] [stdout]                                at /rustc/6067b36314ab5eb2eb47cecc464545ba58e1ad24/library/std/src/io/mod.rs:1887:15
[INFO] [stdout]    7:     0x609d48326e92 - std::sys::backtrace::BacktraceLock::print::h147fe35b4ea13b08
[INFO] [stdout]                                at /rustc/6067b36314ab5eb2eb47cecc464545ba58e1ad24/library/std/src/sys/backtrace.rs:42:9
[INFO] [stdout]    8:     0x609d4832846f - std::panicking::default_hook::{{closure}}::hbd44223dbdc0d208
[INFO] [stdout]                                at /rustc/6067b36314ab5eb2eb47cecc464545ba58e1ad24/library/std/src/panicking.rs:298:22
[INFO] [stdout]    9:     0x609d48328288 - std::panicking::default_hook::h20f81eb0576efcec
[INFO] [stdout]                                at /rustc/6067b36314ab5eb2eb47cecc464545ba58e1ad24/library/std/src/panicking.rs:322:9
[INFO] [stdout]   10:     0x609d47cbf4a3 - <alloc::boxed::Box<F,A> as core::ops::function::Fn<Args>>::call::hdb53814c496a4d34
[INFO] [stdout]                                at /rustc/6067b36314ab5eb2eb47cecc464545ba58e1ad24/library/alloc/src/boxed.rs:2027:9
[INFO] [stdout]   11:     0x609d47cbf4a3 - test::test_main::{{closure}}::hc0a4963c59427c24
[INFO] [stdout]                                at /rustc/6067b36314ab5eb2eb47cecc464545ba58e1ad24/library/test/src/lib.rs:134:21
[INFO] [stdout]   12:     0x609d48328f63 - <alloc::boxed::Box<F,A> as core::ops::function::Fn<Args>>::call::h591b2225413a77e9
[INFO] [stdout]                                at /rustc/6067b36314ab5eb2eb47cecc464545ba58e1ad24/library/alloc/src/boxed.rs:2027:9
[INFO] [stdout]   13:     0x609d48328f63 - std::panicking::rust_panic_with_hook::h625eea43051b2edc
[INFO] [stdout]                                at /rustc/6067b36314ab5eb2eb47cecc464545ba58e1ad24/library/std/src/panicking.rs:839:13
[INFO] [stdout]   14:     0x609d48328c1a - std::panicking::begin_panic_handler::{{closure}}::h4f9159cfbc3f6bd3
[INFO] [stdout]                                at /rustc/6067b36314ab5eb2eb47cecc464545ba58e1ad24/library/std/src/panicking.rs:704:13
[INFO] [stdout]   15:     0x609d48327549 - std::sys::backtrace::__rust_end_short_backtrace::h0390abce48353151
[INFO] [stdout]                                at /rustc/6067b36314ab5eb2eb47cecc464545ba58e1ad24/library/std/src/sys/backtrace.rs:168:18
[INFO] [stdout]   16:     0x609d483288ad - rust_begin_unwind
[INFO] [stdout]                                at /rustc/6067b36314ab5eb2eb47cecc464545ba58e1ad24/library/std/src/panicking.rs:695:5
[INFO] [stdout]   17:     0x609d48352880 - core::panicking::panic_fmt::h9e7c637e9e5f29c9
[INFO] [stdout]                                at /rustc/6067b36314ab5eb2eb47cecc464545ba58e1ad24/library/core/src/panicking.rs:75:14
[INFO] [stdout]   18:     0x609d48352cf6 - core::result::unwrap_failed::h7979f09313fe1849
[INFO] [stdout]                                at /rustc/6067b36314ab5eb2eb47cecc464545ba58e1ad24/library/core/src/result.rs:1704:5
[INFO] [stdout]   19:     0x609d47c716b1 - core::result::Result<T,E>::unwrap::h7083a3838117ced6
[INFO] [stdout]                                at /rustc/6067b36314ab5eb2eb47cecc464545ba58e1ad24/library/core/src/result.rs:1109:23
[INFO] [stdout]   20:     0x609d47c716b1 - full_http::httpt_get_proxy_with_auth::{{closure}}::hf1f994a1589acb89
[INFO] [stdout]                                at /opt/rustwide/workdir/tests/full-http.rs:272:15
[INFO] [stdout]   21:     0x609d47c79b3f - tokio::runtime::enter::Enter::block_on::{{closure}}::he99b7230278e67cc
[INFO] [stdout]                                at /opt/rustwide/cargo-home/registry/src/index.crates.io-1949cf8c6b5b557f/tokio-0.2.25/src/runtime/enter.rs:160:58
[INFO] [stdout]   22:     0x609d47c7e283 - tokio::coop::with_budget::{{closure}}::ha864780d8ff539cd
[INFO] [stdout]                                at /opt/rustwide/cargo-home/registry/src/index.crates.io-1949cf8c6b5b557f/tokio-0.2.25/src/coop.rs:127:9
[INFO] [stdout]   23:     0x609d47c5eae5 - std::thread::local::LocalKey<T>::try_with::hb89d2e435ed9fb5c
[INFO] [stdout]                                at /rustc/6067b36314ab5eb2eb47cecc464545ba58e1ad24/library/std/src/thread/local.rs:308:12
[INFO] [stdout]   24:     0x609d47c5d41a - std::thread::local::LocalKey<T>::with::hb11d58dbae030be2
[INFO] [stdout]                                at /rustc/6067b36314ab5eb2eb47cecc464545ba58e1ad24/library/std/src/thread/local.rs:272:9
[INFO] [stdout]   25:     0x609d47c79551 - tokio::coop::with_budget::h56dd5919dca806c3
[INFO] [stdout]                                at /opt/rustwide/cargo-home/registry/src/index.crates.io-1949cf8c6b5b557f/tokio-0.2.25/src/coop.rs:120:5
[INFO] [stdout]   26:     0x609d47c79551 - tokio::coop::budget::hcce2f8ecee05877c
[INFO] [stdout]                                at /opt/rustwide/cargo-home/registry/src/index.crates.io-1949cf8c6b5b557f/tokio-0.2.25/src/coop.rs:96:5
[INFO] [stdout]   27:     0x609d47c79551 - tokio::runtime::enter::Enter::block_on::he2c6befe2f79f174
[INFO] [stdout]                                at /opt/rustwide/cargo-home/registry/src/index.crates.io-1949cf8c6b5b557f/tokio-0.2.25/src/runtime/enter.rs:160:35
[INFO] [stdout]   28:     0x609d47c6563f - tokio::runtime::thread_pool::ThreadPool::block_on::h44bfa3b177656774
[INFO] [stdout]                                at /opt/rustwide/cargo-home/registry/src/index.crates.io-1949cf8c6b5b557f/tokio-0.2.25/src/runtime/thread_pool/mod.rs:82:9
[INFO] [stdout]   29:     0x609d47c7a199 - tokio::runtime::Runtime::block_on::{{closure}}::hf13abc2038a47f32
[INFO] [stdout]                                at /opt/rustwide/cargo-home/registry/src/index.crates.io-1949cf8c6b5b557f/tokio-0.2.25/src/runtime/mod.rs:446:39
[INFO] [stdout]   30:     0x609d47c68d36 - tokio::runtime::context::enter::h23fcce9a8c541098
[INFO] [stdout]                                at /opt/rustwide/cargo-home/registry/src/index.crates.io-1949cf8c6b5b557f/tokio-0.2.25/src/runtime/context.rs:72:5
[INFO] [stdout]   31:     0x609d47c800bc - tokio::runtime::handle::Handle::enter::hb05eaf6dda5f1323
[INFO] [stdout]                                at /opt/rustwide/cargo-home/registry/src/index.crates.io-1949cf8c6b5b557f/tokio-0.2.25/src/runtime/handle.rs:76:9
[INFO] [stdout]   32:     0x609d47c79c99 - tokio::runtime::Runtime::block_on::hd4c0710e5340e956
[INFO] [stdout]                                at /opt/rustwide/cargo-home/registry/src/index.crates.io-1949cf8c6b5b557f/tokio-0.2.25/src/runtime/mod.rs:441:9
[INFO] [stdout]   33:     0x609d47c74b06 - full_http::full_http_test::{{closure}}::{{closure}}::{{closure}}::h39ac545eb7aa3038
[INFO] [stdout]                                at /opt/rustwide/workdir/tests/full-http.rs:403:17
[INFO] [stdout]   34:     0x609d47c75738 - std::panicking::try::do_call::h839c7be662c49e20
[INFO] [stdout]                                at /rustc/6067b36314ab5eb2eb47cecc464545ba58e1ad24/library/std/src/panicking.rs:587:40
[INFO] [stdout]   35:     0x609d47c7abeb - __rust_try
[INFO] [stdout]   36:     0x609d47c756a6 - std::panicking::try::h9f7ecd9f0322b23b
[INFO] [stdout]                                at /rustc/6067b36314ab5eb2eb47cecc464545ba58e1ad24/library/std/src/panicking.rs:550:19
[INFO] [stdout]   37:     0x609d47c756a6 - std::panic::catch_unwind::h837d8155f02e6694
[INFO] [stdout]                                at /rustc/6067b36314ab5eb2eb47cecc464545ba58e1ad24/library/std/src/panic.rs:358:14
[INFO] [stdout]   38:     0x609d47c74a76 - full_http::full_http_test::{{closure}}::{{closure}}::h1568785c72c3db9a
[INFO] [stdout]                                at /opt/rustwide/workdir/tests/full-http.rs:401:13
[INFO] [stdout]   39:     0x609d47c7b919 - std::sys::backtrace::__rust_begin_short_backtrace::he969cdf4b8a2a3bc
[INFO] [stdout]                                at /rustc/6067b36314ab5eb2eb47cecc464545ba58e1ad24/library/std/src/sys/backtrace.rs:152:18
[INFO] [stdout]   40:     0x609d47c61829 - std::thread::Builder::spawn_unchecked_::{{closure}}::{{closure}}::h5df9359a0b84ee6b
[INFO] [stdout]                                at /rustc/6067b36314ab5eb2eb47cecc464545ba58e1ad24/library/std/src/thread/mod.rs:559:17
[INFO] [stdout]   41:     0x609d47c7b57f - <core::panic::unwind_safe::AssertUnwindSafe<F> as core::ops::function::FnOnce<()>>::call_once::h6eac4324b1ce1b16
[INFO] [stdout]                                at /rustc/6067b36314ab5eb2eb47cecc464545ba58e1ad24/library/core/src/panic/unwind_safe.rs:272:9
[INFO] [stdout]   42:     0x609d47c75785 - std::panicking::try::do_call::hba48645a231d7e3e
[INFO] [stdout]                                at /rustc/6067b36314ab5eb2eb47cecc464545ba58e1ad24/library/std/src/panicking.rs:587:40
[INFO] [stdout]   43:     0x609d47c61d9b - __rust_try
[INFO] [stdout]   44:     0x609d47c61371 - std::panicking::try::h413c32cb28fc4f84
[INFO] [stdout]                                at /rustc/6067b36314ab5eb2eb47cecc464545ba58e1ad24/library/std/src/panicking.rs:550:19
[INFO] [stdout]   45:     0x609d47c61371 - std::panic::catch_unwind::h91738e23706ba128
[INFO] [stdout]                                at /rustc/6067b36314ab5eb2eb47cecc464545ba58e1ad24/library/std/src/panic.rs:358:14
[INFO] [stdout]   46:     0x609d47c61371 - std::thread::Builder::spawn_unchecked_::{{closure}}::hb651b48f0d9317b3
[INFO] [stdout]                                at /rustc/6067b36314ab5eb2eb47cecc464545ba58e1ad24/library/std/src/thread/mod.rs:557:30
[INFO] [stdout]   47:     0x609d47c827ce - core::ops::function::FnOnce::call_once{{vtable.shim}}::h4c9c9de27e633be5
[INFO] [stdout]                                at /rustc/6067b36314ab5eb2eb47cecc464545ba58e1ad24/library/core/src/ops/function.rs:250:5
[INFO] [stdout]   48:     0x609d4832dceb - <alloc::boxed::Box<F,A> as core::ops::function::FnOnce<Args>>::call_once::ha52bedf99a3b4981
[INFO] [stdout]                                at /rustc/6067b36314ab5eb2eb47cecc464545ba58e1ad24/library/alloc/src/boxed.rs:2013:9
[INFO] [stdout]   49:     0x609d4832dceb - <alloc::boxed::Box<F,A> as core::ops::function::FnOnce<Args>>::call_once::h567748934d80ccf8
[INFO] [stdout]                                at /rustc/6067b36314ab5eb2eb47cecc464545ba58e1ad24/library/alloc/src/boxed.rs:2013:9
[INFO] [stdout]   50:     0x609d4832dceb - std::sys::pal::unix::thread::Thread::new::thread_start::h2d970728ae887adc
[INFO] [stdout]                                at /rustc/6067b36314ab5eb2eb47cecc464545ba58e1ad24/library/std/src/sys/pal/unix/thread.rs:106:17
[INFO] [stdout]   51:     0x79ef16c8eac3 - <unknown>
[INFO] [stdout]   52:     0x79ef16d1fa04 - clone
[INFO] [stdout]   53:                0x0 - <unknown>
[INFO] [stdout] 
[INFO] [stdout] thread 'full_http_test' panicked at tests/full-http.rs:410:31:
[INFO] [stdout] called `Result::unwrap()` on an `Err` value: Any { .. }
[INFO] [stdout] stack backtrace:
[INFO] [stdout]    0:     0x609d4832704a - std::backtrace_rs::backtrace::libunwind::trace::hb059275cfc8d6126
[INFO] [stdout]                                at /rustc/6067b36314ab5eb2eb47cecc464545ba58e1ad24/library/std/src/../../backtrace/src/backtrace/libunwind.rs:116:5
[INFO] [stdout]    1:     0x609d4832704a - std::backtrace_rs::backtrace::trace_unsynchronized::h2da071e4327ce3ee
[INFO] [stdout]                                at /rustc/6067b36314ab5eb2eb47cecc464545ba58e1ad24/library/std/src/../../backtrace/src/backtrace/mod.rs:66:5
[INFO] [stdout]    2:     0x609d4832704a - std::sys::backtrace::_print_fmt::h842a1474e6f8d23f
[INFO] [stdout]                                at /rustc/6067b36314ab5eb2eb47cecc464545ba58e1ad24/library/std/src/sys/backtrace.rs:66:9
[INFO] [stdout]    3:     0x609d4832704a - <std::sys::backtrace::BacktraceLock::print::DisplayBacktrace as core::fmt::Display>::fmt::h71a62eb3b9696b12
[INFO] [stdout]                                at /rustc/6067b36314ab5eb2eb47cecc464545ba58e1ad24/library/std/src/sys/backtrace.rs:39:26
[INFO] [stdout]    4:     0x609d48354c23 - core::fmt::rt::Argument::fmt::hdb6b616786b41dc1
[INFO] [stdout]                                at /rustc/6067b36314ab5eb2eb47cecc464545ba58e1ad24/library/core/src/fmt/rt.rs:177:76
[INFO] [stdout]    5:     0x609d48354c23 - core::fmt::write::h2cc1698af7e2d686
[INFO] [stdout]                                at /rustc/6067b36314ab5eb2eb47cecc464545ba58e1ad24/library/core/src/fmt/mod.rs:1440:21
[INFO] [stdout]    6:     0x609d48322aa3 - std::io::Write::write_fmt::hab1b4cd059a79022
[INFO] [stdout]                                at /rustc/6067b36314ab5eb2eb47cecc464545ba58e1ad24/library/std/src/io/mod.rs:1887:15
[INFO] [stdout]    7:     0x609d48326e92 - std::sys::backtrace::BacktraceLock::print::h147fe35b4ea13b08
[INFO] [stdout]                                at /rustc/6067b36314ab5eb2eb47cecc464545ba58e1ad24/library/std/src/sys/backtrace.rs:42:9
[INFO] [stdout]    8:     0x609d4832846f - std::panicking::default_hook::{{closure}}::hbd44223dbdc0d208
[INFO] [stdout]                                at /rustc/6067b36314ab5eb2eb47cecc464545ba58e1ad24/library/std/src/panicking.rs:298:22
[INFO] [stdout]    9:     0x609d48328288 - std::panicking::default_hook::h20f81eb0576efcec
[INFO] [stdout]                                at /rustc/6067b36314ab5eb2eb47cecc464545ba58e1ad24/library/std/src/panicking.rs:322:9
[INFO] [stdout]   10:     0x609d47cbf4a3 - <alloc::boxed::Box<F,A> as core::ops::function::Fn<Args>>::call::hdb53814c496a4d34
[INFO] [stdout]                                at /rustc/6067b36314ab5eb2eb47cecc464545ba58e1ad24/library/alloc/src/boxed.rs:2027:9
[INFO] [stdout]   11:     0x609d47cbf4a3 - test::test_main::{{closure}}::hc0a4963c59427c24
[INFO] [stdout]                                at /rustc/6067b36314ab5eb2eb47cecc464545ba58e1ad24/library/test/src/lib.rs:134:21
[INFO] [stdout]   12:     0x609d48328f63 - <alloc::boxed::Box<F,A> as core::ops::function::Fn<Args>>::call::h591b2225413a77e9
[INFO] [stdout]                                at /rustc/6067b36314ab5eb2eb47cecc464545ba58e1ad24/library/alloc/src/boxed.rs:2027:9
[INFO] [stdout]   13:     0x609d48328f63 - std::panicking::rust_panic_with_hook::h625eea43051b2edc
[INFO] [stdout]                                at /rustc/6067b36314ab5eb2eb47cecc464545ba58e1ad24/library/std/src/panicking.rs:839:13
[INFO] [stdout]   14:     0x609d48328c1a - std::panicking::begin_panic_handler::{{closure}}::h4f9159cfbc3f6bd3
[INFO] [stdout]                                at /rustc/6067b36314ab5eb2eb47cecc464545ba58e1ad24/library/std/src/panicking.rs:704:13
[INFO] [stdout]   15:     0x609d48327549 - std::sys::backtrace::__rust_end_short_backtrace::h0390abce48353151
[INFO] [stdout]                                at /rustc/6067b36314ab5eb2eb47cecc464545ba58e1ad24/library/std/src/sys/backtrace.rs:168:18
[INFO] [stdout]   16:     0x609d483288ad - rust_begin_unwind
[INFO] [stdout]                                at /rustc/6067b36314ab5eb2eb47cecc464545ba58e1ad24/library/std/src/panicking.rs:695:5
[INFO] [stdout]   17:     0x609d48352880 - core::panicking::panic_fmt::h9e7c637e9e5f29c9
[INFO] [stdout]                                at /rustc/6067b36314ab5eb2eb47cecc464545ba58e1ad24/library/core/src/panicking.rs:75:14
[INFO] [stdout]   18:     0x609d48352cf6 - core::result::unwrap_failed::h7979f09313fe1849
[INFO] [stdout]                                at /rustc/6067b36314ab5eb2eb47cecc464545ba58e1ad24/library/core/src/result.rs:1704:5
[INFO] [stdout]   19:     0x609d47c749c3 - core::result::Result<T,E>::unwrap::ha3386f7114fc36dc
[INFO] [stdout]                                at /rustc/6067b36314ab5eb2eb47cecc464545ba58e1ad24/library/core/src/result.rs:1109:23
[INFO] [stdout]   20:     0x609d47c749c3 - full_http::full_http_test::{{closure}}::h4dbae54698f0fe77
[INFO] [stdout]                                at /opt/rustwide/workdir/tests/full-http.rs:410:17
[INFO] [stdout]   21:     0x609d47c6786f - tokio::runtime::basic_scheduler::BasicScheduler<P>::block_on::{{closure}}::{{closure}}::h048b1e0cefff50d6
[INFO] [stdout]                                at /opt/rustwide/cargo-home/registry/src/index.crates.io-1949cf8c6b5b557f/tokio-0.2.25/src/runtime/basic_scheduler.rs:131:58
[INFO] [stdout]   22:     0x609d47c7db63 - tokio::coop::with_budget::{{closure}}::h3850a746b74cedf6
[INFO] [stdout]                                at /opt/rustwide/cargo-home/registry/src/index.crates.io-1949cf8c6b5b557f/tokio-0.2.25/src/coop.rs:127:9
[INFO] [stdout]   23:     0x609d47c5ece5 - std::thread::local::LocalKey<T>::try_with::hf2c72e3785152b6b
[INFO] [stdout]                                at /rustc/6067b36314ab5eb2eb47cecc464545ba58e1ad24/library/std/src/thread/local.rs:308:12
[INFO] [stdout]   24:     0x609d47c5d21a - std::thread::local::LocalKey<T>::with::h63b0fb3582c17066
[INFO] [stdout]                                at /rustc/6067b36314ab5eb2eb47cecc464545ba58e1ad24/library/std/src/thread/local.rs:272:9
[INFO] [stdout]   25:     0x609d47c65cd3 - tokio::coop::with_budget::h74a729cad8253236
[INFO] [stdout]                                at /opt/rustwide/cargo-home/registry/src/index.crates.io-1949cf8c6b5b557f/tokio-0.2.25/src/coop.rs:120:5
[INFO] [stdout]   26:     0x609d47c65cd3 - tokio::coop::budget::h662bd157b20c702c
[INFO] [stdout]                                at /opt/rustwide/cargo-home/registry/src/index.crates.io-1949cf8c6b5b557f/tokio-0.2.25/src/coop.rs:96:5
[INFO] [stdout]   27:     0x609d47c65cd3 - tokio::runtime::basic_scheduler::BasicScheduler<P>::block_on::{{closure}}::h4c3bba4dd08331a5
[INFO] [stdout]                                at /opt/rustwide/cargo-home/registry/src/index.crates.io-1949cf8c6b5b557f/tokio-0.2.25/src/runtime/basic_scheduler.rs:131:35
[INFO] [stdout]   28:     0x609d47c68c2e - tokio::runtime::basic_scheduler::enter::{{closure}}::h4eb948c200a4a27f
[INFO] [stdout]                                at /opt/rustwide/cargo-home/registry/src/index.crates.io-1949cf8c6b5b557f/tokio-0.2.25/src/runtime/basic_scheduler.rs:213:29
[INFO] [stdout]   29:     0x609d47c78877 - tokio::macros::scoped_tls::ScopedKey<T>::set::ha04138d6d6857397
[INFO] [stdout]                                at /opt/rustwide/cargo-home/registry/src/index.crates.io-1949cf8c6b5b557f/tokio-0.2.25/src/macros/scoped_tls.rs:63:9
[INFO] [stdout]   30:     0x609d47c6837e - tokio::runtime::basic_scheduler::enter::h670a425105ee450b
[INFO] [stdout]                                at /opt/rustwide/cargo-home/registry/src/index.crates.io-1949cf8c6b5b557f/tokio-0.2.25/src/runtime/basic_scheduler.rs:213:5
[INFO] [stdout]   31:     0x609d47c65990 - tokio::runtime::basic_scheduler::BasicScheduler<P>::block_on::h3e4ad1b83672ec79
[INFO] [stdout]                                at /opt/rustwide/cargo-home/registry/src/index.crates.io-1949cf8c6b5b557f/tokio-0.2.25/src/runtime/basic_scheduler.rs:123:9
[INFO] [stdout]   32:     0x609d47c79d85 - tokio::runtime::Runtime::block_on::{{closure}}::h88b457c33796025e
[INFO] [stdout]                                at /opt/rustwide/cargo-home/registry/src/index.crates.io-1949cf8c6b5b557f/tokio-0.2.25/src/runtime/mod.rs:444:34
[INFO] [stdout]   33:     0x609d47c68e46 - tokio::runtime::context::enter::h3ecd7272833d0528
[INFO] [stdout]                                at /opt/rustwide/cargo-home/registry/src/index.crates.io-1949cf8c6b5b557f/tokio-0.2.25/src/runtime/context.rs:72:5
[INFO] [stdout]   34:     0x609d47c8017a - tokio::runtime::handle::Handle::enter::hee0200e1d34474cc
[INFO] [stdout]                                at /opt/rustwide/cargo-home/registry/src/index.crates.io-1949cf8c6b5b557f/tokio-0.2.25/src/runtime/handle.rs:76:9
[INFO] [stdout]   35:     0x609d47c79c47 - tokio::runtime::Runtime::block_on::h7c8f62ff62f5d3f1
[INFO] [stdout]                                at /opt/rustwide/cargo-home/registry/src/index.crates.io-1949cf8c6b5b557f/tokio-0.2.25/src/runtime/mod.rs:441:9
[INFO] [stdout]   36:     0x609d47c74451 - full_http::full_http_test::hbd299d2c7f172691
[INFO] [stdout]                                at /opt/rustwide/workdir/tests/full-http.rs:397:5
[INFO] [stdout]   37:     0x609d47c74287 - full_http::full_http_test::{{closure}}::hd5c0bfd71db55e03
[INFO] [stdout]                                at /opt/rustwide/workdir/tests/full-http.rs:394:20
[INFO] [stdout]   38:     0x609d47c82836 - core::ops::function::FnOnce::call_once::h0794e68d6389fc11
[INFO] [stdout]                                at /rustc/6067b36314ab5eb2eb47cecc464545ba58e1ad24/library/core/src/ops/function.rs:250:5
[INFO] [stdout]   39:     0x609d47cc4bfb - core::ops::function::FnOnce::call_once::he27718dfdd183f43
[INFO] [stdout]                                at /rustc/6067b36314ab5eb2eb47cecc464545ba58e1ad24/library/core/src/ops/function.rs:250:5
[INFO] [stdout]   40:     0x609d47cc4bfb - test::__rust_begin_short_backtrace::h4e84902998457a5d
[INFO] [stdout]                                at /rustc/6067b36314ab5eb2eb47cecc464545ba58e1ad24/library/test/src/lib.rs:632:18
[INFO] [stdout]   41:     0x609d47cc3b33 - test::run_test_in_process::{{closure}}::h7176fd18fc1feca0
[INFO] [stdout]                                at /rustc/6067b36314ab5eb2eb47cecc464545ba58e1ad24/library/test/src/lib.rs:655:60
[INFO] [stdout]   42:     0x609d47cc3b33 - <core::panic::unwind_safe::AssertUnwindSafe<F> as core::ops::function::FnOnce<()>>::call_once::hf79cff2a624d8cf7
[INFO] [stdout]                                at /rustc/6067b36314ab5eb2eb47cecc464545ba58e1ad24/library/core/src/panic/unwind_safe.rs:272:9
[INFO] [stdout]   43:     0x609d47cc3b33 - std::panicking::try::do_call::h3da0561d9ab99c25
[INFO] [stdout]                                at /rustc/6067b36314ab5eb2eb47cecc464545ba58e1ad24/library/std/src/panicking.rs:587:40
[INFO] [stdout]   44:     0x609d47cc3b33 - std::panicking::try::h41c9fa508bc61df6
[INFO] [stdout]                                at /rustc/6067b36314ab5eb2eb47cecc464545ba58e1ad24/library/std/src/panicking.rs:550:19
[INFO] [stdout]   45:     0x609d47cc3b33 - std::panic::catch_unwind::h6b3ff07bb5afad93
[INFO] [stdout]                                at /rustc/6067b36314ab5eb2eb47cecc464545ba58e1ad24/library/std/src/panic.rs:358:14
[INFO] [stdout]   46:     0x609d47cc3b33 - test::run_test_in_process::hc7253dd11b39b9f4
[INFO] [stdout]                                at /rustc/6067b36314ab5eb2eb47cecc464545ba58e1ad24/library/test/src/lib.rs:655:27
[INFO] [stdout]   47:     0x609d47cc3b33 - test::run_test::{{closure}}::hfb2007f8649c30bb
[INFO] [stdout]                                at /rustc/6067b36314ab5eb2eb47cecc464545ba58e1ad24/library/test/src/lib.rs:576:43
[INFO] [stdout]   48:     0x609d47c86c15 - test::run_test::{{closure}}::h56a17aa7a282a9f4
[INFO] [stdout]                                at /rustc/6067b36314ab5eb2eb47cecc464545ba58e1ad24/library/test/src/lib.rs:606:41
[INFO] [stdout]   49:     0x609d47c86c15 - std::sys::backtrace::__rust_begin_short_backtrace::hd2d2d2fb8e8c6aac
[INFO] [stdout]                                at /rustc/6067b36314ab5eb2eb47cecc464545ba58e1ad24/library/std/src/sys/backtrace.rs:152:18
[INFO] [stdout]   50:     0x609d47c8a4fa - std::thread::Builder::spawn_unchecked_::{{closure}}::{{closure}}::h4faa3f9db6133423
[INFO] [stdout]                                at /rustc/6067b36314ab5eb2eb47cecc464545ba58e1ad24/library/std/src/thread/mod.rs:559:17
[INFO] [stdout]   51:     0x609d47c8a4fa - <core::panic::unwind_safe::AssertUnwindSafe<F> as core::ops::function::FnOnce<()>>::call_once::hf2e855a36a4ea846
[INFO] [stdout]                                at /rustc/6067b36314ab5eb2eb47cecc464545ba58e1ad24/library/core/src/panic/unwind_safe.rs:272:9
[INFO] [stdout]   52:     0x609d47c8a4fa - std::panicking::try::do_call::h2f73af3616c35465
[INFO] [stdout]                                at /rustc/6067b36314ab5eb2eb47cecc464545ba58e1ad24/library/std/src/panicking.rs:587:40
[INFO] [stdout]   53:     0x609d47c8a4fa - std::panicking::try::hd1660ce9efadef5a
[INFO] [stdout]                                at /rustc/6067b36314ab5eb2eb47cecc464545ba58e1ad24/library/std/src/panicking.rs:550:19
[INFO] [stdout]   54:     0x609d47c8a4fa - std::panic::catch_unwind::h5ee8d7823b8ca744
[INFO] [stdout]                                at /rustc/6067b36314ab5eb2eb47cecc464545ba58e1ad24/library/std/src/panic.rs:358:14
[INFO] [stdout]   55:     0x609d47c8a4fa - std::thread::Builder::spawn_unchecked_::{{closure}}::h53c3a1894dce8407
[INFO] [stdout]                                at /rustc/6067b36314ab5eb2eb47cecc464545ba58e1ad24/library/std/src/thread/mod.rs:557:30
[INFO] [stdout]   56:     0x609d47c8a4fa - core::ops::function::FnOnce::call_once{{vtable.shim}}::h048ce291ad4f62bf
[INFO] [stdout]                                at /rustc/6067b36314ab5eb2eb47cecc464545ba58e1ad24/library/core/src/ops/function.rs:250:5
[INFO] [stdout]   57:     0x609d4832dceb - <alloc::boxed::Box<F,A> as core::ops::function::FnOnce<Args>>::call_once::ha52bedf99a3b4981
[INFO] [stdout]                                at /rustc/6067b36314ab5eb2eb47cecc464545ba58e1ad24/library/alloc/src/boxed.rs:2013:9
[INFO] [stdout]   58:     0x609d4832dceb - <alloc::boxed::Box<F,A> as core::ops::function::FnOnce<Args>>::call_once::h567748934d80ccf8
[INFO] [stdout]                                at /rustc/6067b36314ab5eb2eb47cecc464545ba58e1ad24/library/alloc/src/boxed.rs:2013:9
[INFO] [stdout]   59:     0x609d4832dceb - std::sys::pal::unix::thread::Thread::new::thread_start::h2d970728ae887adc
[INFO] [stdout]                                at /rustc/6067b36314ab5eb2eb47cecc464545ba58e1ad24/library/std/src/sys/pal/unix/thread.rs:106:17
[INFO] [stdout]   60:     0x79ef16c8eac3 - <unknown>
[INFO] [stdout]   61:     0x79ef16d1fa04 - clone
[INFO] [stdout]   62:                0x0 - <unknown>
[INFO] [stdout] 
[INFO] [stdout] 
[INFO] [stdout] failures:
[INFO] [stdout]     full_http_test
[INFO] [stdout] 
[INFO] [stdout] test result: FAILED. 0 passed; 1 failed; 0 ignored; 0 measured; 0 filtered out; finished in 2.85s
[INFO] [stdout] 
[INFO] [stderr] error: test failed, to rerun pass `--test full-http`
[INFO] running `Command { std: "docker" "inspect" "b9c9920f237baf05bb1009e1ca467baccf012ac53c1b448ac3b24cc238ad587b", kill_on_drop: false }`
[INFO] running `Command { std: "docker" "rm" "-f" "b9c9920f237baf05bb1009e1ca467baccf012ac53c1b448ac3b24cc238ad587b", kill_on_drop: false }`
[INFO] [stdout] b9c9920f237baf05bb1009e1ca467baccf012ac53c1b448ac3b24cc238ad587b
