[INFO] cloning repository https://github.com/billywoodxyz/rustack
[INFO] running `Command { std: "git" "-c" "credential.helper=" "-c" "credential.helper=/workspace/cargo-home/bin/git-credential-null" "clone" "--bare" "https://github.com/billywoodxyz/rustack" "/workspace/cache/git-repos/https%3A%2F%2Fgithub.com%2Fbillywoodxyz%2Frustack", kill_on_drop: false }`
[INFO] [stderr] Cloning into bare repository '/workspace/cache/git-repos/https%3A%2F%2Fgithub.com%2Fbillywoodxyz%2Frustack'...
[INFO] running `Command { std: "git" "rev-parse" "HEAD", kill_on_drop: false }`
[INFO] [stdout] 6796f18d5341e5a2b75ef207846e656ad68d3901
[INFO] testing billywoodxyz/rustack against nightly-2025-01-18 for randomize-layout-2
[INFO] running `Command { std: "git" "clone" "/workspace/cache/git-repos/https%3A%2F%2Fgithub.com%2Fbillywoodxyz%2Frustack" "/workspace/builds/worker-4-tc1/source", kill_on_drop: false }`
[INFO] [stderr] Cloning into '/workspace/builds/worker-4-tc1/source'...
[INFO] [stderr] done.
[INFO] validating manifest of git repo https://github.com/billywoodxyz/rustack on toolchain nightly-2025-01-18
[INFO] running `Command { std: CARGO_HOME="/workspace/cargo-home" RUSTUP_HOME="/workspace/rustup-home" "/workspace/cargo-home/bin/cargo" "+nightly-2025-01-18" "metadata" "--manifest-path" "Cargo.toml" "--no-deps", kill_on_drop: false }`
[INFO] started tweaking git repo https://github.com/billywoodxyz/rustack
[INFO] finished tweaking git repo https://github.com/billywoodxyz/rustack
[INFO] tweaked toml for git repo https://github.com/billywoodxyz/rustack written to /workspace/builds/worker-4-tc1/source/Cargo.toml
[INFO] crate git repo https://github.com/billywoodxyz/rustack already has a lockfile, it will not be regenerated
[INFO] running `Command { std: CARGO_HOME="/workspace/cargo-home" RUSTUP_HOME="/workspace/rustup-home" "/workspace/cargo-home/bin/cargo" "+nightly-2025-01-18" "fetch" "--manifest-path" "Cargo.toml", kill_on_drop: false }`
[INFO] running `Command { std: "docker" "create" "-v" "/var/lib/crater-agent-workspace/builds/worker-4-tc1/target:/opt/rustwide/target:rw,Z" "-v" "/var/lib/crater-agent-workspace/builds/worker-4-tc1/source:/opt/rustwide/workdir:ro,Z" "-v" "/var/lib/crater-agent-workspace/cargo-home:/opt/rustwide/cargo-home:ro,Z" "-v" "/var/lib/crater-agent-workspace/rustup-home:/opt/rustwide/rustup-home:ro,Z" "-e" "SOURCE_DIR=/opt/rustwide/workdir" "-e" "CARGO_TARGET_DIR=/opt/rustwide/target" "-e" "CARGO_HOME=/opt/rustwide/cargo-home" "-e" "RUSTUP_HOME=/opt/rustwide/rustup-home" "-w" "/opt/rustwide/workdir" "-m" "1610612736" "--user" "0:0" "--network" "none" "ghcr.io/rust-lang/crates-build-env/linux@sha256:819108c5571ea2e421544af4d832f968d213c87fbe3707a016657f43d2f853bc" "/opt/rustwide/cargo-home/bin/cargo" "+nightly-2025-01-18" "metadata" "--no-deps" "--format-version=1", kill_on_drop: false }`
[INFO] [stdout] 7e806b56631a5b14a37cf6d425e022fbfb9c465a2a5a2b8729bc1776751ced24
[INFO] running `Command { std: "docker" "start" "-a" "7e806b56631a5b14a37cf6d425e022fbfb9c465a2a5a2b8729bc1776751ced24", kill_on_drop: false }`
[INFO] running `Command { std: "docker" "inspect" "7e806b56631a5b14a37cf6d425e022fbfb9c465a2a5a2b8729bc1776751ced24", kill_on_drop: false }`
[INFO] running `Command { std: "docker" "rm" "-f" "7e806b56631a5b14a37cf6d425e022fbfb9c465a2a5a2b8729bc1776751ced24", kill_on_drop: false }`
[INFO] [stdout] 7e806b56631a5b14a37cf6d425e022fbfb9c465a2a5a2b8729bc1776751ced24
[INFO] running `Command { std: "docker" "create" "-v" "/var/lib/crater-agent-workspace/builds/worker-4-tc1/target:/opt/rustwide/target:rw,Z" "-v" "/var/lib/crater-agent-workspace/builds/worker-4-tc1/source:/opt/rustwide/workdir:ro,Z" "-v" "/var/lib/crater-agent-workspace/cargo-home:/opt/rustwide/cargo-home:ro,Z" "-v" "/var/lib/crater-agent-workspace/rustup-home:/opt/rustwide/rustup-home:ro,Z" "-e" "SOURCE_DIR=/opt/rustwide/workdir" "-e" "CARGO_TARGET_DIR=/opt/rustwide/target" "-e" "CARGO_INCREMENTAL=0" "-e" "RUST_BACKTRACE=full" "-e" "RUSTFLAGS=--cap-lints=forbid" "-e" "RUSTDOCFLAGS=--cap-lints=forbid" "-e" "CARGO_HOME=/opt/rustwide/cargo-home" "-e" "RUSTUP_HOME=/opt/rustwide/rustup-home" "-w" "/opt/rustwide/workdir" "-m" "1610612736" "--user" "0:0" "--network" "none" "ghcr.io/rust-lang/crates-build-env/linux@sha256:819108c5571ea2e421544af4d832f968d213c87fbe3707a016657f43d2f853bc" "/opt/rustwide/cargo-home/bin/cargo" "+nightly-2025-01-18" "build" "--frozen" "--message-format=json", kill_on_drop: false }`
[INFO] [stdout] 6e9020e9c084ca93fd7389af6408b05a63452f79b200484825c559d6b20adbf0
[INFO] running `Command { std: "docker" "start" "-a" "6e9020e9c084ca93fd7389af6408b05a63452f79b200484825c559d6b20adbf0", kill_on_drop: false }`
[INFO] [stderr]    Compiling same-file v1.0.6
[INFO] [stderr]    Compiling walkdir v2.3.2
[INFO] [stderr]    Compiling rustack v0.1.0 (/opt/rustwide/workdir)
[INFO] [stdout] warning: function `count_lines` is never used
[INFO] [stdout]  --> src/count_lines/mod.rs:5:4
[INFO] [stdout]   |
[INFO] [stdout] 5 | fn count_lines(path: &str, ext: &str) -> u64 {
[INFO] [stdout]   |    ^^^^^^^^^^^
[INFO] [stdout]   |
[INFO] [stdout]   = note: `#[warn(dead_code)]` on by default
[INFO] [stdout] 
[INFO] [stdout] 
[INFO] [stdout] warning: multiple variants are never constructed
[INFO] [stdout]   --> src/engine/mod.rs:4:5
[INFO] [stdout]    |
[INFO] [stdout] 3  | pub enum Instruction {
[INFO] [stdout]    |          ----------- variants in this enum
[INFO] [stdout] 4  |     LoadVal { val: u16 },
[INFO] [stdout]    |     ^^^^^^^
[INFO] [stdout] 5  |     WriteVar { name: String },
[INFO] [stdout]    |     ^^^^^^^^
[INFO] [stdout] 6  |     ReadVar { name: String },
[INFO] [stdout]    |     ^^^^^^^
[INFO] [stdout] 7  |     Add,
[INFO] [stdout]    |     ^^^
[INFO] [stdout] 8  |     Multiply,
[INFO] [stdout]    |     ^^^^^^^^
[INFO] [stdout] 9  |     CmpNe,
[INFO] [stdout]    |     ^^^^^
[INFO] [stdout] 10 |     ConditionLoop { offset: u16 },
[INFO] [stdout]    |     ^^^^^^^^^^^^^
[INFO] [stdout] 11 |     ReturnValue,
[INFO] [stdout]    |     ^^^^^^^^^^^
[INFO] [stdout] 
[INFO] [stdout] 
[INFO] [stdout] warning: fields `ip`, `sp`, `sf`, `stack`, and `ixs` are never read
[INFO] [stdout]   --> src/engine/mod.rs:16:5
[INFO] [stdout]    |
[INFO] [stdout] 15 | pub struct ByteCodeEngine {
[INFO] [stdout]    |            -------------- fields in this struct
[INFO] [stdout] 16 |     ip: u16,
[INFO] [stdout]    |     ^^
[INFO] [stdout] 17 |     sp: u16,
[INFO] [stdout]    |     ^^
[INFO] [stdout] 18 |     sf: HashMap<String, u16>,
[INFO] [stdout]    |     ^^
[INFO] [stdout] 19 |     stack: Vec<u16>,
[INFO] [stdout]    |     ^^^^^
[INFO] [stdout] 20 |     pub ixs: Vec<Instruction>,
[INFO] [stdout]    |         ^^^
[INFO] [stdout] 
[INFO] [stdout] 
[INFO] [stdout] warning: method `run` is never used
[INFO] [stdout]   --> src/engine/mod.rs:24:12
[INFO] [stdout]    |
[INFO] [stdout] 23 | impl ByteCodeEngine {
[INFO] [stdout]    | ------------------- method in this implementation
[INFO] [stdout] 24 |     pub fn run(&mut self) -> Option<u16> {
[INFO] [stdout]    |            ^^^
[INFO] [stdout] 
[INFO] [stdout] 
[INFO] [stderr]     Finished `dev` profile [unoptimized + debuginfo] target(s) in 0.52s
[INFO] running `Command { std: "docker" "inspect" "6e9020e9c084ca93fd7389af6408b05a63452f79b200484825c559d6b20adbf0", kill_on_drop: false }`
[INFO] running `Command { std: "docker" "rm" "-f" "6e9020e9c084ca93fd7389af6408b05a63452f79b200484825c559d6b20adbf0", kill_on_drop: false }`
[INFO] [stdout] 6e9020e9c084ca93fd7389af6408b05a63452f79b200484825c559d6b20adbf0
[INFO] running `Command { std: "docker" "create" "-v" "/var/lib/crater-agent-workspace/builds/worker-4-tc1/target:/opt/rustwide/target:rw,Z" "-v" "/var/lib/crater-agent-workspace/builds/worker-4-tc1/source:/opt/rustwide/workdir:ro,Z" "-v" "/var/lib/crater-agent-workspace/cargo-home:/opt/rustwide/cargo-home:ro,Z" "-v" "/var/lib/crater-agent-workspace/rustup-home:/opt/rustwide/rustup-home:ro,Z" "-e" "SOURCE_DIR=/opt/rustwide/workdir" "-e" "CARGO_TARGET_DIR=/opt/rustwide/target" "-e" "CARGO_INCREMENTAL=0" "-e" "RUST_BACKTRACE=full" "-e" "RUSTFLAGS=--cap-lints=forbid" "-e" "RUSTDOCFLAGS=--cap-lints=forbid" "-e" "CARGO_HOME=/opt/rustwide/cargo-home" "-e" "RUSTUP_HOME=/opt/rustwide/rustup-home" "-w" "/opt/rustwide/workdir" "-m" "1610612736" "--user" "0:0" "--network" "none" "ghcr.io/rust-lang/crates-build-env/linux@sha256:819108c5571ea2e421544af4d832f968d213c87fbe3707a016657f43d2f853bc" "/opt/rustwide/cargo-home/bin/cargo" "+nightly-2025-01-18" "test" "--frozen" "--no-run" "--message-format=json", kill_on_drop: false }`
[INFO] [stdout] be278e304d5d68e87c95be6bbbf3a31b49aba95d95c3eb56e124511e42b4df2f
[INFO] running `Command { std: "docker" "start" "-a" "be278e304d5d68e87c95be6bbbf3a31b49aba95d95c3eb56e124511e42b4df2f", kill_on_drop: false }`
[INFO] [stdout] warning: function `count_lines` is never used
[INFO] [stdout]  --> src/count_lines/mod.rs:5:4
[INFO] [stdout]   |
[INFO] [stdout] 5 | fn count_lines(path: &str, ext: &str) -> u64 {
[INFO] [stdout]   |    ^^^^^^^^^^^
[INFO] [stdout]   |
[INFO] [stdout]   = note: `#[warn(dead_code)]` on by default
[INFO] [stdout] 
[INFO] [stdout] 
[INFO] [stdout] warning: multiple variants are never constructed
[INFO] [stdout]   --> src/engine/mod.rs:4:5
[INFO] [stdout]    |
[INFO] [stdout] 3  | pub enum Instruction {
[INFO] [stdout]    |          ----------- variants in this enum
[INFO] [stdout] 4  |     LoadVal { val: u16 },
[INFO] [stdout]    |     ^^^^^^^
[INFO] [stdout] 5  |     WriteVar { name: String },
[INFO] [stdout]    |     ^^^^^^^^
[INFO] [stdout] 6  |     ReadVar { name: String },
[INFO] [stdout]    |     ^^^^^^^
[INFO] [stdout] 7  |     Add,
[INFO] [stdout]    |     ^^^
[INFO] [stdout] 8  |     Multiply,
[INFO] [stdout]    |     ^^^^^^^^
[INFO] [stdout] 9  |     CmpNe,
[INFO] [stdout]    |     ^^^^^
[INFO] [stdout] 10 |     ConditionLoop { offset: u16 },
[INFO] [stdout]    |     ^^^^^^^^^^^^^
[INFO] [stdout] 11 |     ReturnValue,
[INFO] [stdout]    |     ^^^^^^^^^^^
[INFO] [stdout] 
[INFO] [stdout] 
[INFO] [stderr]    Compiling rustack v0.1.0 (/opt/rustwide/workdir)
[INFO] [stdout] warning: fields `ip`, `sp`, `sf`, `stack`, and `ixs` are never read
[INFO] [stdout]   --> src/engine/mod.rs:16:5
[INFO] [stdout]    |
[INFO] [stdout] 15 | pub struct ByteCodeEngine {
[INFO] [stdout]    |            -------------- fields in this struct
[INFO] [stdout] 16 |     ip: u16,
[INFO] [stdout]    |     ^^
[INFO] [stdout] 17 |     sp: u16,
[INFO] [stdout]    |     ^^
[INFO] [stdout] 18 |     sf: HashMap<String, u16>,
[INFO] [stdout]    |     ^^
[INFO] [stdout] 19 |     stack: Vec<u16>,
[INFO] [stdout]    |     ^^^^^
[INFO] [stdout] 20 |     pub ixs: Vec<Instruction>,
[INFO] [stdout]    |         ^^^
[INFO] [stdout] 
[INFO] [stdout] 
[INFO] [stdout] warning: method `run` is never used
[INFO] [stdout]   --> src/engine/mod.rs:24:12
[INFO] [stdout]    |
[INFO] [stdout] 23 | impl ByteCodeEngine {
[INFO] [stdout]    | ------------------- method in this implementation
[INFO] [stdout] 24 |     pub fn run(&mut self) -> Option<u16> {
[INFO] [stdout]    |            ^^^
[INFO] [stdout] 
[INFO] [stdout] 
[INFO] [stderr]     Finished `test` profile [unoptimized + debuginfo] target(s) in 0.55s
[INFO] running `Command { std: "docker" "inspect" "be278e304d5d68e87c95be6bbbf3a31b49aba95d95c3eb56e124511e42b4df2f", kill_on_drop: false }`
[INFO] running `Command { std: "docker" "rm" "-f" "be278e304d5d68e87c95be6bbbf3a31b49aba95d95c3eb56e124511e42b4df2f", kill_on_drop: false }`
[INFO] [stdout] be278e304d5d68e87c95be6bbbf3a31b49aba95d95c3eb56e124511e42b4df2f
[INFO] running `Command { std: "docker" "create" "-v" "/var/lib/crater-agent-workspace/builds/worker-4-tc1/target:/opt/rustwide/target:rw,Z" "-v" "/var/lib/crater-agent-workspace/builds/worker-4-tc1/source:/opt/rustwide/workdir:ro,Z" "-v" "/var/lib/crater-agent-workspace/cargo-home:/opt/rustwide/cargo-home:ro,Z" "-v" "/var/lib/crater-agent-workspace/rustup-home:/opt/rustwide/rustup-home:ro,Z" "-e" "SOURCE_DIR=/opt/rustwide/workdir" "-e" "CARGO_TARGET_DIR=/opt/rustwide/target" "-e" "CARGO_INCREMENTAL=0" "-e" "RUST_BACKTRACE=full" "-e" "RUSTFLAGS=--cap-lints=forbid" "-e" "RUSTDOCFLAGS=--cap-lints=forbid" "-e" "CARGO_HOME=/opt/rustwide/cargo-home" "-e" "RUSTUP_HOME=/opt/rustwide/rustup-home" "-w" "/opt/rustwide/workdir" "-m" "1610612736" "--user" "0:0" "--network" "none" "ghcr.io/rust-lang/crates-build-env/linux@sha256:819108c5571ea2e421544af4d832f968d213c87fbe3707a016657f43d2f853bc" "/opt/rustwide/cargo-home/bin/cargo" "+nightly-2025-01-18" "test" "--frozen", kill_on_drop: false }`
[INFO] [stdout] ebb82aa56ff50a4694ed5fec1c591eb8be47df91bbef9ce7716935755932380c
[INFO] running `Command { std: "docker" "start" "-a" "ebb82aa56ff50a4694ed5fec1c591eb8be47df91bbef9ce7716935755932380c", kill_on_drop: false }`
[INFO] [stderr] warning: function `count_lines` is never used
[INFO] [stderr]  --> src/count_lines/mod.rs:5:4
[INFO] [stderr]   |
[INFO] [stderr] 5 | fn count_lines(path: &str, ext: &str) -> u64 {
[INFO] [stderr]   |    ^^^^^^^^^^^
[INFO] [stderr]   |
[INFO] [stderr]   = note: `#[warn(dead_code)]` on by default
[INFO] [stderr] 
[INFO] [stderr] warning: multiple variants are never constructed
[INFO] [stderr]   --> src/engine/mod.rs:4:5
[INFO] [stderr]    |
[INFO] [stderr] 3  | pub enum Instruction {
[INFO] [stderr]    |          ----------- variants in this enum
[INFO] [stderr] 4  |     LoadVal { val: u16 },
[INFO] [stderr]    |     ^^^^^^^
[INFO] [stderr] 5  |     WriteVar { name: String },
[INFO] [stderr]    |     ^^^^^^^^
[INFO] [stderr] 6  |     ReadVar { name: String },
[INFO] [stderr]    |     ^^^^^^^
[INFO] [stderr] 7  |     Add,
[INFO] [stderr]    |     ^^^
[INFO] [stderr] 8  |     Multiply,
[INFO] [stderr]    |     ^^^^^^^^
[INFO] [stderr] 9  |     CmpNe,
[INFO] [stderr]    |     ^^^^^
[INFO] [stderr] 10 |     ConditionLoop { offset: u16 },
[INFO] [stderr]    |     ^^^^^^^^^^^^^
[INFO] [stderr] 11 |     ReturnValue,
[INFO] [stderr]    |     ^^^^^^^^^^^
[INFO] [stderr] 
[INFO] [stderr] warning: fields `ip`, `sp`, `sf`, `stack`, and `ixs` are never read
[INFO] [stderr]   --> src/engine/mod.rs:16:5
[INFO] [stderr]    |
[INFO] [stderr] 15 | pub struct ByteCodeEngine {
[INFO] [stderr]    |            -------------- fields in this struct
[INFO] [stderr] 16 |     ip: u16,
[INFO] [stderr]    |     ^^
[INFO] [stderr] 17 |     sp: u16,
[INFO] [stderr]    |     ^^
[INFO] [stderr] 18 |     sf: HashMap<String, u16>,
[INFO] [stderr]    |     ^^
[INFO] [stderr] 19 |     stack: Vec<u16>,
[INFO] [stderr]    |     ^^^^^
[INFO] [stderr] 20 |     pub ixs: Vec<Instruction>,
[INFO] [stderr]    |         ^^^
[INFO] [stderr] 
[INFO] [stderr] warning: method `run` is never used
[INFO] [stderr]   --> src/engine/mod.rs:24:12
[INFO] [stderr]    |
[INFO] [stderr] 23 | impl ByteCodeEngine {
[INFO] [stderr]    | ------------------- method in this implementation
[INFO] [stderr] 24 |     pub fn run(&mut self) -> Option<u16> {
[INFO] [stderr]    |            ^^^
[INFO] [stderr] 
[INFO] [stderr] warning: `rustack` (lib) generated 4 warnings
[INFO] [stderr]     Finished `test` profile [unoptimized + debuginfo] target(s) in 0.01s
[INFO] [stderr]      Running unittests src/lib.rs (/opt/rustwide/target/debug/deps/rustack-19604ebb78f005fa)
[INFO] [stdout] 
[INFO] [stdout] running 3 tests
[INFO] [stdout] test engine::tests::test_basic ... ok
[INFO] [stdout] test engine::tests::test_loop ... ok
[INFO] [stdout] test count_lines::tests::test_walk_through ... FAILED
[INFO] [stdout] 
[INFO] [stdout] failures:
[INFO] [stdout] 
[INFO] [stdout] ---- count_lines::tests::test_walk_through stdout ----
[INFO] [stdout] total number of lines: 215
[INFO] [stdout] 
[INFO] [stdout] thread 'count_lines::tests::test_walk_through' panicked at src/count_lines/mod.rs:31:9:
[INFO] [stdout] assertion `left == right` failed
[INFO] [stdout]   left: 215
[INFO] [stdout]  right: 210
[INFO] [stdout] stack backtrace:
[INFO] [stdout]    0:     0x63e84e0c081a - std::backtrace_rs::backtrace::libunwind::trace::hb059275cfc8d6126
[INFO] [stdout]                                at /rustc/6067b36314ab5eb2eb47cecc464545ba58e1ad24/library/std/src/../../backtrace/src/backtrace/libunwind.rs:116:5
[INFO] [stdout]    1:     0x63e84e0c081a - std::backtrace_rs::backtrace::trace_unsynchronized::h2da071e4327ce3ee
[INFO] [stdout]                                at /rustc/6067b36314ab5eb2eb47cecc464545ba58e1ad24/library/std/src/../../backtrace/src/backtrace/mod.rs:66:5
[INFO] [stdout]    2:     0x63e84e0c081a - std::sys::backtrace::_print_fmt::h842a1474e6f8d23f
[INFO] [stdout]                                at /rustc/6067b36314ab5eb2eb47cecc464545ba58e1ad24/library/std/src/sys/backtrace.rs:66:9
[INFO] [stdout]    3:     0x63e84e0c081a - <std::sys::backtrace::BacktraceLock::print::DisplayBacktrace as core::fmt::Display>::fmt::h71a62eb3b9696b12
[INFO] [stdout]                                at /rustc/6067b36314ab5eb2eb47cecc464545ba58e1ad24/library/std/src/sys/backtrace.rs:39:26
[INFO] [stdout]    4:     0x63e84e0e87e3 - core::fmt::rt::Argument::fmt::hdb6b616786b41dc1
[INFO] [stdout]                                at /rustc/6067b36314ab5eb2eb47cecc464545ba58e1ad24/library/core/src/fmt/rt.rs:177:76
[INFO] [stdout]    5:     0x63e84e0e87e3 - core::fmt::write::h2cc1698af7e2d686
[INFO] [stdout]                                at /rustc/6067b36314ab5eb2eb47cecc464545ba58e1ad24/library/core/src/fmt/mod.rs:1440:21
[INFO] [stdout]    6:     0x63e84e0bd0e3 - std::io::Write::write_fmt::hab1b4cd059a79022
[INFO] [stdout]                                at /rustc/6067b36314ab5eb2eb47cecc464545ba58e1ad24/library/std/src/io/mod.rs:1887:15
[INFO] [stdout]    7:     0x63e84e0c0662 - std::sys::backtrace::BacktraceLock::print::h147fe35b4ea13b08
[INFO] [stdout]                                at /rustc/6067b36314ab5eb2eb47cecc464545ba58e1ad24/library/std/src/sys/backtrace.rs:42:9
[INFO] [stdout]    8:     0x63e84e0c1c3f - std::panicking::default_hook::{{closure}}::hbd44223dbdc0d208
[INFO] [stdout]                                at /rustc/6067b36314ab5eb2eb47cecc464545ba58e1ad24/library/std/src/panicking.rs:298:22
[INFO] [stdout]    9:     0x63e84e0c1a58 - std::panicking::default_hook::h20f81eb0576efcec
[INFO] [stdout]                                at /rustc/6067b36314ab5eb2eb47cecc464545ba58e1ad24/library/std/src/panicking.rs:322:9
[INFO] [stdout]   10:     0x63e84e079313 - <alloc::boxed::Box<F,A> as core::ops::function::Fn<Args>>::call::hdb53814c496a4d34
[INFO] [stdout]                                at /rustc/6067b36314ab5eb2eb47cecc464545ba58e1ad24/library/alloc/src/boxed.rs:2027:9
[INFO] [stdout]   11:     0x63e84e079313 - test::test_main::{{closure}}::hc0a4963c59427c24
[INFO] [stderr] error: test failed, to rerun pass `--lib`
[INFO] [stdout]                                at /rustc/6067b36314ab5eb2eb47cecc464545ba58e1ad24/library/test/src/lib.rs:134:21
[INFO] [stdout]   12:     0x63e84e0c2733 - <alloc::boxed::Box<F,A> as core::ops::function::Fn<Args>>::call::h591b2225413a77e9
[INFO] [stdout]                                at /rustc/6067b36314ab5eb2eb47cecc464545ba58e1ad24/library/alloc/src/boxed.rs:2027:9
[INFO] [stdout]   13:     0x63e84e0c2733 - std::panicking::rust_panic_with_hook::h625eea43051b2edc
[INFO] [stdout]                                at /rustc/6067b36314ab5eb2eb47cecc464545ba58e1ad24/library/std/src/panicking.rs:839:13
[INFO] [stdout]   14:     0x63e84e0c23ea - std::panicking::begin_panic_handler::{{closure}}::h4f9159cfbc3f6bd3
[INFO] [stdout]                                at /rustc/6067b36314ab5eb2eb47cecc464545ba58e1ad24/library/std/src/panicking.rs:704:13
[INFO] [stdout]   15:     0x63e84e0c0d19 - std::sys::backtrace::__rust_end_short_backtrace::h0390abce48353151
[INFO] [stdout]                                at /rustc/6067b36314ab5eb2eb47cecc464545ba58e1ad24/library/std/src/sys/backtrace.rs:168:18
[INFO] [stdout]   16:     0x63e84e0c207d - rust_begin_unwind
[INFO] [stdout]                                at /rustc/6067b36314ab5eb2eb47cecc464545ba58e1ad24/library/std/src/panicking.rs:695:5
[INFO] [stdout]   17:     0x63e84e0e71f0 - core::panicking::panic_fmt::h9e7c637e9e5f29c9
[INFO] [stdout]                                at /rustc/6067b36314ab5eb2eb47cecc464545ba58e1ad24/library/core/src/panicking.rs:75:14
[INFO] [stdout]   18:     0x63e84e0e75b2 - core::panicking::assert_failed_inner::h538bec7c1374cd9c
[INFO] [stdout]   19:     0x63e84e0e7469 - core::panicking::assert_failed::h12254b0b7241b2be
[INFO] [stdout]                                at /rustc/6067b36314ab5eb2eb47cecc464545ba58e1ad24/library/core/src/panicking.rs:364:5
[INFO] [stdout]   20:     0x63e84e03472e - rustack::count_lines::tests::test_walk_through::h29bbf43bec6451bb
[INFO] [stdout]                                at /opt/rustwide/workdir/src/count_lines/mod.rs:31:9
[INFO] [stdout]   21:     0x63e84e034697 - rustack::count_lines::tests::test_walk_through::{{closure}}::hc680394bf3cb765f
[INFO] [stdout]                                at /opt/rustwide/workdir/src/count_lines/mod.rs:30:27
[INFO] [stdout]   22:     0x63e84e03ad66 - core::ops::function::FnOnce::call_once::hab4f422858c2e11c
[INFO] [stdout]                                at /rustc/6067b36314ab5eb2eb47cecc464545ba58e1ad24/library/core/src/ops/function.rs:250:5
[INFO] [stdout]   23:     0x63e84e07ea6b - core::ops::function::FnOnce::call_once::he27718dfdd183f43
[INFO] [stdout]                                at /rustc/6067b36314ab5eb2eb47cecc464545ba58e1ad24/library/core/src/ops/function.rs:250:5
[INFO] [stdout]   24:     0x63e84e07ea6b - test::__rust_begin_short_backtrace::h4e84902998457a5d
[INFO] [stdout]                                at /rustc/6067b36314ab5eb2eb47cecc464545ba58e1ad24/library/test/src/lib.rs:632:18
[INFO] [stdout]   25:     0x63e84e07d9a3 - test::run_test_in_process::{{closure}}::h7176fd18fc1feca0
[INFO] [stdout]                                at /rustc/6067b36314ab5eb2eb47cecc464545ba58e1ad24/library/test/src/lib.rs:655:60
[INFO] [stdout]   26:     0x63e84e07d9a3 - <core::panic::unwind_safe::AssertUnwindSafe<F> as core::ops::function::FnOnce<()>>::call_once::hf79cff2a624d8cf7
[INFO] [stdout]                                at /rustc/6067b36314ab5eb2eb47cecc464545ba58e1ad24/library/core/src/panic/unwind_safe.rs:272:9
[INFO] [stdout]   27:     0x63e84e07d9a3 - std::panicking::try::do_call::h3da0561d9ab99c25
[INFO] [stdout]                                at /rustc/6067b36314ab5eb2eb47cecc464545ba58e1ad24/library/std/src/panicking.rs:587:40
[INFO] [stdout]   28:     0x63e84e07d9a3 - std::panicking::try::h41c9fa508bc61df6
[INFO] [stdout]                                at /rustc/6067b36314ab5eb2eb47cecc464545ba58e1ad24/library/std/src/panicking.rs:550:19
[INFO] [stdout]   29:     0x63e84e07d9a3 - std::panic::catch_unwind::h6b3ff07bb5afad93
[INFO] [stdout]                                at /rustc/6067b36314ab5eb2eb47cecc464545ba58e1ad24/library/std/src/panic.rs:358:14
[INFO] [stdout]   30:     0x63e84e07d9a3 - test::run_test_in_process::hc7253dd11b39b9f4
[INFO] [stdout]                                at /rustc/6067b36314ab5eb2eb47cecc464545ba58e1ad24/library/test/src/lib.rs:655:27
[INFO] [stdout]   31:     0x63e84e07d9a3 - test::run_test::{{closure}}::hfb2007f8649c30bb
[INFO] [stdout]                                at /rustc/6067b36314ab5eb2eb47cecc464545ba58e1ad24/library/test/src/lib.rs:576:43
[INFO] [stdout]   32:     0x63e84e040a85 - test::run_test::{{closure}}::h56a17aa7a282a9f4
[INFO] [stdout]                                at /rustc/6067b36314ab5eb2eb47cecc464545ba58e1ad24/library/test/src/lib.rs:606:41
[INFO] [stdout]   33:     0x63e84e040a85 - std::sys::backtrace::__rust_begin_short_backtrace::hd2d2d2fb8e8c6aac
[INFO] [stdout]                                at /rustc/6067b36314ab5eb2eb47cecc464545ba58e1ad24/library/std/src/sys/backtrace.rs:152:18
[INFO] [stdout]   34:     0x63e84e04436a - std::thread::Builder::spawn_unchecked_::{{closure}}::{{closure}}::h4faa3f9db6133423
[INFO] [stdout]                                at /rustc/6067b36314ab5eb2eb47cecc464545ba58e1ad24/library/std/src/thread/mod.rs:559:17
[INFO] [stdout]   35:     0x63e84e04436a - <core::panic::unwind_safe::AssertUnwindSafe<F> as core::ops::function::FnOnce<()>>::call_once::hf2e855a36a4ea846
[INFO] [stdout]                                at /rustc/6067b36314ab5eb2eb47cecc464545ba58e1ad24/library/core/src/panic/unwind_safe.rs:272:9
[INFO] [stdout]   36:     0x63e84e04436a - std::panicking::try::do_call::h2f73af3616c35465
[INFO] [stdout]                                at /rustc/6067b36314ab5eb2eb47cecc464545ba58e1ad24/library/std/src/panicking.rs:587:40
[INFO] [stdout]   37:     0x63e84e04436a - std::panicking::try::hd1660ce9efadef5a
[INFO] [stdout]                                at /rustc/6067b36314ab5eb2eb47cecc464545ba58e1ad24/library/std/src/panicking.rs:550:19
[INFO] [stdout]   38:     0x63e84e04436a - std::panic::catch_unwind::h5ee8d7823b8ca744
[INFO] [stdout]                                at /rustc/6067b36314ab5eb2eb47cecc464545ba58e1ad24/library/std/src/panic.rs:358:14
[INFO] [stdout]   39:     0x63e84e04436a - std::thread::Builder::spawn_unchecked_::{{closure}}::h53c3a1894dce8407
[INFO] [stdout]                                at /rustc/6067b36314ab5eb2eb47cecc464545ba58e1ad24/library/std/src/thread/mod.rs:557:30
[INFO] [stdout]   40:     0x63e84e04436a - core::ops::function::FnOnce::call_once{{vtable.shim}}::h048ce291ad4f62bf
[INFO] [stdout]                                at /rustc/6067b36314ab5eb2eb47cecc464545ba58e1ad24/library/core/src/ops/function.rs:250:5
[INFO] [stdout]   41:     0x63e84e0c6e9b - <alloc::boxed::Box<F,A> as core::ops::function::FnOnce<Args>>::call_once::ha52bedf99a3b4981
[INFO] [stdout]                                at /rustc/6067b36314ab5eb2eb47cecc464545ba58e1ad24/library/alloc/src/boxed.rs:2013:9
[INFO] [stdout]   42:     0x63e84e0c6e9b - <alloc::boxed::Box<F,A> as core::ops::function::FnOnce<Args>>::call_once::h567748934d80ccf8
[INFO] [stdout]                                at /rustc/6067b36314ab5eb2eb47cecc464545ba58e1ad24/library/alloc/src/boxed.rs:2013:9
[INFO] [stdout]   43:     0x63e84e0c6e9b - std::sys::pal::unix::thread::Thread::new::thread_start::h2d970728ae887adc
[INFO] [stdout]                                at /rustc/6067b36314ab5eb2eb47cecc464545ba58e1ad24/library/std/src/sys/pal/unix/thread.rs:106:17
[INFO] [stdout]   44:     0x75b8ef849ac3 - <unknown>
[INFO] [stdout]   45:     0x75b8ef8daa04 - clone
[INFO] [stdout]   46:                0x0 - <unknown>
[INFO] [stdout] 
[INFO] [stdout] 
[INFO] [stdout] failures:
[INFO] [stdout]     count_lines::tests::test_walk_through
[INFO] [stdout] 
[INFO] [stdout] test result: FAILED. 2 passed; 1 failed; 0 ignored; 0 measured; 0 filtered out; finished in 0.03s
[INFO] [stdout] 
[INFO] running `Command { std: "docker" "inspect" "ebb82aa56ff50a4694ed5fec1c591eb8be47df91bbef9ce7716935755932380c", kill_on_drop: false }`
[INFO] running `Command { std: "docker" "rm" "-f" "ebb82aa56ff50a4694ed5fec1c591eb8be47df91bbef9ce7716935755932380c", kill_on_drop: false }`
[INFO] [stdout] ebb82aa56ff50a4694ed5fec1c591eb8be47df91bbef9ce7716935755932380c
