[INFO] cloning repository https://github.com/bgpkit/bgpkit-api-rs
[INFO] running `Command { std: "git" "-c" "credential.helper=" "-c" "credential.helper=/workspace/cargo-home/bin/git-credential-null" "clone" "--bare" "https://github.com/bgpkit/bgpkit-api-rs" "/workspace/cache/git-repos/https%3A%2F%2Fgithub.com%2Fbgpkit%2Fbgpkit-api-rs", kill_on_drop: false }`
[INFO] [stderr] Cloning into bare repository '/workspace/cache/git-repos/https%3A%2F%2Fgithub.com%2Fbgpkit%2Fbgpkit-api-rs'...
[INFO] running `Command { std: "git" "rev-parse" "HEAD", kill_on_drop: false }`
[INFO] [stdout] fb74f66532e39de2251d499c847b77a1b25083a7
[INFO] testing bgpkit/bgpkit-api-rs against nightly-2025-01-18+rustflags=-Zrandomize-layout for randomize-layout-2
[INFO] running `Command { std: "git" "clone" "/workspace/cache/git-repos/https%3A%2F%2Fgithub.com%2Fbgpkit%2Fbgpkit-api-rs" "/workspace/builds/worker-7-tc2/source", kill_on_drop: false }`
[INFO] [stderr] Cloning into '/workspace/builds/worker-7-tc2/source'...
[INFO] [stderr] done.
[INFO] validating manifest of git repo https://github.com/bgpkit/bgpkit-api-rs on toolchain nightly-2025-01-18
[INFO] running `Command { std: CARGO_HOME="/workspace/cargo-home" RUSTUP_HOME="/workspace/rustup-home" "/workspace/cargo-home/bin/cargo" "+nightly-2025-01-18" "metadata" "--manifest-path" "Cargo.toml" "--no-deps", kill_on_drop: false }`
[INFO] started tweaking git repo https://github.com/bgpkit/bgpkit-api-rs
[INFO] finished tweaking git repo https://github.com/bgpkit/bgpkit-api-rs
[INFO] tweaked toml for git repo https://github.com/bgpkit/bgpkit-api-rs written to /workspace/builds/worker-7-tc2/source/Cargo.toml
[INFO] crate git repo https://github.com/bgpkit/bgpkit-api-rs already has a lockfile, it will not be regenerated
[INFO] running `Command { std: CARGO_HOME="/workspace/cargo-home" RUSTUP_HOME="/workspace/rustup-home" "/workspace/cargo-home/bin/cargo" "+nightly-2025-01-18" "fetch" "--manifest-path" "Cargo.toml", kill_on_drop: false }`
[INFO] running `Command { std: "docker" "create" "-v" "/var/lib/crater-agent-workspace/builds/worker-7-tc2/target:/opt/rustwide/target:rw,Z" "-v" "/var/lib/crater-agent-workspace/builds/worker-7-tc2/source:/opt/rustwide/workdir:ro,Z" "-v" "/var/lib/crater-agent-workspace/cargo-home:/opt/rustwide/cargo-home:ro,Z" "-v" "/var/lib/crater-agent-workspace/rustup-home:/opt/rustwide/rustup-home:ro,Z" "-e" "SOURCE_DIR=/opt/rustwide/workdir" "-e" "CARGO_TARGET_DIR=/opt/rustwide/target" "-e" "CARGO_HOME=/opt/rustwide/cargo-home" "-e" "RUSTUP_HOME=/opt/rustwide/rustup-home" "-w" "/opt/rustwide/workdir" "-m" "1610612736" "--user" "0:0" "--network" "none" "ghcr.io/rust-lang/crates-build-env/linux@sha256:819108c5571ea2e421544af4d832f968d213c87fbe3707a016657f43d2f853bc" "/opt/rustwide/cargo-home/bin/cargo" "+nightly-2025-01-18" "metadata" "--no-deps" "--format-version=1", kill_on_drop: false }`
[INFO] [stdout] d8ccc75aa2f5f8ed63fe8858bf75ad5ae35d02a2b85af5c8658afe54f5f793b5
[INFO] running `Command { std: "docker" "start" "-a" "d8ccc75aa2f5f8ed63fe8858bf75ad5ae35d02a2b85af5c8658afe54f5f793b5", kill_on_drop: false }`
[INFO] running `Command { std: "docker" "inspect" "d8ccc75aa2f5f8ed63fe8858bf75ad5ae35d02a2b85af5c8658afe54f5f793b5", kill_on_drop: false }`
[INFO] running `Command { std: "docker" "rm" "-f" "d8ccc75aa2f5f8ed63fe8858bf75ad5ae35d02a2b85af5c8658afe54f5f793b5", kill_on_drop: false }`
[INFO] [stdout] d8ccc75aa2f5f8ed63fe8858bf75ad5ae35d02a2b85af5c8658afe54f5f793b5
[INFO] running `Command { std: "docker" "create" "-v" "/var/lib/crater-agent-workspace/builds/worker-7-tc2/target:/opt/rustwide/target:rw,Z" "-v" "/var/lib/crater-agent-workspace/builds/worker-7-tc2/source:/opt/rustwide/workdir:ro,Z" "-v" "/var/lib/crater-agent-workspace/cargo-home:/opt/rustwide/cargo-home:ro,Z" "-v" "/var/lib/crater-agent-workspace/rustup-home:/opt/rustwide/rustup-home:ro,Z" "-e" "SOURCE_DIR=/opt/rustwide/workdir" "-e" "CARGO_TARGET_DIR=/opt/rustwide/target" "-e" "CARGO_INCREMENTAL=0" "-e" "RUST_BACKTRACE=full" "-e" "RUSTFLAGS=--cap-lints=forbid -Zrandomize-layout" "-e" "RUSTDOCFLAGS=--cap-lints=forbid" "-e" "CARGO_HOME=/opt/rustwide/cargo-home" "-e" "RUSTUP_HOME=/opt/rustwide/rustup-home" "-w" "/opt/rustwide/workdir" "-m" "1610612736" "--user" "0:0" "--network" "none" "ghcr.io/rust-lang/crates-build-env/linux@sha256:819108c5571ea2e421544af4d832f968d213c87fbe3707a016657f43d2f853bc" "/opt/rustwide/cargo-home/bin/cargo" "+nightly-2025-01-18" "build" "--frozen" "--message-format=json", kill_on_drop: false }`
[INFO] [stdout] ac95f57b8e195f2acc4a4bafbd81940af1ca2fdbe9b74796963a48f2dd7ac8c9
[INFO] running `Command { std: "docker" "start" "-a" "ac95f57b8e195f2acc4a4bafbd81940af1ca2fdbe9b74796963a48f2dd7ac8c9", kill_on_drop: false }`
[INFO] [stderr]    Compiling version_check v0.9.5
[INFO] [stderr]    Compiling itoa v1.0.11
[INFO] [stderr]    Compiling bytes v1.6.1
[INFO] [stderr]    Compiling serde v1.0.204
[INFO] [stderr]    Compiling log v0.4.22
[INFO] [stderr]    Compiling once_cell v1.19.0
[INFO] [stderr]    Compiling futures-core v0.3.30
[INFO] [stderr]    Compiling typenum v1.17.0
[INFO] [stderr]    Compiling fnv v1.0.7
[INFO] [stderr]    Compiling futures-task v0.3.30
[INFO] [stderr]    Compiling pin-utils v0.1.0
[INFO] [stderr]    Compiling cc v1.1.6
[INFO] [stderr]    Compiling slab v0.4.9
[INFO] [stderr]    Compiling syn v2.0.72
[INFO] [stderr]    Compiling mio v1.0.1
[INFO] [stderr]    Compiling rustversion v1.0.17
[INFO] [stderr]    Compiling equivalent v1.0.1
[INFO] [stderr]    Compiling hashbrown v0.14.5
[INFO] [stderr]    Compiling futures-util v0.3.30
[INFO] [stderr]    Compiling tower-service v0.3.2
[INFO] [stderr]    Compiling getrandom v0.2.15
[INFO] [stderr]    Compiling spin v0.9.8
[INFO] [stderr]    Compiling futures-sink v0.3.30
[INFO] [stderr]    Compiling httparse v1.9.4
[INFO] [stderr]    Compiling memchr v2.7.4
[INFO] [stderr]    Compiling untrusted v0.9.0
[INFO] [stderr]    Compiling tracing-core v0.1.32
[INFO] [stderr]    Compiling percent-encoding v2.3.1
[INFO] [stderr]    Compiling regex-syntax v0.8.4
[INFO] [stderr]    Compiling ryu v1.0.18
[INFO] [stderr]    Compiling http v0.2.12
[INFO] [stderr]    Compiling generic-array v0.14.7
[INFO] [stderr]    Compiling try-lock v0.2.5
[INFO] [stderr]    Compiling form_urlencoded v1.2.1
[INFO] [stderr]    Compiling want v0.3.1
[INFO] [stderr]    Compiling proc-macro-error-attr v1.0.4
[INFO] [stderr]    Compiling unicase v2.7.0
[INFO] [stderr]    Compiling futures-channel v0.3.30
[INFO] [stderr]    Compiling aho-corasick v1.1.3
[INFO] [stderr]    Compiling mime v0.3.17
[INFO] [stderr]    Compiling syn v1.0.109
[INFO] [stderr]    Compiling tinyvec_macros v0.1.1
[INFO] [stderr]    Compiling rustls v0.21.12
[INFO] [stderr]    Compiling adler v1.0.2
[INFO] [stderr]    Compiling httpdate v1.0.3
[INFO] [stderr]    Compiling tinyvec v1.8.0
[INFO] [stderr]    Compiling miniz_oxide v0.7.4
[INFO] [stderr]    Compiling proc-macro-error v1.0.4
[INFO] [stderr]    Compiling dirs-sys v0.3.7
[INFO] [stderr]    Compiling crc32fast v1.4.2
[INFO] [stderr]    Compiling serde_json v1.0.120
[INFO] [stderr]    Compiling tower-layer v0.3.2
[INFO] [stderr]    Compiling cpufeatures v0.2.12
[INFO] [stderr]    Compiling same-file v1.0.6
[INFO] [stderr]    Compiling walkdir v2.5.0
[INFO] [stderr]    Compiling dirs v4.0.0
[INFO] [stderr]    Compiling flate2 v1.0.30
[INFO] [stderr]    Compiling axum-core v0.3.4
[INFO] [stderr]    Compiling byteorder v1.5.0
[INFO] [stderr]    Compiling http-body v0.4.6
[INFO] [stderr]    Compiling unicode-bidi v0.3.15
[INFO] [stderr]    Compiling sync_wrapper v0.1.2
[INFO] [stderr]    Compiling mime_guess v2.0.5
[INFO] [stderr]    Compiling ring v0.17.8
[INFO] [stderr]    Compiling shellexpand v2.1.2
[INFO] [stderr]    Compiling zip v0.6.6
[INFO] [stderr]    Compiling axum v0.6.20
[INFO] [stderr]    Compiling num-traits v0.2.19
[INFO] [stderr]    Compiling base64 v0.21.7
[INFO] [stderr]    Compiling encoding_rs v0.8.34
[INFO] [stderr]    Compiling lazy_static v1.5.0
[INFO] [stderr]    Compiling matchit v0.7.3
[INFO] [stderr]    Compiling unicode-normalization v0.1.23
[INFO] [stderr]    Compiling rustls-pemfile v1.0.4
[INFO] [stderr]    Compiling thiserror v1.0.63
[INFO] [stderr]    Compiling bitflags v1.3.2
[INFO] [stderr]    Compiling overload v0.1.1
[INFO] [stderr]    Compiling crypto-common v0.1.6
[INFO] [stderr]    Compiling block-buffer v0.10.4
[INFO] [stderr]    Compiling webpki-roots v0.25.4
[INFO] [stderr]    Compiling ipnet v2.9.0
[INFO] [stderr]    Compiling nu-ansi-term v0.46.0
[INFO] [stderr]    Compiling regex-automata v0.4.7
[INFO] [stderr]    Compiling digest v0.10.7
[INFO] [stderr]    Compiling idna v0.5.0
[INFO] [stderr]    Compiling sharded-slab v0.1.7
[INFO] [stderr]    Compiling tracing-log v0.2.0
[INFO] [stderr]    Compiling thread_local v1.1.8
[INFO] [stderr]    Compiling bitflags v2.6.0
[INFO] [stderr]    Compiling sha2 v0.10.8
[INFO] [stderr]    Compiling iana-time-zone v0.1.60
[INFO] [stderr]    Compiling http-range-header v0.3.1
[INFO] [stderr]    Compiling humantime v2.1.0
[INFO] [stderr]    Compiling dotenvy v0.15.7
[INFO] [stderr]    Compiling url v2.5.2
[INFO] [stderr]    Compiling tower-http v0.4.4
[INFO] [stderr]    Compiling tracing-subscriber v0.3.18
[INFO] [stderr]    Compiling rust-embed-utils v7.8.1
[INFO] [stderr]    Compiling chrono v0.4.38
[INFO] [stderr]    Compiling regex v1.10.5
[INFO] [stderr]    Compiling serde_derive v1.0.204
[INFO] [stderr]    Compiling tokio-macros v2.4.0
[INFO] [stderr]    Compiling tracing-attributes v0.1.27
[INFO] [stderr]    Compiling pin-project-internal v1.1.5
[INFO] [stderr]    Compiling async-trait v0.1.81
[INFO] [stderr]    Compiling rust-embed-impl v6.8.1
[INFO] [stderr]    Compiling thiserror-impl v1.0.63
[INFO] [stderr]    Compiling utoipa-swagger-ui v3.1.5
[INFO] [stderr]    Compiling utoipa-gen v3.5.0
[INFO] [stderr]    Compiling tokio v1.39.1
[INFO] [stderr]    Compiling rust-embed v6.8.1
[INFO] [stderr]    Compiling pin-project v1.1.5
[INFO] [stderr]    Compiling tracing v0.1.40
[INFO] [stderr]    Compiling rustls-webpki v0.101.7
[INFO] [stderr]    Compiling sct v0.7.1
[INFO] [stderr]    Compiling indexmap v2.2.6
[INFO] [stderr]    Compiling serde_urlencoded v0.7.1
[INFO] [stderr]    Compiling serde_path_to_error v0.1.16
[INFO] [stderr]    Compiling tokio-util v0.7.11
[INFO] [stderr]    Compiling tokio-rustls v0.24.1
[INFO] [stderr]    Compiling tower v0.4.13
[INFO] [stderr]    Compiling h2 v0.3.26
[INFO] [stderr]    Compiling utoipa v3.5.0
[INFO] [stderr]    Compiling hyper v0.14.30
[INFO] [stderr]    Compiling hyper-rustls v0.24.2
[INFO] [stderr]    Compiling reqwest v0.11.27
[INFO] [stderr]    Compiling postgrest v1.6.0
[INFO] [stderr]    Compiling bgpkit-api-rs v0.1.0 (/opt/rustwide/workdir)
[INFO] [stdout] warning: use of deprecated struct `chrono::Date`: Use `NaiveDate` or `DateTime<Tz>` instead
[INFO] [stdout]   --> src/api/roas.rs:55:38
[INFO] [stdout]    |
[INFO] [stdout] 55 |         let mut date_ranges: Vec<Vec<Date<Utc>>> = self
[INFO] [stdout]    |                                      ^^^^
[INFO] [stdout]    |
[INFO] [stdout]    = note: `#[warn(deprecated)]` on by default
[INFO] [stdout] 
[INFO] [stdout] 
[INFO] [stdout] warning: use of deprecated associated function `chrono::Utc::today`: use `Utc::now()` instead, potentially with `.date_naive()`
[INFO] [stdout]    --> src/api/roas.rs:261:34
[INFO] [stdout]     |
[INFO] [stdout] 261 |                 let date = (Utc::today() - Duration::days(1))
[INFO] [stdout]     |                                  ^^^^^
[INFO] [stdout] 
[INFO] [stdout] 
[INFO] [stdout] warning: use of deprecated associated function `chrono::Utc::today`: use `Utc::now()` instead, potentially with `.date_naive()`
[INFO] [stdout]    --> src/api/roas.rs:268:34
[INFO] [stdout]     |
[INFO] [stdout] 268 |                 let date = (Utc::today() - Duration::days(1))
[INFO] [stdout]     |                                  ^^^^^
[INFO] [stdout] 
[INFO] [stdout] 
[INFO] [stdout] warning: use of deprecated associated function `chrono::NaiveDateTime::from_timestamp`: use `DateTime::from_timestamp` instead
[INFO] [stdout]    --> src/api/broker.rs:115:33
[INFO] [stdout]     |
[INFO] [stdout] 115 |             Some(NaiveDateTime::from_timestamp(ts_end, 0))
[INFO] [stdout]     |                                 ^^^^^^^^^^^^^^
[INFO] [stdout] 
[INFO] [stdout] 
[INFO] [stdout] warning: use of deprecated associated function `chrono::NaiveDateTime::from_timestamp`: use `DateTime::from_timestamp` instead
[INFO] [stdout]    --> src/api/broker.rs:132:33
[INFO] [stdout]     |
[INFO] [stdout] 132 |             Some(NaiveDateTime::from_timestamp(ts_start, 0))
[INFO] [stdout]     |                                 ^^^^^^^^^^^^^^
[INFO] [stdout] 
[INFO] [stdout] 
[INFO] [stdout] warning: use of deprecated method `chrono::TimeZone::datetime_from_str`: use `DateTime::parse_from_str` or `NaiveDateTime::parse_from_str` with `and_utc()` or `and_local_timezone()` instead
[INFO] [stdout]   --> src/api/roas.rs:67:22
[INFO] [stdout]    |
[INFO] [stdout] 67 |                     .datetime_from_str(
[INFO] [stdout]    |                      ^^^^^^^^^^^^^^^^^
[INFO] [stdout] 
[INFO] [stdout] 
[INFO] [stdout] warning: use of deprecated method `chrono::DateTime::<Tz>::date`: Use `date_naive()` instead
[INFO] [stdout]   --> src/api/roas.rs:72:22
[INFO] [stdout]    |
[INFO] [stdout] 72 |                     .date();
[INFO] [stdout]    |                      ^^^^
[INFO] [stdout] 
[INFO] [stdout] 
[INFO] [stdout] warning: use of deprecated method `chrono::TimeZone::datetime_from_str`: use `DateTime::parse_from_str` or `NaiveDateTime::parse_from_str` with `and_utc()` or `and_local_timezone()` instead
[INFO] [stdout]   --> src/api/roas.rs:74:22
[INFO] [stdout]    |
[INFO] [stdout] 74 |                     .datetime_from_str(
[INFO] [stdout]    |                      ^^^^^^^^^^^^^^^^^
[INFO] [stdout] 
[INFO] [stdout] 
[INFO] [stdout] warning: use of deprecated method `chrono::DateTime::<Tz>::date`: Use `date_naive()` instead
[INFO] [stdout]   --> src/api/roas.rs:79:22
[INFO] [stdout]    |
[INFO] [stdout] 79 |                     .date();
[INFO] [stdout]    |                      ^^^^
[INFO] [stdout] 
[INFO] [stdout] 
[INFO] [stdout] warning: use of deprecated method `chrono::DateTime::<Tz>::date`: Use `date_naive()` instead
[INFO] [stdout]   --> src/api/roas.rs:88:63
[INFO] [stdout]    |
[INFO] [stdout] 88 |                 if date_1 >= (Utc::now() - Duration::days(1)).date() {
[INFO] [stdout]    |                                                               ^^^^
[INFO] [stdout] 
[INFO] [stdout] 
[INFO] [stderr]     Finished `dev` profile [unoptimized + debuginfo] target(s) in 1m 01s
[INFO] running `Command { std: "docker" "inspect" "ac95f57b8e195f2acc4a4bafbd81940af1ca2fdbe9b74796963a48f2dd7ac8c9", kill_on_drop: false }`
[INFO] running `Command { std: "docker" "rm" "-f" "ac95f57b8e195f2acc4a4bafbd81940af1ca2fdbe9b74796963a48f2dd7ac8c9", kill_on_drop: false }`
[INFO] [stdout] ac95f57b8e195f2acc4a4bafbd81940af1ca2fdbe9b74796963a48f2dd7ac8c9
[INFO] running `Command { std: "docker" "create" "-v" "/var/lib/crater-agent-workspace/builds/worker-7-tc2/target:/opt/rustwide/target:rw,Z" "-v" "/var/lib/crater-agent-workspace/builds/worker-7-tc2/source:/opt/rustwide/workdir:ro,Z" "-v" "/var/lib/crater-agent-workspace/cargo-home:/opt/rustwide/cargo-home:ro,Z" "-v" "/var/lib/crater-agent-workspace/rustup-home:/opt/rustwide/rustup-home:ro,Z" "-e" "SOURCE_DIR=/opt/rustwide/workdir" "-e" "CARGO_TARGET_DIR=/opt/rustwide/target" "-e" "CARGO_INCREMENTAL=0" "-e" "RUST_BACKTRACE=full" "-e" "RUSTFLAGS=--cap-lints=forbid -Zrandomize-layout" "-e" "RUSTDOCFLAGS=--cap-lints=forbid" "-e" "CARGO_HOME=/opt/rustwide/cargo-home" "-e" "RUSTUP_HOME=/opt/rustwide/rustup-home" "-w" "/opt/rustwide/workdir" "-m" "1610612736" "--user" "0:0" "--network" "none" "ghcr.io/rust-lang/crates-build-env/linux@sha256:819108c5571ea2e421544af4d832f968d213c87fbe3707a016657f43d2f853bc" "/opt/rustwide/cargo-home/bin/cargo" "+nightly-2025-01-18" "test" "--frozen" "--no-run" "--message-format=json", kill_on_drop: false }`
[INFO] [stdout] 9ded02736b283e0e51ebd2aa4261135e49219174ee83fa45a5791aef0d874a10
[INFO] running `Command { std: "docker" "start" "-a" "9ded02736b283e0e51ebd2aa4261135e49219174ee83fa45a5791aef0d874a10", kill_on_drop: false }`
[INFO] [stdout] warning: use of deprecated struct `chrono::Date`: Use `NaiveDate` or `DateTime<Tz>` instead
[INFO] [stdout]   --> src/api/roas.rs:55:38
[INFO] [stdout]    |
[INFO] [stdout] 55 |         let mut date_ranges: Vec<Vec<Date<Utc>>> = self
[INFO] [stdout]    |                                      ^^^^
[INFO] [stdout]    |
[INFO] [stdout]    = note: `#[warn(deprecated)]` on by default
[INFO] [stdout] 
[INFO] [stdout] 
[INFO] [stdout] warning: use of deprecated associated function `chrono::Utc::today`: use `Utc::now()` instead, potentially with `.date_naive()`
[INFO] [stdout]    --> src/api/roas.rs:261:34
[INFO] [stdout]     |
[INFO] [stdout] 261 |                 let date = (Utc::today() - Duration::days(1))
[INFO] [stdout]     |                                  ^^^^^
[INFO] [stdout] 
[INFO] [stdout] 
[INFO] [stdout] warning: use of deprecated associated function `chrono::Utc::today`: use `Utc::now()` instead, potentially with `.date_naive()`
[INFO] [stdout]    --> src/api/roas.rs:268:34
[INFO] [stdout]     |
[INFO] [stdout] 268 |                 let date = (Utc::today() - Duration::days(1))
[INFO] [stdout]     |                                  ^^^^^
[INFO] [stdout] 
[INFO] [stdout] 
[INFO] [stdout] warning: use of deprecated associated function `chrono::NaiveDateTime::from_timestamp`: use `DateTime::from_timestamp` instead
[INFO] [stdout]    --> src/api/broker.rs:115:33
[INFO] [stdout]     |
[INFO] [stdout] 115 |             Some(NaiveDateTime::from_timestamp(ts_end, 0))
[INFO] [stdout]     |                                 ^^^^^^^^^^^^^^
[INFO] [stdout] 
[INFO] [stdout] 
[INFO] [stdout] warning: use of deprecated associated function `chrono::NaiveDateTime::from_timestamp`: use `DateTime::from_timestamp` instead
[INFO] [stdout]    --> src/api/broker.rs:132:33
[INFO] [stdout]     |
[INFO] [stdout] 132 |             Some(NaiveDateTime::from_timestamp(ts_start, 0))
[INFO] [stdout]     |                                 ^^^^^^^^^^^^^^
[INFO] [stdout] 
[INFO] [stdout] 
[INFO] [stdout] warning: use of deprecated method `chrono::TimeZone::datetime_from_str`: use `DateTime::parse_from_str` or `NaiveDateTime::parse_from_str` with `and_utc()` or `and_local_timezone()` instead
[INFO] [stdout]   --> src/api/roas.rs:67:22
[INFO] [stdout]    |
[INFO] [stdout] 67 |                     .datetime_from_str(
[INFO] [stdout]    |                      ^^^^^^^^^^^^^^^^^
[INFO] [stdout] 
[INFO] [stdout] 
[INFO] [stdout] warning: use of deprecated method `chrono::DateTime::<Tz>::date`: Use `date_naive()` instead
[INFO] [stdout]   --> src/api/roas.rs:72:22
[INFO] [stdout]    |
[INFO] [stdout] 72 |                     .date();
[INFO] [stdout]    |                      ^^^^
[INFO] [stdout] 
[INFO] [stdout] 
[INFO] [stdout] warning: use of deprecated method `chrono::TimeZone::datetime_from_str`: use `DateTime::parse_from_str` or `NaiveDateTime::parse_from_str` with `and_utc()` or `and_local_timezone()` instead
[INFO] [stdout]   --> src/api/roas.rs:74:22
[INFO] [stdout]    |
[INFO] [stdout] 74 |                     .datetime_from_str(
[INFO] [stdout]    |                      ^^^^^^^^^^^^^^^^^
[INFO] [stdout] 
[INFO] [stdout] 
[INFO] [stdout] warning: use of deprecated method `chrono::DateTime::<Tz>::date`: Use `date_naive()` instead
[INFO] [stdout]   --> src/api/roas.rs:79:22
[INFO] [stdout]    |
[INFO] [stdout] 79 |                     .date();
[INFO] [stdout]    |                      ^^^^
[INFO] [stdout] 
[INFO] [stdout] 
[INFO] [stdout] warning: use of deprecated method `chrono::DateTime::<Tz>::date`: Use `date_naive()` instead
[INFO] [stdout]   --> src/api/roas.rs:88:63
[INFO] [stdout]    |
[INFO] [stdout] 88 |                 if date_1 >= (Utc::now() - Duration::days(1)).date() {
[INFO] [stdout]    |                                                               ^^^^
[INFO] [stdout] 
[INFO] [stdout] 
[INFO] [stderr]    Compiling bgpkit-api-rs v0.1.0 (/opt/rustwide/workdir)
[INFO] [stdout] warning: use of deprecated struct `chrono::Date`: Use `NaiveDate` or `DateTime<Tz>` instead
[INFO] [stdout]   --> src/api/roas.rs:55:38
[INFO] [stdout]    |
[INFO] [stdout] 55 |         let mut date_ranges: Vec<Vec<Date<Utc>>> = self
[INFO] [stdout]    |                                      ^^^^
[INFO] [stdout]    |
[INFO] [stdout]    = note: `#[warn(deprecated)]` on by default
[INFO] [stdout] 
[INFO] [stdout] 
[INFO] [stdout] warning: use of deprecated associated function `chrono::Utc::today`: use `Utc::now()` instead, potentially with `.date_naive()`
[INFO] [stdout]    --> src/api/roas.rs:261:34
[INFO] [stdout]     |
[INFO] [stdout] 261 |                 let date = (Utc::today() - Duration::days(1))
[INFO] [stdout]     |                                  ^^^^^
[INFO] [stdout] 
[INFO] [stdout] 
[INFO] [stdout] warning: use of deprecated associated function `chrono::Utc::today`: use `Utc::now()` instead, potentially with `.date_naive()`
[INFO] [stdout]    --> src/api/roas.rs:268:34
[INFO] [stdout]     |
[INFO] [stdout] 268 |                 let date = (Utc::today() - Duration::days(1))
[INFO] [stdout]     |                                  ^^^^^
[INFO] [stdout] 
[INFO] [stdout] 
[INFO] [stdout] warning: use of deprecated associated function `chrono::NaiveDateTime::from_timestamp`: use `DateTime::from_timestamp` instead
[INFO] [stdout]    --> src/api/broker.rs:115:33
[INFO] [stdout]     |
[INFO] [stdout] 115 |             Some(NaiveDateTime::from_timestamp(ts_end, 0))
[INFO] [stdout]     |                                 ^^^^^^^^^^^^^^
[INFO] [stdout] 
[INFO] [stdout] 
[INFO] [stdout] warning: use of deprecated associated function `chrono::NaiveDateTime::from_timestamp`: use `DateTime::from_timestamp` instead
[INFO] [stdout]    --> src/api/broker.rs:132:33
[INFO] [stdout]     |
[INFO] [stdout] 132 |             Some(NaiveDateTime::from_timestamp(ts_start, 0))
[INFO] [stdout]     |                                 ^^^^^^^^^^^^^^
[INFO] [stdout] 
[INFO] [stdout] 
[INFO] [stdout] warning: use of deprecated method `chrono::TimeZone::datetime_from_str`: use `DateTime::parse_from_str` or `NaiveDateTime::parse_from_str` with `and_utc()` or `and_local_timezone()` instead
[INFO] [stdout]   --> src/api/roas.rs:67:22
[INFO] [stdout]    |
[INFO] [stdout] 67 |                     .datetime_from_str(
[INFO] [stdout]    |                      ^^^^^^^^^^^^^^^^^
[INFO] [stdout] 
[INFO] [stdout] 
[INFO] [stdout] warning: use of deprecated method `chrono::DateTime::<Tz>::date`: Use `date_naive()` instead
[INFO] [stdout]   --> src/api/roas.rs:72:22
[INFO] [stdout]    |
[INFO] [stdout] 72 |                     .date();
[INFO] [stdout]    |                      ^^^^
[INFO] [stdout] 
[INFO] [stdout] 
[INFO] [stdout] warning: use of deprecated method `chrono::TimeZone::datetime_from_str`: use `DateTime::parse_from_str` or `NaiveDateTime::parse_from_str` with `and_utc()` or `and_local_timezone()` instead
[INFO] [stdout]   --> src/api/roas.rs:74:22
[INFO] [stdout]    |
[INFO] [stdout] 74 |                     .datetime_from_str(
[INFO] [stdout]    |                      ^^^^^^^^^^^^^^^^^
[INFO] [stdout] 
[INFO] [stdout] 
[INFO] [stdout] warning: use of deprecated method `chrono::DateTime::<Tz>::date`: Use `date_naive()` instead
[INFO] [stdout]   --> src/api/roas.rs:79:22
[INFO] [stdout]    |
[INFO] [stdout] 79 |                     .date();
[INFO] [stdout]    |                      ^^^^
[INFO] [stdout] 
[INFO] [stdout] 
[INFO] [stdout] warning: use of deprecated method `chrono::DateTime::<Tz>::date`: Use `date_naive()` instead
[INFO] [stdout]   --> src/api/roas.rs:88:63
[INFO] [stdout]    |
[INFO] [stdout] 88 |                 if date_1 >= (Utc::now() - Duration::days(1)).date() {
[INFO] [stdout]    |                                                               ^^^^
[INFO] [stdout] 
[INFO] [stdout] 
[INFO] [stderr]     Finished `test` profile [unoptimized + debuginfo] target(s) in 2.53s
[INFO] running `Command { std: "docker" "inspect" "9ded02736b283e0e51ebd2aa4261135e49219174ee83fa45a5791aef0d874a10", kill_on_drop: false }`
[INFO] running `Command { std: "docker" "rm" "-f" "9ded02736b283e0e51ebd2aa4261135e49219174ee83fa45a5791aef0d874a10", kill_on_drop: false }`
[INFO] [stdout] 9ded02736b283e0e51ebd2aa4261135e49219174ee83fa45a5791aef0d874a10
[INFO] running `Command { std: "docker" "create" "-v" "/var/lib/crater-agent-workspace/builds/worker-7-tc2/target:/opt/rustwide/target:rw,Z" "-v" "/var/lib/crater-agent-workspace/builds/worker-7-tc2/source:/opt/rustwide/workdir:ro,Z" "-v" "/var/lib/crater-agent-workspace/cargo-home:/opt/rustwide/cargo-home:ro,Z" "-v" "/var/lib/crater-agent-workspace/rustup-home:/opt/rustwide/rustup-home:ro,Z" "-e" "SOURCE_DIR=/opt/rustwide/workdir" "-e" "CARGO_TARGET_DIR=/opt/rustwide/target" "-e" "CARGO_INCREMENTAL=0" "-e" "RUST_BACKTRACE=full" "-e" "RUSTFLAGS=--cap-lints=forbid -Zrandomize-layout" "-e" "RUSTDOCFLAGS=--cap-lints=forbid" "-e" "CARGO_HOME=/opt/rustwide/cargo-home" "-e" "RUSTUP_HOME=/opt/rustwide/rustup-home" "-w" "/opt/rustwide/workdir" "-m" "1610612736" "--user" "0:0" "--network" "none" "ghcr.io/rust-lang/crates-build-env/linux@sha256:819108c5571ea2e421544af4d832f968d213c87fbe3707a016657f43d2f853bc" "/opt/rustwide/cargo-home/bin/cargo" "+nightly-2025-01-18" "test" "--frozen", kill_on_drop: false }`
[INFO] [stdout] a7a5a99f102905211de1428299c02b030c5396705cf8d76dea01e003949cfe01
[INFO] running `Command { std: "docker" "start" "-a" "a7a5a99f102905211de1428299c02b030c5396705cf8d76dea01e003949cfe01", kill_on_drop: false }`
[INFO] [stderr] warning: use of deprecated struct `chrono::Date`: Use `NaiveDate` or `DateTime<Tz>` instead
[INFO] [stderr]   --> src/api/roas.rs:55:38
[INFO] [stderr]    |
[INFO] [stderr] 55 |         let mut date_ranges: Vec<Vec<Date<Utc>>> = self
[INFO] [stderr]    |                                      ^^^^
[INFO] [stderr]    |
[INFO] [stderr]    = note: `#[warn(deprecated)]` on by default
[INFO] [stderr] 
[INFO] [stderr] warning: use of deprecated associated function `chrono::Utc::today`: use `Utc::now()` instead, potentially with `.date_naive()`
[INFO] [stderr]    --> src/api/roas.rs:261:34
[INFO] [stderr]     |
[INFO] [stderr] 261 |                 let date = (Utc::today() - Duration::days(1))
[INFO] [stderr]     |                                  ^^^^^
[INFO] [stderr] 
[INFO] [stderr] warning: use of deprecated associated function `chrono::Utc::today`: use `Utc::now()` instead, potentially with `.date_naive()`
[INFO] [stderr]    --> src/api/roas.rs:268:34
[INFO] [stderr]     |
[INFO] [stderr] 268 |                 let date = (Utc::today() - Duration::days(1))
[INFO] [stderr]     |                                  ^^^^^
[INFO] [stderr] 
[INFO] [stderr] warning: use of deprecated associated function `chrono::NaiveDateTime::from_timestamp`: use `DateTime::from_timestamp` instead
[INFO] [stderr]    --> src/api/broker.rs:115:33
[INFO] [stderr]     |
[INFO] [stderr] 115 |             Some(NaiveDateTime::from_timestamp(ts_end, 0))
[INFO] [stderr]     |                                 ^^^^^^^^^^^^^^
[INFO] [stderr] 
[INFO] [stderr] warning: use of deprecated associated function `chrono::NaiveDateTime::from_timestamp`: use `DateTime::from_timestamp` instead
[INFO] [stderr]    --> src/api/broker.rs:132:33
[INFO] [stderr]     |
[INFO] [stderr] 132 |             Some(NaiveDateTime::from_timestamp(ts_start, 0))
[INFO] [stderr]     |                                 ^^^^^^^^^^^^^^
[INFO] [stderr] 
[INFO] [stderr] warning: use of deprecated method `chrono::TimeZone::datetime_from_str`: use `DateTime::parse_from_str` or `NaiveDateTime::parse_from_str` with `and_utc()` or `and_local_timezone()` instead
[INFO] [stderr]   --> src/api/roas.rs:67:22
[INFO] [stderr]    |
[INFO] [stderr] 67 |                     .datetime_from_str(
[INFO] [stderr]    |                      ^^^^^^^^^^^^^^^^^
[INFO] [stderr] 
[INFO] [stderr] warning: use of deprecated method `chrono::DateTime::<Tz>::date`: Use `date_naive()` instead
[INFO] [stderr]   --> src/api/roas.rs:72:22
[INFO] [stderr]    |
[INFO] [stderr] 72 |                     .date();
[INFO] [stderr]    |                      ^^^^
[INFO] [stderr] 
[INFO] [stderr] warning: use of deprecated method `chrono::TimeZone::datetime_from_str`: use `DateTime::parse_from_str` or `NaiveDateTime::parse_from_str` with `and_utc()` or `and_local_timezone()` instead
[INFO] [stderr]   --> src/api/roas.rs:74:22
[INFO] [stderr]    |
[INFO] [stderr] 74 |                     .datetime_from_str(
[INFO] [stderr]    |                      ^^^^^^^^^^^^^^^^^
[INFO] [stderr] 
[INFO] [stderr] warning: use of deprecated method `chrono::DateTime::<Tz>::date`: Use `date_naive()` instead
[INFO] [stderr]   --> src/api/roas.rs:79:22
[INFO] [stderr]    |
[INFO] [stderr] 79 |                     .date();
[INFO] [stderr]    |                      ^^^^
[INFO] [stderr] 
[INFO] [stderr] warning: use of deprecated method `chrono::DateTime::<Tz>::date`: Use `date_naive()` instead
[INFO] [stderr]   --> src/api/roas.rs:88:63
[INFO] [stderr]    |
[INFO] [stderr] 88 |                 if date_1 >= (Utc::now() - Duration::days(1)).date() {
[INFO] [stderr]    |                                                               ^^^^
[INFO] [stderr] 
[INFO] [stderr] warning: `bgpkit-api-rs` (lib) generated 10 warnings
[INFO] [stderr] warning: `bgpkit-api-rs` (lib test) generated 10 warnings (10 duplicates)
[INFO] [stderr]     Finished `test` profile [unoptimized + debuginfo] target(s) in 0.20s
[INFO] [stderr]      Running unittests src/lib.rs (/opt/rustwide/target/debug/deps/bgpkit_api_rs-112a98d1235d4b35)
[INFO] [stdout] 
[INFO] [stdout] running 1 test
[INFO] [stdout] test db::tests::test_connection ... FAILED
[INFO] [stdout] 
[INFO] [stdout] failures:
[INFO] [stdout] 
[INFO] [stdout] ---- db::tests::test_connection stdout ----
[INFO] [stdout] 
[INFO] [stderr] error: test failed, to rerun pass `--lib`
[INFO] [stdout] thread 'db::tests::test_connection' panicked at src/db/mod.rs:13:14:
[INFO] [stdout] required environment variable POSTGREST_API_KEY not set: NotPresent
[INFO] [stdout] stack backtrace:
[INFO] [stdout]    0:     0x65540325670a - std::backtrace_rs::backtrace::libunwind::trace::hb059275cfc8d6126
[INFO] [stdout]                                at /rustc/6067b36314ab5eb2eb47cecc464545ba58e1ad24/library/std/src/../../backtrace/src/backtrace/libunwind.rs:116:5
[INFO] [stdout]    1:     0x65540325670a - std::backtrace_rs::backtrace::trace_unsynchronized::h2da071e4327ce3ee
[INFO] [stdout]                                at /rustc/6067b36314ab5eb2eb47cecc464545ba58e1ad24/library/std/src/../../backtrace/src/backtrace/mod.rs:66:5
[INFO] [stdout]    2:     0x65540325670a - std::sys::backtrace::_print_fmt::h842a1474e6f8d23f
[INFO] [stdout]                                at /rustc/6067b36314ab5eb2eb47cecc464545ba58e1ad24/library/std/src/sys/backtrace.rs:66:9
[INFO] [stdout]    3:     0x65540325670a - <std::sys::backtrace::BacktraceLock::print::DisplayBacktrace as core::fmt::Display>::fmt::h71a62eb3b9696b12
[INFO] [stdout]                                at /rustc/6067b36314ab5eb2eb47cecc464545ba58e1ad24/library/std/src/sys/backtrace.rs:39:26
[INFO] [stdout]    4:     0x655403281d73 - core::fmt::rt::Argument::fmt::hdb6b616786b41dc1
[INFO] [stdout]                                at /rustc/6067b36314ab5eb2eb47cecc464545ba58e1ad24/library/core/src/fmt/rt.rs:177:76
[INFO] [stdout]    5:     0x655403281d73 - core::fmt::write::h2cc1698af7e2d686
[INFO] [stdout]                                at /rustc/6067b36314ab5eb2eb47cecc464545ba58e1ad24/library/core/src/fmt/mod.rs:1440:21
[INFO] [stdout]    6:     0x655403252503 - std::io::Write::write_fmt::hab1b4cd059a79022
[INFO] [stdout]                                at /rustc/6067b36314ab5eb2eb47cecc464545ba58e1ad24/library/std/src/io/mod.rs:1887:15
[INFO] [stdout]    7:     0x655403256552 - std::sys::backtrace::BacktraceLock::print::h147fe35b4ea13b08
[INFO] [stdout]                                at /rustc/6067b36314ab5eb2eb47cecc464545ba58e1ad24/library/std/src/sys/backtrace.rs:42:9
[INFO] [stdout]    8:     0x655403257b2f - std::panicking::default_hook::{{closure}}::hbd44223dbdc0d208
[INFO] [stdout]                                at /rustc/6067b36314ab5eb2eb47cecc464545ba58e1ad24/library/std/src/panicking.rs:298:22
[INFO] [stdout]    9:     0x655403257948 - std::panicking::default_hook::h20f81eb0576efcec
[INFO] [stdout]                                at /rustc/6067b36314ab5eb2eb47cecc464545ba58e1ad24/library/std/src/panicking.rs:322:9
[INFO] [stdout]   10:     0x655402bf2f83 - <alloc::boxed::Box<F,A> as core::ops::function::Fn<Args>>::call::hdb53814c496a4d34
[INFO] [stdout]                                at /rustc/6067b36314ab5eb2eb47cecc464545ba58e1ad24/library/alloc/src/boxed.rs:2027:9
[INFO] [stdout]   11:     0x655402bf2f83 - test::test_main::{{closure}}::hc0a4963c59427c24
[INFO] [stdout]                                at /rustc/6067b36314ab5eb2eb47cecc464545ba58e1ad24/library/test/src/lib.rs:134:21
[INFO] [stdout]   12:     0x655403258623 - <alloc::boxed::Box<F,A> as core::ops::function::Fn<Args>>::call::h591b2225413a77e9
[INFO] [stdout]                                at /rustc/6067b36314ab5eb2eb47cecc464545ba58e1ad24/library/alloc/src/boxed.rs:2027:9
[INFO] [stdout]   13:     0x655403258623 - std::panicking::rust_panic_with_hook::h625eea43051b2edc
[INFO] [stdout]                                at /rustc/6067b36314ab5eb2eb47cecc464545ba58e1ad24/library/std/src/panicking.rs:839:13
[INFO] [stdout]   14:     0x6554032582da - std::panicking::begin_panic_handler::{{closure}}::h4f9159cfbc3f6bd3
[INFO] [stdout]                                at /rustc/6067b36314ab5eb2eb47cecc464545ba58e1ad24/library/std/src/panicking.rs:704:13
[INFO] [stdout]   15:     0x655403256c09 - std::sys::backtrace::__rust_end_short_backtrace::h0390abce48353151
[INFO] [stdout]                                at /rustc/6067b36314ab5eb2eb47cecc464545ba58e1ad24/library/std/src/sys/backtrace.rs:168:18
[INFO] [stdout]   16:     0x655403257f6d - rust_begin_unwind
[INFO] [stdout]                                at /rustc/6067b36314ab5eb2eb47cecc464545ba58e1ad24/library/std/src/panicking.rs:695:5
[INFO] [stdout]   17:     0x65540327f970 - core::panicking::panic_fmt::h9e7c637e9e5f29c9
[INFO] [stdout]                                at /rustc/6067b36314ab5eb2eb47cecc464545ba58e1ad24/library/core/src/panicking.rs:75:14
[INFO] [stdout]   18:     0x65540327fe46 - core::result::unwrap_failed::h7979f09313fe1849
[INFO] [stdout]                                at /rustc/6067b36314ab5eb2eb47cecc464545ba58e1ad24/library/core/src/result.rs:1704:5
[INFO] [stdout]   19:     0x655402b91296 - core::result::Result<T,E>::expect::h651d1324631a7484
[INFO] [stdout]                                at /rustc/6067b36314ab5eb2eb47cecc464545ba58e1ad24/library/core/src/result.rs:1061:23
[INFO] [stdout]   20:     0x655402b9a9cb - bgpkit_api_rs::db::BgpkitDatabase::new::hf96eba0569491508
[INFO] [stdout]                                at /opt/rustwide/workdir/src/db/mod.rs:12:23
[INFO] [stdout]   21:     0x655402b95048 - bgpkit_api_rs::db::tests::test_connection::{{closure}}::ha1234e16550eec5c
[INFO] [stdout]                                at /opt/rustwide/workdir/src/db/mod.rs:44:18
[INFO] [stdout]   22:     0x655402b99732 - <core::pin::Pin<P> as core::future::future::Future>::poll::h818f6181c5a213a5
[INFO] [stdout]                                at /rustc/6067b36314ab5eb2eb47cecc464545ba58e1ad24/library/core/src/future/future.rs:124:9
[INFO] [stdout]   23:     0x655402b996ed - <core::pin::Pin<P> as core::future::future::Future>::poll::h7c815cfdfddf3e14
[INFO] [stdout]                                at /rustc/6067b36314ab5eb2eb47cecc464545ba58e1ad24/library/core/src/future/future.rs:124:9
[INFO] [stdout]   24:     0x655402ba1bcf - tokio::runtime::scheduler::current_thread::CoreGuard::block_on::{{closure}}::{{closure}}::{{closure}}::h8d0b8c294c00affa
[INFO] [stdout]                                at /opt/rustwide/cargo-home/registry/src/index.crates.io-1949cf8c6b5b557f/tokio-1.39.1/src/runtime/scheduler/current_thread/mod.rs:673:57
[INFO] [stdout]   25:     0x655402ba1965 - tokio::runtime::coop::with_budget::hb51d66c3f509c967
[INFO] [stdout]                                at /opt/rustwide/cargo-home/registry/src/index.crates.io-1949cf8c6b5b557f/tokio-1.39.1/src/runtime/coop.rs:107:5
[INFO] [stdout]   26:     0x655402ba1965 - tokio::runtime::coop::budget::hd0f51efb222d752f
[INFO] [stdout]                                at /opt/rustwide/cargo-home/registry/src/index.crates.io-1949cf8c6b5b557f/tokio-1.39.1/src/runtime/coop.rs:73:5
[INFO] [stdout]   27:     0x655402ba1965 - tokio::runtime::scheduler::current_thread::CoreGuard::block_on::{{closure}}::{{closure}}::h94ff81d6f3f181b8
[INFO] [stdout]                                at /opt/rustwide/cargo-home/registry/src/index.crates.io-1949cf8c6b5b557f/tokio-1.39.1/src/runtime/scheduler/current_thread/mod.rs:673:25
[INFO] [stdout]   28:     0x655402b9f7b0 - tokio::runtime::scheduler::current_thread::Context::enter::hf7a89c50bdb08588
[INFO] [stdout]                                at /opt/rustwide/cargo-home/registry/src/index.crates.io-1949cf8c6b5b557f/tokio-1.39.1/src/runtime/scheduler/current_thread/mod.rs:412:19
[INFO] [stdout]   29:     0x655402ba11eb - tokio::runtime::scheduler::current_thread::CoreGuard::block_on::{{closure}}::hcf23db0ac9200acd
[INFO] [stdout]                                at /opt/rustwide/cargo-home/registry/src/index.crates.io-1949cf8c6b5b557f/tokio-1.39.1/src/runtime/scheduler/current_thread/mod.rs:672:36
[INFO] [stdout]   30:     0x655402ba0674 - tokio::runtime::scheduler::current_thread::CoreGuard::enter::{{closure}}::hc16d12f84b3f7675
[INFO] [stdout]                                at /opt/rustwide/cargo-home/registry/src/index.crates.io-1949cf8c6b5b557f/tokio-1.39.1/src/runtime/scheduler/current_thread/mod.rs:751:68
[INFO] [stdout]   31:     0x655402b931cb - tokio::runtime::context::scoped::Scoped<T>::set::h7194e8d0f5bacd50
[INFO] [stdout]                                at /opt/rustwide/cargo-home/registry/src/index.crates.io-1949cf8c6b5b557f/tokio-1.39.1/src/runtime/context/scoped.rs:40:9
[INFO] [stdout]   32:     0x655402b98189 - tokio::runtime::context::set_scheduler::{{closure}}::hbedc59434376cace
[INFO] [stdout]                                at /opt/rustwide/cargo-home/registry/src/index.crates.io-1949cf8c6b5b557f/tokio-1.39.1/src/runtime/context.rs:180:26
[INFO] [stdout]   33:     0x655402b8f082 - std::thread::local::LocalKey<T>::try_with::h5a7ec1311a100e98
[INFO] [stdout]                                at /rustc/6067b36314ab5eb2eb47cecc464545ba58e1ad24/library/std/src/thread/local.rs:308:12
[INFO] [stdout]   34:     0x655402b8ea5a - std::thread::local::LocalKey<T>::with::h6c92c43205cf7888
[INFO] [stdout]                                at /rustc/6067b36314ab5eb2eb47cecc464545ba58e1ad24/library/std/src/thread/local.rs:272:9
[INFO] [stdout]   35:     0x655402b980fd - tokio::runtime::context::set_scheduler::he6b8b30c29eefb47
[INFO] [stdout]                                at /opt/rustwide/cargo-home/registry/src/index.crates.io-1949cf8c6b5b557f/tokio-1.39.1/src/runtime/context.rs:180:9
[INFO] [stdout]   36:     0x655402b9ffe8 - tokio::runtime::scheduler::current_thread::CoreGuard::enter::h122b133bb6a13c58
[INFO] [stdout]                                at /opt/rustwide/cargo-home/registry/src/index.crates.io-1949cf8c6b5b557f/tokio-1.39.1/src/runtime/scheduler/current_thread/mod.rs:751:27
[INFO] [stdout]   37:     0x655402ba0693 - tokio::runtime::scheduler::current_thread::CoreGuard::block_on::h6912e55657e360d5
[INFO] [stdout]                                at /opt/rustwide/cargo-home/registry/src/index.crates.io-1949cf8c6b5b557f/tokio-1.39.1/src/runtime/scheduler/current_thread/mod.rs:660:19
[INFO] [stdout]   38:     0x655402b9e49a - tokio::runtime::scheduler::current_thread::CurrentThread::block_on::{{closure}}::h1ccb68ae403ffe75
[INFO] [stdout]                                at /opt/rustwide/cargo-home/registry/src/index.crates.io-1949cf8c6b5b557f/tokio-1.39.1/src/runtime/scheduler/current_thread/mod.rs:180:28
[INFO] [stdout]   39:     0x655402b98636 - tokio::runtime::context::runtime::enter_runtime::h4d9b75a346e770f5
[INFO] [stdout]                                at /opt/rustwide/cargo-home/registry/src/index.crates.io-1949cf8c6b5b557f/tokio-1.39.1/src/runtime/context/runtime.rs:65:16
[INFO] [stdout]   40:     0x655402b9e1a1 - tokio::runtime::scheduler::current_thread::CurrentThread::block_on::h22ae1179b3ca4c21
[INFO] [stdout]                                at /opt/rustwide/cargo-home/registry/src/index.crates.io-1949cf8c6b5b557f/tokio-1.39.1/src/runtime/scheduler/current_thread/mod.rs:168:9
[INFO] [stdout]   41:     0x655402b9355d - tokio::runtime::runtime::Runtime::block_on_inner::h7b4c3fd9941e91a8
[INFO] [stdout]                                at /opt/rustwide/cargo-home/registry/src/index.crates.io-1949cf8c6b5b557f/tokio-1.39.1/src/runtime/runtime.rs:361:47
[INFO] [stdout]   42:     0x655402b93675 - tokio::runtime::runtime::Runtime::block_on::h8e4e632f83fe2c88
[INFO] [stdout]                                at /opt/rustwide/cargo-home/registry/src/index.crates.io-1949cf8c6b5b557f/tokio-1.39.1/src/runtime/runtime.rs:335:13
[INFO] [stdout]   43:     0x655402b94f43 - bgpkit_api_rs::db::tests::test_connection::h84dc90657632beda
[INFO] [stdout]                                at /opt/rustwide/workdir/src/db/mod.rs:55:9
[INFO] [stdout]   44:     0x655402b94de7 - bgpkit_api_rs::db::tests::test_connection::{{closure}}::h82e5bb308e42c006
[INFO] [stdout]                                at /opt/rustwide/workdir/src/db/mod.rs:43:31
[INFO] [stdout]   45:     0x655402b8fc56 - core::ops::function::FnOnce::call_once::hbcf905903a653bd9
[INFO] [stdout]                                at /rustc/6067b36314ab5eb2eb47cecc464545ba58e1ad24/library/core/src/ops/function.rs:250:5
[INFO] [stdout]   46:     0x655402bf86db - core::ops::function::FnOnce::call_once::he27718dfdd183f43
[INFO] [stdout]                                at /rustc/6067b36314ab5eb2eb47cecc464545ba58e1ad24/library/core/src/ops/function.rs:250:5
[INFO] [stdout]   47:     0x655402bf86db - test::__rust_begin_short_backtrace::h4e84902998457a5d
[INFO] [stdout]                                at /rustc/6067b36314ab5eb2eb47cecc464545ba58e1ad24/library/test/src/lib.rs:632:18
[INFO] [stdout]   48:     0x655402bf7613 - test::run_test_in_process::{{closure}}::h7176fd18fc1feca0
[INFO] [stdout]                                at /rustc/6067b36314ab5eb2eb47cecc464545ba58e1ad24/library/test/src/lib.rs:655:60
[INFO] [stdout]   49:     0x655402bf7613 - <core::panic::unwind_safe::AssertUnwindSafe<F> as core::ops::function::FnOnce<()>>::call_once::hf79cff2a624d8cf7
[INFO] [stdout]                                at /rustc/6067b36314ab5eb2eb47cecc464545ba58e1ad24/library/core/src/panic/unwind_safe.rs:272:9
[INFO] [stdout]   50:     0x655402bf7613 - std::panicking::try::do_call::h3da0561d9ab99c25
[INFO] [stdout]                                at /rustc/6067b36314ab5eb2eb47cecc464545ba58e1ad24/library/std/src/panicking.rs:587:40
[INFO] [stdout]   51:     0x655402bf7613 - std::panicking::try::h41c9fa508bc61df6
[INFO] [stdout]                                at /rustc/6067b36314ab5eb2eb47cecc464545ba58e1ad24/library/std/src/panicking.rs:550:19
[INFO] [stdout]   52:     0x655402bf7613 - std::panic::catch_unwind::h6b3ff07bb5afad93
[INFO] [stdout]                                at /rustc/6067b36314ab5eb2eb47cecc464545ba58e1ad24/library/std/src/panic.rs:358:14
[INFO] [stdout]   53:     0x655402bf7613 - test::run_test_in_process::hc7253dd11b39b9f4
[INFO] [stdout]                                at /rustc/6067b36314ab5eb2eb47cecc464545ba58e1ad24/library/test/src/lib.rs:655:27
[INFO] [stdout]   54:     0x655402bf7613 - test::run_test::{{closure}}::hfb2007f8649c30bb
[INFO] [stdout]                                at /rustc/6067b36314ab5eb2eb47cecc464545ba58e1ad24/library/test/src/lib.rs:576:43
[INFO] [stdout]   55:     0x655402bba6f5 - test::run_test::{{closure}}::h56a17aa7a282a9f4
[INFO] [stdout]                                at /rustc/6067b36314ab5eb2eb47cecc464545ba58e1ad24/library/test/src/lib.rs:606:41
[INFO] [stdout]   56:     0x655402bba6f5 - std::sys::backtrace::__rust_begin_short_backtrace::hd2d2d2fb8e8c6aac
[INFO] [stdout]                                at /rustc/6067b36314ab5eb2eb47cecc464545ba58e1ad24/library/std/src/sys/backtrace.rs:152:18
[INFO] [stdout]   57:     0x655402bbdfda - std::thread::Builder::spawn_unchecked_::{{closure}}::{{closure}}::h4faa3f9db6133423
[INFO] [stdout]                                at /rustc/6067b36314ab5eb2eb47cecc464545ba58e1ad24/library/std/src/thread/mod.rs:559:17
[INFO] [stdout]   58:     0x655402bbdfda - <core::panic::unwind_safe::AssertUnwindSafe<F> as core::ops::function::FnOnce<()>>::call_once::hf2e855a36a4ea846
[INFO] [stdout]                                at /rustc/6067b36314ab5eb2eb47cecc464545ba58e1ad24/library/core/src/panic/unwind_safe.rs:272:9
[INFO] [stdout]   59:     0x655402bbdfda - std::panicking::try::do_call::h2f73af3616c35465
[INFO] [stdout]                                at /rustc/6067b36314ab5eb2eb47cecc464545ba58e1ad24/library/std/src/panicking.rs:587:40
[INFO] [stdout]   60:     0x655402bbdfda - std::panicking::try::hd1660ce9efadef5a
[INFO] [stdout]                                at /rustc/6067b36314ab5eb2eb47cecc464545ba58e1ad24/library/std/src/panicking.rs:550:19
[INFO] [stdout]   61:     0x655402bbdfda - std::panic::catch_unwind::h5ee8d7823b8ca744
[INFO] [stdout]                                at /rustc/6067b36314ab5eb2eb47cecc464545ba58e1ad24/library/std/src/panic.rs:358:14
[INFO] [stdout]   62:     0x655402bbdfda - std::thread::Builder::spawn_unchecked_::{{closure}}::h53c3a1894dce8407
[INFO] [stdout]                                at /rustc/6067b36314ab5eb2eb47cecc464545ba58e1ad24/library/std/src/thread/mod.rs:557:30
[INFO] [stdout]   63:     0x655402bbdfda - core::ops::function::FnOnce::call_once{{vtable.shim}}::h048ce291ad4f62bf
[INFO] [stdout]                                at /rustc/6067b36314ab5eb2eb47cecc464545ba58e1ad24/library/core/src/ops/function.rs:250:5
[INFO] [stdout]   64:     0x65540325cacb - <alloc::boxed::Box<F,A> as core::ops::function::FnOnce<Args>>::call_once::ha52bedf99a3b4981
[INFO] [stdout]                                at /rustc/6067b36314ab5eb2eb47cecc464545ba58e1ad24/library/alloc/src/boxed.rs:2013:9
[INFO] [stdout]   65:     0x65540325cacb - <alloc::boxed::Box<F,A> as core::ops::function::FnOnce<Args>>::call_once::h567748934d80ccf8
[INFO] [stdout]                                at /rustc/6067b36314ab5eb2eb47cecc464545ba58e1ad24/library/alloc/src/boxed.rs:2013:9
[INFO] [stdout]   66:     0x65540325cacb - std::sys::pal::unix::thread::Thread::new::thread_start::h2d970728ae887adc
[INFO] [stdout]                                at /rustc/6067b36314ab5eb2eb47cecc464545ba58e1ad24/library/std/src/sys/pal/unix/thread.rs:106:17
[INFO] [stdout]   67:     0x7043fe676ac3 - <unknown>
[INFO] [stdout]   68:     0x7043fe707a04 - clone
[INFO] [stdout]   69:                0x0 - <unknown>
[INFO] [stdout] 
[INFO] [stdout] 
[INFO] [stdout] failures:
[INFO] [stdout]     db::tests::test_connection
[INFO] [stdout] 
[INFO] [stdout] test result: FAILED. 0 passed; 1 failed; 0 ignored; 0 measured; 0 filtered out; finished in 0.06s
[INFO] [stdout] 
[INFO] running `Command { std: "docker" "inspect" "a7a5a99f102905211de1428299c02b030c5396705cf8d76dea01e003949cfe01", kill_on_drop: false }`
[INFO] running `Command { std: "docker" "rm" "-f" "a7a5a99f102905211de1428299c02b030c5396705cf8d76dea01e003949cfe01", kill_on_drop: false }`
[INFO] [stdout] a7a5a99f102905211de1428299c02b030c5396705cf8d76dea01e003949cfe01
