[INFO] cloning repository https://github.com/bensmith28/RustAdventOfCode
[INFO] running `Command { std: "git" "-c" "credential.helper=" "-c" "credential.helper=/workspace/cargo-home/bin/git-credential-null" "clone" "--bare" "https://github.com/bensmith28/RustAdventOfCode" "/workspace/cache/git-repos/https%3A%2F%2Fgithub.com%2Fbensmith28%2FRustAdventOfCode", kill_on_drop: false }`
[INFO] [stderr] Cloning into bare repository '/workspace/cache/git-repos/https%3A%2F%2Fgithub.com%2Fbensmith28%2FRustAdventOfCode'...
[INFO] running `Command { std: "git" "rev-parse" "HEAD", kill_on_drop: false }`
[INFO] [stdout] fa54ebb1bfe5c4548a34afb8cdf9101ec520c1d7
[INFO] testing bensmith28/RustAdventOfCode against nightly-2025-01-18+rustflags=-Zrandomize-layout for randomize-layout-2
[INFO] running `Command { std: "git" "clone" "/workspace/cache/git-repos/https%3A%2F%2Fgithub.com%2Fbensmith28%2FRustAdventOfCode" "/workspace/builds/worker-1-tc2/source", kill_on_drop: false }`
[INFO] [stderr] Cloning into '/workspace/builds/worker-1-tc2/source'...
[INFO] [stderr] done.
[INFO] validating manifest of git repo https://github.com/bensmith28/RustAdventOfCode on toolchain nightly-2025-01-18
[INFO] running `Command { std: CARGO_HOME="/workspace/cargo-home" RUSTUP_HOME="/workspace/rustup-home" "/workspace/cargo-home/bin/cargo" "+nightly-2025-01-18" "metadata" "--manifest-path" "Cargo.toml" "--no-deps", kill_on_drop: false }`
[INFO] started tweaking git repo https://github.com/bensmith28/RustAdventOfCode
[INFO] finished tweaking git repo https://github.com/bensmith28/RustAdventOfCode
[INFO] tweaked toml for git repo https://github.com/bensmith28/RustAdventOfCode written to /workspace/builds/worker-1-tc2/source/Cargo.toml
[INFO] crate git repo https://github.com/bensmith28/RustAdventOfCode already has a lockfile, it will not be regenerated
[INFO] running `Command { std: CARGO_HOME="/workspace/cargo-home" RUSTUP_HOME="/workspace/rustup-home" "/workspace/cargo-home/bin/cargo" "+nightly-2025-01-18" "fetch" "--manifest-path" "Cargo.toml", kill_on_drop: false }`
[INFO] running `Command { std: "docker" "create" "-v" "/var/lib/crater-agent-workspace/builds/worker-1-tc2/target:/opt/rustwide/target:rw,Z" "-v" "/var/lib/crater-agent-workspace/builds/worker-1-tc2/source:/opt/rustwide/workdir:ro,Z" "-v" "/var/lib/crater-agent-workspace/cargo-home:/opt/rustwide/cargo-home:ro,Z" "-v" "/var/lib/crater-agent-workspace/rustup-home:/opt/rustwide/rustup-home:ro,Z" "-e" "SOURCE_DIR=/opt/rustwide/workdir" "-e" "CARGO_TARGET_DIR=/opt/rustwide/target" "-e" "CARGO_HOME=/opt/rustwide/cargo-home" "-e" "RUSTUP_HOME=/opt/rustwide/rustup-home" "-w" "/opt/rustwide/workdir" "-m" "1610612736" "--user" "0:0" "--network" "none" "ghcr.io/rust-lang/crates-build-env/linux@sha256:819108c5571ea2e421544af4d832f968d213c87fbe3707a016657f43d2f853bc" "/opt/rustwide/cargo-home/bin/cargo" "+nightly-2025-01-18" "metadata" "--no-deps" "--format-version=1", kill_on_drop: false }`
[INFO] [stdout] b9a14d7ca958bb6dfa5ffb0c4255e18b896c528ce36b9955b441b4a5c1a1b87c
[INFO] running `Command { std: "docker" "start" "-a" "b9a14d7ca958bb6dfa5ffb0c4255e18b896c528ce36b9955b441b4a5c1a1b87c", kill_on_drop: false }`
[INFO] running `Command { std: "docker" "inspect" "b9a14d7ca958bb6dfa5ffb0c4255e18b896c528ce36b9955b441b4a5c1a1b87c", kill_on_drop: false }`
[INFO] running `Command { std: "docker" "rm" "-f" "b9a14d7ca958bb6dfa5ffb0c4255e18b896c528ce36b9955b441b4a5c1a1b87c", kill_on_drop: false }`
[INFO] [stdout] b9a14d7ca958bb6dfa5ffb0c4255e18b896c528ce36b9955b441b4a5c1a1b87c
[INFO] running `Command { std: "docker" "create" "-v" "/var/lib/crater-agent-workspace/builds/worker-1-tc2/target:/opt/rustwide/target:rw,Z" "-v" "/var/lib/crater-agent-workspace/builds/worker-1-tc2/source:/opt/rustwide/workdir:ro,Z" "-v" "/var/lib/crater-agent-workspace/cargo-home:/opt/rustwide/cargo-home:ro,Z" "-v" "/var/lib/crater-agent-workspace/rustup-home:/opt/rustwide/rustup-home:ro,Z" "-e" "SOURCE_DIR=/opt/rustwide/workdir" "-e" "CARGO_TARGET_DIR=/opt/rustwide/target" "-e" "CARGO_INCREMENTAL=0" "-e" "RUST_BACKTRACE=full" "-e" "RUSTFLAGS=--cap-lints=forbid -Zrandomize-layout" "-e" "RUSTDOCFLAGS=--cap-lints=forbid" "-e" "CARGO_HOME=/opt/rustwide/cargo-home" "-e" "RUSTUP_HOME=/opt/rustwide/rustup-home" "-w" "/opt/rustwide/workdir" "-m" "1610612736" "--user" "0:0" "--network" "none" "ghcr.io/rust-lang/crates-build-env/linux@sha256:819108c5571ea2e421544af4d832f968d213c87fbe3707a016657f43d2f853bc" "/opt/rustwide/cargo-home/bin/cargo" "+nightly-2025-01-18" "build" "--frozen" "--message-format=json", kill_on_drop: false }`
[INFO] [stdout] 228777060e60181b43edb862611d8ec85fd831cb5912e8d9ba094538baeba41f
[INFO] running `Command { std: "docker" "start" "-a" "228777060e60181b43edb862611d8ec85fd831cb5912e8d9ba094538baeba41f", kill_on_drop: false }`
[INFO] [stderr]    Compiling memchr v2.7.4
[INFO] [stderr]    Compiling regex-syntax v0.8.5
[INFO] [stderr]    Compiling aho-corasick v1.1.3
[INFO] [stderr]    Compiling regex-automata v0.4.9
[INFO] [stderr]    Compiling regex v1.11.1
[INFO] [stderr]    Compiling RustAdventOfCode v0.1.0 (/opt/rustwide/workdir)
[INFO] [stdout] warning: function `read_lines` is never used
[INFO] [stdout]   --> src/main.rs:34:4
[INFO] [stdout]    |
[INFO] [stdout] 34 | fn read_lines(file_name: &str) -> Lines<BufReader<File>> {
[INFO] [stdout]    |    ^^^^^^^^^^
[INFO] [stdout]    |
[INFO] [stdout]    = note: `#[warn(dead_code)]` on by default
[INFO] [stdout] 
[INFO] [stdout] 
[INFO] [stdout] warning: function `read_string` is never used
[INFO] [stdout]   --> src/main.rs:44:4
[INFO] [stdout]    |
[INFO] [stdout] 44 | fn read_string(file_name: &str) -> String {
[INFO] [stdout]    |    ^^^^^^^^^^^
[INFO] [stdout] 
[INFO] [stdout] 
[INFO] [stdout] warning: function `step1` is never used
[INFO] [stdout]  --> src/year2023day1.rs:4:4
[INFO] [stdout]   |
[INFO] [stdout] 4 | fn step1(file_name: &str) -> std::io::Result<usize> {
[INFO] [stdout]   |    ^^^^^
[INFO] [stdout] 
[INFO] [stdout] 
[INFO] [stdout] warning: enum `ParseError` is never used
[INFO] [stdout]   --> src/year2023day1.rs:28:6
[INFO] [stdout]    |
[INFO] [stdout] 28 | enum ParseError {
[INFO] [stdout]    |      ^^^^^^^^^^
[INFO] [stdout] 
[INFO] [stdout] 
[INFO] [stdout] warning: constant `NUMBER_WORDS` is never used
[INFO] [stdout]   --> src/year2023day1.rs:33:7
[INFO] [stdout]    |
[INFO] [stdout] 33 | const NUMBER_WORDS: [(&str, usize); 10] = [
[INFO] [stdout]    |       ^^^^^^^^^^^^
[INFO] [stdout] 
[INFO] [stdout] 
[INFO] [stdout] warning: function `parse_value` is never used
[INFO] [stdout]   --> src/year2023day1.rs:38:4
[INFO] [stdout]    |
[INFO] [stdout] 38 | fn parse_value(s: &str) -> Result<usize, ParseError> {
[INFO] [stdout]    |    ^^^^^^^^^^^
[INFO] [stdout] 
[INFO] [stdout] 
[INFO] [stdout] warning: function `step2` is never used
[INFO] [stdout]   --> src/year2023day1.rs:57:4
[INFO] [stdout]    |
[INFO] [stdout] 57 | fn step2(file_name: &str) -> std::io::Result<usize> {
[INFO] [stdout]    |    ^^^^^
[INFO] [stdout] 
[INFO] [stdout] 
[INFO] [stdout] warning: struct `Game` is never constructed
[INFO] [stdout]  --> src/year2023day2.rs:6:12
[INFO] [stdout]   |
[INFO] [stdout] 6 |     struct Game {
[INFO] [stdout]   |            ^^^^
[INFO] [stdout] 
[INFO] [stdout] 
[INFO] [stdout] warning: associated items `parse` and `power` are never used
[INFO] [stdout]   --> src/year2023day2.rs:12:12
[INFO] [stdout]    |
[INFO] [stdout] 11 |     impl Game {
[INFO] [stdout]    |     --------- associated items in this implementation
[INFO] [stdout] 12 |         fn parse(s: &str) -> Game {
[INFO] [stdout]    |            ^^^^^
[INFO] [stdout] ...
[INFO] [stdout] 31 |         fn power(&self) -> usize {
[INFO] [stdout]    |            ^^^^^
[INFO] [stdout] 
[INFO] [stdout] 
[INFO] [stdout] warning: struct `Hand` is never constructed
[INFO] [stdout]   --> src/year2023day2.rs:47:12
[INFO] [stdout]    |
[INFO] [stdout] 47 |     struct Hand {
[INFO] [stdout]    |            ^^^^
[INFO] [stdout] 
[INFO] [stdout] 
[INFO] [stdout] warning: associated items `parse`, `possible_draw`, and `power` are never used
[INFO] [stdout]   --> src/year2023day2.rs:54:12
[INFO] [stdout]    |
[INFO] [stdout] 53 |     impl Hand {
[INFO] [stdout]    |     --------- associated items in this implementation
[INFO] [stdout] 54 |         fn parse(s: &str) -> Hand {
[INFO] [stdout]    |            ^^^^^
[INFO] [stdout] ...
[INFO] [stdout] 82 |         fn possible_draw(&self, other: &Hand) -> bool {
[INFO] [stdout]    |            ^^^^^^^^^^^^^
[INFO] [stdout] ...
[INFO] [stdout] 86 |         fn power(&self) -> usize {
[INFO] [stdout]    |            ^^^^^
[INFO] [stdout] 
[INFO] [stdout] 
[INFO] [stdout] warning: struct `Location` is never constructed
[INFO] [stdout]  --> src/year2023day3.rs:7:12
[INFO] [stdout]   |
[INFO] [stdout] 7 |     struct Location {
[INFO] [stdout]   |            ^^^^^^^^
[INFO] [stdout] 
[INFO] [stdout] 
[INFO] [stdout] warning: enum `Tile` is never used
[INFO] [stdout]   --> src/year2023day3.rs:14:10
[INFO] [stdout]    |
[INFO] [stdout] 14 |     enum Tile {
[INFO] [stdout]    |          ^^^^
[INFO] [stdout] 
[INFO] [stdout] 
[INFO] [stdout] warning: method `is_adjacent` is never used
[INFO] [stdout]   --> src/year2023day3.rs:20:12
[INFO] [stdout]    |
[INFO] [stdout] 19 |     impl Tile {
[INFO] [stdout]    |     --------- method in this implementation
[INFO] [stdout] 20 |         fn is_adjacent(&self, other: &Tile) -> bool {
[INFO] [stdout]    |            ^^^^^^^^^^^
[INFO] [stdout] 
[INFO] [stdout] 
[INFO] [stdout] warning: method `is_adjacent` is never used
[INFO] [stdout]   --> src/year2023day3.rs:34:12
[INFO] [stdout]    |
[INFO] [stdout] 33 |     impl Location {
[INFO] [stdout]    |     ------------- method in this implementation
[INFO] [stdout] 34 |         fn is_adjacent(&self, other: &Location) -> bool {
[INFO] [stdout]    |            ^^^^^^^^^^^
[INFO] [stdout] 
[INFO] [stdout] 
[INFO] [stdout] warning: function `filter_for_part1` is never used
[INFO] [stdout]   --> src/year2023day3.rs:40:8
[INFO] [stdout]    |
[INFO] [stdout] 40 |     fn filter_for_part1(tiles: &[Tile]) -> Vec<&Tile> {
[INFO] [stdout]    |        ^^^^^^^^^^^^^^^^
[INFO] [stdout] 
[INFO] [stdout] 
[INFO] [stdout] warning: function `filter_for_part2` is never used
[INFO] [stdout]   --> src/year2023day3.rs:52:8
[INFO] [stdout]    |
[INFO] [stdout] 52 |     fn filter_for_part2(tiles: &[Tile]) -> Vec<usize> {
[INFO] [stdout]    |        ^^^^^^^^^^^^^^^^
[INFO] [stdout] 
[INFO] [stdout] 
[INFO] [stdout] warning: function `parse_schematic` is never used
[INFO] [stdout]   --> src/year2023day3.rs:76:8
[INFO] [stdout]    |
[INFO] [stdout] 76 |     fn parse_schematic(file_name: &str) -> Vec<Tile> {
[INFO] [stdout]    |        ^^^^^^^^^^^^^^^
[INFO] [stdout] 
[INFO] [stdout] 
[INFO] [stdout] warning: function `parse_line` is never used
[INFO] [stdout]   --> src/year2023day3.rs:85:8
[INFO] [stdout]    |
[INFO] [stdout] 85 |     fn parse_line(line: &str, y: usize) -> Vec<Tile> {
[INFO] [stdout]    |        ^^^^^^^^^^
[INFO] [stdout] 
[INFO] [stdout] 
[INFO] [stdout] warning: struct `Card` is never constructed
[INFO] [stdout]  --> src/year2023day4.rs:8:12
[INFO] [stdout]   |
[INFO] [stdout] 8 |     struct Card {
[INFO] [stdout]   |            ^^^^
[INFO] [stdout] 
[INFO] [stdout] 
[INFO] [stdout] warning: associated items `parse`, `score`, and `won_cards` are never used
[INFO] [stdout]   --> src/year2023day4.rs:15:12
[INFO] [stdout]    |
[INFO] [stdout] 14 |     impl Card {
[INFO] [stdout]    |     --------- associated items in this implementation
[INFO] [stdout] 15 |         fn parse(s: &str) -> Card {
[INFO] [stdout]    |            ^^^^^
[INFO] [stdout] ...
[INFO] [stdout] 32 |         fn score(&self) -> usize {
[INFO] [stdout]    |            ^^^^^
[INFO] [stdout] ...
[INFO] [stdout] 46 |         fn won_cards(&self, max_id: usize) -> Range<usize> {
[INFO] [stdout]    |            ^^^^^^^^^
[INFO] [stdout] 
[INFO] [stdout] 
[INFO] [stdout] warning: function `count_cards` is never used
[INFO] [stdout]   --> src/year2023day4.rs:55:8
[INFO] [stdout]    |
[INFO] [stdout] 55 |     fn count_cards(cards: &[Card]) -> usize {
[INFO] [stdout]    |        ^^^^^^^^^^^
[INFO] [stdout] 
[INFO] [stdout] 
[INFO] [stdout] warning: struct `RangeDelta` is never constructed
[INFO] [stdout]  --> src/year2023day5.rs:8:12
[INFO] [stdout]   |
[INFO] [stdout] 8 |     struct RangeDelta {
[INFO] [stdout]   |            ^^^^^^^^^^
[INFO] [stdout] 
[INFO] [stdout] 
[INFO] [stdout] warning: associated function `parse` is never used
[INFO] [stdout]   --> src/year2023day5.rs:14:12
[INFO] [stdout]    |
[INFO] [stdout] 13 |     impl RangeDelta {
[INFO] [stdout]    |     --------------- associated function in this implementation
[INFO] [stdout] 14 |         fn parse(l: &str) -> RangeDelta {
[INFO] [stdout]    |            ^^^^^
[INFO] [stdout] 
[INFO] [stdout] 
[INFO] [stdout] warning: struct `Layer` is never constructed
[INFO] [stdout]   --> src/year2023day5.rs:29:12
[INFO] [stdout]    |
[INFO] [stdout] 29 |     struct Layer {
[INFO] [stdout]    |            ^^^^^
[INFO] [stdout] 
[INFO] [stdout] 
[INFO] [stdout] warning: struct `Input` is never constructed
[INFO] [stdout]   --> src/year2023day5.rs:35:12
[INFO] [stdout]    |
[INFO] [stdout] 35 |     struct Input {
[INFO] [stdout]    |            ^^^^^
[INFO] [stdout] 
[INFO] [stdout] 
[INFO] [stdout] warning: associated items `parse`, `part1`, and `part2` are never used
[INFO] [stdout]    --> src/year2023day5.rs:41:12
[INFO] [stdout]     |
[INFO] [stdout] 40  |     impl Input {
[INFO] [stdout]     |     ---------- associated items in this implementation
[INFO] [stdout] 41  |         fn parse(file_name: &str) -> Input {
[INFO] [stdout]     |            ^^^^^
[INFO] [stdout] ...
[INFO] [stdout] 83  |         fn part1(&self) -> isize {
[INFO] [stdout]     |            ^^^^^
[INFO] [stdout] ...
[INFO] [stdout] 100 |         fn part2(&self) -> isize {
[INFO] [stdout]     |            ^^^^^
[INFO] [stdout] 
[INFO] [stdout] 
[INFO] [stdout] warning: struct `RaceRecord` is never constructed
[INFO] [stdout]  --> src/year2023day6.rs:6:12
[INFO] [stdout]   |
[INFO] [stdout] 6 |     struct RaceRecord {
[INFO] [stdout]   |            ^^^^^^^^^^
[INFO] [stdout] 
[INFO] [stdout] 
[INFO] [stdout] warning: function `parse_sheet` is never used
[INFO] [stdout]   --> src/year2023day6.rs:11:8
[INFO] [stdout]    |
[INFO] [stdout] 11 |     fn parse_sheet(filename: &str) -> Vec<RaceRecord> {
[INFO] [stdout]    |        ^^^^^^^^^^^
[INFO] [stdout] 
[INFO] [stdout] 
[INFO] [stdout] warning: function `parse_sheet_part2` is never used
[INFO] [stdout]   --> src/year2023day6.rs:34:8
[INFO] [stdout]    |
[INFO] [stdout] 34 |     fn parse_sheet_part2(filename: &str) -> RaceRecord {
[INFO] [stdout]    |        ^^^^^^^^^^^^^^^^^
[INFO] [stdout] 
[INFO] [stdout] 
[INFO] [stdout] warning: function `does_it_win` is never used
[INFO] [stdout]   --> src/year2023day6.rs:59:8
[INFO] [stdout]    |
[INFO] [stdout] 59 |     fn does_it_win(race_record: &RaceRecord, hold: usize) -> bool {
[INFO] [stdout]    |        ^^^^^^^^^^^
[INFO] [stdout] 
[INFO] [stdout] 
[INFO] [stdout] warning: function `part1` is never used
[INFO] [stdout]   --> src/year2023day6.rs:63:8
[INFO] [stdout]    |
[INFO] [stdout] 63 |     fn part1(filename: &str) -> usize {
[INFO] [stdout]    |        ^^^^^
[INFO] [stdout] 
[INFO] [stdout] 
[INFO] [stdout] warning: function `part2` is never used
[INFO] [stdout]   --> src/year2023day6.rs:68:8
[INFO] [stdout]    |
[INFO] [stdout] 68 |     fn part2(filename: &str) -> usize {
[INFO] [stdout]    |        ^^^^^
[INFO] [stdout] 
[INFO] [stdout] 
[INFO] [stdout] warning: function `ways_to_win` is never used
[INFO] [stdout]   --> src/year2023day6.rs:73:8
[INFO] [stdout]    |
[INFO] [stdout] 73 |     fn ways_to_win(sheet: Vec<RaceRecord>) -> usize {
[INFO] [stdout]    |        ^^^^^^^^^^^
[INFO] [stdout] 
[INFO] [stdout] 
[INFO] [stdout] warning: function `parse_input` is never used
[INFO] [stdout]    --> src/year2023day7.rs:150:8
[INFO] [stdout]     |
[INFO] [stdout] 150 |     fn parse_input(filename: &str, jacks_wild: bool) -> Vec<Hand> {
[INFO] [stdout]     |        ^^^^^^^^^^^
[INFO] [stdout] 
[INFO] [stdout] 
[INFO] [stdout] warning: function `total_winnings` is never used
[INFO] [stdout]    --> src/year2023day7.rs:163:8
[INFO] [stdout]     |
[INFO] [stdout] 163 |     fn total_winnings(hands: Vec<Hand>) -> usize {
[INFO] [stdout]     |        ^^^^^^^^^^^^^^
[INFO] [stdout] 
[INFO] [stdout] 
[INFO] [stdout] warning: struct `MapNode` is never constructed
[INFO] [stdout]  --> src/year2023day8.rs:6:12
[INFO] [stdout]   |
[INFO] [stdout] 6 |     struct MapNode {
[INFO] [stdout]   |            ^^^^^^^
[INFO] [stdout] 
[INFO] [stdout] 
[INFO] [stdout] warning: enum `Direction` is never used
[INFO] [stdout]   --> src/year2023day8.rs:12:10
[INFO] [stdout]    |
[INFO] [stdout] 12 |     enum Direction {
[INFO] [stdout]    |          ^^^^^^^^^
[INFO] [stdout] 
[INFO] [stdout] 
[INFO] [stdout] warning: struct `Input` is never constructed
[INFO] [stdout]   --> src/year2023day8.rs:16:12
[INFO] [stdout]    |
[INFO] [stdout] 16 |     struct Input {
[INFO] [stdout]    |            ^^^^^
[INFO] [stdout] 
[INFO] [stdout] 
[INFO] [stdout] warning: associated functions `parse_directions` and `new` are never used
[INFO] [stdout]   --> src/year2023day8.rs:22:12
[INFO] [stdout]    |
[INFO] [stdout] 21 |     impl Input {
[INFO] [stdout]    |     ---------- associated functions in this implementation
[INFO] [stdout] 22 |         fn parse_directions(line: &str) -> Vec<Direction> {
[INFO] [stdout]    |            ^^^^^^^^^^^^^^^^
[INFO] [stdout] ...
[INFO] [stdout] 34 |         fn new(filename: &str) -> Self {
[INFO] [stdout]    |            ^^^
[INFO] [stdout] 
[INFO] [stdout] 
[INFO] [stdout] warning: function `follow_path` is never used
[INFO] [stdout]   --> src/year2023day8.rs:55:8
[INFO] [stdout]    |
[INFO] [stdout] 55 |     fn follow_path(input: Input) -> usize {
[INFO] [stdout]    |        ^^^^^^^^^^^
[INFO] [stdout] 
[INFO] [stdout] 
[INFO] [stdout] warning: function `follow_ghost_path` is never used
[INFO] [stdout]   --> src/year2023day8.rs:72:8
[INFO] [stdout]    |
[INFO] [stdout] 72 |     fn follow_ghost_path(input: Input) -> usize {
[INFO] [stdout]    |        ^^^^^^^^^^^^^^^^^
[INFO] [stdout] 
[INFO] [stdout] 
[INFO] [stdout] warning: method `next` is never used
[INFO] [stdout]   --> src/year2023day8.rs:87:16
[INFO] [stdout]    |
[INFO] [stdout] 86 |         impl State {
[INFO] [stdout]    |         ---------- method in this implementation
[INFO] [stdout] 87 |             fn next(&self, nodes: &[Node], directions: &[Direction]) -> State {
[INFO] [stdout]    |                ^^^^
[INFO] [stdout] 
[INFO] [stdout] 
[INFO] [stdout] warning: struct `Sequence` is never constructed
[INFO] [stdout]  --> src/year2023day9.rs:4:12
[INFO] [stdout]   |
[INFO] [stdout] 4 |     struct Sequence {
[INFO] [stdout]   |            ^^^^^^^^
[INFO] [stdout] 
[INFO] [stdout] 
[INFO] [stdout] warning: associated items `new`, `predict`, and `predict_left` are never used
[INFO] [stdout]   --> src/year2023day9.rs:9:12
[INFO] [stdout]    |
[INFO] [stdout] 8  |     impl Sequence {
[INFO] [stdout]    |     ------------- associated items in this implementation
[INFO] [stdout] 9  |         fn new(line: &str) -> Self {
[INFO] [stdout]    |            ^^^
[INFO] [stdout] ...
[INFO] [stdout] 30 |         fn predict(&self) -> isize {
[INFO] [stdout]    |            ^^^^^^^
[INFO] [stdout] ...
[INFO] [stdout] 39 |         fn predict_left(&self) -> isize {
[INFO] [stdout]    |            ^^^^^^^^^^^^
[INFO] [stdout] 
[INFO] [stdout] 
[INFO] [stdout] warning: function `part1` is never used
[INFO] [stdout]   --> src/year2023day9.rs:49:8
[INFO] [stdout]    |
[INFO] [stdout] 49 |     fn part1(filename: &str) -> isize {
[INFO] [stdout]    |        ^^^^^
[INFO] [stdout] 
[INFO] [stdout] 
[INFO] [stdout] warning: function `part2` is never used
[INFO] [stdout]   --> src/year2023day9.rs:59:8
[INFO] [stdout]    |
[INFO] [stdout] 59 |     fn part2(filename: &str) -> isize {
[INFO] [stdout]    |        ^^^^^
[INFO] [stdout] 
[INFO] [stdout] 
[INFO] [stdout] warning: enum `Direction` is never used
[INFO] [stdout]   --> src/year2023day10.rs:10:10
[INFO] [stdout]    |
[INFO] [stdout] 10 |     enum Direction {
[INFO] [stdout]    |          ^^^^^^^^^
[INFO] [stdout] 
[INFO] [stdout] 
[INFO] [stdout] warning: type alias `Coord` is never used
[INFO] [stdout]   --> src/year2023day10.rs:17:10
[INFO] [stdout]    |
[INFO] [stdout] 17 |     type Coord = (usize, usize);
[INFO] [stdout]    |          ^^^^^
[INFO] [stdout] 
[INFO] [stdout] 
[INFO] [stdout] warning: struct `Position` is never constructed
[INFO] [stdout]   --> src/year2023day10.rs:20:12
[INFO] [stdout]    |
[INFO] [stdout] 20 |     struct Position {
[INFO] [stdout]    |            ^^^^^^^^
[INFO] [stdout] 
[INFO] [stdout] 
[INFO] [stdout] warning: enum `Tile` is never used
[INFO] [stdout]   --> src/year2023day10.rs:26:10
[INFO] [stdout]    |
[INFO] [stdout] 26 |     enum Tile {
[INFO] [stdout]    |          ^^^^
[INFO] [stdout] 
[INFO] [stdout] 
[INFO] [stdout] warning: struct `Maze` is never constructed
[INFO] [stdout]   --> src/year2023day10.rs:37:12
[INFO] [stdout]    |
[INFO] [stdout] 37 |     struct Maze {
[INFO] [stdout]    |            ^^^^
[INFO] [stdout] 
[INFO] [stdout] 
[INFO] [stdout] warning: enum `StepError` is never used
[INFO] [stdout]   --> src/year2023day10.rs:41:10
[INFO] [stdout]    |
[INFO] [stdout] 41 |     enum StepError {
[INFO] [stdout]    |          ^^^^^^^^^
[INFO] [stdout] 
[INFO] [stdout] 
[INFO] [stdout] warning: enum `LoopError` is never used
[INFO] [stdout]   --> src/year2023day10.rs:47:10
[INFO] [stdout]    |
[INFO] [stdout] 47 |     enum LoopError {
[INFO] [stdout]    |          ^^^^^^^^^
[INFO] [stdout] 
[INFO] [stdout] 
[INFO] [stdout] warning: multiple associated items are never used
[INFO] [stdout]    --> src/year2023day10.rs:52:12
[INFO] [stdout]     |
[INFO] [stdout] 51  |     impl Maze {
[INFO] [stdout]     |     --------- associated items in this implementation
[INFO] [stdout] 52  |         fn new(filename: &str) -> Self {
[INFO] [stdout]     |            ^^^
[INFO] [stdout] ...
[INFO] [stdout] 77  |         fn find_start(&self) -> Coord {
[INFO] [stdout]     |            ^^^^^^^^^^
[INFO] [stdout] ...
[INFO] [stdout] 89  |         fn get(&self, row: usize, col: usize) -> &Tile {
[INFO] [stdout]     |            ^^^
[INFO] [stdout] ...
[INFO] [stdout] 93  |         fn step(&self, position: Position) -> Result<Position, StepError> {
[INFO] [stdout]     |            ^^^^
[INFO] [stdout] ...
[INFO] [stdout] 119 |         fn try_loop(&self, position: Position) -> Result<Vec<Position>, LoopError> {
[INFO] [stdout]     |            ^^^^^^^^
[INFO] [stdout] ...
[INFO] [stdout] 141 |         fn trace_loop(&self) -> Vec<Position> {
[INFO] [stdout]     |            ^^^^^^^^^^
[INFO] [stdout] ...
[INFO] [stdout] 170 |         fn furthest(&self) -> usize {
[INFO] [stdout]     |            ^^^^^^^^
[INFO] [stdout] 
[INFO] [stdout] 
[INFO] [stdout] warning: enum `Mark` is never used
[INFO] [stdout]    --> src/year2023day10.rs:176:10
[INFO] [stdout]     |
[INFO] [stdout] 176 |     enum Mark {
[INFO] [stdout]     |          ^^^^
[INFO] [stdout] 
[INFO] [stdout] 
[INFO] [stdout] warning: struct `Field` is never constructed
[INFO] [stdout]    --> src/year2023day10.rs:180:12
[INFO] [stdout]     |
[INFO] [stdout] 180 |     struct Field {
[INFO] [stdout]     |            ^^^^^
[INFO] [stdout] 
[INFO] [stdout] 
[INFO] [stdout] warning: associated items `new`, `set`, `try_set`, `try_get`, `find_adjacents`, and `count_inside` are never used
[INFO] [stdout]    --> src/year2023day10.rs:186:12
[INFO] [stdout]     |
[INFO] [stdout] 185 |     impl Field {
[INFO] [stdout]     |     ---------- associated items in this implementation
[INFO] [stdout] 186 |         fn new(maze: &Maze) -> Self {
[INFO] [stdout]     |            ^^^
[INFO] [stdout] ...
[INFO] [stdout] 322 |         fn set(&mut self, coord: Coord, mark: Mark) {
[INFO] [stdout]     |            ^^^
[INFO] [stdout] ...
[INFO] [stdout] 326 |         fn try_set(&mut self, coord: Coord, mark: Mark) {
[INFO] [stdout]     |            ^^^^^^^
[INFO] [stdout] ...
[INFO] [stdout] 340 |         fn try_get(&self, coord: Coord) -> &Mark {
[INFO] [stdout]     |            ^^^^^^^
[INFO] [stdout] ...
[INFO] [stdout] 351 |         fn find_adjacents(&self, coord: Coord) -> Mark {
[INFO] [stdout]     |            ^^^^^^^^^^^^^^
[INFO] [stdout] ...
[INFO] [stdout] 380 |         fn count_inside(&self) -> usize {
[INFO] [stdout]     |            ^^^^^^^^^^^^
[INFO] [stdout] 
[INFO] [stdout] 
[INFO] [stdout] warning: function `parse_lists` is never used
[INFO] [stdout]  --> src/year2024day1.rs:4:8
[INFO] [stdout]   |
[INFO] [stdout] 4 |     fn parse_lists(filename: &str) -> (Vec<usize>, Vec<usize>) {
[INFO] [stdout]   |        ^^^^^^^^^^^
[INFO] [stdout] 
[INFO] [stdout] 
[INFO] [stdout] warning: function `part1` is never used
[INFO] [stdout]   --> src/year2024day1.rs:14:8
[INFO] [stdout]    |
[INFO] [stdout] 14 |     fn part1(filename: &str) -> usize {
[INFO] [stdout]    |        ^^^^^
[INFO] [stdout] 
[INFO] [stdout] 
[INFO] [stdout] warning: function `part2` is never used
[INFO] [stdout]   --> src/year2024day1.rs:24:8
[INFO] [stdout]    |
[INFO] [stdout] 24 |     fn part2(filename: &str) -> usize {
[INFO] [stdout]    |        ^^^^^
[INFO] [stdout] 
[INFO] [stdout] 
[INFO] [stdout] warning: function `parse_report` is never used
[INFO] [stdout]  --> src/year2024day2.rs:4:8
[INFO] [stdout]   |
[INFO] [stdout] 4 |     fn parse_report(line: &str) -> Vec<usize> {
[INFO] [stdout]   |        ^^^^^^^^^^^^
[INFO] [stdout] 
[INFO] [stdout] 
[INFO] [stdout] warning: function `is_safe` is never used
[INFO] [stdout]   --> src/year2024day2.rs:10:8
[INFO] [stdout]    |
[INFO] [stdout] 10 |     fn is_safe(report: &Vec<usize>) -> bool {
[INFO] [stdout]    |        ^^^^^^^
[INFO] [stdout] 
[INFO] [stdout] 
[INFO] [stdout] warning: function `part1` is never used
[INFO] [stdout]   --> src/year2024day2.rs:17:8
[INFO] [stdout]    |
[INFO] [stdout] 17 |     fn part1(filename: &str) -> usize {
[INFO] [stdout]    |        ^^^^^
[INFO] [stdout] 
[INFO] [stdout] 
[INFO] [stdout] warning: function `part2` is never used
[INFO] [stdout]   --> src/year2024day2.rs:25:8
[INFO] [stdout]    |
[INFO] [stdout] 25 |     fn part2(filename: &str) -> usize {
[INFO] [stdout]    |        ^^^^^
[INFO] [stdout] 
[INFO] [stdout] 
[INFO] [stdout] warning: type alias `Coord` is never used
[INFO] [stdout]  --> src/year2023day11.rs:4:10
[INFO] [stdout]   |
[INFO] [stdout] 4 |     type Coord = (usize, usize);
[INFO] [stdout]   |          ^^^^^
[INFO] [stdout] 
[INFO] [stdout] 
[INFO] [stdout] warning: struct `GalaxyMap` is never constructed
[INFO] [stdout]  --> src/year2023day11.rs:5:12
[INFO] [stdout]   |
[INFO] [stdout] 5 |     struct GalaxyMap {
[INFO] [stdout]   |            ^^^^^^^^^
[INFO] [stdout] 
[INFO] [stdout] 
[INFO] [stdout] warning: associated items `new` and `sum_distances` are never used
[INFO] [stdout]   --> src/year2023day11.rs:10:12
[INFO] [stdout]    |
[INFO] [stdout] 9  |     impl GalaxyMap {
[INFO] [stdout]    |     -------------- associated items in this implementation
[INFO] [stdout] 10 |         fn new(filename: &str, distance_multiplier: usize) -> Self {
[INFO] [stdout]    |            ^^^
[INFO] [stdout] ...
[INFO] [stdout] 60 |         fn sum_distances(&self) -> usize {
[INFO] [stdout]    |            ^^^^^^^^^^^^^
[INFO] [stdout] 
[INFO] [stdout] 
[INFO] [stdout] warning: function `part1` is never used
[INFO] [stdout]  --> src/year2024day3.rs:4:8
[INFO] [stdout]   |
[INFO] [stdout] 4 |     fn part1(line: &str) -> usize {
[INFO] [stdout]   |        ^^^^^
[INFO] [stdout] 
[INFO] [stdout] 
[INFO] [stdout] warning: function `part2` is never used
[INFO] [stdout]   --> src/year2024day3.rs:18:8
[INFO] [stdout]    |
[INFO] [stdout] 18 |     fn part2(line: &str) -> usize {
[INFO] [stdout]    |        ^^^^^
[INFO] [stdout] 
[INFO] [stdout] 
[INFO] [stdout] warning: struct `Panel` is never constructed
[INFO] [stdout]  --> src/year2024day4.rs:5:12
[INFO] [stdout]   |
[INFO] [stdout] 5 |     struct Panel {
[INFO] [stdout]   |            ^^^^^
[INFO] [stdout] 
[INFO] [stdout] 
[INFO] [stdout] warning: associated items `new`, `rows`, `columns`, `diagonals`, `all_lines`, and `all_windows` are never used
[INFO] [stdout]   --> src/year2024day4.rs:12:12
[INFO] [stdout]    |
[INFO] [stdout] 11 |     impl Panel {
[INFO] [stdout]    |     ---------- associated items in this implementation
[INFO] [stdout] 12 |         fn new(filename: &str) -> Self {
[INFO] [stdout]    |            ^^^
[INFO] [stdout] ...
[INFO] [stdout] 27 |         fn rows(&self) -> Vec<Vec<char>> {
[INFO] [stdout]    |            ^^^^
[INFO] [stdout] ...
[INFO] [stdout] 39 |         fn columns(&self) -> Vec<Vec<char>> {
[INFO] [stdout]    |            ^^^^^^^
[INFO] [stdout] ...
[INFO] [stdout] 51 |         fn diagonals(&self) -> Vec<Vec<char>> {
[INFO] [stdout]    |            ^^^^^^^^^
[INFO] [stdout] ...
[INFO] [stdout] 83 |         fn all_lines(&self) -> Vec<Vec<char>> {
[INFO] [stdout]    |            ^^^^^^^^^
[INFO] [stdout] ...
[INFO] [stdout] 97 |         fn all_windows(&self) -> Vec<String> {
[INFO] [stdout]    |            ^^^^^^^^^^^
[INFO] [stdout] 
[INFO] [stdout] 
[INFO] [stdout] warning: function `part1` is never used
[INFO] [stdout]    --> src/year2024day4.rs:114:8
[INFO] [stdout]     |
[INFO] [stdout] 114 |     fn part1(filename: &str) -> usize {
[INFO] [stdout]     |        ^^^^^
[INFO] [stdout] 
[INFO] [stdout] 
[INFO] [stdout] warning: function `part2` is never used
[INFO] [stdout]    --> src/year2024day4.rs:128:8
[INFO] [stdout]     |
[INFO] [stdout] 128 |     fn part2(filename: &str) -> usize {
[INFO] [stdout]     |        ^^^^^
[INFO] [stdout] 
[INFO] [stdout] 
[INFO] [stdout] warning: type alias `Order` is never used
[INFO] [stdout]  --> src/year2024day5.rs:4:10
[INFO] [stdout]   |
[INFO] [stdout] 4 |     type Order = Vec<usize>;
[INFO] [stdout]   |          ^^^^^
[INFO] [stdout] 
[INFO] [stdout] 
[INFO] [stdout] warning: struct `Input` is never constructed
[INFO] [stdout]  --> src/year2024day5.rs:5:12
[INFO] [stdout]   |
[INFO] [stdout] 5 |     struct Input {
[INFO] [stdout]   |            ^^^^^
[INFO] [stdout] 
[INFO] [stdout] 
[INFO] [stdout] warning: associated function `new` is never used
[INFO] [stdout]   --> src/year2024day5.rs:11:12
[INFO] [stdout]    |
[INFO] [stdout] 10 |     impl Input {
[INFO] [stdout]    |     ---------- associated function in this implementation
[INFO] [stdout] 11 |         fn new(filename: &str) -> Self {
[INFO] [stdout]    |            ^^^
[INFO] [stdout] 
[INFO] [stdout] 
[INFO] [stdout] warning: struct `Rule` is never constructed
[INFO] [stdout]   --> src/year2024day5.rs:28:12
[INFO] [stdout]    |
[INFO] [stdout] 28 |     struct Rule {
[INFO] [stdout]    |            ^^^^
[INFO] [stdout] 
[INFO] [stdout] 
[INFO] [stdout] warning: associated items `new` and `test` are never used
[INFO] [stdout]   --> src/year2024day5.rs:34:12
[INFO] [stdout]    |
[INFO] [stdout] 33 |     impl Rule {
[INFO] [stdout]    |     --------- associated items in this implementation
[INFO] [stdout] 34 |         fn new(line: &str) -> Self {
[INFO] [stdout]    |            ^^^
[INFO] [stdout] ...
[INFO] [stdout] 42 |         fn test(&self, order: &Order) -> bool {
[INFO] [stdout]    |            ^^^^
[INFO] [stdout] 
[INFO] [stdout] 
[INFO] [stdout] warning: function `part1` is never used
[INFO] [stdout]   --> src/year2024day5.rs:49:8
[INFO] [stdout]    |
[INFO] [stdout] 49 |     fn part1(filename: &str) -> usize {
[INFO] [stdout]    |        ^^^^^
[INFO] [stdout] 
[INFO] [stdout] 
[INFO] [stdout] warning: function `part2` is never used
[INFO] [stdout]   --> src/year2024day5.rs:58:8
[INFO] [stdout]    |
[INFO] [stdout] 58 |     fn part2(filename: &str) -> usize {
[INFO] [stdout]    |        ^^^^^
[INFO] [stdout] 
[INFO] [stdout] 
[INFO] [stdout] warning: struct `Floor` is never constructed
[INFO] [stdout]  --> src/year2024day6.rs:9:12
[INFO] [stdout]   |
[INFO] [stdout] 9 |     struct Floor {
[INFO] [stdout]   |            ^^^^^
[INFO] [stdout] 
[INFO] [stdout] 
[INFO] [stdout] warning: type alias `Coord` is never used
[INFO] [stdout]   --> src/year2024day6.rs:18:10
[INFO] [stdout]    |
[INFO] [stdout] 18 |     type Coord = (isize, isize);
[INFO] [stdout]    |          ^^^^^
[INFO] [stdout] 
[INFO] [stdout] 
[INFO] [stdout] warning: struct `Position` is never constructed
[INFO] [stdout]   --> src/year2024day6.rs:21:12
[INFO] [stdout]    |
[INFO] [stdout] 21 |     struct Position {
[INFO] [stdout]    |            ^^^^^^^^
[INFO] [stdout] 
[INFO] [stdout] 
[INFO] [stdout] warning: method `step` is never used
[INFO] [stdout]   --> src/year2024day6.rs:27:12
[INFO] [stdout]    |
[INFO] [stdout] 26 |     impl Position {
[INFO] [stdout]    |     ------------- method in this implementation
[INFO] [stdout] 27 |         fn step(&self) -> Self {
[INFO] [stdout]    |            ^^^^
[INFO] [stdout] 
[INFO] [stdout] 
[INFO] [stdout] warning: enum `Direction` is never used
[INFO] [stdout]   --> src/year2024day6.rs:39:10
[INFO] [stdout]    |
[INFO] [stdout] 39 |     enum Direction {
[INFO] [stdout]    |          ^^^^^^^^^
[INFO] [stdout] 
[INFO] [stdout] 
[INFO] [stdout] warning: enum `TraceError` is never used
[INFO] [stdout]   --> src/year2024day6.rs:43:10
[INFO] [stdout]    |
[INFO] [stdout] 43 |     enum TraceError {
[INFO] [stdout]    |          ^^^^^^^^^^
[INFO] [stdout] 
[INFO] [stdout] 
[INFO] [stdout] warning: associated items `new`, `trace_path`, and `plus_obstacle` are never used
[INFO] [stdout]    --> src/year2024day6.rs:48:12
[INFO] [stdout]     |
[INFO] [stdout] 47  |     impl Floor {
[INFO] [stdout]     |     ---------- associated items in this implementation
[INFO] [stdout] 48  |         fn new(filename: &str) -> Self {
[INFO] [stdout]     |            ^^^
[INFO] [stdout] ...
[INFO] [stdout] 77  |         fn trace_path(&mut self) -> Result<(), TraceError> {
[INFO] [stdout]     |            ^^^^^^^^^^
[INFO] [stdout] ...
[INFO] [stdout] 107 |         fn plus_obstacle(&self, obstacle: Coord) -> Self {
[INFO] [stdout]     |            ^^^^^^^^^^^^^
[INFO] [stdout] 
[INFO] [stdout] 
[INFO] [stdout] warning: function `part1` is never used
[INFO] [stdout]    --> src/year2024day6.rs:121:8
[INFO] [stdout]     |
[INFO] [stdout] 121 |     fn part1(filename: &str) -> usize {
[INFO] [stdout]     |        ^^^^^
[INFO] [stdout] 
[INFO] [stdout] 
[INFO] [stdout] warning: function `part2` is never used
[INFO] [stdout]    --> src/year2024day6.rs:131:8
[INFO] [stdout]     |
[INFO] [stdout] 131 |     fn part2(filename: &str) -> usize {
[INFO] [stdout]     |        ^^^^^
[INFO] [stdout] 
[INFO] [stdout] 
[INFO] [stdout] warning: struct `Equation` is never constructed
[INFO] [stdout]  --> src/year2024day7.rs:9:12
[INFO] [stdout]   |
[INFO] [stdout] 9 |     struct Equation {
[INFO] [stdout]   |            ^^^^^^^^
[INFO] [stdout] 
[INFO] [stdout] 
[INFO] [stdout] warning: enum `Operator` is never used
[INFO] [stdout]   --> src/year2024day7.rs:15:10
[INFO] [stdout]    |
[INFO] [stdout] 15 |     enum Operator {
[INFO] [stdout]    |          ^^^^^^^^
[INFO] [stdout] 
[INFO] [stdout] 
[INFO] [stdout] warning: associated items `parse` and `is_valid` are never used
[INFO] [stdout]   --> src/year2024day7.rs:20:12
[INFO] [stdout]    |
[INFO] [stdout] 19 |     impl Equation {
[INFO] [stdout]    |     ------------- associated items in this implementation
[INFO] [stdout] 20 |         fn parse(line: &str) -> Self {
[INFO] [stdout]    |            ^^^^^
[INFO] [stdout] ...
[INFO] [stdout] 34 |         fn is_valid(&self, how_many_operators: usize) -> bool {
[INFO] [stdout]    |            ^^^^^^^^
[INFO] [stdout] 
[INFO] [stdout] 
[INFO] [stdout] warning: function `solve` is never used
[INFO] [stdout]   --> src/year2024day7.rs:71:8
[INFO] [stdout]    |
[INFO] [stdout] 71 |     fn solve(filename: &str, how_many_operators: usize) -> usize {
[INFO] [stdout]    |        ^^^^^
[INFO] [stdout] 
[INFO] [stdout] 
[INFO] [stdout] warning: type alias `Coord` is never used
[INFO] [stdout]  --> src/year2024day8.rs:6:10
[INFO] [stdout]   |
[INFO] [stdout] 6 |     type Coord = (isize, isize);
[INFO] [stdout]   |          ^^^^^
[INFO] [stdout] 
[INFO] [stdout] 
[INFO] [stdout] warning: struct `Antenna` is never constructed
[INFO] [stdout]  --> src/year2024day8.rs:9:12
[INFO] [stdout]   |
[INFO] [stdout] 9 |     struct Antenna {
[INFO] [stdout]   |            ^^^^^^^
[INFO] [stdout] 
[INFO] [stdout] 
[INFO] [stdout] warning: methods `antinodes_with` and `resonance_line_with` are never used
[INFO] [stdout]   --> src/year2024day8.rs:15:12
[INFO] [stdout]    |
[INFO] [stdout] 14 |     impl Antenna {
[INFO] [stdout]    |     ------------ methods in this implementation
[INFO] [stdout] 15 |         fn antinodes_with(&self, other: &Antenna) -> HashSet<Coord> {
[INFO] [stdout]    |            ^^^^^^^^^^^^^^
[INFO] [stdout] ...
[INFO] [stdout] 40 |         fn resonance_line_with(
[INFO] [stdout]    |            ^^^^^^^^^^^^^^^^^^^
[INFO] [stdout] 
[INFO] [stdout] 
[INFO] [stdout] warning: struct `City` is never constructed
[INFO] [stdout]   --> src/year2024day8.rs:78:12
[INFO] [stdout]    |
[INFO] [stdout] 78 |     struct City {
[INFO] [stdout]    |            ^^^^
[INFO] [stdout] 
[INFO] [stdout] 
[INFO] [stdout] warning: associated function `new` is never used
[INFO] [stdout]   --> src/year2024day8.rs:85:12
[INFO] [stdout]    |
[INFO] [stdout] 84 |     impl City {
[INFO] [stdout]    |     --------- associated function in this implementation
[INFO] [stdout] 85 |         fn new(filename: &str) -> Self {
[INFO] [stdout]    |            ^^^
[INFO] [stdout] 
[INFO] [stdout] 
[INFO] [stdout] warning: enum `Part` is never used
[INFO] [stdout]    --> src/year2024day8.rs:113:10
[INFO] [stdout]     |
[INFO] [stdout] 113 |     enum Part {
[INFO] [stdout]     |          ^^^^
[INFO] [stdout] 
[INFO] [stdout] 
[INFO] [stdout] warning: function `analyze` is never used
[INFO] [stdout]    --> src/year2024day8.rs:117:8
[INFO] [stdout]     |
[INFO] [stdout] 117 |     fn analyze(filename: &str, p: Part) -> usize {
[INFO] [stdout]     |        ^^^^^^^
[INFO] [stdout] 
[INFO] [stdout] 
[INFO] [stdout] warning: struct `Row` is never constructed
[INFO] [stdout]  --> src/year2023day12.rs:7:12
[INFO] [stdout]   |
[INFO] [stdout] 7 |     struct Row {
[INFO] [stdout]   |            ^^^
[INFO] [stdout] 
[INFO] [stdout] 
[INFO] [stdout] warning: associated items `parse` and `count_valid_arrangements` are never used
[INFO] [stdout]   --> src/year2023day12.rs:13:12
[INFO] [stdout]    |
[INFO] [stdout] 12 |     impl Row {
[INFO] [stdout]    |     -------- associated items in this implementation
[INFO] [stdout] 13 |         fn parse(line: &str) -> Self {
[INFO] [stdout]    |            ^^^^^
[INFO] [stdout] ...
[INFO] [stdout] 25 |         fn count_valid_arrangements(&self) -> usize {
[INFO] [stdout]    |            ^^^^^^^^^^^^^^^^^^^^^^^^
[INFO] [stdout] 
[INFO] [stdout] 
[INFO] [stdout] warning: function `part1` is never used
[INFO] [stdout]   --> src/year2023day12.rs:70:8
[INFO] [stdout]    |
[INFO] [stdout] 70 |     fn part1(filename: &str) -> usize {
[INFO] [stdout]    |        ^^^^^
[INFO] [stdout] 
[INFO] [stdout] 
[INFO] [stdout] warning: struct `File` is never constructed
[INFO] [stdout]  --> src/year2024day9.rs:6:12
[INFO] [stdout]   |
[INFO] [stdout] 6 |     struct File {
[INFO] [stdout]   |            ^^^^
[INFO] [stdout] 
[INFO] [stdout] 
[INFO] [stdout] warning: function `part1` is never used
[INFO] [stdout]   --> src/year2024day9.rs:11:8
[INFO] [stdout]    |
[INFO] [stdout] 11 |     fn part1(filename: &str) -> usize {
[INFO] [stdout]    |        ^^^^^
[INFO] [stdout] 
[INFO] [stdout] 
[INFO] [stdout] warning: enum `Block` is never used
[INFO] [stdout]   --> src/year2024day9.rs:69:10
[INFO] [stdout]    |
[INFO] [stdout] 69 |     enum Block {
[INFO] [stdout]    |          ^^^^^
[INFO] [stdout] 
[INFO] [stdout] 
[INFO] [stdout] warning: struct `FileHeader` is never constructed
[INFO] [stdout]   --> src/year2024day9.rs:74:12
[INFO] [stdout]    |
[INFO] [stdout] 74 |     struct FileHeader {
[INFO] [stdout]    |            ^^^^^^^^^^
[INFO] [stdout] 
[INFO] [stdout] 
[INFO] [stdout] warning: function `part2` is never used
[INFO] [stdout]   --> src/year2024day9.rs:80:8
[INFO] [stdout]    |
[INFO] [stdout] 80 |     fn part2(filename: &str) -> usize {
[INFO] [stdout]    |        ^^^^^
[INFO] [stdout] 
[INFO] [stdout] 
[INFO] [stdout] warning: type alias `TrailMap` is never used
[INFO] [stdout]  --> src/year2024day10.rs:7:10
[INFO] [stdout]   |
[INFO] [stdout] 7 |     type TrailMap = Vec<Vec<usize>>;
[INFO] [stdout]   |          ^^^^^^^^
[INFO] [stdout] 
[INFO] [stdout] 
[INFO] [stdout] warning: type alias `Coord` is never used
[INFO] [stdout]  --> src/year2024day10.rs:8:10
[INFO] [stdout]   |
[INFO] [stdout] 8 |     type Coord = (usize, usize);
[INFO] [stdout]   |          ^^^^^
[INFO] [stdout] 
[INFO] [stdout] 
[INFO] [stdout] warning: function `parse_trail_map` is never used
[INFO] [stdout]   --> src/year2024day10.rs:10:8
[INFO] [stdout]    |
[INFO] [stdout] 10 |     fn parse_trail_map(filename: &str) -> TrailMap {
[INFO] [stdout]    |        ^^^^^^^^^^^^^^^
[INFO] [stdout] 
[INFO] [stdout] 
[INFO] [stdout] warning: function `wander_part_1` is never used
[INFO] [stdout]   --> src/year2024day10.rs:28:8
[INFO] [stdout]    |
[INFO] [stdout] 28 |     fn wander_part_1(trailhead: Coord, trail_map: TrailMap) -> usize {
[INFO] [stdout]    |        ^^^^^^^^^^^^^
[INFO] [stdout] 
[INFO] [stdout] 
[INFO] [stdout] warning: type alias `Trail` is never used
[INFO] [stdout]   --> src/year2024day10.rs:60:10
[INFO] [stdout]    |
[INFO] [stdout] 60 |     type Trail = Vec<Coord>;
[INFO] [stdout]    |          ^^^^^
[INFO] [stdout] 
[INFO] [stdout] 
[INFO] [stdout] warning: function `wander_part_2` is never used
[INFO] [stdout]   --> src/year2024day10.rs:62:8
[INFO] [stdout]    |
[INFO] [stdout] 62 |     fn wander_part_2(trailhead: Coord, trail_map: TrailMap) -> usize {
[INFO] [stdout]    |        ^^^^^^^^^^^^^
[INFO] [stdout] 
[INFO] [stdout] 
[INFO] [stdout] warning: function `evaluate_trail_map` is never used
[INFO] [stdout]    --> src/year2024day10.rs:107:8
[INFO] [stdout]     |
[INFO] [stdout] 107 |     fn evaluate_trail_map(
[INFO] [stdout]     |        ^^^^^^^^^^^^^^^^^^
[INFO] [stdout] 
[INFO] [stdout] 
[INFO] [stdout] warning: function `part1` is never used
[INFO] [stdout]    --> src/year2024day10.rs:139:8
[INFO] [stdout]     |
[INFO] [stdout] 139 |     fn part1(filename: &str) -> usize {
[INFO] [stdout]     |        ^^^^^
[INFO] [stdout] 
[INFO] [stdout] 
[INFO] [stdout] warning: function `part2` is never used
[INFO] [stdout]    --> src/year2024day10.rs:143:8
[INFO] [stdout]     |
[INFO] [stdout] 143 |     fn part2(filename: &str) -> usize {
[INFO] [stdout]     |        ^^^^^
[INFO] [stdout] 
[INFO] [stdout] 
[INFO] [stdout] warning: struct `Stone` is never constructed
[INFO] [stdout]  --> src/year2024day11.rs:4:8
[INFO] [stdout]   |
[INFO] [stdout] 4 | struct Stone {
[INFO] [stdout]   |        ^^^^^
[INFO] [stdout] 
[INFO] [stdout] 
[INFO] [stdout] warning: associated items `new` and `with_value` are never used
[INFO] [stdout]   --> src/year2024day11.rs:10:8
[INFO] [stdout]    |
[INFO] [stdout] 9  | impl Stone {
[INFO] [stdout]    | ---------- associated items in this implementation
[INFO] [stdout] 10 |     fn new(value: usize) -> Self {
[INFO] [stdout]    |        ^^^
[INFO] [stdout] ...
[INFO] [stdout] 14 |     fn with_value(&self, value: usize) -> Self {
[INFO] [stdout]    |        ^^^^^^^^^^
[INFO] [stdout] 
[INFO] [stdout] 
[INFO] [stdout] warning: function `do_blinks` is never used
[INFO] [stdout]   --> src/year2024day11.rs:21:4
[INFO] [stdout]    |
[INFO] [stdout] 21 | fn do_blinks(filename: &str, n: usize) -> usize {
[INFO] [stdout]    |    ^^^^^^^^^
[INFO] [stdout] 
[INFO] [stdout] 
[INFO] [stdout] warning: struct `Garden` is never constructed
[INFO] [stdout]  --> src/year2024day12.rs:4:8
[INFO] [stdout]   |
[INFO] [stdout] 4 | struct Garden {
[INFO] [stdout]   |        ^^^^^^
[INFO] [stdout] 
[INFO] [stdout] 
[INFO] [stdout] warning: struct `Region` is never constructed
[INFO] [stdout]  --> src/year2024day12.rs:9:8
[INFO] [stdout]   |
[INFO] [stdout] 9 | struct Region {
[INFO] [stdout]   |        ^^^^^^
[INFO] [stdout] 
[INFO] [stdout] 
[INFO] [stdout] warning: methods `is_adjacent_coord`, `area`, `perimeter`, and `side_count` are never used
[INFO] [stdout]   --> src/year2024day12.rs:15:8
[INFO] [stdout]    |
[INFO] [stdout] 14 | impl Region {
[INFO] [stdout]    | ----------- methods in this implementation
[INFO] [stdout] 15 |     fn is_adjacent_coord(&self, other: &Coord) -> bool {
[INFO] [stdout]    |        ^^^^^^^^^^^^^^^^^
[INFO] [stdout] ...
[INFO] [stdout] 21 |     fn area(&self) -> usize {
[INFO] [stdout]    |        ^^^^
[INFO] [stdout] ...
[INFO] [stdout] 25 |     fn perimeter(&self) -> usize {
[INFO] [stdout]    |        ^^^^^^^^^
[INFO] [stdout] ...
[INFO] [stdout] 33 |     fn side_count(&self) -> usize {
[INFO] [stdout]    |        ^^^^^^^^^^
[INFO] [stdout] 
[INFO] [stdout] 
[INFO] [stdout] warning: type alias `Coord` is never used
[INFO] [stdout]   --> src/year2024day12.rs:94:6
[INFO] [stdout]    |
[INFO] [stdout] 94 | type Coord = (usize, usize);
[INFO] [stdout]    |      ^^^^^
[INFO] [stdout] 
[INFO] [stdout] 
[INFO] [stdout] warning: function `coords_are_adjacent` is never used
[INFO] [stdout]   --> src/year2024day12.rs:96:4
[INFO] [stdout]    |
[INFO] [stdout] 96 | fn coords_are_adjacent(a: &Coord, b: &Coord) -> bool {
[INFO] [stdout]    |    ^^^^^^^^^^^^^^^^^^^
[INFO] [stdout] 
[INFO] [stdout] 
[INFO] [stdout] warning: associated items `new`, `price`, and `price_by_side` are never used
[INFO] [stdout]    --> src/year2024day12.rs:102:8
[INFO] [stdout]     |
[INFO] [stdout] 101 | impl Garden {
[INFO] [stdout]     | ----------- associated items in this implementation
[INFO] [stdout] 102 |     fn new(filename: &str) -> Garden {
[INFO] [stdout]     |        ^^^
[INFO] [stdout] ...
[INFO] [stdout] 132 |     fn price(&self) -> usize {
[INFO] [stdout]     |        ^^^^^
[INFO] [stdout] ...
[INFO] [stdout] 136 |     fn price_by_side(&self) -> usize {
[INFO] [stdout]     |        ^^^^^^^^^^^^^
[INFO] [stdout] 
[INFO] [stdout] 
[INFO] [stdout] warning: struct `MachineDetails` is never constructed
[INFO] [stdout]  --> src/year2024day13.rs:4:8
[INFO] [stdout]   |
[INFO] [stdout] 4 | struct MachineDetails {
[INFO] [stdout]   |        ^^^^^^^^^^^^^^
[INFO] [stdout] 
[INFO] [stdout] 
[INFO] [stdout] warning: associated items `read_file` and `cost` are never used
[INFO] [stdout]   --> src/year2024day13.rs:14:8
[INFO] [stdout]    |
[INFO] [stdout] 13 | impl MachineDetails {
[INFO] [stdout]    | ------------------- associated items in this implementation
[INFO] [stdout] 14 |     fn read_file(filename: &str, offset: isize) -> Vec<Self> {
[INFO] [stdout]    |        ^^^^^^^^^
[INFO] [stdout] ...
[INFO] [stdout] 34 |     fn cost(&self) -> Option<usize> {
[INFO] [stdout]    |        ^^^^
[INFO] [stdout] 
[INFO] [stdout] 
[INFO] [stderr]     Finished `dev` profile [unoptimized + debuginfo] target(s) in 11.56s
[INFO] running `Command { std: "docker" "inspect" "228777060e60181b43edb862611d8ec85fd831cb5912e8d9ba094538baeba41f", kill_on_drop: false }`
[INFO] running `Command { std: "docker" "rm" "-f" "228777060e60181b43edb862611d8ec85fd831cb5912e8d9ba094538baeba41f", kill_on_drop: false }`
[INFO] [stdout] 228777060e60181b43edb862611d8ec85fd831cb5912e8d9ba094538baeba41f
[INFO] running `Command { std: "docker" "create" "-v" "/var/lib/crater-agent-workspace/builds/worker-1-tc2/target:/opt/rustwide/target:rw,Z" "-v" "/var/lib/crater-agent-workspace/builds/worker-1-tc2/source:/opt/rustwide/workdir:ro,Z" "-v" "/var/lib/crater-agent-workspace/cargo-home:/opt/rustwide/cargo-home:ro,Z" "-v" "/var/lib/crater-agent-workspace/rustup-home:/opt/rustwide/rustup-home:ro,Z" "-e" "SOURCE_DIR=/opt/rustwide/workdir" "-e" "CARGO_TARGET_DIR=/opt/rustwide/target" "-e" "CARGO_INCREMENTAL=0" "-e" "RUST_BACKTRACE=full" "-e" "RUSTFLAGS=--cap-lints=forbid -Zrandomize-layout" "-e" "RUSTDOCFLAGS=--cap-lints=forbid" "-e" "CARGO_HOME=/opt/rustwide/cargo-home" "-e" "RUSTUP_HOME=/opt/rustwide/rustup-home" "-w" "/opt/rustwide/workdir" "-m" "1610612736" "--user" "0:0" "--network" "none" "ghcr.io/rust-lang/crates-build-env/linux@sha256:819108c5571ea2e421544af4d832f968d213c87fbe3707a016657f43d2f853bc" "/opt/rustwide/cargo-home/bin/cargo" "+nightly-2025-01-18" "test" "--frozen" "--no-run" "--message-format=json", kill_on_drop: false }`
[INFO] [stdout] 9a320ffbfb3e874aa04acf2d8ceee25107c524a655a4641939f3ced44c1e8840
[INFO] running `Command { std: "docker" "start" "-a" "9a320ffbfb3e874aa04acf2d8ceee25107c524a655a4641939f3ced44c1e8840", kill_on_drop: false }`
[INFO] [stderr]    Compiling RustAdventOfCode v0.1.0 (/opt/rustwide/workdir)
[INFO] [stderr]     Finished `test` profile [unoptimized + debuginfo] target(s) in 3.13s
[INFO] running `Command { std: "docker" "inspect" "9a320ffbfb3e874aa04acf2d8ceee25107c524a655a4641939f3ced44c1e8840", kill_on_drop: false }`
[INFO] running `Command { std: "docker" "rm" "-f" "9a320ffbfb3e874aa04acf2d8ceee25107c524a655a4641939f3ced44c1e8840", kill_on_drop: false }`
[INFO] [stdout] 9a320ffbfb3e874aa04acf2d8ceee25107c524a655a4641939f3ced44c1e8840
[INFO] running `Command { std: "docker" "create" "-v" "/var/lib/crater-agent-workspace/builds/worker-1-tc2/target:/opt/rustwide/target:rw,Z" "-v" "/var/lib/crater-agent-workspace/builds/worker-1-tc2/source:/opt/rustwide/workdir:ro,Z" "-v" "/var/lib/crater-agent-workspace/cargo-home:/opt/rustwide/cargo-home:ro,Z" "-v" "/var/lib/crater-agent-workspace/rustup-home:/opt/rustwide/rustup-home:ro,Z" "-e" "SOURCE_DIR=/opt/rustwide/workdir" "-e" "CARGO_TARGET_DIR=/opt/rustwide/target" "-e" "CARGO_INCREMENTAL=0" "-e" "RUST_BACKTRACE=full" "-e" "RUSTFLAGS=--cap-lints=forbid -Zrandomize-layout" "-e" "RUSTDOCFLAGS=--cap-lints=forbid" "-e" "CARGO_HOME=/opt/rustwide/cargo-home" "-e" "RUSTUP_HOME=/opt/rustwide/rustup-home" "-w" "/opt/rustwide/workdir" "-m" "1610612736" "--user" "0:0" "--network" "none" "ghcr.io/rust-lang/crates-build-env/linux@sha256:819108c5571ea2e421544af4d832f968d213c87fbe3707a016657f43d2f853bc" "/opt/rustwide/cargo-home/bin/cargo" "+nightly-2025-01-18" "test" "--frozen", kill_on_drop: false }`
[INFO] [stdout] 67977b6c76c58d1e70dde185704935c1207bbc179cc8e6cb4e92f21616cbce83
[INFO] running `Command { std: "docker" "start" "-a" "67977b6c76c58d1e70dde185704935c1207bbc179cc8e6cb4e92f21616cbce83", kill_on_drop: false }`
[INFO] [stderr]     Finished `test` profile [unoptimized + debuginfo] target(s) in 0.02s
[INFO] [stderr]      Running unittests src/main.rs (/opt/rustwide/target/debug/deps/RustAdventOfCode-35dc97f601327aff)
[INFO] [stdout] 
[INFO] [stdout] running 161 tests
[INFO] [stdout] test year2023day10::year2023day10::tests::part1::solution ... ok
[INFO] [stdout] test year2023day10::year2023day10::tests::part1::example2 ... ok
[INFO] [stdout] test year2023day10::year2023day10::tests::part1::example_steps ... ok
[INFO] [stdout] test year2023day10::year2023day10::tests::part1::example1 ... ok
[INFO] [stdout] test year2023day10::year2023day10::tests::part2::example_5 ... ok
[INFO] [stdout] test year2023day11::year2023day11::tests::part2::example1 ... ok
[INFO] [stdout] test year2023day11::year2023day11::tests::parse::sample ... ok
[INFO] [stdout] test year2023day11::year2023day11::tests::part1::example ... ok
[INFO] [stdout] test year2023day11::year2023day11::tests::part2::example2 ... ok
[INFO] [stdout] test year2023day10::year2023day10::tests::part2::example_4 ... ok
[INFO] [stdout] test year2023day10::year2023day10::tests::part2::example_3 ... ok
[INFO] [stdout] test year2023day11::year2023day11::tests::part1::solution ... ok
[INFO] [stdout] test year2023day1::tests::test_parse_value_digit ... ok
[INFO] [stdout] test year2023day1::tests::test_parse_value_word ... ok
[INFO] [stdout] test year2023day11::year2023day11::tests::part2::solution ... ok
[INFO] [stdout] test year2023day1::tests::test_step1 ... ok
[INFO] [stdout] test year2023day1::tests::test_step2_example ... ok
[INFO] [stdout] test year2023day2::year2023_day2::tests::parse::handles_game_input ... ok
[INFO] [stdout] test year2023day1::tests::test_step1_example ... ok
[INFO] [stdout] test year2023day1::tests::test_step2 ... ok
[INFO] [stdout] test year2023day2::year2023_day2::tests::part1::example ... ok
[INFO] [stdout] test year2023day2::year2023_day2::tests::parse::handles_hand_input ... ok
[INFO] [stdout] test year2023day2::year2023_day2::tests::parse::handles_hand_punctuation ... ok
[INFO] [stdout] test year2023day12::year2023day12::tests::part1::example ... ok
[INFO] [stdout] test year2023day2::year2023_day2::tests::part1::solution ... ok
[INFO] [stdout] test year2023day3::year2023day3::tests::parse::handles_line_mixed ... ok
[INFO] [stdout] test year2023day3::year2023day3::tests::parse::handles_line_no_trailing_period ... ok
[INFO] [stdout] test year2023day3::year2023day3::tests::parse::handles_line_two_numbers ... ok
[INFO] [stdout] test year2023day3::year2023day3::tests::parse::handles_line_two_symbols ... ok
[INFO] [stdout] test year2023day2::year2023_day2::tests::part2::example ... ok
[INFO] [stdout] test year2023day12::year2023day12::tests::part1::single ... ok
[INFO] [stdout] test year2023day3::year2023day3::tests::parse::handles_schematic_not_empty ... ok
[INFO] [stdout] test year2023day3::year2023day3::tests::part1::example ... ok
[INFO] [stdout] test year2023day3::year2023day3::tests::part2::example ... ok
[INFO] [stdout] test year2023day4::year2023day4::tests::parse::handle_example_line_one ... ok
[INFO] [stdout] test year2023day4::year2023day4::tests::part1::example ... ok
[INFO] [stdout] test year2023day4::year2023day4::tests::part1::handles_single_card_score ... ok
[INFO] [stdout] test year2023day4::year2023day4::tests::part2::example ... ok
[INFO] [stdout] test year2023day4::year2023day4::tests::part1::solution ... ok
[INFO] [stdout] test year2023day4::year2023day4::tests::part2::handles_example_win_cards ... ok
[INFO] [stdout] test year2023day4::year2023day4::tests::part2::solution ... ok
[INFO] [stdout] test year2023day3::year2023day3::tests::part2::solution ... ok
[INFO] [stdout] test year2023day5::year2023day5::tests::parse::handle_parse_input ... ok
[INFO] [stdout] test year2023day4::year2023day4::tests::part2::handles_single_win_cards ... ok
[INFO] [stdout] test year2023day3::year2023day3::tests::part1::solution ... ok
[INFO] [stdout] test year2023day10::year2023day10::tests::part2::solution ... ok
[INFO] [stdout] test year2023day5::year2023day5::tests::part2::example ... ok
[INFO] [stdout] test year2023day6::year2023day6::tests::parse::part1 ... ok
[INFO] [stdout] test year2023day6::year2023day6::tests::parse::part2 ... ok
[INFO] [stdout] test year2023day5::year2023day5::tests::part1::example ... ok
[INFO] [stdout] test year2023day5::year2023day5::tests::parse::handle_parse_range_delta ... ok
[INFO] [stdout] test year2023day6::year2023day6::tests::part1::example ... ok
[INFO] [stdout] test year2023day6::year2023day6::tests::part2::example ... ok
[INFO] [stdout] test year2023day6::year2023day6::tests::part1::solution ... ok
[INFO] [stdout] test year2023day7::year2023day7::tests::hand_type::example ... ok
[INFO] [stdout] test year2023day7::year2023day7::tests::parse::handle_input ... ok
[INFO] [stdout] test year2023day7::year2023day7::tests::hand_type::handle_hand_type ... ok
[INFO] [stdout] test year2023day7::year2023day7::tests::parse::parse_hand ... ok
[INFO] [stdout] test year2023day7::year2023day7::tests::part1::example ... ok
[INFO] [stdout] test year2023day5::year2023day5::tests::part2::solution ... FAILED
[INFO] [stdout] test year2023day7::year2023day7::tests::part2::example ... ok
[INFO] [stdout] test year2023day6::year2023day6::tests::part2::solution ... ok
[INFO] [stdout] test year2023day5::year2023day5::tests::part1::solution ... FAILED
[INFO] [stdout] test year2023day7::year2023day7::tests::sort::sort_ex1 ... ok
[INFO] [stdout] test year2023day7::year2023day7::tests::sort::example_sort_hand_types ... ok
[INFO] [stdout] test year2023day7::year2023day7::tests::sort::sort_ex2 ... ok
[INFO] [stdout] test year2023day2::year2023_day2::tests::part2::solution ... ok
[INFO] [stdout] test year2023day3::year2023day3::tests::adjacent::handles_location_adjacent ... ok
[INFO] [stdout] test year2023day7::year2023day7::tests::part1::solution ... ok
[INFO] [stdout] test year2023day7::year2023day7::tests::part2::solution ... ok
[INFO] [stdout] test year2023day8::year2023day8::tests::input::parse_example ... ok
[INFO] [stdout] test year2023day8::year2023day8::tests::part1::example2 ... ok
[INFO] [stdout] test year2023day8::year2023day8::tests::part1::example1 ... ok
[INFO] [stdout] test year2023day9::year2023day9::tests::part1::example1 ... ok
[INFO] [stdout] test year2023day9::year2023day9::tests::part1::parse_example1 ... ok
[INFO] [stdout] test year2023day9::year2023day9::tests::part2::example ... ok
[INFO] [stdout] test year2023day9::year2023day9::tests::part1::predict_example1 ... ok
[INFO] [stdout] test year2023day9::year2023day9::tests::part1::solution ... ok
[INFO] [stdout] test year2023day9::year2023day9::tests::part2::example_line ... ok
[INFO] [stdout] test year2024day10::year2024day10::tests::part1::example1 ... ok
[INFO] [stdout] test year2024day10::year2024day10::tests::part1::example2 ... ok
[INFO] [stdout] test year2023day9::year2023day9::tests::part2::solution ... ok
[INFO] [stdout] test year2023day8::year2023day8::tests::part2::solution ... ok
[INFO] [stdout] test year2024day10::year2024day10::tests::part1::example3 ... ok
[INFO] [stdout] test year2024day10::year2024day10::tests::part2::example6 ... ok
[INFO] [stdout] test year2024day10::year2024day10::tests::part2::example5 ... ok
[INFO] [stdout] test year2024day10::year2024day10::tests::part2::example4 ... ok
[INFO] [stdout] test year2024day11::tests::part1::example1 ... ok
[INFO] [stdout] test year2024day10::year2024day10::tests::part2::example7 ... ok
[INFO] [stdout] test year2023day8::year2023day8::tests::part1::solution ... ok
[INFO] [stdout] test year2023day8::year2023day8::tests::part2::example3 ... ok
[INFO] [stdout] test year2024day11::tests::part2::example ... ok
[INFO] [stdout] test year2024day10::year2024day10::tests::part1::solution ... ok
[INFO] [stdout] test year2024day12::tests::part1::example3 ... ok
[INFO] [stdout] test year2024day12::tests::part1::example2 ... ok
[INFO] [stdout] test year2024day12::tests::part1::example1 ... ok
[INFO] [stdout] test year2024day10::year2024day10::tests::part1::example4 ... ok
[INFO] [stdout] test year2024day11::tests::part1::solution ... ok
[INFO] [stdout] test year2024day12::tests::part2::example3 ... ok
[INFO] [stdout] test year2024day12::tests::part2::example1 ... ok
[INFO] [stdout] test year2024day11::tests::part2::solution ... FAILED
[INFO] [stdout] test year2024day12::tests::part2::example5 ... ok
[INFO] [stdout] test year2024day12::tests::part2::example4 ... ok
[INFO] [stdout] test year2024day13::tests::part1::example ... ok
[INFO] [stdout] test year2024day1::year2024day1::tests::part1::example ... ok
[INFO] [stdout] test year2024day1::year2024day1::tests::part1::solution ... ok
[INFO] [stdout] test year2024day13::tests::part1::parse ... ok
[INFO] [stdout] test year2024day1::year2024day1::tests::part2::example ... ok
[INFO] [stdout] test year2024day13::tests::part1::solution ... ok
[INFO] [stdout] test year2024day13::tests::part2::solution ... ok
[INFO] [stdout] test year2024day2::year2024day2::tests::part1::example ... ok
[INFO] [stdout] test year2024day2::year2024day2::tests::part2::example ... ok
[INFO] [stdout] test year2024day2::year2024day2::tests::part1::solution ... ok
[INFO] [stdout] test year2024day3::year2024day3::tests::part1::example ... ok
[INFO] [stdout] test year2024day2::year2024day2::tests::part2::solution ... ok
[INFO] [stdout] test year2024day3::year2024day3::tests::part1::solution ... ok
[INFO] [stdout] test year2024day1::year2024day1::tests::part2::solution ... ok
[INFO] [stdout] test year2024day10::year2024day10::tests::part2::solution ... ok
[INFO] [stdout] test year2024day3::year2024day3::tests::part2::example ... ok
[INFO] [stdout] test year2024day4::year2024day4::test::parse::example_diagonals ... ok
[INFO] [stdout] test year2024day4::year2024day4::test::parse::example ... ok
[INFO] [stdout] test year2024day4::year2024day4::test::part1::example ... ok
[INFO] [stdout] test year2024day3::year2024day3::tests::part2::solution ... ok
[INFO] [stdout] test year2024day5::year2024day5::tests::parse::rule1 ... ok
[INFO] [stdout] test year2024day5::year2024day5::tests::parse::example ... ok
[INFO] [stdout] test year2024day5::year2024day5::tests::part1::example ... ok
[INFO] [stdout] test year2024day5::year2024day5::tests::part2::example ... ok
[INFO] [stdout] test year2024day4::year2024day4::test::part2::example ... ok
[INFO] [stdout] test year2024day6::year2024day6::test::part1::example ... ok
[INFO] [stdout] test year2024day4::year2024day4::test::part1::solution ... ok
[INFO] [stdout] test year2024day6::year2024day6::test::part2::detect_loop ... ok
[INFO] [stdout] test year2024day6::year2024day6::test::part2::example ... ok
[INFO] [stdout] test year2024day6::year2024day6::test::part2::path_contains_potential_obstacles ... ok
[INFO] [stdout] test year2024day5::year2024day5::tests::part1::solution ... ok
[INFO] [stdout] test year2024day7::year2024day7::tests::parse::parse_line ... ok
[INFO] [stdout] test year2024day7::year2024day7::tests::part1::example ... ok
[INFO] [stdout] test year2024day7::year2024day7::tests::part1::single ... ok
[INFO] [stdout] test year2024day4::year2024day4::test::part2::solution ... ok
[INFO] [stdout] test year2024day6::year2024day6::test::part1::solution ... ok
[INFO] [stdout] test year2024day7::year2024day7::tests::part2::example ... ok
[INFO] [stdout] test year2024day5::year2024day5::tests::part2::solution ... ok
[INFO] [stdout] test year2024day12::tests::part1::solution ... ok
[INFO] [stdout] test year2024day7::year2024day7::tests::part2::singles ... ok
[INFO] [stdout] test year2024day12::tests::part2::solution ... ok
[INFO] [stdout] test year2024day8::year2024day8::tests::part1::example1 ... ok
[INFO] [stdout] test year2024day8::year2024day8::tests::part1::example2 ... ok
[INFO] [stdout] test year2024day8::year2024day8::tests::part1::single ... ok
[INFO] [stdout] test year2024day8::year2024day8::tests::part2::example1 ... ok
[INFO] [stdout] test year2024day8::year2024day8::tests::part2::single ... ok
[INFO] [stdout] test year2024day8::year2024day8::tests::part1::solution ... ok
[INFO] [stdout] test year2023day12::year2023day12::tests::part1::solution has been running for over 60 seconds
[INFO] [stdout] test year2024day9::year2024day9::tests::part1::example1 ... ok
[INFO] [stdout] test year2024day9::year2024day9::tests::part1::example2 ... ok
[INFO] [stdout] test year2024day9::year2024day9::tests::part1::solution ... ok
[INFO] [stdout] test year2024day9::year2024day9::tests::part2::example2 ... ok
[INFO] [stdout] test year2024day9::year2024day9::tests::part2::example1 ... ok
[INFO] [stdout] test year2024day8::year2024day8::tests::part2::solution ... ok
[INFO] [stdout] test year2024day7::year2024day7::tests::part1::solution ... ok
[INFO] [stdout] test year2024day6::year2024day6::test::part2::solution has been running for over 60 seconds
[INFO] [stdout] test year2024day7::year2024day7::tests::part2::solution ... ok
[INFO] [stdout] test year2024day9::year2024day9::tests::part2::solution has been running for over 60 seconds
[INFO] [stdout] test year2023day12::year2023day12::tests::part1::solution ... FAILED
[INFO] [stdout] test year2024day9::year2024day9::tests::part2::solution ... FAILED
[INFO] [stdout] test year2024day6::year2024day6::test::part2::solution ... ok
[INFO] [stdout] 
[INFO] [stdout] failures:
[INFO] [stdout] 
[INFO] [stdout] ---- year2023day5::year2023day5::tests::part2::solution stdout ----
[INFO] [stdout] 
[INFO] [stdout] thread 'year2023day5::year2023day5::tests::part2::solution' panicked at src/main.rs:37:9:
[INFO] [stdout] Error opening file input/2023-05-input.txt
[INFO] [stdout] stack backtrace:
[INFO] [stdout]    0:     0x566d55bca6ca - std::backtrace_rs::backtrace::libunwind::trace::hb059275cfc8d6126
[INFO] [stdout]                                at /rustc/6067b36314ab5eb2eb47cecc464545ba58e1ad24/library/std/src/../../backtrace/src/backtrace/libunwind.rs:116:5
[INFO] [stdout]    1:     0x566d55bca6ca - std::backtrace_rs::backtrace::trace_unsynchronized::h2da071e4327ce3ee
[INFO] [stdout]                                at /rustc/6067b36314ab5eb2eb47cecc464545ba58e1ad24/library/std/src/../../backtrace/src/backtrace/mod.rs:66:5
[INFO] [stdout]    2:     0x566d55bca6ca - std::sys::backtrace::_print_fmt::h842a1474e6f8d23f
[INFO] [stdout]                                at /rustc/6067b36314ab5eb2eb47cecc464545ba58e1ad24/library/std/src/sys/backtrace.rs:66:9
[INFO] [stdout]    3:     0x566d55bca6ca - <std::sys::backtrace::BacktraceLock::print::DisplayBacktrace as core::fmt::Display>::fmt::h71a62eb3b9696b12
[INFO] [stdout]                                at /rustc/6067b36314ab5eb2eb47cecc464545ba58e1ad24/library/std/src/sys/backtrace.rs:39:26
[INFO] [stdout]    4:     0x566d55bf2aa3 - core::fmt::rt::Argument::fmt::hdb6b616786b41dc1
[INFO] [stdout]                                at /rustc/6067b36314ab5eb2eb47cecc464545ba58e1ad24/library/core/src/fmt/rt.rs:177:76
[INFO] [stdout]    5:     0x566d55bf2aa3 - core::fmt::write::h2cc1698af7e2d686
[INFO] [stdout]                                at /rustc/6067b36314ab5eb2eb47cecc464545ba58e1ad24/library/core/src/fmt/mod.rs:1440:21
[INFO] [stdout]    6:     0x566d55bc7223 - std::io::Write::write_fmt::hab1b4cd059a79022
[INFO] [stdout]                                at /rustc/6067b36314ab5eb2eb47cecc464545ba58e1ad24/library/std/src/io/mod.rs:1887:15
[INFO] [stdout]    7:     0x566d55bca512 - std::sys::backtrace::BacktraceLock::print::h147fe35b4ea13b08
[INFO] [stdout]                                at /rustc/6067b36314ab5eb2eb47cecc464545ba58e1ad24/library/std/src/sys/backtrace.rs:42:9
[INFO] [stdout]    8:     0x566d55bcbaef - std::panicking::default_hook::{{closure}}::hbd44223dbdc0d208
[INFO] [stdout]                                at /rustc/6067b36314ab5eb2eb47cecc464545ba58e1ad24/library/std/src/panicking.rs:298:22
[INFO] [stdout]    9:     0x566d55bcb908 - std::panicking::default_hook::h20f81eb0576efcec
[INFO] [stdout]                                at /rustc/6067b36314ab5eb2eb47cecc464545ba58e1ad24/library/std/src/panicking.rs:322:9
[INFO] [stdout]   10:     0x566d55916ef3 - <alloc::boxed::Box<F,A> as core::ops::function::Fn<Args>>::call::hdb53814c496a4d34
[INFO] [stdout]                                at /rustc/6067b36314ab5eb2eb47cecc464545ba58e1ad24/library/alloc/src/boxed.rs:2027:9
[INFO] [stdout]   11:     0x566d55916ef3 - test::test_main::{{closure}}::hc0a4963c59427c24
[INFO] [stdout]                                at /rustc/6067b36314ab5eb2eb47cecc464545ba58e1ad24/library/test/src/lib.rs:134:21
[INFO] [stdout]   12:     0x566d55bcc5e3 - <alloc::boxed::Box<F,A> as core::ops::function::Fn<Args>>::call::h591b2225413a77e9
[INFO] [stdout]                                at /rustc/6067b36314ab5eb2eb47cecc464545ba58e1ad24/library/alloc/src/boxed.rs:2027:9
[INFO] [stdout]   13:     0x566d55bcc5e3 - std::panicking::rust_panic_with_hook::h625eea43051b2edc
[INFO] [stdout]                                at /rustc/6067b36314ab5eb2eb47cecc464545ba58e1ad24/library/std/src/panicking.rs:839:13
[INFO] [stdout]   14:     0x566d55bcc29a - std::panicking::begin_panic_handler::{{closure}}::h4f9159cfbc3f6bd3
[INFO] [stdout]                                at /rustc/6067b36314ab5eb2eb47cecc464545ba58e1ad24/library/std/src/panicking.rs:704:13
[INFO] [stdout]   15:     0x566d55bcabc9 - std::sys::backtrace::__rust_end_short_backtrace::h0390abce48353151
[INFO] [stdout]                                at /rustc/6067b36314ab5eb2eb47cecc464545ba58e1ad24/library/std/src/sys/backtrace.rs:168:18
[INFO] [stdout]   16:     0x566d55bcbf2d - rust_begin_unwind
[INFO] [stdout]                                at /rustc/6067b36314ab5eb2eb47cecc464545ba58e1ad24/library/std/src/panicking.rs:695:5
[INFO] [stdout]   17:     0x566d55bf1130 - core::panicking::panic_fmt::h9e7c637e9e5f29c9
[INFO] [stdout]                                at /rustc/6067b36314ab5eb2eb47cecc464545ba58e1ad24/library/core/src/panicking.rs:75:14
[INFO] [stdout]   18:     0x566d5588ce36 - RustAdventOfCode::read_lines::hfd4bc3d417f45fad
[INFO] [stdout]                                at /opt/rustwide/workdir/src/main.rs:37:9
[INFO] [stdout]   19:     0x566d5587988c - RustAdventOfCode::year2023day5::year2023day5::Input::parse::hec1f0ac20a37f7a0
[INFO] [stdout]                                at /opt/rustwide/workdir/src/year2023day5.rs:42:29
[INFO] [stdout]   20:     0x566d55861742 - RustAdventOfCode::year2023day5::year2023day5::tests::part2::solution::h91d9ab2a18494577
[INFO] [stdout]                                at /opt/rustwide/workdir/src/year2023day5.rs:220:29
[INFO] [stdout]   21:     0x566d55861707 - RustAdventOfCode::year2023day5::year2023day5::tests::part2::solution::{{closure}}::h1d494b7d27ca3555
[INFO] [stdout]                                at /opt/rustwide/workdir/src/year2023day5.rs:219:26
[INFO] [stdout]   22:     0x566d5586de26 - core::ops::function::FnOnce::call_once::h13f39a11ded4356b
[INFO] [stdout]                                at /rustc/6067b36314ab5eb2eb47cecc464545ba58e1ad24/library/core/src/ops/function.rs:250:5
[INFO] [stdout]   23:     0x566d5591c64b - core::ops::function::FnOnce::call_once::he27718dfdd183f43
[INFO] [stdout]                                at /rustc/6067b36314ab5eb2eb47cecc464545ba58e1ad24/library/core/src/ops/function.rs:250:5
[INFO] [stdout]   24:     0x566d5591c64b - test::__rust_begin_short_backtrace::h4e84902998457a5d
[INFO] [stdout]                                at /rustc/6067b36314ab5eb2eb47cecc464545ba58e1ad24/library/test/src/lib.rs:632:18
[INFO] [stdout]   25:     0x566d5591b583 - test::run_test_in_process::{{closure}}::h7176fd18fc1feca0
[INFO] [stdout]                                at /rustc/6067b36314ab5eb2eb47cecc464545ba58e1ad24/library/test/src/lib.rs:655:60
[INFO] [stdout]   26:     0x566d5591b583 - <core::panic::unwind_safe::AssertUnwindSafe<F> as core::ops::function::FnOnce<()>>::call_once::hf79cff2a624d8cf7
[INFO] [stdout]                                at /rustc/6067b36314ab5eb2eb47cecc464545ba58e1ad24/library/core/src/panic/unwind_safe.rs:272:9
[INFO] [stdout]   27:     0x566d5591b583 - std::panicking::try::do_call::h3da0561d9ab99c25
[INFO] [stdout]                                at /rustc/6067b36314ab5eb2eb47cecc464545ba58e1ad24/library/std/src/panicking.rs:587:40
[INFO] [stdout]   28:     0x566d5591b583 - std::panicking::try::h41c9fa508bc61df6
[INFO] [stdout]                                at /rustc/6067b36314ab5eb2eb47cecc464545ba58e1ad24/library/std/src/panicking.rs:550:19
[INFO] [stdout]   29:     0x566d5591b583 - std::panic::catch_unwind::h6b3ff07bb5afad93
[INFO] [stdout]                                at /rustc/6067b36314ab5eb2eb47cecc464545ba58e1ad24/library/std/src/panic.rs:358:14
[INFO] [stdout]   30:     0x566d5591b583 - test::run_test_in_process::hc7253dd11b39b9f4
[INFO] [stdout]                                at /rustc/6067b36314ab5eb2eb47cecc464545ba58e1ad24/library/test/src/lib.rs:655:27
[INFO] [stdout]   31:     0x566d5591b583 - test::run_test::{{closure}}::hfb2007f8649c30bb
[INFO] [stdout]                                at /rustc/6067b36314ab5eb2eb47cecc464545ba58e1ad24/library/test/src/lib.rs:576:43
[INFO] [stdout]   32:     0x566d558de665 - test::run_test::{{closure}}::h56a17aa7a282a9f4
[INFO] [stdout]                                at /rustc/6067b36314ab5eb2eb47cecc464545ba58e1ad24/library/test/src/lib.rs:606:41
[INFO] [stdout]   33:     0x566d558de665 - std::sys::backtrace::__rust_begin_short_backtrace::hd2d2d2fb8e8c6aac
[INFO] [stdout]                                at /rustc/6067b36314ab5eb2eb47cecc464545ba58e1ad24/library/std/src/sys/backtrace.rs:152:18
[INFO] [stdout]   34:     0x566d558e1f4a - std::thread::Builder::spawn_unchecked_::{{closure}}::{{closure}}::h4faa3f9db6133423
[INFO] [stdout]                                at /rustc/6067b36314ab5eb2eb47cecc464545ba58e1ad24/library/std/src/thread/mod.rs:559:17
[INFO] [stdout]   35:     0x566d558e1f4a - <core::panic::unwind_safe::AssertUnwindSafe<F> as core::ops::function::FnOnce<()>>::call_once::hf2e855a36a4ea846
[INFO] [stdout]                                at /rustc/6067b36314ab5eb2eb47cecc464545ba58e1ad24/library/core/src/panic/unwind_safe.rs:272:9
[INFO] [stdout]   36:     0x566d558e1f4a - std::panicking::try::do_call::h2f73af3616c35465
[INFO] [stdout]                                at /rustc/6067b36314ab5eb2eb47cecc464545ba58e1ad24/library/std/src/panicking.rs:587:40
[INFO] [stdout]   37:     0x566d558e1f4a - std::panicking::try::hd1660ce9efadef5a
[INFO] [stdout]                                at /rustc/6067b36314ab5eb2eb47cecc464545ba58e1ad24/library/std/src/panicking.rs:550:19
[INFO] [stdout]   38:     0x566d558e1f4a - std::panic::catch_unwind::h5ee8d7823b8ca744
[INFO] [stdout]                                at /rustc/6067b36314ab5eb2eb47cecc464545ba58e1ad24/library/std/src/panic.rs:358:14
[INFO] [stdout]   39:     0x566d558e1f4a - std::thread::Builder::spawn_unchecked_::{{closure}}::h53c3a1894dce8407
[INFO] [stdout]                                at /rustc/6067b36314ab5eb2eb47cecc464545ba58e1ad24/library/std/src/thread/mod.rs:557:30
[INFO] [stdout]   40:     0x566d558e1f4a - core::ops::function::FnOnce::call_once{{vtable.shim}}::h048ce291ad4f62bf
[INFO] [stdout]                                at /rustc/6067b36314ab5eb2eb47cecc464545ba58e1ad24/library/core/src/ops/function.rs:250:5
[INFO] [stdout]   41:     0x566d55bd052b - <alloc::boxed::Box<F,A> as core::ops::function::FnOnce<Args>>::call_once::ha52bedf99a3b4981
[INFO] [stdout]                                at /rustc/6067b36314ab5eb2eb47cecc464545ba58e1ad24/library/alloc/src/boxed.rs:2013:9
[INFO] [stdout]   42:     0x566d55bd052b - <alloc::boxed::Box<F,A> as core::ops::function::FnOnce<Args>>::call_once::h567748934d80ccf8
[INFO] [stdout]                                at /rustc/6067b36314ab5eb2eb47cecc464545ba58e1ad24/library/alloc/src/boxed.rs:2013:9
[INFO] [stdout]   43:     0x566d55bd052b - std::sys::pal::unix::thread::Thread::new::thread_start::h2d970728ae887adc
[INFO] [stdout]                                at /rustc/6067b36314ab5eb2eb47cecc464545ba58e1ad24/library/std/src/sys/pal/unix/thread.rs:106:17
[INFO] [stdout]   44:     0x7057d0bccac3 - <unknown>
[INFO] [stdout]   45:     0x7057d0c5da04 - clone
[INFO] [stdout]   46:                0x0 - <unknown>
[INFO] [stdout] 
[INFO] [stdout] ---- year2023day5::year2023day5::tests::part1::solution stdout ----
[INFO] [stdout] 
[INFO] [stdout] thread 'year2023day5::year2023day5::tests::part1::solution' panicked at src/main.rs:37:9:
[INFO] [stdout] Error opening file input/2023-05-input.txt
[INFO] [stdout] stack backtrace:
[INFO] [stdout]    0:     0x566d55bca6ca - std::backtrace_rs::backtrace::libunwind::trace::hb059275cfc8d6126
[INFO] [stdout]                                at /rustc/6067b36314ab5eb2eb47cecc464545ba58e1ad24/library/std/src/../../backtrace/src/backtrace/libunwind.rs:116:5
[INFO] [stdout]    1:     0x566d55bca6ca - std::backtrace_rs::backtrace::trace_unsynchronized::h2da071e4327ce3ee
[INFO] [stdout]                                at /rustc/6067b36314ab5eb2eb47cecc464545ba58e1ad24/library/std/src/../../backtrace/src/backtrace/mod.rs:66:5
[INFO] [stdout]    2:     0x566d55bca6ca - std::sys::backtrace::_print_fmt::h842a1474e6f8d23f
[INFO] [stdout]                                at /rustc/6067b36314ab5eb2eb47cecc464545ba58e1ad24/library/std/src/sys/backtrace.rs:66:9
[INFO] [stdout]    3:     0x566d55bca6ca - <std::sys::backtrace::BacktraceLock::print::DisplayBacktrace as core::fmt::Display>::fmt::h71a62eb3b9696b12
[INFO] [stdout]                                at /rustc/6067b36314ab5eb2eb47cecc464545ba58e1ad24/library/std/src/sys/backtrace.rs:39:26
[INFO] [stdout]    4:     0x566d55bf2aa3 - core::fmt::rt::Argument::fmt::hdb6b616786b41dc1
[INFO] [stdout]                                at /rustc/6067b36314ab5eb2eb47cecc464545ba58e1ad24/library/core/src/fmt/rt.rs:177:76
[INFO] [stdout]    5:     0x566d55bf2aa3 - core::fmt::write::h2cc1698af7e2d686
[INFO] [stdout]                                at /rustc/6067b36314ab5eb2eb47cecc464545ba58e1ad24/library/core/src/fmt/mod.rs:1440:21
[INFO] [stdout]    6:     0x566d55bc7223 - std::io::Write::write_fmt::hab1b4cd059a79022
[INFO] [stdout]                                at /rustc/6067b36314ab5eb2eb47cecc464545ba58e1ad24/library/std/src/io/mod.rs:1887:15
[INFO] [stdout]    7:     0x566d55bca512 - std::sys::backtrace::BacktraceLock::print::h147fe35b4ea13b08
[INFO] [stdout]                                at /rustc/6067b36314ab5eb2eb47cecc464545ba58e1ad24/library/std/src/sys/backtrace.rs:42:9
[INFO] [stdout]    8:     0x566d55bcbaef - std::panicking::default_hook::{{closure}}::hbd44223dbdc0d208
[INFO] [stdout]                                at /rustc/6067b36314ab5eb2eb47cecc464545ba58e1ad24/library/std/src/panicking.rs:298:22
[INFO] [stdout]    9:     0x566d55bcb908 - std::panicking::default_hook::h20f81eb0576efcec
[INFO] [stdout]                                at /rustc/6067b36314ab5eb2eb47cecc464545ba58e1ad24/library/std/src/panicking.rs:322:9
[INFO] [stdout]   10:     0x566d55916ef3 - <alloc::boxed::Box<F,A> as core::ops::function::Fn<Args>>::call::hdb53814c496a4d34
[INFO] [stdout]                                at /rustc/6067b36314ab5eb2eb47cecc464545ba58e1ad24/library/alloc/src/boxed.rs:2027:9
[INFO] [stdout]   11:     0x566d55916ef3 - test::test_main::{{closure}}::hc0a4963c59427c24
[INFO] [stdout]                                at /rustc/6067b36314ab5eb2eb47cecc464545ba58e1ad24/library/test/src/lib.rs:134:21
[INFO] [stdout]   12:     0x566d55bcc5e3 - <alloc::boxed::Box<F,A> as core::ops::function::Fn<Args>>::call::h591b2225413a77e9
[INFO] [stdout]                                at /rustc/6067b36314ab5eb2eb47cecc464545ba58e1ad24/library/alloc/src/boxed.rs:2027:9
[INFO] [stdout]   13:     0x566d55bcc5e3 - std::panicking::rust_panic_with_hook::h625eea43051b2edc
[INFO] [stdout]                                at /rustc/6067b36314ab5eb2eb47cecc464545ba58e1ad24/library/std/src/panicking.rs:839:13
[INFO] [stdout]   14:     0x566d55bcc29a - std::panicking::begin_panic_handler::{{closure}}::h4f9159cfbc3f6bd3
[INFO] [stdout]                                at /rustc/6067b36314ab5eb2eb47cecc464545ba58e1ad24/library/std/src/panicking.rs:704:13
[INFO] [stdout]   15:     0x566d55bcabc9 - std::sys::backtrace::__rust_end_short_backtrace::h0390abce48353151
[INFO] [stdout]                                at /rustc/6067b36314ab5eb2eb47cecc464545ba58e1ad24/library/std/src/sys/backtrace.rs:168:18
[INFO] [stdout]   16:     0x566d55bcbf2d - rust_begin_unwind
[INFO] [stdout]                                at /rustc/6067b36314ab5eb2eb47cecc464545ba58e1ad24/library/std/src/panicking.rs:695:5
[INFO] [stdout]   17:     0x566d55bf1130 - core::panicking::panic_fmt::h9e7c637e9e5f29c9
[INFO] [stdout]                                at /rustc/6067b36314ab5eb2eb47cecc464545ba58e1ad24/library/core/src/panicking.rs:75:14
[INFO] [stdout]   18:     0x566d5588ce36 - RustAdventOfCode::read_lines::hfd4bc3d417f45fad
[INFO] [stdout]                                at /opt/rustwide/workdir/src/main.rs:37:9
[INFO] [stdout]   19:     0x566d5587988c - RustAdventOfCode::year2023day5::year2023day5::Input::parse::hec1f0ac20a37f7a0
[INFO] [stdout]                                at /opt/rustwide/workdir/src/year2023day5.rs:42:29
[INFO] [stdout]   20:     0x566d55849d22 - RustAdventOfCode::year2023day5::year2023day5::tests::part1::solution::h781710b3d7ff62e3
[INFO] [stdout]                                at /opt/rustwide/workdir/src/year2023day5.rs:204:29
[INFO] [stdout]   21:     0x566d55849ce7 - RustAdventOfCode::year2023day5::year2023day5::tests::part1::solution::{{closure}}::hc8688fd324fc2fec
[INFO] [stdout]                                at /opt/rustwide/workdir/src/year2023day5.rs:203:26
[INFO] [stdout]   22:     0x566d5586e306 - core::ops::function::FnOnce::call_once::h323cb3fedec6cc60
[INFO] [stdout]                                at /rustc/6067b36314ab5eb2eb47cecc464545ba58e1ad24/library/core/src/ops/function.rs:250:5
[INFO] [stdout]   23:     0x566d5591c64b - core::ops::function::FnOnce::call_once::he27718dfdd183f43
[INFO] [stdout]                                at /rustc/6067b36314ab5eb2eb47cecc464545ba58e1ad24/library/core/src/ops/function.rs:250:5
[INFO] [stdout]   24:     0x566d5591c64b - test::__rust_begin_short_backtrace::h4e84902998457a5d
[INFO] [stdout]                                at /rustc/6067b36314ab5eb2eb47cecc464545ba58e1ad24/library/test/src/lib.rs:632:18
[INFO] [stdout]   25:     0x566d5591b583 - test::run_test_in_process::{{closure}}::h7176fd18fc1feca0
[INFO] [stdout]                                at /rustc/6067b36314ab5eb2eb47cecc464545ba58e1ad24/library/test/src/lib.rs:655:60
[INFO] [stdout]   26:     0x566d5591b583 - <core::panic::unwind_safe::AssertUnwindSafe<F> as core::ops::function::FnOnce<()>>::call_once::hf79cff2a624d8cf7
[INFO] [stdout]                                at /rustc/6067b36314ab5eb2eb47cecc464545ba58e1ad24/library/core/src/panic/unwind_safe.rs:272:9
[INFO] [stdout]   27:     0x566d5591b583 - std::panicking::try::do_call::h3da0561d9ab99c25
[INFO] [stdout]                                at /rustc/6067b36314ab5eb2eb47cecc464545ba58e1ad24/library/std/src/panicking.rs:587:40
[INFO] [stdout]   28:     0x566d5591b583 - std::panicking::try::h41c9fa508bc61df6
[INFO] [stdout]                                at /rustc/6067b36314ab5eb2eb47cecc464545ba58e1ad24/library/std/src/panicking.rs:550:19
[INFO] [stdout]   29:     0x566d5591b583 - std::panic::catch_unwind::h6b3ff07bb5afad93
[INFO] [stdout]                                at /rustc/6067b36314ab5eb2eb47cecc464545ba58e1ad24/library/std/src/panic.rs:358:14
[INFO] [stdout]   30:     0x566d5591b583 - test::run_test_in_process::hc7253dd11b39b9f4
[INFO] [stdout]                                at /rustc/6067b36314ab5eb2eb47cecc464545ba58e1ad24/library/test/src/lib.rs:655:27
[INFO] [stdout]   31:     0x566d5591b583 - test::run_test::{{closure}}::hfb2007f8649c30bb
[INFO] [stdout]                                at /rustc/6067b36314ab5eb2eb47cecc464545ba58e1ad24/library/test/src/lib.rs:576:43
[INFO] [stdout]   32:     0x566d558de665 - test::run_test::{{closure}}::h56a17aa7a282a9f4
[INFO] [stdout]                                at /rustc/6067b36314ab5eb2eb47cecc464545ba58e1ad24/library/test/src/lib.rs:606:41
[INFO] [stdout]   33:     0x566d558de665 - std::sys::backtrace::__rust_begin_short_backtrace::hd2d2d2fb8e8c6aac
[INFO] [stdout]                                at /rustc/6067b36314ab5eb2eb47cecc464545ba58e1ad24/library/std/src/sys/backtrace.rs:152:18
[INFO] [stdout]   34:     0x566d558e1f4a - std::thread::Builder::spawn_unchecked_::{{closure}}::{{closure}}::h4faa3f9db6133423
[INFO] [stdout]                                at /rustc/6067b36314ab5eb2eb47cecc464545ba58e1ad24/library/std/src/thread/mod.rs:559:17
[INFO] [stdout]   35:     0x566d558e1f4a - <core::panic::unwind_safe::AssertUnwindSafe<F> as core::ops::function::FnOnce<()>>::call_once::hf2e855a36a4ea846
[INFO] [stdout]                                at /rustc/6067b36314ab5eb2eb47cecc464545ba58e1ad24/library/core/src/panic/unwind_safe.rs:272:9
[INFO] [stdout]   36:     0x566d558e1f4a - std::panicking::try::do_call::h2f73af3616c35465
[INFO] [stdout]                                at /rustc/6067b36314ab5eb2eb47cecc464545ba58e1ad24/library/std/src/panicking.rs:587:40
[INFO] [stdout]   37:     0x566d558e1f4a - std::panicking::try::hd1660ce9efadef5a
[INFO] [stdout]                                at /rustc/6067b36314ab5eb2eb47cecc464545ba58e1ad24/library/std/src/panicking.rs:550:19
[INFO] [stdout]   38:     0x566d558e1f4a - std::panic::catch_unwind::h5ee8d7823b8ca744
[INFO] [stdout]                                at /rustc/6067b36314ab5eb2eb47cecc464545ba58e1ad24/library/std/src/panic.rs:358:14
[INFO] [stdout]   39:     0x566d558e1f4a - std::thread::Builder::spawn_unchecked_::{{closure}}::h53c3a1894dce8407
[INFO] [stdout]                                at /rustc/6067b36314ab5eb2eb47cecc464545ba58e1ad24/library/std/src/thread/mod.rs:557:30
[INFO] [stdout]   40:     0x566d558e1f4a - core::ops::function::FnOnce::call_once{{vtable.shim}}::h048ce291ad4f62bf
[INFO] [stdout]                                at /rustc/6067b36314ab5eb2eb47cecc464545ba58e1ad24/library/core/src/ops/function.rs:250:5
[INFO] [stdout]   41:     0x566d55bd052b - <alloc::boxed::Box<F,A> as core::ops::function::FnOnce<Args>>::call_once::ha52bedf99a3b4981
[INFO] [stdout]                                at /rustc/6067b36314ab5eb2eb47cecc464545ba58e1ad24/library/alloc/src/boxed.rs:2013:9
[INFO] [stdout]   42:     0x566d55bd052b - <alloc::boxed::Box<F,A> as core::ops::function::FnOnce<Args>>::call_once::h567748934d80ccf8
[INFO] [stdout]                                at /rustc/6067b36314ab5eb2eb47cecc464545ba58e1ad24/library/alloc/src/boxed.rs:2013:9
[INFO] [stdout]   43:     0x566d55bd052b - std::sys::pal::unix::thread::Thread::new::thread_start::h2d970728ae887adc
[INFO] [stdout]                                at /rustc/6067b36314ab5eb2eb47cecc464545ba58e1ad24/library/std/src/sys/pal/unix/thread.rs:106:17
[INFO] [stdout]   44:     0x7057d0bccac3 - <unknown>
[INFO] [stdout]   45:     0x7057d0c5da04 - clone
[INFO] [stdout]   46:                0x0 - <unknown>
[INFO] [stdout] 
[INFO] [stdout] ---- year2024day11::tests::part2::solution stdout ----
[INFO] [stdout] 
[INFO] [stdout] thread 'year2024day11::tests::part2::solution' panicked at src/year2024day11.rs:88:13:
[INFO] [stdout] assertion `left == right` failed
[INFO] [stdout]   left: 186996
[INFO] [stdout]  right: 221683913164898
[INFO] [stdout] stack backtrace:
[INFO] [stdout]    0:     0x566d55bca6ca - std::backtrace_rs::backtrace::libunwind::trace::hb059275cfc8d6126
[INFO] [stdout]                                at /rustc/6067b36314ab5eb2eb47cecc464545ba58e1ad24/library/std/src/../../backtrace/src/backtrace/libunwind.rs:116:5
[INFO] [stdout]    1:     0x566d55bca6ca - std::backtrace_rs::backtrace::trace_unsynchronized::h2da071e4327ce3ee
[INFO] [stdout]                                at /rustc/6067b36314ab5eb2eb47cecc464545ba58e1ad24/library/std/src/../../backtrace/src/backtrace/mod.rs:66:5
[INFO] [stdout]    2:     0x566d55bca6ca - std::sys::backtrace::_print_fmt::h842a1474e6f8d23f
[INFO] [stdout]                                at /rustc/6067b36314ab5eb2eb47cecc464545ba58e1ad24/library/std/src/sys/backtrace.rs:66:9
[INFO] [stdout]    3:     0x566d55bca6ca - <std::sys::backtrace::BacktraceLock::print::DisplayBacktrace as core::fmt::Display>::fmt::h71a62eb3b9696b12
[INFO] [stdout]                                at /rustc/6067b36314ab5eb2eb47cecc464545ba58e1ad24/library/std/src/sys/backtrace.rs:39:26
[INFO] [stdout]    4:     0x566d55bf2aa3 - core::fmt::rt::Argument::fmt::hdb6b616786b41dc1
[INFO] [stdout]                                at /rustc/6067b36314ab5eb2eb47cecc464545ba58e1ad24/library/core/src/fmt/rt.rs:177:76
[INFO] [stdout]    5:     0x566d55bf2aa3 - core::fmt::write::h2cc1698af7e2d686
[INFO] [stdout]                                at /rustc/6067b36314ab5eb2eb47cecc464545ba58e1ad24/library/core/src/fmt/mod.rs:1440:21
[INFO] [stdout]    6:     0x566d55bc7223 - std::io::Write::write_fmt::hab1b4cd059a79022
[INFO] [stdout]                                at /rustc/6067b36314ab5eb2eb47cecc464545ba58e1ad24/library/std/src/io/mod.rs:1887:15
[INFO] [stdout]    7:     0x566d55bca512 - std::sys::backtrace::BacktraceLock::print::h147fe35b4ea13b08
[INFO] [stdout]                                at /rustc/6067b36314ab5eb2eb47cecc464545ba58e1ad24/library/std/src/sys/backtrace.rs:42:9
[INFO] [stdout]    8:     0x566d55bcbaef - std::panicking::default_hook::{{closure}}::hbd44223dbdc0d208
[INFO] [stdout]                                at /rustc/6067b36314ab5eb2eb47cecc464545ba58e1ad24/library/std/src/panicking.rs:298:22
[INFO] [stdout]    9:     0x566d55bcb908 - std::panicking::default_hook::h20f81eb0576efcec
[INFO] [stdout]                                at /rustc/6067b36314ab5eb2eb47cecc464545ba58e1ad24/library/std/src/panicking.rs:322:9
[INFO] [stdout]   10:     0x566d55916ef3 - <alloc::boxed::Box<F,A> as core::ops::function::Fn<Args>>::call::hdb53814c496a4d34
[INFO] [stdout]                                at /rustc/6067b36314ab5eb2eb47cecc464545ba58e1ad24/library/alloc/src/boxed.rs:2027:9
[INFO] [stdout]   11:     0x566d55916ef3 - test::test_main::{{closure}}::hc0a4963c59427c24
[INFO] [stdout]                                at /rustc/6067b36314ab5eb2eb47cecc464545ba58e1ad24/library/test/src/lib.rs:134:21
[INFO] [stdout]   12:     0x566d55bcc5e3 - <alloc::boxed::Box<F,A> as core::ops::function::Fn<Args>>::call::h591b2225413a77e9
[INFO] [stdout]                                at /rustc/6067b36314ab5eb2eb47cecc464545ba58e1ad24/library/alloc/src/boxed.rs:2027:9
[INFO] [stdout]   13:     0x566d55bcc5e3 - std::panicking::rust_panic_with_hook::h625eea43051b2edc
[INFO] [stdout]                                at /rustc/6067b36314ab5eb2eb47cecc464545ba58e1ad24/library/std/src/panicking.rs:839:13
[INFO] [stdout]   14:     0x566d55bcc29a - std::panicking::begin_panic_handler::{{closure}}::h4f9159cfbc3f6bd3
[INFO] [stdout]                                at /rustc/6067b36314ab5eb2eb47cecc464545ba58e1ad24/library/std/src/panicking.rs:704:13
[INFO] [stdout]   15:     0x566d55bcabc9 - std::sys::backtrace::__rust_end_short_backtrace::h0390abce48353151
[INFO] [stdout]                                at /rustc/6067b36314ab5eb2eb47cecc464545ba58e1ad24/library/std/src/sys/backtrace.rs:168:18
[INFO] [stdout]   16:     0x566d55bcbf2d - rust_begin_unwind
[INFO] [stdout]                                at /rustc/6067b36314ab5eb2eb47cecc464545ba58e1ad24/library/std/src/panicking.rs:695:5
[INFO] [stdout]   17:     0x566d55bf1130 - core::panicking::panic_fmt::h9e7c637e9e5f29c9
[INFO] [stdout]                                at /rustc/6067b36314ab5eb2eb47cecc464545ba58e1ad24/library/core/src/panicking.rs:75:14
[INFO] [stdout]   18:     0x566d55bf1522 - core::panicking::assert_failed_inner::h538bec7c1374cd9c
[INFO] [stdout]   19:     0x566d55bf13d9 - core::panicking::assert_failed::h7fe8c93d80615b71
[INFO] [stdout]                                at /rustc/6067b36314ab5eb2eb47cecc464545ba58e1ad24/library/core/src/panicking.rs:364:5
[INFO] [stdout]   20:     0x566d558ba5c7 - RustAdventOfCode::year2024day11::tests::part2::solution::ha5ea0f5f75ca7d4e
[INFO] [stdout]                                at /opt/rustwide/workdir/src/year2024day11.rs:88:13
[INFO] [stdout]   21:     0x566d558ba537 - RustAdventOfCode::year2024day11::tests::part2::solution::{{closure}}::h7f002166ef7f7dce
[INFO] [stdout]                                at /opt/rustwide/workdir/src/year2024day11.rs:87:22
[INFO] [stdout]   22:     0x566d5586ee86 - core::ops::function::FnOnce::call_once::h75221efc882c4dd4
[INFO] [stdout]                                at /rustc/6067b36314ab5eb2eb47cecc464545ba58e1ad24/library/core/src/ops/function.rs:250:5
[INFO] [stdout]   23:     0x566d5591c64b - core::ops::function::FnOnce::call_once::he27718dfdd183f43
[INFO] [stdout]                                at /rustc/6067b36314ab5eb2eb47cecc464545ba58e1ad24/library/core/src/ops/function.rs:250:5
[INFO] [stdout]   24:     0x566d5591c64b - test::__rust_begin_short_backtrace::h4e84902998457a5d
[INFO] [stdout]                                at /rustc/6067b36314ab5eb2eb47cecc464545ba58e1ad24/library/test/src/lib.rs:632:18
[INFO] [stdout]   25:     0x566d5591b583 - test::run_test_in_process::{{closure}}::h7176fd18fc1feca0
[INFO] [stdout]                                at /rustc/6067b36314ab5eb2eb47cecc464545ba58e1ad24/library/test/src/lib.rs:655:60
[INFO] [stdout]   26:     0x566d5591b583 - <core::panic::unwind_safe::AssertUnwindSafe<F> as core::ops::function::FnOnce<()>>::call_once::hf79cff2a624d8cf7
[INFO] [stdout]                                at /rustc/6067b36314ab5eb2eb47cecc464545ba58e1ad24/library/core/src/panic/unwind_safe.rs:272:9
[INFO] [stdout]   27:     0x566d5591b583 - std::panicking::try::do_call::h3da0561d9ab99c25
[INFO] [stdout]                                at /rustc/6067b36314ab5eb2eb47cecc464545ba58e1ad24/library/std/src/panicking.rs:587:40
[INFO] [stdout]   28:     0x566d5591b583 - std::panicking::try::h41c9fa508bc61df6
[INFO] [stdout]                                at /rustc/6067b36314ab5eb2eb47cecc464545ba58e1ad24/library/std/src/panicking.rs:550:19
[INFO] [stdout]   29:     0x566d5591b583 - std::panic::catch_unwind::h6b3ff07bb5afad93
[INFO] [stdout]                                at /rustc/6067b36314ab5eb2eb47cecc464545ba58e1ad24/library/std/src/panic.rs:358:14
[INFO] [stdout]   30:     0x566d5591b583 - test::run_test_in_process::hc7253dd11b39b9f4
[INFO] [stdout]                                at /rustc/6067b36314ab5eb2eb47cecc464545ba58e1ad24/library/test/src/lib.rs:655:27
[INFO] [stdout]   31:     0x566d5591b583 - test::run_test::{{closure}}::hfb2007f8649c30bb
[INFO] [stdout]                                at /rustc/6067b36314ab5eb2eb47cecc464545ba58e1ad24/library/test/src/lib.rs:576:43
[INFO] [stdout]   32:     0x566d558de665 - test::run_test::{{closure}}::h56a17aa7a282a9f4
[INFO] [stdout]                                at /rustc/6067b36314ab5eb2eb47cecc464545ba58e1ad24/library/test/src/lib.rs:606:41
[INFO] [stdout]   33:     0x566d558de665 - std::sys::backtrace::__rust_begin_short_backtrace::hd2d2d2fb8e8c6aac
[INFO] [stdout]                                at /rustc/6067b36314ab5eb2eb47cecc464545ba58e1ad24/library/std/src/sys/backtrace.rs:152:18
[INFO] [stdout]   34:     0x566d558e1f4a - std::thread::Builder::spawn_unchecked_::{{closure}}::{{closure}}::h4faa3f9db6133423
[INFO] [stdout]                                at /rustc/6067b36314ab5eb2eb47cecc464545ba58e1ad24/library/std/src/thread/mod.rs:559:17
[INFO] [stdout]   35:     0x566d558e1f4a - <core::panic::unwind_safe::AssertUnwindSafe<F> as core::ops::function::FnOnce<()>>::call_once::hf2e855a36a4ea846
[INFO] [stdout]                                at /rustc/6067b36314ab5eb2eb47cecc464545ba58e1ad24/library/core/src/panic/unwind_safe.rs:272:9
[INFO] [stdout]   36:     0x566d558e1f4a - std::panicking::try::do_call::h2f73af3616c35465
[INFO] [stdout]                                at /rustc/6067b36314ab5eb2eb47cecc464545ba58e1ad24/library/std/src/panicking.rs:587:40
[INFO] [stdout]   37:     0x566d558e1f4a - std::panicking::try::hd1660ce9efadef5a
[INFO] [stdout]                                at /rustc/6067b36314ab5eb2eb47cecc464545ba58e1ad24/library/std/src/panicking.rs:550:19
[INFO] [stdout]   38:     0x566d558e1f4a - std::panic::catch_unwind::h5ee8d7823b8ca744
[INFO] [stdout]                                at /rustc/6067b36314ab5eb2eb47cecc464545ba58e1ad24/library/std/src/panic.rs:358:14
[INFO] [stdout]   39:     0x566d558e1f4a - std::thread::Builder::spawn_unchecked_::{{closure}}::h53c3a1894dce8407
[INFO] [stdout]                                at /rustc/6067b36314ab5eb2eb47cecc464545ba58e1ad24/library/std/src/thread/mod.rs:557:30
[INFO] [stdout]   40:     0x566d558e1f4a - core::ops::function::FnOnce::call_once{{vtable.shim}}::h048ce291ad4f62bf
[INFO] [stdout]                                at /rustc/6067b36314ab5eb2eb47cecc464545ba58e1ad24/library/core/src/ops/function.rs:250:5
[INFO] [stdout]   41:     0x566d55bd052b - <alloc::boxed::Box<F,A> as core::ops::function::FnOnce<Args>>::call_once::ha52bedf99a3b4981
[INFO] [stdout]                                at /rustc/6067b36314ab5eb2eb47cecc464545ba58e1ad24/library/alloc/src/boxed.rs:2013:9
[INFO] [stdout]   42:     0x566d55bd052b - <alloc::boxed::Box<F,A> as core::ops::function::FnOnce<Args>>::call_once::h567748934d80ccf8
[INFO] [stdout]                                at /rustc/6067b36314ab5eb2eb47cecc464545ba58e1ad24/library/alloc/src/boxed.rs:2013:9
[INFO] [stdout]   43:     0x566d55bd052b - std::sys::pal::unix::thread::Thread::new::thread_start::h2d970728ae887adc
[INFO] [stdout]                                at /rustc/6067b36314ab5eb2eb47cecc464545ba58e1ad24/library/std/src/sys/pal/unix/thread.rs:106:17
[INFO] [stdout]   44:     0x7057d0bccac3 - <unknown>
[INFO] [stdout]   45:     0x7057d0c5da04 - clone
[INFO] [stdout]   46:                0x0 - <unknown>
[INFO] [stdout] 
[INFO] [stdout] ---- year2023day12::year2023day12::tests::part1::solution stdout ----
[INFO] [stdout] 
[INFO] [stdout] thread 'year2023day12::year2023day12::tests::part1::solution' panicked at src/year2023day12.rs:113:17:
[INFO] [stdout] assertion `left == right` failed
[INFO] [stdout]   left: 21
[INFO] [stdout]  right: 7195
[INFO] [stdout] stack backtrace:
[INFO] [stdout]    0:     0x566d55bca6ca - std::backtrace_rs::backtrace::libunwind::trace::hb059275cfc8d6126
[INFO] [stdout]                                at /rustc/6067b36314ab5eb2eb47cecc464545ba58e1ad24/library/std/src/../../backtrace/src/backtrace/libunwind.rs:116:5
[INFO] [stdout]    1:     0x566d55bca6ca - std::backtrace_rs::backtrace::trace_unsynchronized::h2da071e4327ce3ee
[INFO] [stdout]                                at /rustc/6067b36314ab5eb2eb47cecc464545ba58e1ad24/library/std/src/../../backtrace/src/backtrace/mod.rs:66:5
[INFO] [stdout]    2:     0x566d55bca6ca - std::sys::backtrace::_print_fmt::h842a1474e6f8d23f
[INFO] [stdout]                                at /rustc/6067b36314ab5eb2eb47cecc464545ba58e1ad24/library/std/src/sys/backtrace.rs:66:9
[INFO] [stdout]    3:     0x566d55bca6ca - <std::sys::backtrace::BacktraceLock::print::DisplayBacktrace as core::fmt::Display>::fmt::h71a62eb3b9696b12
[INFO] [stdout]                                at /rustc/6067b36314ab5eb2eb47cecc464545ba58e1ad24/library/std/src/sys/backtrace.rs:39:26
[INFO] [stdout]    4:     0x566d55bf2aa3 - core::fmt::rt::Argument::fmt::hdb6b616786b41dc1
[INFO] [stdout]                                at /rustc/6067b36314ab5eb2eb47cecc464545ba58e1ad24/library/core/src/fmt/rt.rs:177:76
[INFO] [stdout]    5:     0x566d55bf2aa3 - core::fmt::write::h2cc1698af7e2d686
[INFO] [stdout]                                at /rustc/6067b36314ab5eb2eb47cecc464545ba58e1ad24/library/core/src/fmt/mod.rs:1440:21
[INFO] [stdout]    6:     0x566d55bc7223 - std::io::Write::write_fmt::hab1b4cd059a79022
[INFO] [stdout]                                at /rustc/6067b36314ab5eb2eb47cecc464545ba58e1ad24/library/std/src/io/mod.rs:1887:15
[INFO] [stdout]    7:     0x566d55bca512 - std::sys::backtrace::BacktraceLock::print::h147fe35b4ea13b08
[INFO] [stdout]                                at /rustc/6067b36314ab5eb2eb47cecc464545ba58e1ad24/library/std/src/sys/backtrace.rs:42:9
[INFO] [stdout]    8:     0x566d55bcbaef - std::panicking::default_hook::{{closure}}::hbd44223dbdc0d208
[INFO] [stdout]                                at /rustc/6067b36314ab5eb2eb47cecc464545ba58e1ad24/library/std/src/panicking.rs:298:22
[INFO] [stdout]    9:     0x566d55bcb908 - std::panicking::default_hook::h20f81eb0576efcec
[INFO] [stdout]                                at /rustc/6067b36314ab5eb2eb47cecc464545ba58e1ad24/library/std/src/panicking.rs:322:9
[INFO] [stdout]   10:     0x566d55916ef3 - <alloc::boxed::Box<F,A> as core::ops::function::Fn<Args>>::call::hdb53814c496a4d34
[INFO] [stdout]                                at /rustc/6067b36314ab5eb2eb47cecc464545ba58e1ad24/library/alloc/src/boxed.rs:2027:9
[INFO] [stdout]   11:     0x566d55916ef3 - test::test_main::{{closure}}::hc0a4963c59427c24
[INFO] [stdout]                                at /rustc/6067b36314ab5eb2eb47cecc464545ba58e1ad24/library/test/src/lib.rs:134:21
[INFO] [stdout]   12:     0x566d55bcc5e3 - <alloc::boxed::Box<F,A> as core::ops::function::Fn<Args>>::call::h591b2225413a77e9
[INFO] [stdout]                                at /rustc/6067b36314ab5eb2eb47cecc464545ba58e1ad24/library/alloc/src/boxed.rs:2027:9
[INFO] [stdout]   13:     0x566d55bcc5e3 - std::panicking::rust_panic_with_hook::h625eea43051b2edc
[INFO] [stdout]                                at /rustc/6067b36314ab5eb2eb47cecc464545ba58e1ad24/library/std/src/panicking.rs:839:13
[INFO] [stdout]   14:     0x566d55bcc29a - std::panicking::begin_panic_handler::{{closure}}::h4f9159cfbc3f6bd3
[INFO] [stdout]                                at /rustc/6067b36314ab5eb2eb47cecc464545ba58e1ad24/library/std/src/panicking.rs:704:13
[INFO] [stdout]   15:     0x566d55bcabc9 - std::sys::backtrace::__rust_end_short_backtrace::h0390abce48353151
[INFO] [stdout]                                at /rustc/6067b36314ab5eb2eb47cecc464545ba58e1ad24/library/std/src/sys/backtrace.rs:168:18
[INFO] [stdout]   16:     0x566d55bcbf2d - rust_begin_unwind
[INFO] [stdout]                                at /rustc/6067b36314ab5eb2eb47cecc464545ba58e1ad24/library/std/src/panicking.rs:695:5
[INFO] [stdout]   17:     0x566d55bf1130 - core::panicking::panic_fmt::h9e7c637e9e5f29c9
[INFO] [stdout]                                at /rustc/6067b36314ab5eb2eb47cecc464545ba58e1ad24/library/core/src/panicking.rs:75:14
[INFO] [stdout]   18:     0x566d55bf1522 - core::panicking::assert_failed_inner::h538bec7c1374cd9c
[INFO] [stdout]   19:     0x566d55bf13d9 - core::panicking::assert_failed::h7fe8c93d80615b71
[INFO] [stdout]                                at /rustc/6067b36314ab5eb2eb47cecc464545ba58e1ad24/library/core/src/panicking.rs:364:5
[INFO] [stdout]   20:     0x566d558ba0f2 - RustAdventOfCode::year2023day12::year2023day12::tests::part1::solution::haad77916e3d1ae79
[INFO] [stdout]                                at /opt/rustwide/workdir/src/year2023day12.rs:113:17
[INFO] [stdout]   21:     0x566d558ba067 - RustAdventOfCode::year2023day12::year2023day12::tests::part1::solution::{{closure}}::he15401ff61a3dc21
[INFO] [stdout]                                at /opt/rustwide/workdir/src/year2023day12.rs:112:26
[INFO] [stdout]   22:     0x566d558706f6 - core::ops::function::FnOnce::call_once::he01ba679ad3ac3b2
[INFO] [stdout]                                at /rustc/6067b36314ab5eb2eb47cecc464545ba58e1ad24/library/core/src/ops/function.rs:250:5
[INFO] [stdout]   23:     0x566d5591c64b - core::ops::function::FnOnce::call_once::he27718dfdd183f43
[INFO] [stdout]                                at /rustc/6067b36314ab5eb2eb47cecc464545ba58e1ad24/library/core/src/ops/function.rs:250:5
[INFO] [stdout]   24:     0x566d5591c64b - test::__rust_begin_short_backtrace::h4e84902998457a5d
[INFO] [stdout]                                at /rustc/6067b36314ab5eb2eb47cecc464545ba58e1ad24/library/test/src/lib.rs:632:18
[INFO] [stdout]   25:     0x566d5591b583 - test::run_test_in_process::{{closure}}::h7176fd18fc1feca0
[INFO] [stdout]                                at /rustc/6067b36314ab5eb2eb47cecc464545ba58e1ad24/library/test/src/lib.rs:655:60
[INFO] [stdout]   26:     0x566d5591b583 - <core::panic::unwind_safe::AssertUnwindSafe<F> as core::ops::function::FnOnce<()>>::call_once::hf79cff2a624d8cf7
[INFO] [stdout]                                at /rustc/6067b36314ab5eb2eb47cecc464545ba58e1ad24/library/core/src/panic/unwind_safe.rs:272:9
[INFO] [stdout]   27:     0x566d5591b583 - std::panicking::try::do_call::h3da0561d9ab99c25
[INFO] [stdout]                                at /rustc/6067b36314ab5eb2eb47cecc464545ba58e1ad24/library/std/src/panicking.rs:587:40
[INFO] [stdout]   28:     0x566d5591b583 - std::panicking::try::h41c9fa508bc61df6
[INFO] [stdout]                                at /rustc/6067b36314ab5eb2eb47cecc464545ba58e1ad24/library/std/src/panicking.rs:550:19
[INFO] [stdout]   29:     0x566d5591b583 - std::panic::catch_unwind::h6b3ff07bb5afad93
[INFO] [stdout]                                at /rustc/6067b36314ab5eb2eb47cecc464545ba58e1ad24/library/std/src/panic.rs:358:14
[INFO] [stdout]   30:     0x566d5591b583 - test::run_test_in_process::hc7253dd11b39b9f4
[INFO] [stdout]                                at /rustc/6067b36314ab5eb2eb47cecc464545ba58e1ad24/library/test/src/lib.rs:655:27
[INFO] [stdout]   31:     0x566d5591b583 - test::run_test::{{closure}}::hfb2007f8649c30bb
[INFO] [stdout]                                at /rustc/6067b36314ab5eb2eb47cecc464545ba58e1ad24/library/test/src/lib.rs:576:43
[INFO] [stdout]   32:     0x566d558de665 - test::run_test::{{closure}}::h56a17aa7a282a9f4
[INFO] [stdout]                                at /rustc/6067b36314ab5eb2eb47cecc464545ba58e1ad24/library/test/src/lib.rs:606:41
[INFO] [stdout]   33:     0x566d558de665 - std::sys::backtrace::__rust_begin_short_backtrace::hd2d2d2fb8e8c6aac
[INFO] [stdout]                                at /rustc/6067b36314ab5eb2eb47cecc464545ba58e1ad24/library/std/src/sys/backtrace.rs:152:18
[INFO] [stdout]   34:     0x566d558e1f4a - std::thread::Builder::spawn_unchecked_::{{closure}}::{{closure}}::h4faa3f9db6133423
[INFO] [stdout]                                at /rustc/6067b36314ab5eb2eb47cecc464545ba58e1ad24/library/std/src/thread/mod.rs:559:17
[INFO] [stdout]   35:     0x566d558e1f4a - <core::panic::unwind_safe::AssertUnwindSafe<F> as core::ops::function::FnOnce<()>>::call_once::hf2e855a36a4ea846
[INFO] [stdout]                                at /rustc/6067b36314ab5eb2eb47cecc464545ba58e1ad24/library/core/src/panic/unwind_safe.rs:272:9
[INFO] [stdout]   36:     0x566d558e1f4a - std::panicking::try::do_call::h2f73af3616c35465
[INFO] [stdout]                                at /rustc/6067b36314ab5eb2eb47cecc464545ba58e1ad24/library/std/src/panicking.rs:587:40
[INFO] [stdout]   37:     0x566d558e1f4a - std::panicking::try::hd1660ce9efadef5a
[INFO] [stdout]                                at /rustc/6067b36314ab5eb2eb47cecc464545ba58e1ad24/library/std/src/panicking.rs:550:19
[INFO] [stdout]   38:     0x566d558e1f4a - std::panic::catch_unwind::h5ee8d7823b8ca744
[INFO] [stdout]                                at /rustc/6067b36314ab5eb2eb47cecc464545ba58e1ad24/library/std/src/panic.rs:358:14
[INFO] [stdout]   39:     0x566d558e1f4a - std::thread::Builder::spawn_unchecked_::{{closure}}::h53c3a1894dce8407
[INFO] [stdout]                                at /rustc/6067b36314ab5eb2eb47cecc464545ba58e1ad24/library/std/src/thread/mod.rs:557:30
[INFO] [stdout]   40:     0x566d558e1f4a - core::ops::function::FnOnce::call_once{{vtable.shim}}::h048ce291ad4f62bf
[INFO] [stdout]                                at /rustc/6067b36314ab5eb2eb47cecc464545ba58e1ad24/library/core/src/ops/function.rs:250:5
[INFO] [stdout]   41:     0x566d55bd052b - <alloc::boxed::Box<F,A> as core::ops::function::FnOnce<Args>>::call_once::ha52bedf99a3b4981
[INFO] [stdout]                                at /rustc/6067b36314ab5eb2eb47cecc464545ba58e1ad24/library/alloc/src/boxed.rs:2013:9
[INFO] [stdout]   42:     0x566d55bd052b - <alloc::boxed::Box<F,A> as core::ops::function::FnOnce<Args>>::call_once::h567748934d80ccf8
[INFO] [stdout]                                at /rustc/6067b36314ab5eb2eb47cecc464545ba58e1ad24/library/alloc/src/boxed.rs:2013:9
[INFO] [stdout]   43:     0x566d55bd052b - std::sys::pal::unix::thread::Thread::new::thread_start::h2d970728ae887adc
[INFO] [stdout]                                at /rustc/6067b36314ab5eb2eb47cecc464545ba58e1ad24/library/std/src/sys/pal/unix/thread.rs:106:17
[INFO] [stdout]   44:     0x7057d0bccac3 - <unknown>
[INFO] [stdout]   45:     0x7057d0c5da04 - clone
[INFO] [stdout]   46:                0x0 - <unknown>
[INFO] [stdout] 
[INFO] [stdout] ---- year2024day9::year2024day9::tests::part2::solution stdout ----
[INFO] [stdout] 
[INFO] [stdout] thread 'year2024day9::year2024day9::tests::part2::solution' panicked at src/year2024day9.rs:199:17:
[INFO] [stdout] assertion `left == right` failed
[INFO] [stdout]   left: 818626
[INFO] [stdout]  right: 6327174563252
[INFO] [stdout] stack backtrace:
[INFO] [stdout]    0:     0x566d55bca6ca - std::backtrace_rs::backtrace::libunwind::trace::hb059275cfc8d6126
[INFO] [stdout]                                at /rustc/6067b36314ab5eb2eb47cecc464545ba58e1ad24/library/std/src/../../backtrace/src/backtrace/libunwind.rs:116:5
[INFO] [stdout]    1:     0x566d55bca6ca - std::backtrace_rs::backtrace::trace_unsynchronized::h2da071e4327ce3ee
[INFO] [stdout]                                at /rustc/6067b36314ab5eb2eb47cecc464545ba58e1ad24/library/std/src/../../backtrace/src/backtrace/mod.rs:66:5
[INFO] [stdout]    2:     0x566d55bca6ca - std::sys::backtrace::_print_fmt::h842a1474e6f8d23f
[INFO] [stdout]                                at /rustc/6067b36314ab5eb2eb47cecc464545ba58e1ad24/library/std/src/sys/backtrace.rs:66:9
[INFO] [stdout]    3:     0x566d55bca6ca - <std::sys::backtrace::BacktraceLock::print::DisplayBacktrace as core::fmt::Display>::fmt::h71a62eb3b9696b12
[INFO] [stdout]                                at /rustc/6067b36314ab5eb2eb47cecc464545ba58e1ad24/library/std/src/sys/backtrace.rs:39:26
[INFO] [stdout]    4:     0x566d55bf2aa3 - core::fmt::rt::Argument::fmt::hdb6b616786b41dc1
[INFO] [stdout]                                at /rustc/6067b36314ab5eb2eb47cecc464545ba58e1ad24/library/core/src/fmt/rt.rs:177:76
[INFO] [stdout]    5:     0x566d55bf2aa3 - core::fmt::write::h2cc1698af7e2d686
[INFO] [stdout]                                at /rustc/6067b36314ab5eb2eb47cecc464545ba58e1ad24/library/core/src/fmt/mod.rs:1440:21
[INFO] [stdout]    6:     0x566d55bc7223 - std::io::Write::write_fmt::hab1b4cd059a79022
[INFO] [stdout]                                at /rustc/6067b36314ab5eb2eb47cecc464545ba58e1ad24/library/std/src/io/mod.rs:1887:15
[INFO] [stdout]    7:     0x566d55bca512 - std::sys::backtrace::BacktraceLock::print::h147fe35b4ea13b08
[INFO] [stdout]                                at /rustc/6067b36314ab5eb2eb47cecc464545ba58e1ad24/library/std/src/sys/backtrace.rs:42:9
[INFO] [stdout]    8:     0x566d55bcbaef - std::panicking::default_hook::{{closure}}::hbd44223dbdc0d208
[INFO] [stdout]                                at /rustc/6067b36314ab5eb2eb47cecc464545ba58e1ad24/library/std/src/panicking.rs:298:22
[INFO] [stdout]    9:     0x566d55bcb908 - std::panicking::default_hook::h20f81eb0576efcec
[INFO] [stdout]                                at /rustc/6067b36314ab5eb2eb47cecc464545ba58e1ad24/library/std/src/panicking.rs:322:9
[INFO] [stdout]   10:     0x566d55916ef3 - <alloc::boxed::Box<F,A> as core::ops::function::Fn<Args>>::call::hdb53814c496a4d34
[INFO] [stdout]                                at /rustc/6067b36314ab5eb2eb47cecc464545ba58e1ad24/library/alloc/src/boxed.rs:2027:9
[INFO] [stdout]   11:     0x566d55916ef3 - test::test_main::{{closure}}::hc0a4963c59427c24
[INFO] [stdout]                                at /rustc/6067b36314ab5eb2eb47cecc464545ba58e1ad24/library/test/src/lib.rs:134:21
[INFO] [stdout]   12:     0x566d55bcc5e3 - <alloc::boxed::Box<F,A> as core::ops::function::Fn<Args>>::call::h591b2225413a77e9
[INFO] [stdout]                                at /rustc/6067b36314ab5eb2eb47cecc464545ba58e1ad24/library/alloc/src/boxed.rs:2027:9
[INFO] [stdout]   13:     0x566d55bcc5e3 - std::panicking::rust_panic_with_hook::h625eea43051b2edc
[INFO] [stdout]                                at /rustc/6067b36314ab5eb2eb47cecc464545ba58e1ad24/library/std/src/panicking.rs:839:13
[INFO] [stdout]   14:     0x566d55bcc29a - std::panicking::begin_panic_handler::{{closure}}::h4f9159cfbc3f6bd3
[INFO] [stdout]                                at /rustc/6067b36314ab5eb2eb47cecc464545ba58e1ad24/library/std/src/panicking.rs:704:13
[INFO] [stdout]   15:     0x566d55bcabc9 - std::sys::backtrace::__rust_end_short_backtrace::h0390abce48353151
[INFO] [stdout]                                at /rustc/6067b36314ab5eb2eb47cecc464545ba58e1ad24/library/std/src/sys/backtrace.rs:168:18
[INFO] [stdout]   16:     0x566d55bcbf2d - rust_begin_unwind
[INFO] [stdout]                                at /rustc/6067b36314ab5eb2eb47cecc464545ba58e1ad24/library/std/src/panicking.rs:695:5
[INFO] [stdout]   17:     0x566d55bf1130 - core::panicking::panic_fmt::h9e7c637e9e5f29c9
[INFO] [stdout]                                at /rustc/6067b36314ab5eb2eb47cecc464545ba58e1ad24/library/core/src/panicking.rs:75:14
[INFO] [stdout]   18:     0x566d55bf1522 - core::panicking::assert_failed_inner::h538bec7c1374cd9c
[INFO] [stdout]   19:     0x566d55bf13d9 - core::panicking::assert_failed::h7fe8c93d80615b71
[INFO] [stdout]                                at /rustc/6067b36314ab5eb2eb47cecc464545ba58e1ad24/library/core/src/panicking.rs:364:5
[INFO] [stdout]   20:     0x566d558dce22 - RustAdventOfCode::year2024day9::year2024day9::tests::part2::solution::hb0b5c507349d23a7
[INFO] [stdout]                                at /opt/rustwide/workdir/src/year2024day9.rs:199:17
[INFO] [stdout]   21:     0x566d558dcd97 - RustAdventOfCode::year2024day9::year2024day9::tests::part2::solution::{{closure}}::h2daf93f5d25f0d55
[INFO] [stdout]                                at /opt/rustwide/workdir/src/year2024day9.rs:198:26
[INFO] [stdout]   22:     0x566d5586eaa6 - core::ops::function::FnOnce::call_once::h5ba93fc139694de9
[INFO] [stdout]                                at /rustc/6067b36314ab5eb2eb47cecc464545ba58e1ad24/library/core/src/ops/function.rs:250:5
[INFO] [stdout]   23:     0x566d5591c64b - core::ops::function::FnOnce::call_once::he27718dfdd183f43
[INFO] [stdout]                                at /rustc/6067b36314ab5eb2eb47cecc464545ba58e1ad24/library/core/src/ops/function.rs:250:5
[INFO] [stdout]   24:     0x566d5591c64b - test::__rust_begin_short_backtrace::h4e84902998457a5d
[INFO] [stdout]                                at /rustc/6067b36314ab5eb2eb47cecc464545ba58e1ad24/library/test/src/lib.rs:632:18
[INFO] [stdout]   25:     0x566d5591b583 - test::run_test_in_process::{{closure}}::h7176fd18fc1feca0
[INFO] [stdout]                                at /rustc/6067b36314ab5eb2eb47cecc464545ba58e1ad24/library/test/src/lib.rs:655:60
[INFO] [stdout]   26:     0x566d5591b583 - <core::panic::unwind_safe::AssertUnwindSafe<F> as core::ops::function::FnOnce<()>>::call_once::hf79cff2a624d8cf7
[INFO] [stdout]                                at /rustc/6067b36314ab5eb2eb47cecc464545ba58e1ad24/library/core/src/panic/unwind_safe.rs:272:9
[INFO] [stdout]   27:     0x566d5591b583 - std::panicking::try::do_call::h3da0561d9ab99c25
[INFO] [stdout]                                at /rustc/6067b36314ab5eb2eb47cecc464545ba58e1ad24/library/std/src/panicking.rs:587:40
[INFO] [stdout]   28:     0x566d5591b583 - std::panicking::try::h41c9fa508bc61df6
[INFO] [stdout]                                at /rustc/6067b36314ab5eb2eb47cecc464545ba58e1ad24/library/std/src/panicking.rs:550:19
[INFO] [stdout]   29:     0x566d5591b583 - std::panic::catch_unwind::h6b3ff07bb5afad93
[INFO] [stdout]                                at /rustc/6067b36314ab5eb2eb47cecc464545ba58e1ad24/library/std/src/panic.rs:358:14
[INFO] [stdout]   30:     0x566d5591b583 - test::run_test_in_process::hc7253dd11b39b9f4
[INFO] [stdout]                                at /rustc/6067b36314ab5eb2eb47cecc464545ba58e1ad24/library/test/src/lib.rs:655:27
[INFO] [stdout]   31:     0x566d5591b583 - test::run_test::{{closure}}::hfb2007f8649c30bb
[INFO] [stdout]                                at /rustc/6067b36314ab5eb2eb47cecc464545ba58e1ad24/library/test/src/lib.rs:576:43
[INFO] [stdout]   32:     0x566d558de665 - test::run_test::{{closure}}::h56a17aa7a282a9f4
[INFO] [stdout]                                at /rustc/6067b36314ab5eb2eb47cecc464545ba58e1ad24/library/test/src/lib.rs:606:41
[INFO] [stdout]   33:     0x566d558de665 - std::sys::backtrace::__rust_begin_short_backtrace::hd2d2d2fb8e8c6aac
[INFO] [stdout]                                at /rustc/6067b36314ab5eb2eb47cecc464545ba58e1ad24/library/std/src/sys/backtrace.rs:152:18
[INFO] [stdout]   34:     0x566d558e1f4a - std::thread::Builder::spawn_unchecked_::{{closure}}::{{closure}}::h4faa3f9db6133423
[INFO] [stdout]                                at /rustc/6067b36314ab5eb2eb47cecc464545ba58e1ad24/library/std/src/thread/mod.rs:559:17
[INFO] [stdout]   35:     0x566d558e1f4a - <core::panic::unwind_safe::AssertUnwindSafe<F> as core::ops::function::FnOnce<()>>::call_once::hf2e855a36a4ea846
[INFO] [stdout]                                at /rustc/6067b36314ab5eb2eb47cecc464545ba58e1ad24/library/core/src/panic/unwind_safe.rs:272:9
[INFO] [stdout]   36:     0x566d558e1f4a - std::panicking::try::do_call::h2f73af3616c35465
[INFO] [stdout]                                at /rustc/6067b36314ab5eb2eb47cecc464545ba58e1ad24/library/std/src/panicking.rs:587:40
[INFO] [stdout]   37:     0x566d558e1f4a - std::panicking::try::hd1660ce9efadef5a
[INFO] [stdout]                                at /rustc/6067b36314ab5eb2eb47cecc464545ba58e1ad24/library/std/src/panicking.rs:550:19
[INFO] [stdout]   38:     0x566d558e1f4a - std::panic::catch_unwind::h5ee8d7823b8ca744
[INFO] [stdout]                                at /rustc/6067b36314ab5eb2eb47cecc464545ba58e1ad24/library/std/src/panic.rs:358:14
[INFO] [stdout]   39:     0x566d558e1f4a - std::thread::Builder::spawn_unchecked_::{{closure}}::h53c3a1894dce8407
[INFO] [stdout]                                at /rustc/6067b36314ab5eb2eb47cecc464545ba58e1ad24/library/std/src/thread/mod.rs:557:30
[INFO] [stdout]   40:     0x566d558e1f4a - core::ops::function::FnOnce::call_once{{vtable.shim}}::h048ce291ad4f62bf
[INFO] [stdout]                                at /rustc/6067b36314ab5eb2eb47cecc464545ba58e1ad24/library/core/src/ops/function.rs:250:5
[INFO] [stdout]   41:     0x566d55bd052b - <alloc::boxed::Box<F,A> as core::ops::function::FnOnce<Args>>::call_once::ha52bedf99a3b4981
[INFO] [stdout]                                at /rustc/6067b36314ab5eb2eb47cecc464545ba58e1ad24/library/alloc/src/boxed.rs:2013:9
[INFO] [stdout]   42:     0x566d55bd052b - <alloc::boxed::Box<F,A> as core::ops::function::FnOnce<Args>>::call_once::h567748934d80ccf8
[INFO] [stdout]                                at /rustc/6067b36314ab5eb2eb47cecc464545ba58e1ad24/library/alloc/src/boxed.rs:2013:9
[INFO] [stdout]   43:     0x566d55bd052b - std::sys::pal::unix::thread::Thread::new::thread_start::h2d970728ae887adc
[INFO] [stdout]                                at /rustc/6067b36314ab5eb2eb47cecc464545ba58e1ad24/library/std/src/sys/pal/unix/thread.rs:106:17
[INFO] [stdout]   44:     0x7057d0bccac3 - <unknown>
[INFO] [stdout]   45:     0x7057d0c5da04 - clone
[INFO] [stdout]   46:                0x0 - <unknown>
[INFO] [stdout] 
[INFO] [stdout] 
[INFO] [stdout] failures:
[INFO] [stdout]     year2023day12::year2023day12::tests::part1::solution
[INFO] [stdout]     year2023day5::year2023day5::tests::part1::solution
[INFO] [stdout]     year2023day5::year2023day5::tests::part2::solution
[INFO] [stdout]     year2024day11::tests::part2::solution
[INFO] [stdout]     year2024day9::year2024day9::tests::part2::solution
[INFO] [stdout] 
[INFO] [stdout] test result: FAILED. 156 passed; 5 failed; 0 ignored; 0 measured; 0 filtered out; finished in 276.04s
[INFO] [stdout] 
[INFO] [stderr] error: test failed, to rerun pass `--bin RustAdventOfCode`
[INFO] running `Command { std: "docker" "inspect" "67977b6c76c58d1e70dde185704935c1207bbc179cc8e6cb4e92f21616cbce83", kill_on_drop: false }`
[INFO] running `Command { std: "docker" "rm" "-f" "67977b6c76c58d1e70dde185704935c1207bbc179cc8e6cb4e92f21616cbce83", kill_on_drop: false }`
[INFO] [stdout] 67977b6c76c58d1e70dde185704935c1207bbc179cc8e6cb4e92f21616cbce83
