[INFO] cloning repository https://github.com/beingnemo/syatem-diskinfo
[INFO] running `Command { std: "git" "-c" "credential.helper=" "-c" "credential.helper=/workspace/cargo-home/bin/git-credential-null" "clone" "--bare" "https://github.com/beingnemo/syatem-diskinfo" "/workspace/cache/git-repos/https%3A%2F%2Fgithub.com%2Fbeingnemo%2Fsyatem-diskinfo", kill_on_drop: false }`
[INFO] [stderr] Cloning into bare repository '/workspace/cache/git-repos/https%3A%2F%2Fgithub.com%2Fbeingnemo%2Fsyatem-diskinfo'...
[INFO] running `Command { std: "git" "rev-parse" "HEAD", kill_on_drop: false }`
[INFO] [stdout] 49cf06dd04f5600c8df766a2fa50693e7e23dec5
[INFO] testing beingnemo/syatem-diskinfo against nightly-2025-01-18+rustflags=-Zrandomize-layout for randomize-layout-2
[INFO] running `Command { std: "git" "clone" "/workspace/cache/git-repos/https%3A%2F%2Fgithub.com%2Fbeingnemo%2Fsyatem-diskinfo" "/workspace/builds/worker-5-tc2/source", kill_on_drop: false }`
[INFO] [stderr] Cloning into '/workspace/builds/worker-5-tc2/source'...
[INFO] [stderr] done.
[INFO] validating manifest of git repo https://github.com/beingnemo/syatem-diskinfo on toolchain nightly-2025-01-18
[INFO] running `Command { std: CARGO_HOME="/workspace/cargo-home" RUSTUP_HOME="/workspace/rustup-home" "/workspace/cargo-home/bin/cargo" "+nightly-2025-01-18" "metadata" "--manifest-path" "Cargo.toml" "--no-deps", kill_on_drop: false }`
[INFO] started tweaking git repo https://github.com/beingnemo/syatem-diskinfo
[INFO] finished tweaking git repo https://github.com/beingnemo/syatem-diskinfo
[INFO] tweaked toml for git repo https://github.com/beingnemo/syatem-diskinfo written to /workspace/builds/worker-5-tc2/source/Cargo.toml
[INFO] crate git repo https://github.com/beingnemo/syatem-diskinfo already has a lockfile, it will not be regenerated
[INFO] running `Command { std: CARGO_HOME="/workspace/cargo-home" RUSTUP_HOME="/workspace/rustup-home" "/workspace/cargo-home/bin/cargo" "+nightly-2025-01-18" "fetch" "--manifest-path" "Cargo.toml", kill_on_drop: false }`
[INFO] [stderr]     Blocking waiting for file lock on package cache
[INFO] running `Command { std: "docker" "create" "-v" "/var/lib/crater-agent-workspace/builds/worker-5-tc2/target:/opt/rustwide/target:rw,Z" "-v" "/var/lib/crater-agent-workspace/builds/worker-5-tc2/source:/opt/rustwide/workdir:ro,Z" "-v" "/var/lib/crater-agent-workspace/cargo-home:/opt/rustwide/cargo-home:ro,Z" "-v" "/var/lib/crater-agent-workspace/rustup-home:/opt/rustwide/rustup-home:ro,Z" "-e" "SOURCE_DIR=/opt/rustwide/workdir" "-e" "CARGO_TARGET_DIR=/opt/rustwide/target" "-e" "CARGO_HOME=/opt/rustwide/cargo-home" "-e" "RUSTUP_HOME=/opt/rustwide/rustup-home" "-w" "/opt/rustwide/workdir" "-m" "1610612736" "--user" "0:0" "--network" "none" "ghcr.io/rust-lang/crates-build-env/linux@sha256:819108c5571ea2e421544af4d832f968d213c87fbe3707a016657f43d2f853bc" "/opt/rustwide/cargo-home/bin/cargo" "+nightly-2025-01-18" "metadata" "--no-deps" "--format-version=1", kill_on_drop: false }`
[INFO] [stdout] 5b32a77beaa5778ec839a79a5f5ff7df2b5d2b078c8e5b3c2dc0ba3d592b2bed
[INFO] running `Command { std: "docker" "start" "-a" "5b32a77beaa5778ec839a79a5f5ff7df2b5d2b078c8e5b3c2dc0ba3d592b2bed", kill_on_drop: false }`
[INFO] running `Command { std: "docker" "inspect" "5b32a77beaa5778ec839a79a5f5ff7df2b5d2b078c8e5b3c2dc0ba3d592b2bed", kill_on_drop: false }`
[INFO] running `Command { std: "docker" "rm" "-f" "5b32a77beaa5778ec839a79a5f5ff7df2b5d2b078c8e5b3c2dc0ba3d592b2bed", kill_on_drop: false }`
[INFO] [stdout] 5b32a77beaa5778ec839a79a5f5ff7df2b5d2b078c8e5b3c2dc0ba3d592b2bed
[INFO] running `Command { std: "docker" "create" "-v" "/var/lib/crater-agent-workspace/builds/worker-5-tc2/target:/opt/rustwide/target:rw,Z" "-v" "/var/lib/crater-agent-workspace/builds/worker-5-tc2/source:/opt/rustwide/workdir:ro,Z" "-v" "/var/lib/crater-agent-workspace/cargo-home:/opt/rustwide/cargo-home:ro,Z" "-v" "/var/lib/crater-agent-workspace/rustup-home:/opt/rustwide/rustup-home:ro,Z" "-e" "SOURCE_DIR=/opt/rustwide/workdir" "-e" "CARGO_TARGET_DIR=/opt/rustwide/target" "-e" "CARGO_INCREMENTAL=0" "-e" "RUST_BACKTRACE=full" "-e" "RUSTFLAGS=--cap-lints=forbid -Zrandomize-layout" "-e" "RUSTDOCFLAGS=--cap-lints=forbid" "-e" "CARGO_HOME=/opt/rustwide/cargo-home" "-e" "RUSTUP_HOME=/opt/rustwide/rustup-home" "-w" "/opt/rustwide/workdir" "-m" "1610612736" "--user" "0:0" "--network" "none" "ghcr.io/rust-lang/crates-build-env/linux@sha256:819108c5571ea2e421544af4d832f968d213c87fbe3707a016657f43d2f853bc" "/opt/rustwide/cargo-home/bin/cargo" "+nightly-2025-01-18" "build" "--frozen" "--message-format=json", kill_on_drop: false }`
[INFO] [stdout] bda7872b41db91c349346535628f9aea76fa06d5c2e9ee6d68163d8e5a7b767e
[INFO] running `Command { std: "docker" "start" "-a" "bda7872b41db91c349346535628f9aea76fa06d5c2e9ee6d68163d8e5a7b767e", kill_on_drop: false }`
[INFO] [stderr]    Compiling system_diskinfo v0.1.4 (/opt/rustwide/workdir)
[INFO] [stderr]     Finished `dev` profile [optimized + debuginfo] target(s) in 1.74s
[INFO] running `Command { std: "docker" "inspect" "bda7872b41db91c349346535628f9aea76fa06d5c2e9ee6d68163d8e5a7b767e", kill_on_drop: false }`
[INFO] running `Command { std: "docker" "rm" "-f" "bda7872b41db91c349346535628f9aea76fa06d5c2e9ee6d68163d8e5a7b767e", kill_on_drop: false }`
[INFO] [stdout] bda7872b41db91c349346535628f9aea76fa06d5c2e9ee6d68163d8e5a7b767e
[INFO] running `Command { std: "docker" "create" "-v" "/var/lib/crater-agent-workspace/builds/worker-5-tc2/target:/opt/rustwide/target:rw,Z" "-v" "/var/lib/crater-agent-workspace/builds/worker-5-tc2/source:/opt/rustwide/workdir:ro,Z" "-v" "/var/lib/crater-agent-workspace/cargo-home:/opt/rustwide/cargo-home:ro,Z" "-v" "/var/lib/crater-agent-workspace/rustup-home:/opt/rustwide/rustup-home:ro,Z" "-e" "SOURCE_DIR=/opt/rustwide/workdir" "-e" "CARGO_TARGET_DIR=/opt/rustwide/target" "-e" "CARGO_INCREMENTAL=0" "-e" "RUST_BACKTRACE=full" "-e" "RUSTFLAGS=--cap-lints=forbid -Zrandomize-layout" "-e" "RUSTDOCFLAGS=--cap-lints=forbid" "-e" "CARGO_HOME=/opt/rustwide/cargo-home" "-e" "RUSTUP_HOME=/opt/rustwide/rustup-home" "-w" "/opt/rustwide/workdir" "-m" "1610612736" "--user" "0:0" "--network" "none" "ghcr.io/rust-lang/crates-build-env/linux@sha256:819108c5571ea2e421544af4d832f968d213c87fbe3707a016657f43d2f853bc" "/opt/rustwide/cargo-home/bin/cargo" "+nightly-2025-01-18" "test" "--frozen" "--no-run" "--message-format=json", kill_on_drop: false }`
[INFO] [stdout] 5a3bf2184bfc00abf30d8d2aa8c35de1e0c5a37419ec599e4c3fe8cfb2f1590c
[INFO] running `Command { std: "docker" "start" "-a" "5a3bf2184bfc00abf30d8d2aa8c35de1e0c5a37419ec599e4c3fe8cfb2f1590c", kill_on_drop: false }`
[INFO] [stderr]    Compiling system_diskinfo v0.1.4 (/opt/rustwide/workdir)
[INFO] [stderr]     Finished `test` profile [optimized + debuginfo] target(s) in 0.52s
[INFO] running `Command { std: "docker" "inspect" "5a3bf2184bfc00abf30d8d2aa8c35de1e0c5a37419ec599e4c3fe8cfb2f1590c", kill_on_drop: false }`
[INFO] running `Command { std: "docker" "rm" "-f" "5a3bf2184bfc00abf30d8d2aa8c35de1e0c5a37419ec599e4c3fe8cfb2f1590c", kill_on_drop: false }`
[INFO] [stdout] 5a3bf2184bfc00abf30d8d2aa8c35de1e0c5a37419ec599e4c3fe8cfb2f1590c
[INFO] running `Command { std: "docker" "create" "-v" "/var/lib/crater-agent-workspace/builds/worker-5-tc2/target:/opt/rustwide/target:rw,Z" "-v" "/var/lib/crater-agent-workspace/builds/worker-5-tc2/source:/opt/rustwide/workdir:ro,Z" "-v" "/var/lib/crater-agent-workspace/cargo-home:/opt/rustwide/cargo-home:ro,Z" "-v" "/var/lib/crater-agent-workspace/rustup-home:/opt/rustwide/rustup-home:ro,Z" "-e" "SOURCE_DIR=/opt/rustwide/workdir" "-e" "CARGO_TARGET_DIR=/opt/rustwide/target" "-e" "CARGO_INCREMENTAL=0" "-e" "RUST_BACKTRACE=full" "-e" "RUSTFLAGS=--cap-lints=forbid -Zrandomize-layout" "-e" "RUSTDOCFLAGS=--cap-lints=forbid" "-e" "CARGO_HOME=/opt/rustwide/cargo-home" "-e" "RUSTUP_HOME=/opt/rustwide/rustup-home" "-w" "/opt/rustwide/workdir" "-m" "1610612736" "--user" "0:0" "--network" "none" "ghcr.io/rust-lang/crates-build-env/linux@sha256:819108c5571ea2e421544af4d832f968d213c87fbe3707a016657f43d2f853bc" "/opt/rustwide/cargo-home/bin/cargo" "+nightly-2025-01-18" "test" "--frozen", kill_on_drop: false }`
[INFO] [stdout] bda1a2c219337801e19a174ee22cf8a072d62ba28d25b9cb744580c26e6c0735
[INFO] running `Command { std: "docker" "start" "-a" "bda1a2c219337801e19a174ee22cf8a072d62ba28d25b9cb744580c26e6c0735", kill_on_drop: false }`
[INFO] [stderr]     Finished `test` profile [optimized + debuginfo] target(s) in 0.01s
[INFO] [stderr]      Running unittests src/lib.rs (/opt/rustwide/target/debug/deps/system_diskinfo-9a1599b479eb4fca)
[INFO] [stdout] 
[INFO] [stdout] running 0 tests
[INFO] [stdout] 
[INFO] [stdout] test result: ok. 0 passed; 0 failed; 0 ignored; 0 measured; 0 filtered out; finished in 0.00s
[INFO] [stdout] 
[INFO] [stderr]      Running unittests src/main.rs (/opt/rustwide/target/debug/deps/system_diskinfo-6ff22ece59a539ed)
[INFO] [stdout] 
[INFO] [stderr]    Doc-tests system_diskinfo
[INFO] [stdout] running 0 tests
[INFO] [stdout] 
[INFO] [stdout] test result: ok. 0 passed; 0 failed; 0 ignored; 0 measured; 0 filtered out; finished in 0.00s
[INFO] [stdout] 
[INFO] [stdout] 
[INFO] [stdout] running 2 tests
[INFO] [stdout] test src/lib.rs - read_doc (line 17) ... FAILED
[INFO] [stdout] test src/lib.rs - read_doc (line 29) ... FAILED
[INFO] [stdout] 
[INFO] [stdout] failures:
[INFO] [stdout] 
[INFO] [stdout] ---- src/lib.rs - read_doc (line 17) stdout ----
[INFO] [stdout] error: expected expression, found keyword `mod`
[INFO] [stdout]  --> src/lib.rs:22:1
[INFO] [stdout]   |
[INFO] [stdout] 8 | mod system_diskinfo;
[INFO] [stdout]   | ^^^ expected expression
[INFO] [stdout] 
[INFO] [stdout] error: aborting due to 1 previous error
[INFO] [stdout] 
[INFO] [stdout] Couldn't compile the test.
[INFO] [stdout] ---- src/lib.rs - read_doc (line 29) stdout ----
[INFO] [stdout] error: expected one of `!`, `.`, `::`, `;`, `?`, `{`, `}`, or an operator, found `Size`
[INFO] [stdout]  --> src/lib.rs:32:8
[INFO] [stdout]   |
[INFO] [stdout] 5 | **Disk Size 512105932800**
[INFO] [stdout]   |        ^^^^ expected one of 8 possible tokens
[INFO] [stdout] 
[INFO] [stdout] error: aborting due to 1 previous error
[INFO] [stdout] 
[INFO] [stdout] Couldn't compile the test.
[INFO] [stdout] 
[INFO] [stdout] failures:
[INFO] [stdout]     src/lib.rs - read_doc (line 17)
[INFO] [stdout]     src/lib.rs - read_doc (line 29)
[INFO] [stdout] 
[INFO] [stdout] test result: FAILED. 0 passed; 2 failed; 0 ignored; 0 measured; 0 filtered out; finished in 0.13s
[INFO] [stdout] 
[INFO] [stderr] error: doctest failed, to rerun pass `--doc`
[INFO] running `Command { std: "docker" "inspect" "bda1a2c219337801e19a174ee22cf8a072d62ba28d25b9cb744580c26e6c0735", kill_on_drop: false }`
[INFO] running `Command { std: "docker" "rm" "-f" "bda1a2c219337801e19a174ee22cf8a072d62ba28d25b9cb744580c26e6c0735", kill_on_drop: false }`
[INFO] [stdout] bda1a2c219337801e19a174ee22cf8a072d62ba28d25b9cb744580c26e6c0735
