[INFO] cloning repository https://github.com/b4-nomarz/orderbook_trial_task
[INFO] running `Command { std: "git" "-c" "credential.helper=" "-c" "credential.helper=/workspace/cargo-home/bin/git-credential-null" "clone" "--bare" "https://github.com/b4-nomarz/orderbook_trial_task" "/workspace/cache/git-repos/https%3A%2F%2Fgithub.com%2Fb4-nomarz%2Forderbook_trial_task", kill_on_drop: false }`
[INFO] [stderr] Cloning into bare repository '/workspace/cache/git-repos/https%3A%2F%2Fgithub.com%2Fb4-nomarz%2Forderbook_trial_task'...
[INFO] running `Command { std: "git" "rev-parse" "HEAD", kill_on_drop: false }`
[INFO] [stdout] 4cfd5ce969e66a74f7b152731ac5d5fbd9ca7394
[INFO] testing b4-nomarz/orderbook_trial_task against nightly-2025-01-18 for randomize-layout-2
[INFO] running `Command { std: "git" "clone" "/workspace/cache/git-repos/https%3A%2F%2Fgithub.com%2Fb4-nomarz%2Forderbook_trial_task" "/workspace/builds/worker-0-tc1/source", kill_on_drop: false }`
[INFO] [stderr] Cloning into '/workspace/builds/worker-0-tc1/source'...
[INFO] [stderr] done.
[INFO] validating manifest of git repo https://github.com/b4-nomarz/orderbook_trial_task on toolchain nightly-2025-01-18
[INFO] running `Command { std: CARGO_HOME="/workspace/cargo-home" RUSTUP_HOME="/workspace/rustup-home" "/workspace/cargo-home/bin/cargo" "+nightly-2025-01-18" "metadata" "--manifest-path" "Cargo.toml" "--no-deps", kill_on_drop: false }`
[INFO] started tweaking git repo https://github.com/b4-nomarz/orderbook_trial_task
[INFO] finished tweaking git repo https://github.com/b4-nomarz/orderbook_trial_task
[INFO] tweaked toml for git repo https://github.com/b4-nomarz/orderbook_trial_task written to /workspace/builds/worker-0-tc1/source/Cargo.toml
[INFO] crate git repo https://github.com/b4-nomarz/orderbook_trial_task already has a lockfile, it will not be regenerated
[INFO] running `Command { std: CARGO_HOME="/workspace/cargo-home" RUSTUP_HOME="/workspace/rustup-home" "/workspace/cargo-home/bin/cargo" "+nightly-2025-01-18" "fetch" "--manifest-path" "Cargo.toml", kill_on_drop: false }`
[INFO] [stderr]     Updating crates.io index
[INFO] [stderr]  Downloading crates ...
[INFO] [stderr]   Downloaded rfc7239 v0.1.1
[INFO] [stderr]   Downloaded poem-derive v3.1.0
[INFO] [stderr]   Downloaded wildmatch v2.4.0
[INFO] [stderr]   Downloaded binance_spot_connector_rust v1.2.1
[INFO] [stderr]   Downloaded poem v3.1.1
[INFO] running `Command { std: "docker" "create" "-v" "/var/lib/crater-agent-workspace/builds/worker-0-tc1/target:/opt/rustwide/target:rw,Z" "-v" "/var/lib/crater-agent-workspace/builds/worker-0-tc1/source:/opt/rustwide/workdir:ro,Z" "-v" "/var/lib/crater-agent-workspace/cargo-home:/opt/rustwide/cargo-home:ro,Z" "-v" "/var/lib/crater-agent-workspace/rustup-home:/opt/rustwide/rustup-home:ro,Z" "-e" "SOURCE_DIR=/opt/rustwide/workdir" "-e" "CARGO_TARGET_DIR=/opt/rustwide/target" "-e" "CARGO_HOME=/opt/rustwide/cargo-home" "-e" "RUSTUP_HOME=/opt/rustwide/rustup-home" "-w" "/opt/rustwide/workdir" "-m" "1610612736" "--user" "0:0" "--network" "none" "ghcr.io/rust-lang/crates-build-env/linux@sha256:819108c5571ea2e421544af4d832f968d213c87fbe3707a016657f43d2f853bc" "/opt/rustwide/cargo-home/bin/cargo" "+nightly-2025-01-18" "metadata" "--no-deps" "--format-version=1", kill_on_drop: false }`
[INFO] [stdout] d07498675ff2a669eed2139eba536aca4c4d81ee0fa76e05f8d262cc47d567dc
[INFO] running `Command { std: "docker" "start" "-a" "d07498675ff2a669eed2139eba536aca4c4d81ee0fa76e05f8d262cc47d567dc", kill_on_drop: false }`
[INFO] running `Command { std: "docker" "inspect" "d07498675ff2a669eed2139eba536aca4c4d81ee0fa76e05f8d262cc47d567dc", kill_on_drop: false }`
[INFO] running `Command { std: "docker" "rm" "-f" "d07498675ff2a669eed2139eba536aca4c4d81ee0fa76e05f8d262cc47d567dc", kill_on_drop: false }`
[INFO] [stdout] d07498675ff2a669eed2139eba536aca4c4d81ee0fa76e05f8d262cc47d567dc
[INFO] running `Command { std: "docker" "create" "-v" "/var/lib/crater-agent-workspace/builds/worker-0-tc1/target:/opt/rustwide/target:rw,Z" "-v" "/var/lib/crater-agent-workspace/builds/worker-0-tc1/source:/opt/rustwide/workdir:ro,Z" "-v" "/var/lib/crater-agent-workspace/cargo-home:/opt/rustwide/cargo-home:ro,Z" "-v" "/var/lib/crater-agent-workspace/rustup-home:/opt/rustwide/rustup-home:ro,Z" "-e" "SOURCE_DIR=/opt/rustwide/workdir" "-e" "CARGO_TARGET_DIR=/opt/rustwide/target" "-e" "CARGO_INCREMENTAL=0" "-e" "RUST_BACKTRACE=full" "-e" "RUSTFLAGS=--cap-lints=forbid" "-e" "RUSTDOCFLAGS=--cap-lints=forbid" "-e" "CARGO_HOME=/opt/rustwide/cargo-home" "-e" "RUSTUP_HOME=/opt/rustwide/rustup-home" "-w" "/opt/rustwide/workdir" "-m" "1610612736" "--user" "0:0" "--network" "none" "ghcr.io/rust-lang/crates-build-env/linux@sha256:819108c5571ea2e421544af4d832f968d213c87fbe3707a016657f43d2f853bc" "/opt/rustwide/cargo-home/bin/cargo" "+nightly-2025-01-18" "build" "--frozen" "--message-format=json", kill_on_drop: false }`
[INFO] [stdout] 4120c2917bdef09175269e75a8c592a03a7ef85dae7f528d5ec0f8af69daf178
[INFO] running `Command { std: "docker" "start" "-a" "4120c2917bdef09175269e75a8c592a03a7ef85dae7f528d5ec0f8af69daf178", kill_on_drop: false }`
[INFO] [stderr]    Compiling proc-macro2 v1.0.87
[INFO] [stderr]    Compiling unicode-ident v1.0.13
[INFO] [stderr]    Compiling libc v0.2.159
[INFO] [stderr]    Compiling version_check v0.9.5
[INFO] [stderr]    Compiling cfg-if v1.0.0
[INFO] [stderr]    Compiling autocfg v1.4.0
[INFO] [stderr]    Compiling typenum v1.17.0
[INFO] [stderr]    Compiling shlex v1.3.0
[INFO] [stderr]    Compiling const-oid v0.9.6
[INFO] [stderr]    Compiling bytes v1.7.2
[INFO] [stderr]    Compiling cc v1.1.31
[INFO] [stderr]    Compiling itoa v1.0.11
[INFO] [stderr]    Compiling generic-array v0.14.7
[INFO] [stderr]    Compiling subtle v2.6.1
[INFO] [stderr]    Compiling byteorder v1.5.0
[INFO] [stderr]    Compiling log v0.4.22
[INFO] [stderr]    Compiling fnv v1.0.7
[INFO] [stderr]    Compiling once_cell v1.20.2
[INFO] [stderr]    Compiling http v1.1.0
[INFO] [stderr]    Compiling pin-project-lite v0.2.14
[INFO] [stderr]    Compiling pkg-config v0.3.31
[INFO] [stderr]    Compiling vcpkg v0.2.15
[INFO] [stderr]    Compiling futures-core v0.3.31
[INFO] [stderr]    Compiling quote v1.0.37
[INFO] [stderr]    Compiling syn v2.0.79
[INFO] [stderr]    Compiling slab v0.4.9
[INFO] [stderr]    Compiling cpufeatures v0.2.14
[INFO] [stderr]    Compiling httparse v1.9.5
[INFO] [stderr]    Compiling futures-sink v0.3.31
[INFO] [stderr]    Compiling futures v0.1.31
[INFO] [stderr]    Compiling serde v1.0.210
[INFO] [stderr]    Compiling zeroize v1.8.1
[INFO] [stderr]    Compiling equivalent v1.0.1
[INFO] [stderr]    Compiling semver v1.0.23
[INFO] [stderr]    Compiling getrandom v0.2.15
[INFO] [stderr]    Compiling openssl-sys v0.9.104
[INFO] [stderr]    Compiling mio v1.0.2
[INFO] [stderr]    Compiling socket2 v0.5.7
[INFO] [stderr]    Compiling iovec v0.1.4
[INFO] [stderr]    Compiling rand_core v0.6.4
[INFO] [stderr]    Compiling bytes v0.4.12
[INFO] [stderr]    Compiling crypto-common v0.1.6
[INFO] [stderr]    Compiling block-buffer v0.10.4
[INFO] [stderr]    Compiling foreign-types-shared v0.1.1
[INFO] [stderr]    Compiling futures-task v0.3.31
[INFO] [stderr]    Compiling openssl v0.10.68
[INFO] [stderr]    Compiling digest v0.10.7
[INFO] [stderr]    Compiling thiserror v1.0.64
[INFO] [stderr]    Compiling pin-utils v0.1.0
[INFO] [stderr]    Compiling hashbrown v0.15.0
[INFO] [stderr]    Compiling bitflags v2.6.0
[INFO] [stderr]    Compiling foreign-types v0.3.2
[INFO] [stderr]    Compiling tokio-io v0.1.13
[INFO] [stderr]    Compiling sha1 v0.10.6
[INFO] [stderr]    Compiling ring v0.17.8
[INFO] [stderr]    Compiling base64ct v1.6.0
[INFO] [stderr]    Compiling native-tls v0.2.12
[INFO] [stderr]    Compiling pem-rfc7468 v0.7.0
[INFO] [stderr]    Compiling unicase v2.7.0
[INFO] [stderr]    Compiling utf-8 v0.7.6
[INFO] [stderr]    Compiling percent-encoding v2.3.1
[INFO] [stderr]    Compiling data-encoding v2.6.0
[INFO] [stderr]    Compiling memchr v2.7.4
[INFO] [stderr]    Compiling tinyvec_macros v0.1.1
[INFO] [stderr]    Compiling indexmap v2.6.0
[INFO] [stderr]    Compiling openssl-probe v0.1.5
[INFO] [stderr]    Compiling tinyvec v1.8.0
[INFO] [stderr]    Compiling rustc_version v0.4.1
[INFO] [stderr]    Compiling form_urlencoded v1.2.1
[INFO] [stderr]    Compiling der v0.7.9
[INFO] [stderr]    Compiling tracing-core v0.1.32
[INFO] [stderr]    Compiling spin v0.9.8
[INFO] [stderr]    Compiling rustversion v1.0.18
[INFO] [stderr]    Compiling rustls-pki-types v1.10.0
[INFO] [stderr]    Compiling smallvec v1.13.2
[INFO] [stderr]    Compiling untrusted v0.9.0
[INFO] [stderr]    Compiling unicode-normalization v0.1.24
[INFO] [stderr]    Compiling curve25519-dalek v4.1.3
[INFO] [stderr]    Compiling http-body v1.0.1
[INFO] [stderr]    Compiling lock_api v0.4.12
[INFO] [stderr]    Compiling num-traits v0.2.19
[INFO] [stderr]    Compiling uncased v0.9.10
[INFO] [stderr]    Compiling cfg_aliases v0.2.1
[INFO] [stderr]    Compiling winnow v0.6.20
[INFO] [stderr]    Compiling rustls v0.23.15
[INFO] [stderr]    Compiling parking_lot_core v0.9.10
[INFO] [stderr]    Compiling ryu v1.0.18
[INFO] [stderr]    Compiling atomic-waker v1.1.2
[INFO] [stderr]    Compiling toml_datetime v0.6.8
[INFO] [stderr]    Compiling httpdate v1.0.3
[INFO] [stderr]    Compiling unicode-bidi v0.3.17
[INFO] [stderr]    Compiling serde_json v1.0.128
[INFO] [stderr]    Compiling adler2 v2.0.0
[INFO] [stderr]    Compiling miniz_oxide v0.8.0
[INFO] [stderr]    Compiling spki v0.7.3
[INFO] [stderr]    Compiling nix v0.29.0
[INFO] [stderr]    Compiling pkcs8 v0.10.2
[INFO] [stderr]    Compiling idna v0.5.0
[INFO] [stderr]    Compiling mime_guess v2.0.5
[INFO] [stderr]    Compiling aho-corasick v1.1.3
[INFO] [stderr]    Compiling signature v2.2.0
[INFO] [stderr]    Compiling futures-channel v0.3.31
[INFO] [stderr]    Compiling crc32fast v1.4.2
[INFO] [stderr]    Compiling regex-syntax v0.8.5
[INFO] [stderr]    Compiling base64 v0.22.1
[INFO] [stderr]    Compiling scopeguard v1.2.0
[INFO] [stderr]    Compiling heck v0.5.0
[INFO] [stderr]    Compiling rust_decimal v1.36.0
[INFO] [stderr]    Compiling mime v0.3.17
[INFO] [stderr]    Compiling toml_edit v0.22.22
[INFO] [stderr]    Compiling tokio-macros v2.4.0
[INFO] [stderr]    Compiling zerocopy-derive v0.7.35
[INFO] [stderr]    Compiling futures-macro v0.3.31
[INFO] [stderr]    Compiling serde_derive v1.0.210
[INFO] [stderr]    Compiling tokio v1.40.0
[INFO] [stderr]    Compiling zerocopy v0.7.35
[INFO] [stderr]    Compiling futures-util v0.3.31
[INFO] [stderr]    Compiling ppv-lite86 v0.2.20
[INFO] [stderr]    Compiling thiserror-impl v1.0.64
[INFO] [stderr]    Compiling rand_chacha v0.3.1
[INFO] [stderr]    Compiling openssl-macros v0.1.1
[INFO] [stderr]    Compiling rand v0.8.5
[INFO] [stderr]    Compiling tracing-attributes v0.1.27
[INFO] [stderr]    Compiling rustls-webpki v0.102.8
[INFO] [stderr]    Compiling curve25519-dalek-derive v0.1.1
[INFO] [stderr]    Compiling proc-macro-crate v3.2.0
[INFO] [stderr]    Compiling tracing v0.1.40
[INFO] [stderr]    Compiling regex-automata v0.4.8
[INFO] [stderr]    Compiling strum_macros v0.26.4
[INFO] [stderr]    Compiling flate2 v1.0.34
[INFO] [stderr]    Compiling url v2.5.2
[INFO] [stderr]    Compiling tokio-util v0.7.12
[INFO] [stderr]    Compiling tokio-native-tls v0.3.1
[INFO] [stderr]    Compiling tungstenite v0.23.0
[INFO] [stderr]    Compiling h2 v0.4.6
[INFO] [stderr]    Compiling webpki-roots v0.26.6
[INFO] [stderr]    Compiling sha2 v0.10.8
[INFO] [stderr]    Compiling tokio-tungstenite v0.23.1
[INFO] [stderr]    Compiling headers-core v0.3.0
[INFO] [stderr]    Compiling ed25519 v2.2.3
[INFO] [stderr]    Compiling anyhow v1.0.89
[INFO] [stderr]    Compiling arrayvec v0.7.6
[INFO] [stderr]    Compiling base64 v0.21.7
[INFO] [stderr]    Compiling ed25519-dalek v2.1.1
[INFO] [stderr]    Compiling headers v0.4.0
[INFO] [stderr]    Compiling ureq v2.10.1
[INFO] [stderr]    Compiling serde_urlencoded v0.7.1
[INFO] [stderr]    Compiling regex v1.11.0
[INFO] [stderr]    Compiling parking_lot v0.12.3
[INFO] [stderr]    Compiling rfc7239 v0.1.1
[INFO] [stderr]    Compiling strum v0.26.3
[INFO] [stderr]    Compiling poem-derive v3.1.0
[INFO] [stderr]    Compiling http-body-util v0.1.2
[INFO] [stderr]    Compiling tungstenite v0.24.0
[INFO] [stderr]    Compiling hyper v1.5.0
[INFO] [stderr]    Compiling hmac v0.12.1
[INFO] [stderr]    Compiling sync_wrapper v1.0.1
[INFO] [stderr]    Compiling http v0.2.12
[INFO] [stderr]    Compiling wildmatch v2.4.0
[INFO] [stderr]    Compiling tokio-tungstenite v0.24.0
[INFO] [stderr]    Compiling binance_spot_connector_rust v1.2.1
[INFO] [stderr]    Compiling hyper-util v0.1.9
[INFO] [stderr]    Compiling poem v3.1.1
[INFO] [stderr]    Compiling orderbook_trial_task v0.1.0 (/opt/rustwide/workdir)
[INFO] [stdout] warning: path statement drops value
[INFO] [stdout]   --> src/application/mod.rs:71:33
[INFO] [stdout]    |
[INFO] [stdout] 71 | ...                   ApplicationResponse::InfrastructureConnected;
[INFO] [stdout]    |                       ^^^^^^^^^^^^^^^^^^^^^^^^^^^^^^^^^^^^^^^^^^^^^ help: use `drop` to clarify the intent: `drop(ApplicationResponse::InfrastructureConnected);`
[INFO] [stdout]    |
[INFO] [stdout]    = note: `#[warn(path_statements)]` on by default
[INFO] [stdout] 
[INFO] [stdout] 
[INFO] [stdout] warning: use of `async fn` in public traits is discouraged as auto trait bounds cannot be specified
[INFO] [stdout]   --> src/ports/client_web_server.rs:15:5
[INFO] [stdout]    |
[INFO] [stdout] 15 |     async fn run_server(&self) -> Result<()>;
[INFO] [stdout]    |     ^^^^^
[INFO] [stdout]    |
[INFO] [stdout]    = note: you can suppress this lint if you plan to use the trait only in your own code, or do not care about auto traits like `Send` on the `Future`
[INFO] [stdout]    = note: `#[warn(async_fn_in_trait)]` on by default
[INFO] [stdout] help: you can alternatively desugar to a normal `fn` that returns `impl Future` and add any desired bounds such as `Send`, but these cannot be relaxed without a breaking API change
[INFO] [stdout]    |
[INFO] [stdout] 15 -     async fn run_server(&self) -> Result<()>;
[INFO] [stdout] 15 +     fn run_server(&self) -> impl std::future::Future<Output = Result<()>> + Send;
[INFO] [stdout]    |
[INFO] [stdout] 
[INFO] [stdout] 
[INFO] [stdout] warning: use of `async fn` in public traits is discouraged as auto trait bounds cannot be specified
[INFO] [stdout]   --> src/ports/market_stream.rs:16:5
[INFO] [stdout]    |
[INFO] [stdout] 16 |     async fn subscribe(&self, symbols: Vec<Symbol>)
[INFO] [stdout]    |     ^^^^^
[INFO] [stdout]    |
[INFO] [stdout]    = note: you can suppress this lint if you plan to use the trait only in your own code, or do not care about auto traits like `Send` on the `Future`
[INFO] [stdout] help: you can alternatively desugar to a normal `fn` that returns `impl Future` and add any desired bounds such as `Send`, but these cannot be relaxed without a breaking API change
[INFO] [stdout]    |
[INFO] [stdout] 16 ~     fn subscribe(&self, symbols: Vec<Symbol>)
[INFO] [stdout] 17 ~         -> impl std::future::Future<Output = Result<MarketStreamMessageBroadcastReceiver>> + Send;
[INFO] [stdout]    |
[INFO] [stdout] 
[INFO] [stdout] 
[INFO] [stderr]     Finished `dev` profile [unoptimized + debuginfo] target(s) in 2m 15s
[INFO] running `Command { std: "docker" "inspect" "4120c2917bdef09175269e75a8c592a03a7ef85dae7f528d5ec0f8af69daf178", kill_on_drop: false }`
[INFO] running `Command { std: "docker" "rm" "-f" "4120c2917bdef09175269e75a8c592a03a7ef85dae7f528d5ec0f8af69daf178", kill_on_drop: false }`
[INFO] [stdout] 4120c2917bdef09175269e75a8c592a03a7ef85dae7f528d5ec0f8af69daf178
[INFO] running `Command { std: "docker" "create" "-v" "/var/lib/crater-agent-workspace/builds/worker-0-tc1/target:/opt/rustwide/target:rw,Z" "-v" "/var/lib/crater-agent-workspace/builds/worker-0-tc1/source:/opt/rustwide/workdir:ro,Z" "-v" "/var/lib/crater-agent-workspace/cargo-home:/opt/rustwide/cargo-home:ro,Z" "-v" "/var/lib/crater-agent-workspace/rustup-home:/opt/rustwide/rustup-home:ro,Z" "-e" "SOURCE_DIR=/opt/rustwide/workdir" "-e" "CARGO_TARGET_DIR=/opt/rustwide/target" "-e" "CARGO_INCREMENTAL=0" "-e" "RUST_BACKTRACE=full" "-e" "RUSTFLAGS=--cap-lints=forbid" "-e" "RUSTDOCFLAGS=--cap-lints=forbid" "-e" "CARGO_HOME=/opt/rustwide/cargo-home" "-e" "RUSTUP_HOME=/opt/rustwide/rustup-home" "-w" "/opt/rustwide/workdir" "-m" "1610612736" "--user" "0:0" "--network" "none" "ghcr.io/rust-lang/crates-build-env/linux@sha256:819108c5571ea2e421544af4d832f968d213c87fbe3707a016657f43d2f853bc" "/opt/rustwide/cargo-home/bin/cargo" "+nightly-2025-01-18" "test" "--frozen" "--no-run" "--message-format=json", kill_on_drop: false }`
[INFO] [stdout] 5aeec2fb340e8a85838798cf99a17447ed5372eda18610cdc39d191a5ba4abcd
[INFO] running `Command { std: "docker" "start" "-a" "5aeec2fb340e8a85838798cf99a17447ed5372eda18610cdc39d191a5ba4abcd", kill_on_drop: false }`
[INFO] [stdout] warning: path statement drops value
[INFO] [stdout]   --> src/application/mod.rs:71:33
[INFO] [stdout]    |
[INFO] [stdout] 71 | ...                   ApplicationResponse::InfrastructureConnected;
[INFO] [stdout]    |                       ^^^^^^^^^^^^^^^^^^^^^^^^^^^^^^^^^^^^^^^^^^^^^ help: use `drop` to clarify the intent: `drop(ApplicationResponse::InfrastructureConnected);`
[INFO] [stdout]    |
[INFO] [stdout]    = note: `#[warn(path_statements)]` on by default
[INFO] [stdout] 
[INFO] [stdout] 
[INFO] [stdout] warning: use of `async fn` in public traits is discouraged as auto trait bounds cannot be specified
[INFO] [stdout]   --> src/ports/client_web_server.rs:15:5
[INFO] [stdout]    |
[INFO] [stdout] 15 |     async fn run_server(&self) -> Result<()>;
[INFO] [stdout]    |     ^^^^^
[INFO] [stdout]    |
[INFO] [stdout]    = note: you can suppress this lint if you plan to use the trait only in your own code, or do not care about auto traits like `Send` on the `Future`
[INFO] [stdout]    = note: `#[warn(async_fn_in_trait)]` on by default
[INFO] [stdout] help: you can alternatively desugar to a normal `fn` that returns `impl Future` and add any desired bounds such as `Send`, but these cannot be relaxed without a breaking API change
[INFO] [stdout]    |
[INFO] [stdout] 15 -     async fn run_server(&self) -> Result<()>;
[INFO] [stdout] 15 +     fn run_server(&self) -> impl std::future::Future<Output = Result<()>> + Send;
[INFO] [stdout]    |
[INFO] [stdout] 
[INFO] [stdout] 
[INFO] [stdout] warning: use of `async fn` in public traits is discouraged as auto trait bounds cannot be specified
[INFO] [stdout]   --> src/ports/market_stream.rs:16:5
[INFO] [stdout]    |
[INFO] [stdout] 16 |     async fn subscribe(&self, symbols: Vec<Symbol>)
[INFO] [stdout]    |     ^^^^^
[INFO] [stdout]    |
[INFO] [stdout]    = note: you can suppress this lint if you plan to use the trait only in your own code, or do not care about auto traits like `Send` on the `Future`
[INFO] [stdout] help: you can alternatively desugar to a normal `fn` that returns `impl Future` and add any desired bounds such as `Send`, but these cannot be relaxed without a breaking API change
[INFO] [stdout]    |
[INFO] [stdout] 16 ~     fn subscribe(&self, symbols: Vec<Symbol>)
[INFO] [stdout] 17 ~         -> impl std::future::Future<Output = Result<MarketStreamMessageBroadcastReceiver>> + Send;
[INFO] [stdout]    |
[INFO] [stdout] 
[INFO] [stdout] 
[INFO] [stderr]    Compiling orderbook_trial_task v0.1.0 (/opt/rustwide/workdir)
[INFO] [stdout] warning: path statement drops value
[INFO] [stdout]   --> src/application/mod.rs:71:33
[INFO] [stdout]    |
[INFO] [stdout] 71 | ...                   ApplicationResponse::InfrastructureConnected;
[INFO] [stdout]    |                       ^^^^^^^^^^^^^^^^^^^^^^^^^^^^^^^^^^^^^^^^^^^^^ help: use `drop` to clarify the intent: `drop(ApplicationResponse::InfrastructureConnected);`
[INFO] [stdout]    |
[INFO] [stdout]    = note: `#[warn(path_statements)]` on by default
[INFO] [stdout] 
[INFO] [stdout] 
[INFO] [stdout] warning: use of `async fn` in public traits is discouraged as auto trait bounds cannot be specified
[INFO] [stdout]   --> src/ports/client_web_server.rs:15:5
[INFO] [stdout]    |
[INFO] [stdout] 15 |     async fn run_server(&self) -> Result<()>;
[INFO] [stdout]    |     ^^^^^
[INFO] [stdout]    |
[INFO] [stdout]    = note: you can suppress this lint if you plan to use the trait only in your own code, or do not care about auto traits like `Send` on the `Future`
[INFO] [stdout]    = note: `#[warn(async_fn_in_trait)]` on by default
[INFO] [stdout] help: you can alternatively desugar to a normal `fn` that returns `impl Future` and add any desired bounds such as `Send`, but these cannot be relaxed without a breaking API change
[INFO] [stdout]    |
[INFO] [stdout] 15 -     async fn run_server(&self) -> Result<()>;
[INFO] [stdout] 15 +     fn run_server(&self) -> impl std::future::Future<Output = Result<()>> + Send;
[INFO] [stdout]    |
[INFO] [stdout] 
[INFO] [stdout] 
[INFO] [stdout] warning: use of `async fn` in public traits is discouraged as auto trait bounds cannot be specified
[INFO] [stdout]   --> src/ports/market_stream.rs:16:5
[INFO] [stdout]    |
[INFO] [stdout] 16 |     async fn subscribe(&self, symbols: Vec<Symbol>)
[INFO] [stdout]    |     ^^^^^
[INFO] [stdout]    |
[INFO] [stdout]    = note: you can suppress this lint if you plan to use the trait only in your own code, or do not care about auto traits like `Send` on the `Future`
[INFO] [stdout] help: you can alternatively desugar to a normal `fn` that returns `impl Future` and add any desired bounds such as `Send`, but these cannot be relaxed without a breaking API change
[INFO] [stdout]    |
[INFO] [stdout] 16 ~     fn subscribe(&self, symbols: Vec<Symbol>)
[INFO] [stdout] 17 ~         -> impl std::future::Future<Output = Result<MarketStreamMessageBroadcastReceiver>> + Send;
[INFO] [stdout]    |
[INFO] [stdout] 
[INFO] [stdout] 
[INFO] [stderr]     Finished `test` profile [unoptimized + debuginfo] target(s) in 2.98s
[INFO] running `Command { std: "docker" "inspect" "5aeec2fb340e8a85838798cf99a17447ed5372eda18610cdc39d191a5ba4abcd", kill_on_drop: false }`
[INFO] running `Command { std: "docker" "rm" "-f" "5aeec2fb340e8a85838798cf99a17447ed5372eda18610cdc39d191a5ba4abcd", kill_on_drop: false }`
[INFO] [stdout] 5aeec2fb340e8a85838798cf99a17447ed5372eda18610cdc39d191a5ba4abcd
[INFO] running `Command { std: "docker" "create" "-v" "/var/lib/crater-agent-workspace/builds/worker-0-tc1/target:/opt/rustwide/target:rw,Z" "-v" "/var/lib/crater-agent-workspace/builds/worker-0-tc1/source:/opt/rustwide/workdir:ro,Z" "-v" "/var/lib/crater-agent-workspace/cargo-home:/opt/rustwide/cargo-home:ro,Z" "-v" "/var/lib/crater-agent-workspace/rustup-home:/opt/rustwide/rustup-home:ro,Z" "-e" "SOURCE_DIR=/opt/rustwide/workdir" "-e" "CARGO_TARGET_DIR=/opt/rustwide/target" "-e" "CARGO_INCREMENTAL=0" "-e" "RUST_BACKTRACE=full" "-e" "RUSTFLAGS=--cap-lints=forbid" "-e" "RUSTDOCFLAGS=--cap-lints=forbid" "-e" "CARGO_HOME=/opt/rustwide/cargo-home" "-e" "RUSTUP_HOME=/opt/rustwide/rustup-home" "-w" "/opt/rustwide/workdir" "-m" "1610612736" "--user" "0:0" "--network" "none" "ghcr.io/rust-lang/crates-build-env/linux@sha256:819108c5571ea2e421544af4d832f968d213c87fbe3707a016657f43d2f853bc" "/opt/rustwide/cargo-home/bin/cargo" "+nightly-2025-01-18" "test" "--frozen", kill_on_drop: false }`
[INFO] [stdout] 039668d06fbca8f251b65b91c097f45d0d2353b2422ba6789e32744fd578d7a2
[INFO] running `Command { std: "docker" "start" "-a" "039668d06fbca8f251b65b91c097f45d0d2353b2422ba6789e32744fd578d7a2", kill_on_drop: false }`
[INFO] [stderr] warning: path statement drops value
[INFO] [stderr]   --> src/application/mod.rs:71:33
[INFO] [stderr]    |
[INFO] [stderr] 71 | ...                   ApplicationResponse::InfrastructureConnected;
[INFO] [stderr]    |                       ^^^^^^^^^^^^^^^^^^^^^^^^^^^^^^^^^^^^^^^^^^^^^ help: use `drop` to clarify the intent: `drop(ApplicationResponse::InfrastructureConnected);`
[INFO] [stderr]    |
[INFO] [stderr]    = note: `#[warn(path_statements)]` on by default
[INFO] [stderr] 
[INFO] [stderr] warning: use of `async fn` in public traits is discouraged as auto trait bounds cannot be specified
[INFO] [stderr]   --> src/ports/client_web_server.rs:15:5
[INFO] [stderr]    |
[INFO] [stderr] 15 |     async fn run_server(&self) -> Result<()>;
[INFO] [stderr]    |     ^^^^^
[INFO] [stderr]    |
[INFO] [stderr]    = note: you can suppress this lint if you plan to use the trait only in your own code, or do not care about auto traits like `Send` on the `Future`
[INFO] [stderr]    = note: `#[warn(async_fn_in_trait)]` on by default
[INFO] [stderr] help: you can alternatively desugar to a normal `fn` that returns `impl Future` and add any desired bounds such as `Send`, but these cannot be relaxed without a breaking API change
[INFO] [stderr]    |
[INFO] [stderr] 15 -     async fn run_server(&self) -> Result<()>;
[INFO] [stderr] 15 +     fn run_server(&self) -> impl std::future::Future<Output = Result<()>> + Send;
[INFO] [stderr]    |
[INFO] [stderr] 
[INFO] [stderr] warning: use of `async fn` in public traits is discouraged as auto trait bounds cannot be specified
[INFO] [stderr]   --> src/ports/market_stream.rs:16:5
[INFO] [stderr]    |
[INFO] [stderr] 16 |     async fn subscribe(&self, symbols: Vec<Symbol>)
[INFO] [stderr]    |     ^^^^^
[INFO] [stderr]    |
[INFO] [stderr]    = note: you can suppress this lint if you plan to use the trait only in your own code, or do not care about auto traits like `Send` on the `Future`
[INFO] [stderr] help: you can alternatively desugar to a normal `fn` that returns `impl Future` and add any desired bounds such as `Send`, but these cannot be relaxed without a breaking API change
[INFO] [stderr]    |
[INFO] [stderr] 16 ~     fn subscribe(&self, symbols: Vec<Symbol>)
[INFO] [stderr] 17 ~         -> impl std::future::Future<Output = Result<MarketStreamMessageBroadcastReceiver>> + Send;
[INFO] [stderr]    |
[INFO] [stderr] 
[INFO] [stderr] warning: `orderbook_trial_task` (lib) generated 3 warnings (run `cargo fix --lib -p orderbook_trial_task` to apply 1 suggestion)
[INFO] [stderr] warning: `orderbook_trial_task` (lib test) generated 3 warnings (3 duplicates)
[INFO] [stderr]     Finished `test` profile [unoptimized + debuginfo] target(s) in 0.22s
[INFO] [stderr]      Running unittests src/lib.rs (/opt/rustwide/target/debug/deps/orderbook_trial_task-12c4351b0059ce2a)
[INFO] [stdout] 
[INFO] [stdout] running 2 tests
[INFO] [stdout] test core::tests::test_average_price ... ok
[INFO] [stdout] test adapters::binance_market_stream::tests::test_reciever_returned_by_stream_subscription ... FAILED
[INFO] [stdout] 
[INFO] [stdout] failures:
[INFO] [stdout] 
[INFO] [stdout] ---- adapters::binance_market_stream::tests::test_reciever_returned_by_stream_subscription stdout ----
[INFO] [stdout] 
[INFO] [stdout] thread 'adapters::binance_market_stream::tests::test_reciever_returned_by_stream_subscription' panicked at src/adapters/binance_market_stream.rs:36:14:
[INFO] [stdout] Failed to connect: Io(Custom { kind: Uncategorized, error: "failed to lookup address information: Temporary failure in name resolution" })
[INFO] [stdout] stack backtrace:
[INFO] [stdout]    0:     0x5977cc33815a - std::backtrace_rs::backtrace::libunwind::trace::hb059275cfc8d6126
[INFO] [stdout]                                at /rustc/6067b36314ab5eb2eb47cecc464545ba58e1ad24/library/std/src/../../backtrace/src/backtrace/libunwind.rs:116:5
[INFO] [stdout]    1:     0x5977cc33815a - std::backtrace_rs::backtrace::trace_unsynchronized::h2da071e4327ce3ee
[INFO] [stdout]                                at /rustc/6067b36314ab5eb2eb47cecc464545ba58e1ad24/library/std/src/../../backtrace/src/backtrace/mod.rs:66:5
[INFO] [stdout]    2:     0x5977cc33815a - std::sys::backtrace::_print_fmt::h842a1474e6f8d23f
[INFO] [stdout]                                at /rustc/6067b36314ab5eb2eb47cecc464545ba58e1ad24/library/std/src/sys/backtrace.rs:66:9
[INFO] [stdout]    3:     0x5977cc33815a - <std::sys::backtrace::BacktraceLock::print::DisplayBacktrace as core::fmt::Display>::fmt::h71a62eb3b9696b12
[INFO] [stdout]                                at /rustc/6067b36314ab5eb2eb47cecc464545ba58e1ad24/library/std/src/sys/backtrace.rs:39:26
[INFO] [stdout]    4:     0x5977cc363203 - core::fmt::rt::Argument::fmt::hdb6b616786b41dc1
[INFO] [stdout]                                at /rustc/6067b36314ab5eb2eb47cecc464545ba58e1ad24/library/core/src/fmt/rt.rs:177:76
[INFO] [stdout]    5:     0x5977cc363203 - core::fmt::write::h2cc1698af7e2d686
[INFO] [stdout]                                at /rustc/6067b36314ab5eb2eb47cecc464545ba58e1ad24/library/core/src/fmt/mod.rs:1440:21
[INFO] [stdout]    6:     0x5977cc3340d3 - std::io::Write::write_fmt::hab1b4cd059a79022
[INFO] [stdout]                                at /rustc/6067b36314ab5eb2eb47cecc464545ba58e1ad24/library/std/src/io/mod.rs:1887:15
[INFO] [stdout]    7:     0x5977cc337fa2 - std::sys::backtrace::BacktraceLock::print::h147fe35b4ea13b08
[INFO] [stdout]                                at /rustc/6067b36314ab5eb2eb47cecc464545ba58e1ad24/library/std/src/sys/backtrace.rs:42:9
[INFO] [stdout]    8:     0x5977cc33957f - std::panicking::default_hook::{{closure}}::hbd44223dbdc0d208
[INFO] [stdout]                                at /rustc/6067b36314ab5eb2eb47cecc464545ba58e1ad24/library/std/src/panicking.rs:298:22
[INFO] [stdout]    9:     0x5977cc339398 - std::panicking::default_hook::h20f81eb0576efcec
[INFO] [stdout]                                at /rustc/6067b36314ab5eb2eb47cecc464545ba58e1ad24/library/std/src/panicking.rs:322:9
[INFO] [stdout]   10:     0x5977cc197013 - <alloc::boxed::Box<F,A> as core::ops::function::Fn<Args>>::call::hdb53814c496a4d34
[INFO] [stdout]                                at /rustc/6067b36314ab5eb2eb47cecc464545ba58e1ad24/library/alloc/src/boxed.rs:2027:9
[INFO] [stdout]   11:     0x5977cc197013 - test::test_main::{{closure}}::hc0a4963c59427c24
[INFO] [stdout]                                at /rustc/6067b36314ab5eb2eb47cecc464545ba58e1ad24/library/test/src/lib.rs:134:21
[INFO] [stdout]   12:     0x5977cc33a073 - <alloc::boxed::Box<F,A> as core::ops::function::Fn<Args>>::call::h591b2225413a77e9
[INFO] [stdout]                                at /rustc/6067b36314ab5eb2eb47cecc464545ba58e1ad24/library/alloc/src/boxed.rs:2027:9
[INFO] [stdout]   13:     0x5977cc33a073 - std::panicking::rust_panic_with_hook::h625eea43051b2edc
[INFO] [stdout]                                at /rustc/6067b36314ab5eb2eb47cecc464545ba58e1ad24/library/std/src/panicking.rs:839:13
[INFO] [stdout]   14:     0x5977cc339d2a - std::panicking::begin_panic_handler::{{closure}}::h4f9159cfbc3f6bd3
[INFO] [stdout]                                at /rustc/6067b36314ab5eb2eb47cecc464545ba58e1ad24/library/std/src/panicking.rs:704:13
[INFO] [stdout]   15:     0x5977cc338659 - std::sys::backtrace::__rust_end_short_backtrace::h0390abce48353151
[INFO] [stdout]                                at /rustc/6067b36314ab5eb2eb47cecc464545ba58e1ad24/library/std/src/sys/backtrace.rs:168:18
[INFO] [stdout]   16:     0x5977cc3399bd - rust_begin_unwind
[INFO] [stdout]                                at /rustc/6067b36314ab5eb2eb47cecc464545ba58e1ad24/library/std/src/panicking.rs:695:5
[INFO] [stdout]   17:     0x5977cc360e10 - core::panicking::panic_fmt::h9e7c637e9e5f29c9
[INFO] [stdout]                                at /rustc/6067b36314ab5eb2eb47cecc464545ba58e1ad24/library/core/src/panicking.rs:75:14
[INFO] [stdout]   18:     0x5977cc3612e6 - core::result::unwrap_failed::h7979f09313fe1849
[INFO] [stdout]                                at /rustc/6067b36314ab5eb2eb47cecc464545ba58e1ad24/library/core/src/result.rs:1704:5
[INFO] [stdout]   19:     0x5977cc138e00 - core::result::Result<T,E>::expect::h8ddbb11693ac6462
[INFO] [stdout]                                at /rustc/6067b36314ab5eb2eb47cecc464545ba58e1ad24/library/core/src/result.rs:1061:23
[INFO] [stdout]   20:     0x5977cc154702 - <orderbook_trial_task::adapters::binance_market_stream::BinanceDiffDepthStream as orderbook_trial_task::ports::market_stream::MarketStream>::subscribe::{{closure}}::h2f46fece71fc6c07
[INFO] [stdout]                                at /opt/rustwide/workdir/src/adapters/binance_market_stream.rs:34:36
[INFO] [stdout]   21:     0x5977cc132bdf - orderbook_trial_task::adapters::binance_market_stream::tests::test_reciever_returned_by_stream_subscription::{{closure}}::hbeeffe1f1e9a79b4
[INFO] [stdout]                                at /opt/rustwide/workdir/src/adapters/binance_market_stream.rs:89:14
[INFO] [stdout]   22:     0x5977cc153f02 - <core::pin::Pin<P> as core::future::future::Future>::poll::h7e159e85ff6e0a77
[INFO] [stdout]                                at /rustc/6067b36314ab5eb2eb47cecc464545ba58e1ad24/library/core/src/future/future.rs:124:9
[INFO] [stdout]   23:     0x5977cc153e7d - <core::pin::Pin<P> as core::future::future::Future>::poll::h20f3ef662b8fcfb4
[INFO] [stdout]                                at /rustc/6067b36314ab5eb2eb47cecc464545ba58e1ad24/library/core/src/future/future.rs:124:9
[INFO] [stdout]   24:     0x5977cc131a9f - tokio::runtime::scheduler::current_thread::CoreGuard::block_on::{{closure}}::{{closure}}::{{closure}}::hd517d246ed75bcfe
[INFO] [stdout]                                at /opt/rustwide/cargo-home/registry/src/index.crates.io-1949cf8c6b5b557f/tokio-1.40.0/src/runtime/scheduler/current_thread/mod.rs:696:57
[INFO] [stdout]   25:     0x5977cc131995 - tokio::runtime::coop::with_budget::hff0e78922d4bc5c2
[INFO] [stdout]                                at /opt/rustwide/cargo-home/registry/src/index.crates.io-1949cf8c6b5b557f/tokio-1.40.0/src/runtime/coop.rs:107:5
[INFO] [stdout]   26:     0x5977cc131995 - tokio::runtime::coop::budget::h76ebe2f86a7dfda5
[INFO] [stdout]                                at /opt/rustwide/cargo-home/registry/src/index.crates.io-1949cf8c6b5b557f/tokio-1.40.0/src/runtime/coop.rs:73:5
[INFO] [stdout]   27:     0x5977cc131995 - tokio::runtime::scheduler::current_thread::CoreGuard::block_on::{{closure}}::{{closure}}::h47954585a1b0f2f5
[INFO] [stdout]                                at /opt/rustwide/cargo-home/registry/src/index.crates.io-1949cf8c6b5b557f/tokio-1.40.0/src/runtime/scheduler/current_thread/mod.rs:696:25
[INFO] [stdout]   28:     0x5977cc12ed30 - tokio::runtime::scheduler::current_thread::Context::enter::h1bc2c242a8ff85aa
[INFO] [stdout]                                at /opt/rustwide/cargo-home/registry/src/index.crates.io-1949cf8c6b5b557f/tokio-1.40.0/src/runtime/scheduler/current_thread/mod.rs:423:19
[INFO] [stdout]   29:     0x5977cc13106b - tokio::runtime::scheduler::current_thread::CoreGuard::block_on::{{closure}}::hb973356daefec222
[INFO] [stdout]                                at /opt/rustwide/cargo-home/registry/src/index.crates.io-1949cf8c6b5b557f/tokio-1.40.0/src/runtime/scheduler/current_thread/mod.rs:695:36
[INFO] [stdout]   30:     0x5977cc1304e4 - tokio::runtime::scheduler::current_thread::CoreGuard::enter::{{closure}}::h3cc6a5cf3174e230
[INFO] [stdout]                                at /opt/rustwide/cargo-home/registry/src/index.crates.io-1949cf8c6b5b557f/tokio-1.40.0/src/runtime/scheduler/current_thread/mod.rs:774:68
[INFO] [stdout]   31:     0x5977cc13ad0b - tokio::runtime::context::scoped::Scoped<T>::set::h9f7d4987b1a8b3fb
[INFO] [stdout]                                at /opt/rustwide/cargo-home/registry/src/index.crates.io-1949cf8c6b5b557f/tokio-1.40.0/src/runtime/context/scoped.rs:40:9
[INFO] [stdout]   32:     0x5977cc13aa49 - tokio::runtime::context::set_scheduler::{{closure}}::hd8aa22f957516768
[INFO] [stdout]                                at /opt/rustwide/cargo-home/registry/src/index.crates.io-1949cf8c6b5b557f/tokio-1.40.0/src/runtime/context.rs:180:26
[INFO] [stdout]   33:     0x5977cc1502c2 - std::thread::local::LocalKey<T>::try_with::h4c3d6ff75aa76da3
[INFO] [stdout]                                at /rustc/6067b36314ab5eb2eb47cecc464545ba58e1ad24/library/std/src/thread/local.rs:308:12
[INFO] [stdout]   34:     0x5977cc14fc8a - std::thread::local::LocalKey<T>::with::h3bdf379f8a2f857e
[INFO] [stdout]                                at /rustc/6067b36314ab5eb2eb47cecc464545ba58e1ad24/library/std/src/thread/local.rs:272:9
[INFO] [stdout]   35:     0x5977cc13a9bd - tokio::runtime::context::set_scheduler::hf5cde88491ce0323
[INFO] [stdout]                                at /opt/rustwide/cargo-home/registry/src/index.crates.io-1949cf8c6b5b557f/tokio-1.40.0/src/runtime/context.rs:180:9
[INFO] [stdout]   36:     0x5977cc12fe70 - tokio::runtime::scheduler::current_thread::CoreGuard::enter::h24c4d73468a00fc8
[INFO] [stdout]                                at /opt/rustwide/cargo-home/registry/src/index.crates.io-1949cf8c6b5b557f/tokio-1.40.0/src/runtime/scheduler/current_thread/mod.rs:774:27
[INFO] [stdout]   37:     0x5977cc130583 - tokio::runtime::scheduler::current_thread::CoreGuard::block_on::hb517c5e002e918f4
[INFO] [stdout]                                at /opt/rustwide/cargo-home/registry/src/index.crates.io-1949cf8c6b5b557f/tokio-1.40.0/src/runtime/scheduler/current_thread/mod.rs:683:19
[INFO] [stdout]   38:     0x5977cc12dd7a - tokio::runtime::scheduler::current_thread::CurrentThread::block_on::{{closure}}::h14b3f6a6d252a844
[INFO] [stdout]                                at /opt/rustwide/cargo-home/registry/src/index.crates.io-1949cf8c6b5b557f/tokio-1.40.0/src/runtime/scheduler/current_thread/mod.rs:191:28
[INFO] [stdout]   39:     0x5977cc13b196 - tokio::runtime::context::runtime::enter_runtime::h6fb3023929a7d647
[INFO] [stdout]                                at /opt/rustwide/cargo-home/registry/src/index.crates.io-1949cf8c6b5b557f/tokio-1.40.0/src/runtime/context/runtime.rs:65:16
[INFO] [stdout]   40:     0x5977cc12db31 - tokio::runtime::scheduler::current_thread::CurrentThread::block_on::h960097f94605efb9
[INFO] [stdout]                                at /opt/rustwide/cargo-home/registry/src/index.crates.io-1949cf8c6b5b557f/tokio-1.40.0/src/runtime/scheduler/current_thread/mod.rs:179:9
[INFO] [stdout]   41:     0x5977cc12881d - tokio::runtime::runtime::Runtime::block_on_inner::h31fe04e20e56852b
[INFO] [stdout]                                at /opt/rustwide/cargo-home/registry/src/index.crates.io-1949cf8c6b5b557f/tokio-1.40.0/src/runtime/runtime.rs:361:47
[INFO] [stdout]   42:     0x5977cc128935 - tokio::runtime::runtime::Runtime::block_on::hb0e5b0c80b879514
[INFO] [stdout]                                at /opt/rustwide/cargo-home/registry/src/index.crates.io-1949cf8c6b5b557f/tokio-1.40.0/src/runtime/runtime.rs:335:13
[INFO] [stdout]   43:     0x5977cc13283c - orderbook_trial_task::adapters::binance_market_stream::tests::test_reciever_returned_by_stream_subscription::h98d54dff22da35a9
[INFO] [stdout]                                at /opt/rustwide/workdir/src/adapters/binance_market_stream.rs:103:9
[INFO] [stdout]   44:     0x5977cc1326c7 - orderbook_trial_task::adapters::binance_market_stream::tests::test_reciever_returned_by_stream_subscription::{{closure}}::h952bfb82fe649c06
[INFO] [stdout]                                at /opt/rustwide/workdir/src/adapters/binance_market_stream.rs:84:61
[INFO] [stdout]   45:     0x5977cc11e456 - core::ops::function::FnOnce::call_once::hf19b98feef55aaf5
[INFO] [stdout]                                at /rustc/6067b36314ab5eb2eb47cecc464545ba58e1ad24/library/core/src/ops/function.rs:250:5
[INFO] [stdout]   46:     0x5977cc19c76b - core::ops::function::FnOnce::call_once::he27718dfdd183f43
[INFO] [stdout]                                at /rustc/6067b36314ab5eb2eb47cecc464545ba58e1ad24/library/core/src/ops/function.rs:250:5
[INFO] [stdout]   47:     0x5977cc19c76b - test::__rust_begin_short_backtrace::h4e84902998457a5d
[INFO] [stdout]                                at /rustc/6067b36314ab5eb2eb47cecc464545ba58e1ad24/library/test/src/lib.rs:632:18
[INFO] [stdout]   48:     0x5977cc19b6a3 - test::run_test_in_process::{{closure}}::h7176fd18fc1feca0
[INFO] [stdout]                                at /rustc/6067b36314ab5eb2eb47cecc464545ba58e1ad24/library/test/src/lib.rs:655:60
[INFO] [stdout]   49:     0x5977cc19b6a3 - <core::panic::unwind_safe::AssertUnwindSafe<F> as core::ops::function::FnOnce<()>>::call_once::hf79cff2a624d8cf7
[INFO] [stdout]                                at /rustc/6067b36314ab5eb2eb47cecc464545ba58e1ad24/library/core/src/panic/unwind_safe.rs:272:9
[INFO] [stdout]   50:     0x5977cc19b6a3 - std::panicking::try::do_call::h3da0561d9ab99c25
[INFO] [stdout]                                at /rustc/6067b36314ab5eb2eb47cecc464545ba58e1ad24/library/std/src/panicking.rs:587:40
[INFO] [stdout]   51:     0x5977cc19b6a3 - std::panicking::try::h41c9fa508bc61df6
[INFO] [stdout]                                at /rustc/6067b36314ab5eb2eb47cecc464545ba58e1ad24/library/std/src/panicking.rs:550:19
[INFO] [stdout]   52:     0x5977cc19b6a3 - std::panic::catch_unwind::h6b3ff07bb5afad93
[INFO] [stdout]                                at /rustc/6067b36314ab5eb2eb47cecc464545ba58e1ad24/library/std/src/panic.rs:358:14
[INFO] [stdout]   53:     0x5977cc19b6a3 - test::run_test_in_process::hc7253dd11b39b9f4
[INFO] [stdout]                                at /rustc/6067b36314ab5eb2eb47cecc464545ba58e1ad24/library/test/src/lib.rs:655:27
[INFO] [stdout]   54:     0x5977cc19b6a3 - test::run_test::{{closure}}::hfb2007f8649c30bb
[INFO] [stdout]                                at /rustc/6067b36314ab5eb2eb47cecc464545ba58e1ad24/library/test/src/lib.rs:576:43
[INFO] [stdout]   55:     0x5977cc15e785 - test::run_test::{{closure}}::h56a17aa7a282a9f4
[INFO] [stdout]                                at /rustc/6067b36314ab5eb2eb47cecc464545ba58e1ad24/library/test/src/lib.rs:606:41
[INFO] [stdout]   56:     0x5977cc15e785 - std::sys::backtrace::__rust_begin_short_backtrace::hd2d2d2fb8e8c6aac
[INFO] [stdout]                                at /rustc/6067b36314ab5eb2eb47cecc464545ba58e1ad24/library/std/src/sys/backtrace.rs:152:18
[INFO] [stdout]   57:     0x5977cc16206a - std::thread::Builder::spawn_unchecked_::{{closure}}::{{closure}}::h4faa3f9db6133423
[INFO] [stdout]                                at /rustc/6067b36314ab5eb2eb47cecc464545ba58e1ad24/library/std/src/thread/mod.rs:559:17
[INFO] [stdout]   58:     0x5977cc16206a - <core::panic::unwind_safe::AssertUnwindSafe<F> as core::ops::function::FnOnce<()>>::call_once::hf2e855a36a4ea846
[INFO] [stdout]                                at /rustc/6067b36314ab5eb2eb47cecc464545ba58e1ad24/library/core/src/panic/unwind_safe.rs:272:9
[INFO] [stdout]   59:     0x5977cc16206a - std::panicking::try::do_call::h2f73af3616c35465
[INFO] [stdout]                                at /rustc/6067b36314ab5eb2eb47cecc464545ba58e1ad24/library/std/src/panicking.rs:587:40
[INFO] [stdout]   60:     0x5977cc16206a - std::panicking::try::hd1660ce9efadef5a
[INFO] [stdout]                                at /rustc/6067b36314ab5eb2eb47cecc464545ba58e1ad24/library/std/src/panicking.rs:550:19
[INFO] [stdout]   61:     0x5977cc16206a - std::panic::catch_unwind::h5ee8d7823b8ca744
[INFO] [stdout]                                at /rustc/6067b36314ab5eb2eb47cecc464545ba58e1ad24/library/std/src/panic.rs:358:14
[INFO] [stdout]   62:     0x5977cc16206a - std::thread::Builder::spawn_unchecked_::{{closure}}::h53c3a1894dce8407
[INFO] [stdout]                                at /rustc/6067b36314ab5eb2eb47cecc464545ba58e1ad24/library/std/src/thread/mod.rs:557:30
[INFO] [stdout]   63:     0x5977cc16206a - core::ops::function::FnOnce::call_once{{vtable.shim}}::h048ce291ad4f62bf
[INFO] [stdout]                                at /rustc/6067b36314ab5eb2eb47cecc464545ba58e1ad24/library/core/src/ops/function.rs:250:5
[INFO] [stdout]   64:     0x5977cc33e3eb - <alloc::boxed::Box<F,A> as core::ops::function::FnOnce<Args>>::call_once::ha52bedf99a3b4981
[INFO] [stdout]                                at /rustc/6067b36314ab5eb2eb47cecc464545ba58e1ad24/library/alloc/src/boxed.rs:2013:9
[INFO] [stdout]   65:     0x5977cc33e3eb - <alloc::boxed::Box<F,A> as core::ops::function::FnOnce<Args>>::call_once::h567748934d80ccf8
[INFO] [stdout]                                at /rustc/6067b36314ab5eb2eb47cecc464545ba58e1ad24/library/alloc/src/boxed.rs:2013:9
[INFO] [stdout]   66:     0x5977cc33e3eb - std::sys::pal::unix::thread::Thread::new::thread_start::h2d970728ae887adc
[INFO] [stdout]                                at /rustc/6067b36314ab5eb2eb47cecc464545ba58e1ad24/library/std/src/sys/pal/unix/thread.rs:106:17
[INFO] [stdout]   67:     0x793099205ac3 - <unknown>
[INFO] [stdout]   68:     0x793099296a04 - clone
[INFO] [stdout]   69:                0x0 - <unknown>
[INFO] [stdout] 
[INFO] [stdout] 
[INFO] [stdout] failures:
[INFO] [stdout]     adapters::binance_market_stream::tests::test_reciever_returned_by_stream_subscription
[INFO] [stdout] 
[INFO] [stdout] test result: FAILED. 1 passed; 1 failed; 0 ignored; 0 measured; 0 filtered out; finished in 0.17s
[INFO] [stdout] 
[INFO] [stderr] error: test failed, to rerun pass `--lib`
[INFO] running `Command { std: "docker" "inspect" "039668d06fbca8f251b65b91c097f45d0d2353b2422ba6789e32744fd578d7a2", kill_on_drop: false }`
[INFO] running `Command { std: "docker" "rm" "-f" "039668d06fbca8f251b65b91c097f45d0d2353b2422ba6789e32744fd578d7a2", kill_on_drop: false }`
[INFO] [stdout] 039668d06fbca8f251b65b91c097f45d0d2353b2422ba6789e32744fd578d7a2
