[INFO] cloning repository https://github.com/b-paul/advent-of-code
[INFO] running `Command { std: "git" "-c" "credential.helper=" "-c" "credential.helper=/workspace/cargo-home/bin/git-credential-null" "clone" "--bare" "https://github.com/b-paul/advent-of-code" "/workspace/cache/git-repos/https%3A%2F%2Fgithub.com%2Fb-paul%2Fadvent-of-code", kill_on_drop: false }`
[INFO] [stderr] Cloning into bare repository '/workspace/cache/git-repos/https%3A%2F%2Fgithub.com%2Fb-paul%2Fadvent-of-code'...
[INFO] running `Command { std: "git" "rev-parse" "HEAD", kill_on_drop: false }`
[INFO] [stdout] 722445290b235003fb6125fdfee98285b9985bea
[INFO] testing b-paul/advent-of-code against nightly-2025-01-18 for randomize-layout-2
[INFO] running `Command { std: "git" "clone" "/workspace/cache/git-repos/https%3A%2F%2Fgithub.com%2Fb-paul%2Fadvent-of-code" "/workspace/builds/worker-0-tc1/source", kill_on_drop: false }`
[INFO] [stderr] Cloning into '/workspace/builds/worker-0-tc1/source'...
[INFO] [stderr] done.
[INFO] validating manifest of git repo https://github.com/b-paul/advent-of-code on toolchain nightly-2025-01-18
[INFO] running `Command { std: CARGO_HOME="/workspace/cargo-home" RUSTUP_HOME="/workspace/rustup-home" "/workspace/cargo-home/bin/cargo" "+nightly-2025-01-18" "metadata" "--manifest-path" "Cargo.toml" "--no-deps", kill_on_drop: false }`
[INFO] started tweaking git repo https://github.com/b-paul/advent-of-code
[INFO] finished tweaking git repo https://github.com/b-paul/advent-of-code
[INFO] tweaked toml for git repo https://github.com/b-paul/advent-of-code written to /workspace/builds/worker-0-tc1/source/Cargo.toml
[INFO] crate git repo https://github.com/b-paul/advent-of-code already has a lockfile, it will not be regenerated
[INFO] running `Command { std: CARGO_HOME="/workspace/cargo-home" RUSTUP_HOME="/workspace/rustup-home" "/workspace/cargo-home/bin/cargo" "+nightly-2025-01-18" "fetch" "--manifest-path" "Cargo.toml", kill_on_drop: false }`
[INFO] running `Command { std: "docker" "create" "-v" "/var/lib/crater-agent-workspace/builds/worker-0-tc1/target:/opt/rustwide/target:rw,Z" "-v" "/var/lib/crater-agent-workspace/builds/worker-0-tc1/source:/opt/rustwide/workdir:ro,Z" "-v" "/var/lib/crater-agent-workspace/cargo-home:/opt/rustwide/cargo-home:ro,Z" "-v" "/var/lib/crater-agent-workspace/rustup-home:/opt/rustwide/rustup-home:ro,Z" "-e" "SOURCE_DIR=/opt/rustwide/workdir" "-e" "CARGO_TARGET_DIR=/opt/rustwide/target" "-e" "CARGO_HOME=/opt/rustwide/cargo-home" "-e" "RUSTUP_HOME=/opt/rustwide/rustup-home" "-w" "/opt/rustwide/workdir" "-m" "1610612736" "--user" "0:0" "--network" "none" "ghcr.io/rust-lang/crates-build-env/linux@sha256:819108c5571ea2e421544af4d832f968d213c87fbe3707a016657f43d2f853bc" "/opt/rustwide/cargo-home/bin/cargo" "+nightly-2025-01-18" "metadata" "--no-deps" "--format-version=1", kill_on_drop: false }`
[INFO] [stdout] d997f58c86bec1124e0f1a10227e9a4831ef7284dc86dd7e01ee72d98399e924
[INFO] running `Command { std: "docker" "start" "-a" "d997f58c86bec1124e0f1a10227e9a4831ef7284dc86dd7e01ee72d98399e924", kill_on_drop: false }`
[INFO] running `Command { std: "docker" "inspect" "d997f58c86bec1124e0f1a10227e9a4831ef7284dc86dd7e01ee72d98399e924", kill_on_drop: false }`
[INFO] running `Command { std: "docker" "rm" "-f" "d997f58c86bec1124e0f1a10227e9a4831ef7284dc86dd7e01ee72d98399e924", kill_on_drop: false }`
[INFO] [stdout] d997f58c86bec1124e0f1a10227e9a4831ef7284dc86dd7e01ee72d98399e924
[INFO] running `Command { std: "docker" "create" "-v" "/var/lib/crater-agent-workspace/builds/worker-0-tc1/target:/opt/rustwide/target:rw,Z" "-v" "/var/lib/crater-agent-workspace/builds/worker-0-tc1/source:/opt/rustwide/workdir:ro,Z" "-v" "/var/lib/crater-agent-workspace/cargo-home:/opt/rustwide/cargo-home:ro,Z" "-v" "/var/lib/crater-agent-workspace/rustup-home:/opt/rustwide/rustup-home:ro,Z" "-e" "SOURCE_DIR=/opt/rustwide/workdir" "-e" "CARGO_TARGET_DIR=/opt/rustwide/target" "-e" "CARGO_INCREMENTAL=0" "-e" "RUST_BACKTRACE=full" "-e" "RUSTFLAGS=--cap-lints=forbid" "-e" "RUSTDOCFLAGS=--cap-lints=forbid" "-e" "CARGO_HOME=/opt/rustwide/cargo-home" "-e" "RUSTUP_HOME=/opt/rustwide/rustup-home" "-w" "/opt/rustwide/workdir" "-m" "1610612736" "--user" "0:0" "--network" "none" "ghcr.io/rust-lang/crates-build-env/linux@sha256:819108c5571ea2e421544af4d832f968d213c87fbe3707a016657f43d2f853bc" "/opt/rustwide/cargo-home/bin/cargo" "+nightly-2025-01-18" "build" "--frozen" "--message-format=json", kill_on_drop: false }`
[INFO] [stdout] 85576cb82f1c44009a7c87c88f582b2f83ba25db2c0b81107992baf02997d1db
[INFO] running `Command { std: "docker" "start" "-a" "85576cb82f1c44009a7c87c88f582b2f83ba25db2c0b81107992baf02997d1db", kill_on_drop: false }`
[INFO] [stderr]    Compiling proc-macro2 v1.0.92
[INFO] [stderr]    Compiling unicode-ident v1.0.14
[INFO] [stderr]    Compiling stable_deref_trait v1.2.0
[INFO] [stderr]    Compiling autocfg v1.4.0
[INFO] [stderr]    Compiling litemap v0.7.4
[INFO] [stderr]    Compiling writeable v0.5.5
[INFO] [stderr]    Compiling shlex v1.3.0
[INFO] [stderr]    Compiling libc v0.2.167
[INFO] [stderr]    Compiling icu_locid_transform_data v1.5.0
[INFO] [stderr]    Compiling icu_properties_data v1.5.0
[INFO] [stderr]    Compiling smallvec v1.13.2
[INFO] [stderr]    Compiling icu_normalizer_data v1.5.0
[INFO] [stderr]    Compiling write16 v1.0.0
[INFO] [stderr]    Compiling utf8_iter v1.0.4
[INFO] [stderr]    Compiling utf16_iter v1.0.5
[INFO] [stderr]    Compiling untrusted v0.9.0
[INFO] [stderr]    Compiling utf8parse v0.2.2
[INFO] [stderr]    Compiling spin v0.9.8
[INFO] [stderr]    Compiling rustls-pki-types v1.10.0
[INFO] [stderr]    Compiling paste v1.0.15
[INFO] [stderr]    Compiling bytemuck v1.20.0
[INFO] [stderr]    Compiling anstyle-parse v0.2.6
[INFO] [stderr]    Compiling percent-encoding v2.3.1
[INFO] [stderr]    Compiling cc v1.2.2
[INFO] [stderr]    Compiling colorchoice v1.0.3
[INFO] [stderr]    Compiling rustls v0.23.19
[INFO] [stderr]    Compiling anstyle-query v1.1.2
[INFO] [stderr]    Compiling typenum v1.17.0
[INFO] [stderr]    Compiling is_terminal_polyfill v1.70.1
[INFO] [stderr]    Compiling anstyle v1.0.10
[INFO] [stderr]    Compiling adler2 v2.0.0
[INFO] [stderr]    Compiling radium v0.7.0
[INFO] [stderr]    Compiling form_urlencoded v1.2.1
[INFO] [stderr]    Compiling safe_arch v0.7.2
[INFO] [stderr]    Compiling crc32fast v1.4.2
[INFO] [stderr]    Compiling tap v1.0.1
[INFO] [stderr]    Compiling miniz_oxide v0.8.0
[INFO] [stderr]    Compiling strsim v0.11.1
[INFO] [stderr]    Compiling rawpointer v0.2.1
[INFO] [stderr]    Compiling heck v0.5.0
[INFO] [stderr]    Compiling log v0.4.22
[INFO] [stderr]    Compiling subtle v2.6.1
[INFO] [stderr]    Compiling zeroize v1.8.1
[INFO] [stderr]    Compiling num-traits v0.2.19
[INFO] [stderr]    Compiling matrixmultiply v0.3.9
[INFO] [stderr]    Compiling anstream v0.6.18
[INFO] [stderr]    Compiling thiserror v1.0.69
[INFO] [stderr]    Compiling clap_lex v0.7.3
[INFO] [stderr]    Compiling once_cell v1.20.2
[INFO] [stderr]    Compiling anyhow v1.0.94
[INFO] [stderr]    Compiling webpki-roots v0.26.7
[INFO] [stderr]    Compiling wyz v0.5.1
[INFO] [stderr]    Compiling funty v2.0.0
[INFO] [stderr]    Compiling either v1.13.0
[INFO] [stderr]    Compiling clap_builder v4.5.22
[INFO] [stderr]    Compiling base64 v0.22.1
[INFO] [stderr]    Compiling memchr v2.7.4
[INFO] [stderr]    Compiling quote v1.0.37
[INFO] [stderr]    Compiling wide v0.7.30
[INFO] [stderr]    Compiling flate2 v1.0.35
[INFO] [stderr]    Compiling itertools v0.10.5
[INFO] [stderr]    Compiling syn v2.0.90
[INFO] [stderr]    Compiling getrandom v0.2.15
[INFO] [stderr]    Compiling nom v7.1.3
[INFO] [stderr]    Compiling bitvec v1.0.1
[INFO] [stderr]    Compiling approx v0.5.1
[INFO] [stderr]    Compiling num-integer v0.1.46
[INFO] [stderr]    Compiling num-complex v0.4.6
[INFO] [stderr]    Compiling ring v0.17.8
[INFO] [stderr]    Compiling num-rational v0.4.2
[INFO] [stderr]    Compiling simba v0.8.1
[INFO] [stderr]    Compiling synstructure v0.13.1
[INFO] [stderr]    Compiling zerovec-derive v0.10.3
[INFO] [stderr]    Compiling displaydoc v0.2.5
[INFO] [stderr]    Compiling icu_provider_macros v1.5.0
[INFO] [stderr]    Compiling clap_derive v4.5.18
[INFO] [stderr]    Compiling nalgebra-macros v0.2.2
[INFO] [stderr]    Compiling thiserror-impl v1.0.69
[INFO] [stderr]    Compiling zerofrom-derive v0.1.5
[INFO] [stderr]    Compiling yoke-derive v0.7.5
[INFO] [stderr]    Compiling rustls-webpki v0.102.8
[INFO] [stderr]    Compiling zerofrom v0.1.5
[INFO] [stderr]    Compiling yoke v0.7.5
[INFO] [stderr]    Compiling zerovec v0.10.4
[INFO] [stderr]    Compiling tinystr v0.7.6
[INFO] [stderr]    Compiling icu_collections v1.5.0
[INFO] [stderr]    Compiling clap v4.5.22
[INFO] [stderr]    Compiling icu_locid v1.5.0
[INFO] [stderr]    Compiling icu_provider v1.5.0
[INFO] [stderr]    Compiling nalgebra v0.32.6
[INFO] [stderr]    Compiling icu_locid_transform v1.5.0
[INFO] [stderr]    Compiling icu_properties v1.5.1
[INFO] [stderr]    Compiling icu_normalizer v1.5.0
[INFO] [stderr]    Compiling idna_adapter v1.2.0
[INFO] [stderr]    Compiling idna v1.0.3
[INFO] [stderr]    Compiling url v2.5.4
[INFO] [stderr]    Compiling ureq v2.12.1
[INFO] [stderr]    Compiling advent_of_code v0.1.0 (/opt/rustwide/workdir)
[INFO] [stderr]     Finished `dev` profile [unoptimized + debuginfo] target(s) in 48.99s
[INFO] running `Command { std: "docker" "inspect" "85576cb82f1c44009a7c87c88f582b2f83ba25db2c0b81107992baf02997d1db", kill_on_drop: false }`
[INFO] running `Command { std: "docker" "rm" "-f" "85576cb82f1c44009a7c87c88f582b2f83ba25db2c0b81107992baf02997d1db", kill_on_drop: false }`
[INFO] [stdout] 85576cb82f1c44009a7c87c88f582b2f83ba25db2c0b81107992baf02997d1db
[INFO] running `Command { std: "docker" "create" "-v" "/var/lib/crater-agent-workspace/builds/worker-0-tc1/target:/opt/rustwide/target:rw,Z" "-v" "/var/lib/crater-agent-workspace/builds/worker-0-tc1/source:/opt/rustwide/workdir:ro,Z" "-v" "/var/lib/crater-agent-workspace/cargo-home:/opt/rustwide/cargo-home:ro,Z" "-v" "/var/lib/crater-agent-workspace/rustup-home:/opt/rustwide/rustup-home:ro,Z" "-e" "SOURCE_DIR=/opt/rustwide/workdir" "-e" "CARGO_TARGET_DIR=/opt/rustwide/target" "-e" "CARGO_INCREMENTAL=0" "-e" "RUST_BACKTRACE=full" "-e" "RUSTFLAGS=--cap-lints=forbid" "-e" "RUSTDOCFLAGS=--cap-lints=forbid" "-e" "CARGO_HOME=/opt/rustwide/cargo-home" "-e" "RUSTUP_HOME=/opt/rustwide/rustup-home" "-w" "/opt/rustwide/workdir" "-m" "1610612736" "--user" "0:0" "--network" "none" "ghcr.io/rust-lang/crates-build-env/linux@sha256:819108c5571ea2e421544af4d832f968d213c87fbe3707a016657f43d2f853bc" "/opt/rustwide/cargo-home/bin/cargo" "+nightly-2025-01-18" "test" "--frozen" "--no-run" "--message-format=json", kill_on_drop: false }`
[INFO] [stdout] fac410938db248cd5d1e676a6488711d2af69273cae44f363265bed2eb5dca19
[INFO] running `Command { std: "docker" "start" "-a" "fac410938db248cd5d1e676a6488711d2af69273cae44f363265bed2eb5dca19", kill_on_drop: false }`
[INFO] [stderr]    Compiling advent_of_code v0.1.0 (/opt/rustwide/workdir)
[INFO] [stderr]     Finished `test` profile [unoptimized + debuginfo] target(s) in 7.41s
[INFO] running `Command { std: "docker" "inspect" "fac410938db248cd5d1e676a6488711d2af69273cae44f363265bed2eb5dca19", kill_on_drop: false }`
[INFO] running `Command { std: "docker" "rm" "-f" "fac410938db248cd5d1e676a6488711d2af69273cae44f363265bed2eb5dca19", kill_on_drop: false }`
[INFO] [stdout] fac410938db248cd5d1e676a6488711d2af69273cae44f363265bed2eb5dca19
[INFO] running `Command { std: "docker" "create" "-v" "/var/lib/crater-agent-workspace/builds/worker-0-tc1/target:/opt/rustwide/target:rw,Z" "-v" "/var/lib/crater-agent-workspace/builds/worker-0-tc1/source:/opt/rustwide/workdir:ro,Z" "-v" "/var/lib/crater-agent-workspace/cargo-home:/opt/rustwide/cargo-home:ro,Z" "-v" "/var/lib/crater-agent-workspace/rustup-home:/opt/rustwide/rustup-home:ro,Z" "-e" "SOURCE_DIR=/opt/rustwide/workdir" "-e" "CARGO_TARGET_DIR=/opt/rustwide/target" "-e" "CARGO_INCREMENTAL=0" "-e" "RUST_BACKTRACE=full" "-e" "RUSTFLAGS=--cap-lints=forbid" "-e" "RUSTDOCFLAGS=--cap-lints=forbid" "-e" "CARGO_HOME=/opt/rustwide/cargo-home" "-e" "RUSTUP_HOME=/opt/rustwide/rustup-home" "-w" "/opt/rustwide/workdir" "-m" "1610612736" "--user" "0:0" "--network" "none" "ghcr.io/rust-lang/crates-build-env/linux@sha256:819108c5571ea2e421544af4d832f968d213c87fbe3707a016657f43d2f853bc" "/opt/rustwide/cargo-home/bin/cargo" "+nightly-2025-01-18" "test" "--frozen", kill_on_drop: false }`
[INFO] [stdout] b8072a6e8ae6d4251bd1321f4075ffbeed2c50934a6134931509763951985ea8
[INFO] running `Command { std: "docker" "start" "-a" "b8072a6e8ae6d4251bd1321f4075ffbeed2c50934a6134931509763951985ea8", kill_on_drop: false }`
[INFO] [stderr]     Finished `test` profile [unoptimized + debuginfo] target(s) in 0.12s
[INFO] [stderr]      Running unittests src/main.rs (/opt/rustwide/target/debug/deps/advent_of_code-51f852a762030a50)
[INFO] [stdout] 
[INFO] [stdout] running 150 tests
[INFO] [stdout] test year_2015::day2::p1_tests ... ok
[INFO] [stdout] test year_2015::day3::p2_tests ... ok
[INFO] [stdout] test year_2015::day2::p2_tests ... ok
[INFO] [stdout] test year_2015::day5::part2 ... ok
[INFO] [stdout] test year_2015::day3::p1_tests ... ok
[INFO] [stdout] test year_2017::day1::test2 ... ok
[INFO] [stdout] test year_2017::day1::test1 ... ok
[INFO] [stdout] test year_2019::day2::part2 ... ok
[INFO] [stdout] test year_2022::day11::testp1 ... ok
[INFO] [stdout] test year_2022::day12::testp1 ... ok
[INFO] [stdout] test year_2022::day12::testp2 ... ok
[INFO] [stdout] test year_2022::day15::testp2 ... ok
[INFO] [stdout] test year_2022::day16::testp2 ... ok
[INFO] [stdout] test year_2022::day10::testp1 ... ok
[INFO] [stdout] test year_2022::day13::testp1 ... ok
[INFO] [stdout] test year_2022::day14::testp2 ... ok
[INFO] [stdout] test year_2022::day13::testp2 ... ok
[INFO] [stdout] test year_2022::day14::testp1 ... ok
[INFO] [stdout] test year_2022::day15::testp1 ... ok
[INFO] [stdout] test year_2022::day20::testp2 ... ok
[INFO] [stdout] test year_2022::day22::testp2 ... ok
[INFO] [stdout] test year_2022::day18::testp2 ... ok
[INFO] [stdout] test year_2022::day17::testp2 ... ok
[INFO] [stdout] test year_2022::day20::testp1 ... ok
[INFO] [stdout] test year_2022::day25::testp2 ... ok
[INFO] [stdout] test year_2022::day24::testp2 ... ok
[INFO] [stdout] test year_2022::day25::testp1 ... ok
[INFO] [stdout] test year_2022::day24::testp1 ... ok
[INFO] [stdout] test year_2022::day18::testp1 ... ok
[INFO] [stdout] test year_2022::day22::testp1 ... ok
[INFO] [stdout] test year_2022::day23::testp1 ... ok
[INFO] [stdout] test year_2022::day2::scoring_part2_test ... ok
[INFO] [stdout] test year_2022::day21::testp2 ... ok
[INFO] [stdout] test year_2022::day2::scoring_part1_test ... ok
[INFO] [stdout] test year_2022::day19::testp2 ... ok
[INFO] [stdout] test year_2022::day23::testp2 ... ok
[INFO] [stdout] test year_2022::day3::part2_tests ... ok
[INFO] [stdout] test year_2022::day21::testp1 ... ok
[INFO] [stdout] test year_2022::day3::part1_tests ... ok
[INFO] [stdout] test year_2022::day6::header_test ... ok
[INFO] [stdout] test year_2022::day6::message_test ... ok
[INFO] [stdout] test year_2022::day8::a ... ok
[INFO] [stdout] test year_2022::day16::testp1 ... ok
[INFO] [stdout] test year_2022::day11::testp2 ... ok
[INFO] [stdout] test year_2022::day2::benches::possibly_faster_part1 ... FAILED
[INFO] [stdout] test year_2022::day2::benches::possibly_even_faster_part1 ... FAILED
[INFO] [stdout] test year_2022::day2::benches::part2 ... FAILED
[INFO] [stdout] test year_2023::day13::benches::part2_normal ... FAILED
[INFO] [stdout] test year_2022::day6::benches::part2 ... FAILED
[INFO] [stdout] test year_2023::day10::part1 ... FAILED
[INFO] [stdout] test year_2023::day14::benches::part1_normal ... FAILED
[INFO] [stdout] test year_2022::day2::benches::possibly_even_faster_part2 ... FAILED
[INFO] [stdout] test year_2022::day2::benches::possibly_faster_part2 ... FAILED
[INFO] [stdout] test year_2022::day3::benches::part2 ... FAILED
[INFO] [stdout] test year_2023::day14::benches::part1_simd ... FAILED
[INFO] [stdout] test year_2022::day2::benches::part1 ... FAILED
[INFO] [stdout] test year_2022::day3::benches::possibly_faster_part2 ... FAILED
[INFO] [stdout] test year_2023::day14::benches::part2_normal ... FAILED
[INFO] [stdout] test year_2023::day10::part2 ... FAILED
[INFO] [stdout] test year_2022::day6::benches::part1 ... FAILED
[INFO] [stdout] test year_2023::day18::benches::part1_normal ... FAILED
[INFO] [stdout] test year_2023::day18::benches::part2_normal ... FAILED
[INFO] [stdout] test year_2023::day15::benches::part1_normal ... FAILED
[INFO] [stdout] test year_2023::day14::benches::moving ... FAILED
[INFO] [stdout] test year_2023::day19::test ... ok
[INFO] [stdout] test year_2022::day3::benches::part1 ... FAILED
[INFO] [stdout] test year_2023::day1::benches::part1_fasterer ... FAILED
[INFO] [stdout] test year_2023::day1::benches::part1_faster ... FAILED
[INFO] [stdout] test year_2023::day1::benches::part1_normal ... FAILED
[INFO] [stdout] test year_2023::day14::benches::part2_brent ... FAILED
[INFO] [stdout] test year_2023::day13::benches::part1_normal ... FAILED
[INFO] [stdout] test year_2023::day1::benches::part1_old ... FAILED
[INFO] [stdout] test year_2023::day15::benches::part2_normal ... FAILED
[INFO] [stdout] test year_2023::day12::benches::part2_normal ... FAILED
[INFO] [stdout] test year_2023::day15::benches::part1_faster ... FAILED
[INFO] [stdout] test year_2023::day14::benches::part1_faster ... FAILED
[INFO] [stdout] test year_2023::day12::benches::part1_normal ... FAILED
[INFO] [stdout] test year_2023::day17::benches::part2_normal ... FAILED
[INFO] [stdout] test year_2023::day1::benches::part2_faster ... FAILED
[INFO] [stdout] test year_2023::day24::test ... FAILED
[INFO] [stdout] test year_2023::day14::benches::part2_faster ... FAILED
[INFO] [stdout] test year_2023::day2::benches::part1_normal ... FAILED
[INFO] [stdout] test year_2023::day2::benches::part2_faster ... FAILED
[INFO] [stdout] test year_2023::day1::benches::part2_normal ... FAILED
[INFO] [stdout] test year_2023::day3::benches::part2_normal ... FAILED
[INFO] [stdout] test year_2023::day17::benches::part1_normal ... FAILED
[INFO] [stdout] test year_2023::day22::test ... FAILED
[INFO] [stdout] test year_2023::day4::benches::part2_faster ... FAILED
[INFO] [stdout] test year_2023::day5::benches::part2_normal ... FAILED
[INFO] [stdout] test year_2023::day6::benches::part2_normal ... FAILED
[INFO] [stdout] test year_2023::day2::benches::part2_normal ... FAILED
[INFO] [stdout] test year_2023::day4::benches::part1_fasterer ... FAILED
[INFO] [stdout] test year_2023::day9::benches::part2_interpolation ... FAILED
[INFO] [stdout] test year_2023::day9::benches::part1_interpolation_ugly ... FAILED
[INFO] [stdout] test year_2023::day4::benches::part1_faster ... FAILED
[INFO] [stdout] test year_2023::day4::benches::part1_normal ... FAILED
[INFO] [stdout] test year_2023::day5::benches::part1_normal ... FAILED
[INFO] [stdout] test year_2023::day4::benches::part2_normal ... FAILED
[INFO] [stdout] test year_2023::day6::benches::part1_normal ... FAILED
[INFO] [stdout] test year_2023::day2::benches::part1_faster ... FAILED
[INFO] [stdout] test year_2023::day9::benches::part1_normal ... FAILED
[INFO] [stdout] test year_2023::day9::benches::part2_interpolation_ugly ... FAILED
[INFO] [stdout] test year_2024::day10::test ... ok
[INFO] [stdout] test year_2023::day25::test ... FAILED
[INFO] [stdout] test year_2024::day14::test ... ok
[INFO] [stdout] test year_2024::day15::test ... ok
[INFO] [stdout] test year_2023::day4::benches::part2_fasterer ... FAILED
[INFO] [stdout] test year_2023::day9::benches::part1_interpolation ... FAILED
[INFO] [stdout] test year_2023::day3::benches::part1_normal ... FAILED
[INFO] [stdout] test year_2024::day13::test ... ok
[INFO] [stdout] test year_2023::day9::benches::part2_normal ... FAILED
[INFO] [stdout] test year_2024::day17::test ... ok
[INFO] [stdout] test year_2024::day19::test ... ok
[INFO] [stdout] test year_2024::day17::benches::part2_normal ... FAILED
[INFO] [stdout] test year_2024::day1::test ... ok
[INFO] [stdout] test year_2024::day17::benches::part1_normal ... FAILED
[INFO] [stdout] test year_2024::day12::test ... ok
[INFO] [stdout] test year_2024::day11::test ... ok
[INFO] [stdout] test year_2022::day17::testp1 ... ok
[INFO] [stdout] test year_2024::day23::test ... ok
[INFO] [stdout] test year_2024::day25::test ... ok
[INFO] [stdout] test year_2024::day18::test ... FAILED
[INFO] [stdout] test year_2024::day1::benches::part2_faster ... FAILED
[INFO] [stdout] test year_2024::day2::test ... ok
[INFO] [stdout] test year_2024::day3::test ... ok
[INFO] [stdout] test year_2024::day5::test ... ok
[INFO] [stdout] test year_2024::day21::test ... ok
[INFO] [stdout] test year_2024::day4::test ... ok
[INFO] [stdout] test year_2024::day6::benches::part1_normal ... FAILED
[INFO] [stdout] test year_2024::day7::benches::part2_normal ... FAILED
[INFO] [stdout] test year_2024::day1::benches::part2_normal ... FAILED
[INFO] [stdout] test year_2024::day22::benches::part1_simd ... FAILED
[INFO] [stdout] test year_2024::day6::benches::part2_normal ... FAILED
[INFO] [stdout] test year_2024::day6::test ... ok
[INFO] [stdout] test year_2024::day7::test ... ok
[INFO] [stdout] test year_2024::day8::test ... ok
[INFO] [stdout] test year_2024::day1::benches::part1_faster ... FAILED
[INFO] [stdout] test year_2024::day7::benches::part1_normal ... FAILED
[INFO] [stdout] test year_2024::day24::test ... FAILED
[INFO] [stdout] test year_2024::day22::benches::part1_normal ... FAILED
[INFO] [stdout] test year_2024::day2::benches::part2_normal ... FAILED
[INFO] [stdout] test year_2024::day8::benches::part2_normal ... FAILED
[INFO] [stdout] test year_2024::day1::benches::part1_normal ... FAILED
[INFO] [stdout] test year_2024::day2::benches::part1_normal ... FAILED
[INFO] [stdout] test year_2024::day9::test ... ok
[INFO] [stdout] test year_2024::day8::benches::part1_normal ... FAILED
[INFO] [stdout] test year_2024::day16::test ... ok
[INFO] [stdout] test year_2024::day22::test ... ok
[INFO] [stdout] test year_2022::day19::testp1 ... ok
[INFO] [stdout] test year_2023::day21::test has been running for over 60 seconds
[INFO] [stderr] error: test failed, to rerun pass `--bin advent_of_code`
[INFO] [stderr] 
[INFO] [stderr] Caused by:
[INFO] [stderr]   process didn't exit successfully: `/opt/rustwide/target/debug/deps/advent_of_code-51f852a762030a50` (signal: 9, SIGKILL: kill)
[INFO] running `Command { std: "docker" "inspect" "b8072a6e8ae6d4251bd1321f4075ffbeed2c50934a6134931509763951985ea8", kill_on_drop: false }`
[INFO] running `Command { std: "docker" "rm" "-f" "b8072a6e8ae6d4251bd1321f4075ffbeed2c50934a6134931509763951985ea8", kill_on_drop: false }`
[INFO] [stdout] b8072a6e8ae6d4251bd1321f4075ffbeed2c50934a6134931509763951985ea8
